CRAN Package Check Results for Package evir

Last updated on 2015-08-03 03:47:39.

Flavor Version Tinstall Tcheck Ttotal Status Flags
r-devel-linux-x86_64-debian-clang 1.7-3 0.81 15.91 16.72 NOTE
r-devel-linux-x86_64-debian-gcc 1.7-3 0.78 15.60 16.38 NOTE
r-devel-linux-x86_64-fedora-clang 1.7-3 33.12 NOTE
r-devel-linux-x86_64-fedora-gcc 1.7-3 28.50 NOTE
r-devel-osx-x86_64-clang 1.7-3 29.27 NOTE
r-devel-windows-ix86+x86_64 1.7-3 4.00 29.00 33.00 NOTE
r-patched-linux-x86_64 1.7-3 0.80 16.00 16.80 NOTE
r-patched-solaris-sparc 1.7-3 207.00 NOTE
r-patched-solaris-x86 1.7-3 43.20 NOTE
r-release-linux-x86_64 1.7-3 0.82 16.38 17.19 NOTE
r-release-osx-x86_64-mavericks 1.7-3 OK
r-release-windows-ix86+x86_64 1.7-3 4.00 27.00 31.00 OK
r-oldrel-windows-ix86+x86_64 1.7-3 6.00 28.00 34.00 OK

Check Details

Version: 1.7-3
Check: S3 generic/method consistency
Result: NOTE
    Found the following apparent S3 methods exported but not registered:
     plot.gev plot.gpd plot.gpdbiv plot.potd
    See section ‘Registering S3 methods’ in the ‘Writing R Extensions’
    manual.
Flavors: r-devel-linux-x86_64-debian-clang, r-devel-linux-x86_64-debian-gcc, r-devel-linux-x86_64-fedora-clang, r-devel-linux-x86_64-fedora-gcc, r-devel-osx-x86_64-clang, r-patched-linux-x86_64, r-patched-solaris-sparc, r-patched-solaris-x86, r-release-linux-x86_64

Version: 1.7-3
Check: R code for possible problems
Result: NOTE
    decluster: no visible global function definition for ‘par’
    decluster: no visible global function definition for ‘plot’
    emplot: no visible global function definition for ‘plot’
    emplot: no visible global function definition for ‘title’
    exindex: no visible global function definition for ‘plot’
    exindex: no visible global function definition for ‘axis’
    exindex: no visible global function definition for ‘box’
    exindex: no visible global function definition for ‘title’
    exindex: no visible global function definition for ‘mtext’
    gpd.q: no visible global function definition for ‘abline’
    gpd.q: no visible global function definition for ‘par’
    gpd.q: no visible global function definition for ‘plot’
    gpd.q: no visible global function definition for ‘axis’
    gpd.q: no visible global function definition for ‘lines’
    gpd.sfall: no visible global function definition for ‘abline’
    gpd.sfall: no visible global function definition for ‘par’
    gpd.sfall: no visible global function definition for ‘plot’
    gpd.sfall: no visible global function definition for ‘axis’
    gpd.sfall: no visible global function definition for ‘lines’
    hill: no visible global function definition for ‘plot’
    hill: no visible global function definition for ‘axis’
    hill: no visible global function definition for ‘box’
    hill: no visible global function definition for ‘lines’
    hill: no visible global function definition for ‘title’
    hill: no visible global function definition for ‘mtext’
    meplot: no visible global function definition for ‘plot’
    meplot: no visible global function definition for ‘title’
    plot.gev: no visible global function definition for ‘menu’
    plot.gev: no visible global function definition for ‘plot’
    plot.gev: no visible global function definition for ‘lines’
    plot.gpd: no visible global function definition for ‘menu’
    plot.gpd: no visible global function definition for ‘plot’
    plot.gpd: no visible global function definition for ‘lines’
    plot.gpd: no visible global function definition for ‘title’
    plot.gpdbiv: no visible global function definition for ‘par’
    plot.gpdbiv: no visible global function definition for ‘menu’
    plot.gpdbiv: no visible global function definition for ‘plot’
    plot.gpdbiv: no visible global function definition for ‘points’
    plot.gpdbiv: no visible global function definition for ‘contour’
    plot.potd: no visible global function definition for ‘menu’
    plot.potd: no visible global function definition for ‘plot’
    plot.potd: no visible global function definition for ‘lines’
    qplot: no visible global function definition for ‘plot’
    qplot: no visible global function definition for ‘title’
    qplot: no visible global function definition for ‘abline’
    quant: no visible global function definition for ‘plot’
    quant: no visible global function definition for ‘axis’
    quant: no visible global function definition for ‘box’
    quant: no visible global function definition for ‘lines’
    quant: no visible global function definition for ‘title’
    quant: no visible global function definition for ‘mtext’
    records: no visible global function definition for ‘plot’
    records: no visible global function definition for ‘lines’
    rlevel.gev: no visible global function definition for ‘abline’
    rlevel.gev: no visible global function definition for ‘plot’
    rlevel.gev: no visible global function definition for ‘lines’
    shape: no visible global function definition for ‘plot’
    shape: no visible global function definition for ‘axis’
    shape: no visible global function definition for ‘box’
    shape: no visible global function definition for ‘lines’
    shape: no visible global function definition for ‘title’
    shape: no visible global function definition for ‘mtext’
    tailplot: no visible global function definition for ‘plot’
    tailplot: no visible global function definition for ‘lines’
    tailplot: no visible global function definition for ‘title’
    Undefined global functions or variables:
     abline axis box contour lines menu mtext par plot points title
    Consider adding
     importFrom("graphics", "abline", "axis", "box", "contour", "lines",
     "mtext", "par", "plot", "points", "title")
     importFrom("utils", "menu")
    to your NAMESPACE.
Flavors: r-devel-linux-x86_64-debian-clang, r-devel-linux-x86_64-debian-gcc, r-devel-linux-x86_64-fedora-clang, r-devel-linux-x86_64-fedora-gcc, r-devel-windows-ix86+x86_64