CRAN Package Check Results for Package evir

Last updated on 2015-03-05 03:47:57.

Flavor Version Tinstall Tcheck Ttotal Status Flags
r-devel-linux-x86_64-debian-clang 1.7-3 0.94 16.66 17.60 NOTE
r-devel-linux-x86_64-debian-gcc 1.7-3 0.83 16.17 17.00 NOTE
r-devel-linux-x86_64-fedora-clang 1.7-3 31.78 NOTE
r-devel-linux-x86_64-fedora-gcc 1.7-3 30.44 NOTE
r-devel-osx-x86_64-clang 1.7-3 33.56 NOTE
r-devel-windows-ix86+x86_64 1.7-3 4.00 26.00 30.00 OK
r-patched-linux-x86_64 1.7-3 0.88 17.72 18.60 OK
r-patched-solaris-sparc 1.7-3 209.10 OK
r-patched-solaris-x86 1.7-3 47.70 OK
r-release-linux-ix86 1.7-3 1.19 24.04 25.22 OK
r-release-linux-x86_64 1.7-3 0.86 17.26 18.13 OK
r-release-osx-x86_64-mavericks 1.7-3 OK
r-release-windows-ix86+x86_64 1.7-3 3.00 44.00 47.00 OK
r-oldrel-windows-ix86+x86_64 1.7-3 3.00 27.00 30.00 OK

Check Details

Version: 1.7-3
Check: S3 generic/method consistency
Result: NOTE
    Found the following apparent S3 methods exported but not registered:
     plot.gev plot.gpd plot.gpdbiv plot.potd
    See section ‘Registering S3 methods’ in the ‘Writing R Extensions’
    manual.
Flavors: r-devel-linux-x86_64-debian-clang, r-devel-linux-x86_64-debian-gcc, r-devel-linux-x86_64-fedora-clang, r-devel-linux-x86_64-fedora-gcc, r-devel-osx-x86_64-clang