CRAN Package Check Results for Package evir

Last updated on 2015-05-30 15:47:42.

Flavor Version Tinstall Tcheck Ttotal Status Flags
r-devel-linux-x86_64-debian-clang 1.7-3 0.82 16.38 17.20 NOTE
r-devel-linux-x86_64-debian-gcc 1.7-3 0.81 15.99 16.80 NOTE
r-devel-linux-x86_64-fedora-clang 1.7-3 32.46 NOTE
r-devel-linux-x86_64-fedora-gcc 1.7-3 29.83 NOTE
r-devel-osx-x86_64-clang 1.7-3 33.00 NOTE
r-devel-windows-ix86+x86_64 1.7-3 4.00 27.00 31.00 OK
r-patched-linux-x86_64 1.7-3 0.80 16.03 16.83 NOTE
r-patched-solaris-sparc 1.7-3 206.60 NOTE
r-patched-solaris-x86 1.7-3 43.00 NOTE
r-release-linux-x86_64 1.7-3 0.92 15.96 16.88 NOTE
r-release-osx-x86_64-mavericks 1.7-3 OK
r-release-osx-x86_64-snowleopard 1.7-3 OK
r-release-windows-ix86+x86_64 1.7-3 3.00 30.00 33.00 OK
r-oldrel-windows-ix86+x86_64 1.7-3 6.00 28.00 34.00 OK

Check Details

Version: 1.7-3
Check: S3 generic/method consistency
Result: NOTE
    Found the following apparent S3 methods exported but not registered:
     plot.gev plot.gpd plot.gpdbiv plot.potd
    See section ‘Registering S3 methods’ in the ‘Writing R Extensions’
    manual.
Flavors: r-devel-linux-x86_64-debian-clang, r-devel-linux-x86_64-debian-gcc, r-devel-linux-x86_64-fedora-clang, r-devel-linux-x86_64-fedora-gcc, r-devel-osx-x86_64-clang, r-patched-linux-x86_64, r-patched-solaris-sparc, r-patched-solaris-x86, r-release-linux-x86_64