CRAN Package Check Results for Package evir

Last updated on 2015-01-28 19:49:17.

Flavor Version Tinstall Tcheck Ttotal Status Flags
r-devel-linux-x86_64-debian-clang 1.7-3 0.84 16.16 17.00 NOTE
r-devel-linux-x86_64-debian-gcc 1.7-3 0.82 16.21 17.02 NOTE
r-devel-linux-x86_64-fedora-clang 1.7-3 36.02 NOTE
r-devel-linux-x86_64-fedora-gcc 1.7-3 33.33 NOTE
r-devel-osx-x86_64-clang 1.7-3 35.10 NOTE
r-devel-windows-ix86+x86_64 1.7-3 4.00 30.00 34.00 OK
r-patched-linux-x86_64 1.7-3 0.88 17.14 18.02 OK
r-patched-solaris-sparc 1.7-3 199.20 OK
r-patched-solaris-x86 1.7-3 46.40 OK
r-release-linux-ix86 1.7-3 1.21 22.72 23.93 OK
r-release-linux-x86_64 1.7-3 0.89 17.02 17.90 OK
r-release-osx-x86_64-mavericks 1.7-3 OK
r-release-windows-ix86+x86_64 1.7-3 3.00 44.00 47.00 OK
r-oldrel-windows-ix86+x86_64 1.7-3 3.00 27.00 30.00 OK

Check Details

Version: 1.7-3
Check: S3 generic/method consistency
Result: NOTE
    Found the following apparent S3 methods exported but not registered:
     plot.gev plot.gpd plot.gpdbiv plot.potd
    See section ‘Registering S3 methods’ in the ‘Writing R Extensions’
    manual.
Flavors: r-devel-linux-x86_64-debian-clang, r-devel-linux-x86_64-debian-gcc, r-devel-linux-x86_64-fedora-clang, r-devel-linux-x86_64-fedora-gcc, r-devel-osx-x86_64-clang