CRAN Package Check Results for Package evmix

Last updated on 2020-11-24 04:50:32 CET.

Flavor Version Tinstall Tcheck Ttotal Status Flags
r-devel-linux-x86_64-debian-clang 2.12 41.62 187.57 229.19 OK
r-devel-linux-x86_64-debian-gcc 2.12 27.20 141.71 168.91 OK
r-devel-linux-x86_64-fedora-clang 2.12 270.37 NOTE
r-devel-linux-x86_64-fedora-gcc 2.12 264.94 OK
r-devel-windows-ix86+x86_64 2.12 49.00 137.00 186.00 OK
r-patched-linux-x86_64 2.12 38.79 174.15 212.94 OK
r-patched-solaris-x86 2.12 264.60 NOTE
r-release-linux-x86_64 2.12 29.22 174.38 203.60 OK
r-release-macos-x86_64 2.12 OK
r-release-windows-ix86+x86_64 2.12 37.00 151.00 188.00 OK
r-oldrel-macos-x86_64 2.12 OK
r-oldrel-windows-ix86+x86_64 2.12 39.00 171.00 210.00 OK

Check Details

Version: 2.12
Check: Rd cross-references
Result: NOTE
    Undeclared packages ‘ks’, ‘evd’, ‘ismev’, ‘mixtools’, ‘evir’, ‘smoothtail’ in Rd xrefs
Flavor: r-devel-linux-x86_64-fedora-clang

Version: 2.12
Check: installed package size
Result: NOTE
     installed size is 5.3Mb
     sub-directories of 1Mb or more:
     R 1.3Mb
     doc 3.1Mb
Flavor: r-patched-solaris-x86