CRAN Package Check Results for Package evmix

Last updated on 2020-02-25 03:46:58 CET.

Flavor Version Tinstall Tcheck Ttotal Status Flags
r-devel-linux-x86_64-debian-clang 2.12 29.54 181.52 211.06 OK
r-devel-linux-x86_64-debian-gcc 2.12 26.90 134.43 161.33 OK
r-devel-linux-x86_64-fedora-clang 2.12 264.35 OK
r-devel-linux-x86_64-fedora-gcc 2.12 242.80 OK
r-devel-windows-ix86+x86_64 2.12 40.00 148.00 188.00 OK
r-devel-windows-ix86+x86_64-gcc8 2.12 62.00 208.00 270.00 OK
r-patched-linux-x86_64 2.12 25.41 164.03 189.44 OK
r-patched-solaris-x86 2.12 240.30 NOTE
r-release-linux-x86_64 2.12 25.50 162.01 187.51 OK
r-release-windows-ix86+x86_64 2.12 42.00 154.00 196.00 OK
r-release-osx-x86_64 2.12 OK
r-oldrel-windows-ix86+x86_64 2.12 47.00 146.00 193.00 OK
r-oldrel-osx-x86_64 2.12 OK

Check Details

Version: 2.12
Check: installed package size
Result: NOTE
     installed size is 5.3Mb
     sub-directories of 1Mb or more:
     R 1.3Mb
     doc 3.1Mb
Flavor: r-patched-solaris-x86