CRAN Package Check Results for Package evobiR

Last updated on 2022-09-27 23:08:39 CEST.

Flavor Version Tinstall Tcheck Ttotal Status Flags
r-devel-linux-x86_64-debian-clang 1.1 11.26 105.28 116.54 NOTE
r-devel-linux-x86_64-debian-gcc 1.1 9.54 81.14 90.68 NOTE
r-devel-linux-x86_64-fedora-clang 1.1 161.70 NOTE
r-devel-linux-x86_64-fedora-gcc 1.1 156.75 NOTE
r-devel-windows-x86_64 1.1 19.00 134.00 153.00 OK
r-patched-linux-x86_64 1.1 11.81 102.76 114.57 NOTE
r-release-linux-x86_64 1.1 12.66 103.02 115.68 NOTE
r-release-macos-arm64 1.1 39.00 OK
r-release-macos-x86_64 1.1 77.00 OK
r-release-windows-x86_64 1.1 18.00 137.00 155.00 OK
r-oldrel-macos-arm64 1.1 42.00 OK
r-oldrel-macos-x86_64 1.1 79.00 OK
r-oldrel-windows-ix86+x86_64 1.1 30.00 126.00 156.00 OK

Check Details

Version: 1.1
Check: for non-standard things in the check directory
Result: NOTE
    Found the following files/directories:
     'sample .nwk'
Flavors: r-devel-linux-x86_64-debian-clang, r-devel-linux-x86_64-debian-gcc, r-devel-linux-x86_64-fedora-clang, r-devel-linux-x86_64-fedora-gcc, r-patched-linux-x86_64, r-release-linux-x86_64