CRAN Package Check Results for Package evora

Last updated on 2014-08-27 18:48:19.

Flavor Version Tinstall Tcheck Ttotal Status Flags
r-devel-linux-x86_64-debian-clang 1.0 1.07 32.05 33.12 NOTE
r-devel-linux-x86_64-debian-gcc 1.0 0.97 31.06 32.03 NOTE
r-devel-linux-x86_64-fedora-clang 1.0 67.61 NOTE
r-devel-linux-x86_64-fedora-gcc 1.0 63.33 NOTE
r-devel-osx-x86_64-clang 1.0 58.07 NOTE
r-devel-windows-ix86+x86_64 1.0 4.00 52.00 56.00 NOTE
r-patched-linux-x86_64 1.0 1.31 34.99 36.30 NOTE
r-patched-solaris-sparc 1.0 431.90 NOTE
r-patched-solaris-x86 1.0 97.10 NOTE
r-release-linux-ix86 1.0 1.82 48.17 49.99 NOTE
r-release-linux-x86_64 1.0 1.36 35.01 36.37 NOTE
r-release-osx-x86_64-mavericks 1.0 NOTE
r-release-osx-x86_64-snowleopard 1.0 NOTE
r-release-windows-ix86+x86_64 1.0 6.00 58.00 64.00 NOTE
r-oldrel-windows-ix86+x86_64 1.0 6.00 58.00 64.00 NOTE

Check Details

Version: 1.0
Check: dependencies in R code
Result: NOTE
    'library' or 'require' calls to packages already attached by Depends:
     ‘Hmisc’ ‘qvalue’
     Please remove these calls from your code.
    See the information on DESCRIPTION files in the chapter ‘Creating R
    packages’ of the ‘Writing R Extensions’ manual.
Flavors: r-devel-linux-x86_64-debian-clang, r-devel-linux-x86_64-debian-gcc, r-devel-linux-x86_64-fedora-clang, r-devel-linux-x86_64-fedora-gcc, r-devel-osx-x86_64-clang, r-devel-windows-ix86+x86_64, r-patched-linux-x86_64, r-patched-solaris-sparc, r-patched-solaris-x86, r-release-linux-ix86, r-release-linux-x86_64, r-release-osx-x86_64-mavericks, r-release-osx-x86_64-snowleopard, r-release-windows-ix86+x86_64, r-oldrel-windows-ix86+x86_64