CRAN Package Check Results for Package evora

Last updated on 2014-04-24 09:49:00.

Flavor Version Tinstall Tcheck Ttotal Status Flags
r-devel-linux-x86_64-debian-clang 1.0 1.32 37.53 38.85 NOTE
r-devel-linux-x86_64-debian-gcc 1.0 1.30 36.83 38.12 NOTE
r-devel-linux-x86_64-fedora-clang 1.0 73.63 NOTE
r-devel-linux-x86_64-fedora-gcc 1.0 73.01 NOTE
r-devel-osx-x86_64-clang 1.0 69.89 NOTE
r-devel-osx-x86_64-gcc 1.0 ERROR
r-devel-windows-ix86+x86_64 1.0 5.00 52.00 57.00 NOTE
r-patched-linux-x86_64 1.0 1.39 36.32 37.71 NOTE
r-patched-solaris-sparc 1.0 417.00 NOTE
r-patched-solaris-x86 1.0 107.60 NOTE
r-release-linux-ix86 1.0 2.00 65.00 67.00 NOTE
r-release-linux-x86_64 1.0 1.35 36.64 37.99 NOTE
r-release-osx-x86_64-mavericks 1.0 ERROR
r-release-osx-x86_64-snowleopard 1.0 NOTE
r-release-windows-ix86+x86_64 1.0 6.00 53.00 59.00 NOTE
r-oldrel-windows-ix86+x86_64 1.0 5.00 59.00 64.00 NOTE

Check Details

Version: 1.0
Check: dependencies in R code
Result: NOTE
    'library' or 'require' calls to packages already attached by Depends:
     ‘Hmisc’ ‘qvalue’
     Please remove these calls from your code.
    See the information on DESCRIPTION files in the chapter ‘Creating R
    packages’ of the ‘Writing R Extensions’ manual.
Flavors: r-devel-linux-x86_64-debian-clang, r-devel-linux-x86_64-debian-gcc, r-devel-linux-x86_64-fedora-clang, r-devel-linux-x86_64-fedora-gcc, r-devel-osx-x86_64-clang, r-devel-windows-ix86+x86_64, r-patched-linux-x86_64, r-patched-solaris-sparc, r-patched-solaris-x86, r-release-linux-ix86, r-release-linux-x86_64, r-release-osx-x86_64-snowleopard, r-release-windows-ix86+x86_64, r-oldrel-windows-ix86+x86_64

Version: 1.0
Check: package dependencies
Result: ERROR
    Packages required but not available: ‘qvalue’ ‘Hmisc’
    
    See the information on DESCRIPTION files in the chapter ‘Creating R
    packages’ of the ‘Writing R Extensions’ manual.
Flavor: r-devel-osx-x86_64-gcc

Version: 1.0
Check: package dependencies
Result: ERROR
    Package required but not available: ‘qvalue’
    
    See the information on DESCRIPTION files in the chapter ‘Creating R
    packages’ of the ‘Writing R Extensions’ manual.
Flavor: r-release-osx-x86_64-mavericks