CRAN Package Check Results for Package evora

Last updated on 2014-12-23 01:49:01.

Flavor Version Tinstall Tcheck Ttotal Status Flags
r-devel-linux-x86_64-debian-clang 1.0 1.24 33.41 34.65 NOTE
r-devel-linux-x86_64-debian-gcc 1.0 1.11 32.56 33.67 NOTE
r-devel-linux-x86_64-fedora-clang 1.0 72.82 NOTE
r-devel-linux-x86_64-fedora-gcc 1.0 67.22 NOTE
r-devel-osx-x86_64-clang 1.0 67.77 NOTE
r-devel-windows-ix86+x86_64 1.0 6.00 54.00 60.00 NOTE
r-patched-linux-x86_64 1.0 1.19 34.68 35.87 NOTE
r-patched-solaris-sparc 1.0 385.20 NOTE
r-patched-solaris-x86 1.0 87.90 NOTE
r-release-linux-ix86 1.0 1.60 42.02 43.62 NOTE
r-release-linux-x86_64 1.0 1.23 34.67 35.90 NOTE
r-release-osx-x86_64-mavericks 1.0 NOTE
r-release-osx-x86_64-snowleopard 1.0 NOTE
r-release-windows-ix86+x86_64 1.0 7.00 57.00 64.00 NOTE
r-oldrel-windows-ix86+x86_64 1.0 7.00 62.00 69.00 NOTE

Check Details

Version: 1.0
Check: dependencies in R code
Result: NOTE
    'library' or 'require' calls to packages already attached by Depends:
     ‘Hmisc’ ‘qvalue’
     Please remove these calls from your code.
    See the information on DESCRIPTION files in the chapter ‘Creating R
    packages’ of the ‘Writing R Extensions’ manual.
Flavors: r-devel-linux-x86_64-debian-clang, r-devel-linux-x86_64-debian-gcc, r-devel-linux-x86_64-fedora-clang, r-devel-linux-x86_64-fedora-gcc, r-devel-osx-x86_64-clang, r-devel-windows-ix86+x86_64, r-patched-linux-x86_64, r-patched-solaris-sparc, r-patched-solaris-x86, r-release-linux-ix86, r-release-linux-x86_64, r-release-osx-x86_64-mavericks, r-release-osx-x86_64-snowleopard, r-release-windows-ix86+x86_64, r-oldrel-windows-ix86+x86_64