CRAN Package Check Results for Package evora

Last updated on 2015-05-29 19:47:26.

Flavor Version Tinstall Tcheck Ttotal Status Flags
r-devel-linux-x86_64-debian-clang 1.0 1.89 34.02 35.92 NOTE
r-devel-linux-x86_64-debian-gcc 1.0 1.43 34.94 36.37 NOTE
r-devel-linux-x86_64-fedora-clang 1.0 75.17 NOTE
r-devel-linux-x86_64-fedora-gcc 1.0 68.74 NOTE
r-devel-osx-x86_64-clang 1.0 66.16 NOTE
r-devel-windows-ix86+x86_64 1.0 7.00 63.00 70.00 NOTE
r-patched-linux-x86_64 1.0 1.41 32.77 34.18 NOTE
r-patched-solaris-sparc 1.0 443.90 NOTE
r-patched-solaris-x86 1.0 93.20 NOTE
r-release-linux-x86_64 1.0 1.95 33.29 35.24 NOTE
r-release-osx-x86_64-mavericks 1.0 NOTE
r-release-osx-x86_64-snowleopard 1.0 ERROR
r-release-windows-ix86+x86_64 1.0 8.00 66.00 74.00 NOTE
r-oldrel-windows-ix86+x86_64 1.0 13.00 89.00 102.00 NOTE

Check Details

Version: 1.0
Check: dependencies in R code
Result: NOTE
    'library' or 'require' calls to packages already attached by Depends:
     ‘Hmisc’ ‘qvalue’
     Please remove these calls from your code.
Flavors: r-devel-linux-x86_64-debian-clang, r-devel-linux-x86_64-debian-gcc, r-devel-linux-x86_64-fedora-clang, r-devel-linux-x86_64-fedora-gcc, r-devel-osx-x86_64-clang, r-devel-windows-ix86+x86_64, r-patched-linux-x86_64, r-patched-solaris-sparc, r-patched-solaris-x86, r-release-linux-x86_64, r-release-osx-x86_64-mavericks, r-release-windows-ix86+x86_64, r-oldrel-windows-ix86+x86_64

Version: 1.0
Check: package dependencies
Result: ERROR
    Package required but not available: ‘qvalue’
    
    See section ‘The DESCRIPTION file’ in the ‘Writing R Extensions’
    manual.
Flavor: r-release-osx-x86_64-snowleopard