CRAN Package Check Results for Package evora

Last updated on 2014-07-23 17:48:56.

Flavor Version Tinstall Tcheck Ttotal Status Flags
r-devel-linux-x86_64-debian-clang 1.0 1.07 32.47 33.54 NOTE
r-devel-linux-x86_64-debian-gcc 1.0 1.02 31.79 32.80 NOTE
r-devel-linux-x86_64-fedora-clang 1.0 72.12 NOTE
r-devel-linux-x86_64-fedora-gcc 1.0 69.90 NOTE
r-devel-osx-x86_64-clang 1.0 62.06 NOTE
r-devel-windows-ix86+x86_64 1.0 4.00 53.00 57.00 NOTE
r-patched-linux-x86_64 1.0 1.27 35.88 37.15 NOTE
r-patched-solaris-sparc 1.0 417.00 NOTE
r-patched-solaris-x86 1.0 99.10 NOTE
r-release-linux-ix86 1.0 1.79 48.18 49.98 NOTE
r-release-linux-x86_64 1.0 1.29 35.46 36.75 NOTE
r-release-osx-x86_64-mavericks 1.0 NOTE
r-release-osx-x86_64-snowleopard 1.0 NOTE
r-release-windows-ix86+x86_64 1.0 6.00 55.00 61.00 NOTE
r-oldrel-windows-ix86+x86_64 1.0 6.00 57.00 63.00 NOTE

Check Details

Version: 1.0
Check: dependencies in R code
Result: NOTE
    'library' or 'require' calls to packages already attached by Depends:
     ‘Hmisc’ ‘qvalue’
     Please remove these calls from your code.
    See the information on DESCRIPTION files in the chapter ‘Creating R
    packages’ of the ‘Writing R Extensions’ manual.
Flavors: r-devel-linux-x86_64-debian-clang, r-devel-linux-x86_64-debian-gcc, r-devel-linux-x86_64-fedora-clang, r-devel-linux-x86_64-fedora-gcc, r-devel-osx-x86_64-clang, r-devel-windows-ix86+x86_64, r-patched-linux-x86_64, r-patched-solaris-sparc, r-patched-solaris-x86, r-release-linux-ix86, r-release-linux-x86_64, r-release-osx-x86_64-mavericks, r-release-osx-x86_64-snowleopard, r-release-windows-ix86+x86_64, r-oldrel-windows-ix86+x86_64