CRAN Package Check Results for Package evora

Last updated on 2014-10-23 17:47:41.

Flavor Version Tinstall Tcheck Ttotal Status Flags
r-devel-linux-x86_64-debian-clang 1.0 1.19 40.20 41.39 NOTE
r-devel-linux-x86_64-debian-gcc 1.0 1.19 33.35 34.54 NOTE
r-devel-linux-x86_64-fedora-clang 1.0 72.16 NOTE
r-devel-linux-x86_64-fedora-gcc 1.0 67.39 NOTE
r-devel-osx-x86_64-clang 1.0 67.28 NOTE
r-devel-windows-ix86+x86_64 1.0 5.00 55.00 60.00 NOTE
r-patched-linux-x86_64 1.0 1.24 34.74 35.97 NOTE
r-patched-solaris-sparc 1.0 431.90 NOTE
r-patched-solaris-x86 1.0 87.50 NOTE
r-release-linux-ix86 1.0 1.85 50.91 52.76 NOTE
r-release-linux-x86_64 1.0 1.46 37.62 39.08 NOTE
r-release-osx-x86_64-mavericks 1.0 NOTE
r-release-osx-x86_64-snowleopard 1.0 NOTE
r-release-windows-ix86+x86_64 1.0 7.00 62.00 69.00 NOTE
r-oldrel-windows-ix86+x86_64 1.0 7.00 58.00 65.00 NOTE

Check Details

Version: 1.0
Check: dependencies in R code
Result: NOTE
    'library' or 'require' calls to packages already attached by Depends:
     ‘Hmisc’ ‘qvalue’
     Please remove these calls from your code.
    See the information on DESCRIPTION files in the chapter ‘Creating R
    packages’ of the ‘Writing R Extensions’ manual.
Flavors: r-devel-linux-x86_64-debian-clang, r-devel-linux-x86_64-debian-gcc, r-devel-linux-x86_64-fedora-clang, r-devel-linux-x86_64-fedora-gcc, r-devel-osx-x86_64-clang, r-devel-windows-ix86+x86_64, r-patched-linux-x86_64, r-patched-solaris-sparc, r-patched-solaris-x86, r-release-linux-ix86, r-release-linux-x86_64, r-release-osx-x86_64-mavericks, r-release-osx-x86_64-snowleopard, r-release-windows-ix86+x86_64, r-oldrel-windows-ix86+x86_64