CRAN Package Check Results for Package evora

Last updated on 2014-09-02 15:48:55.

Flavor Version Tinstall Tcheck Ttotal Status Flags
r-devel-linux-x86_64-debian-clang 1.0 1.00 31.63 32.64 NOTE
r-devel-linux-x86_64-debian-gcc 1.0 0.94 30.70 31.64 NOTE
r-devel-linux-x86_64-fedora-clang 1.0 70.10 NOTE
r-devel-linux-x86_64-fedora-gcc 1.0 65.61 NOTE
r-devel-osx-x86_64-clang 1.0 57.77 NOTE
r-devel-windows-ix86+x86_64 1.0 4.00 53.00 57.00 NOTE
r-patched-linux-x86_64 1.0 1.30 35.12 36.43 NOTE
r-patched-solaris-sparc 1.0 431.90 NOTE
r-patched-solaris-x86 1.0 104.30 NOTE
r-release-linux-ix86 1.0 1.78 48.50 50.28 NOTE
r-release-linux-x86_64 1.0 1.26 35.50 36.76 NOTE
r-release-osx-x86_64-mavericks 1.0 NOTE
r-release-osx-x86_64-snowleopard 1.0 NOTE
r-release-windows-ix86+x86_64 1.0 6.00 59.00 65.00 NOTE
r-oldrel-windows-ix86+x86_64 1.0 5.00 54.00 59.00 NOTE

Check Details

Version: 1.0
Check: dependencies in R code
Result: NOTE
    'library' or 'require' calls to packages already attached by Depends:
     ‘Hmisc’ ‘qvalue’
     Please remove these calls from your code.
    See the information on DESCRIPTION files in the chapter ‘Creating R
    packages’ of the ‘Writing R Extensions’ manual.
Flavors: r-devel-linux-x86_64-debian-clang, r-devel-linux-x86_64-debian-gcc, r-devel-linux-x86_64-fedora-clang, r-devel-linux-x86_64-fedora-gcc, r-devel-osx-x86_64-clang, r-devel-windows-ix86+x86_64, r-patched-linux-x86_64, r-patched-solaris-sparc, r-patched-solaris-x86, r-release-linux-ix86, r-release-linux-x86_64, r-release-osx-x86_64-mavericks, r-release-osx-x86_64-snowleopard, r-release-windows-ix86+x86_64, r-oldrel-windows-ix86+x86_64