CRAN Package Check Results for Package evora

Last updated on 2014-11-22 11:49:10.

Flavor Version Tinstall Tcheck Ttotal Status Flags
r-devel-linux-x86_64-debian-clang 1.0 1.17 33.12 34.28 NOTE
r-devel-linux-x86_64-debian-gcc 1.0 1.16 32.20 33.36 NOTE
r-devel-linux-x86_64-fedora-clang 1.0 71.52 NOTE
r-devel-linux-x86_64-fedora-gcc 1.0 68.68 NOTE
r-devel-osx-x86_64-clang 1.0 68.05 NOTE
r-devel-windows-ix86+x86_64 1.0 5.00 55.00 60.00 NOTE
r-patched-linux-x86_64 1.0 1.21 34.42 35.63 NOTE
r-patched-solaris-sparc 1.0 431.90 NOTE
r-patched-solaris-x86 1.0 86.70 NOTE
r-release-linux-ix86 1.0 1.58 43.96 45.54 NOTE
r-release-linux-x86_64 1.0 1.22 34.81 36.03 NOTE
r-release-osx-x86_64-mavericks 1.0 NOTE
r-release-osx-x86_64-snowleopard 1.0 NOTE
r-release-windows-ix86+x86_64 1.0 9.00 55.00 64.00 NOTE
r-oldrel-windows-ix86+x86_64 1.0 6.00 64.00 70.00 NOTE

Check Details

Version: 1.0
Check: dependencies in R code
Result: NOTE
    'library' or 'require' calls to packages already attached by Depends:
     ‘Hmisc’ ‘qvalue’
     Please remove these calls from your code.
    See the information on DESCRIPTION files in the chapter ‘Creating R
    packages’ of the ‘Writing R Extensions’ manual.
Flavors: r-devel-linux-x86_64-debian-clang, r-devel-linux-x86_64-debian-gcc, r-devel-linux-x86_64-fedora-clang, r-devel-linux-x86_64-fedora-gcc, r-devel-osx-x86_64-clang, r-devel-windows-ix86+x86_64, r-patched-linux-x86_64, r-patched-solaris-sparc, r-patched-solaris-x86, r-release-linux-ix86, r-release-linux-x86_64, r-release-osx-x86_64-mavericks, r-release-osx-x86_64-snowleopard, r-release-windows-ix86+x86_64, r-oldrel-windows-ix86+x86_64