CRAN Package Check Results for Package evora

Last updated on 2015-01-25 09:51:26.

Flavor Version Tinstall Tcheck Ttotal Status Flags
r-devel-linux-x86_64-debian-clang 1.0 1.14 33.93 35.07 NOTE
r-devel-linux-x86_64-debian-gcc 1.0 1.13 32.85 33.98 NOTE
r-devel-linux-x86_64-fedora-clang 1.0 73.68 NOTE
r-devel-linux-x86_64-fedora-gcc 1.0 69.04 NOTE
r-devel-osx-x86_64-clang 1.0 67.96 NOTE
r-devel-windows-ix86+x86_64 1.0 7.00 61.00 68.00 NOTE
r-patched-linux-x86_64 1.0 1.20 35.31 36.50 NOTE
r-patched-solaris-sparc 1.0 385.30 NOTE
r-patched-solaris-x86 1.0 87.90 NOTE
r-release-linux-ix86 1.0 1.59 42.07 43.66 NOTE
r-release-linux-x86_64 1.0 1.23 34.51 35.74 NOTE
r-release-osx-x86_64-mavericks 1.0 NOTE
r-release-osx-x86_64-snowleopard 1.0 NOTE
r-release-windows-ix86+x86_64 1.0 7.00 62.00 69.00 NOTE
r-oldrel-windows-ix86+x86_64 1.0 7.00 62.00 69.00 NOTE

Check Details

Version: 1.0
Check: dependencies in R code
Result: NOTE
    'library' or 'require' calls to packages already attached by Depends:
     ‘Hmisc’ ‘qvalue’
     Please remove these calls from your code.
Flavors: r-devel-linux-x86_64-debian-clang, r-devel-linux-x86_64-debian-gcc, r-devel-linux-x86_64-fedora-clang, r-devel-linux-x86_64-fedora-gcc, r-devel-osx-x86_64-clang, r-devel-windows-ix86+x86_64

Version: 1.0
Check: dependencies in R code
Result: NOTE
    'library' or 'require' calls to packages already attached by Depends:
     ‘Hmisc’ ‘qvalue’
     Please remove these calls from your code.
    See the information on DESCRIPTION files in the chapter ‘Creating R
    packages’ of the ‘Writing R Extensions’ manual.
Flavors: r-patched-linux-x86_64, r-patched-solaris-sparc, r-patched-solaris-x86, r-release-linux-ix86, r-release-linux-x86_64, r-release-osx-x86_64-mavericks, r-release-osx-x86_64-snowleopard, r-release-windows-ix86+x86_64, r-oldrel-windows-ix86+x86_64