CRAN Package Check Results for Package evora

Last updated on 2015-04-28 06:46:32.

Flavor Version Tinstall Tcheck Ttotal Status Flags
r-devel-linux-x86_64-debian-clang 1.0 1.43 32.75 34.18 NOTE
r-devel-linux-x86_64-debian-gcc 1.0 1.43 32.49 33.92 NOTE
r-devel-linux-x86_64-fedora-clang 1.0 72.09 NOTE
r-devel-linux-x86_64-fedora-gcc 1.0 67.74 NOTE
r-devel-osx-x86_64-clang 1.0 64.39 NOTE
r-devel-windows-ix86+x86_64 1.0 6.00 49.00 55.00 NOTE
r-patched-linux-x86_64 1.0 1.42 32.39 33.81 NOTE
r-patched-solaris-sparc 1.0 447.20 NOTE
r-patched-solaris-x86 1.0 90.20 NOTE
r-release-linux-x86_64 1.0 1.40 33.29 34.69 NOTE
r-release-osx-x86_64-mavericks 1.0 NOTE
r-release-osx-x86_64-snowleopard 1.0 ERROR
r-release-windows-ix86+x86_64 1.0 9.00 73.00 82.00 NOTE
r-oldrel-windows-ix86+x86_64 1.0 13.00 77.00 90.00 NOTE

Check Details

Version: 1.0
Check: dependencies in R code
Result: NOTE
    'library' or 'require' calls to packages already attached by Depends:
     ‘Hmisc’ ‘qvalue’
     Please remove these calls from your code.
Flavors: r-devel-linux-x86_64-debian-clang, r-devel-linux-x86_64-debian-gcc, r-devel-linux-x86_64-fedora-clang, r-devel-linux-x86_64-fedora-gcc, r-devel-osx-x86_64-clang, r-devel-windows-ix86+x86_64, r-patched-solaris-sparc, r-patched-solaris-x86, r-release-linux-x86_64, r-release-osx-x86_64-mavericks, r-release-windows-ix86+x86_64, r-oldrel-windows-ix86+x86_64

Version: 1.0
Check: package dependencies
Result: ERROR
    Packages required but not available: ‘qvalue’ ‘Hmisc’
    
    See section ‘The DESCRIPTION file’ in the ‘Writing R Extensions’
    manual.
Flavor: r-release-osx-x86_64-snowleopard