CRAN Package Check Results for Package evora

Last updated on 2015-03-04 19:50:16.

Flavor Version Tinstall Tcheck Ttotal Status Flags
r-devel-linux-x86_64-debian-clang 1.0 1.68 36.66 38.34 NOTE
r-devel-linux-x86_64-debian-gcc 1.0 1.64 36.26 37.90 NOTE
r-devel-linux-x86_64-fedora-clang 1.0 75.13 NOTE
r-devel-linux-x86_64-fedora-gcc 1.0 70.24 NOTE
r-devel-osx-x86_64-clang 1.0 66.89 NOTE
r-devel-windows-ix86+x86_64 1.0 7.00 59.00 66.00 NOTE
r-patched-linux-x86_64 1.0 3.28 45.87 49.15 NOTE
r-patched-solaris-sparc 1.0 543.60 NOTE
r-patched-solaris-x86 1.0 118.60 NOTE
r-release-linux-ix86 1.0 3.14 54.10 57.24 NOTE
r-release-linux-x86_64 1.0 3.58 48.20 51.78 NOTE
r-release-osx-x86_64-mavericks 1.0 NOTE
r-release-osx-x86_64-snowleopard 1.0 NOTE
r-release-windows-ix86+x86_64 1.0 12.00 79.00 91.00 NOTE
r-oldrel-windows-ix86+x86_64 1.0 12.00 82.00 94.00 NOTE

Check Details

Version: 1.0
Check: dependencies in R code
Result: NOTE
    'library' or 'require' calls to packages already attached by Depends:
     ‘Hmisc’ ‘qvalue’
     Please remove these calls from your code.
Flavors: r-devel-linux-x86_64-debian-clang, r-devel-linux-x86_64-debian-gcc, r-devel-linux-x86_64-fedora-clang, r-devel-linux-x86_64-fedora-gcc, r-devel-osx-x86_64-clang, r-devel-windows-ix86+x86_64, r-patched-linux-x86_64, r-patched-solaris-sparc, r-patched-solaris-x86

Version: 1.0
Check: dependencies in R code
Result: NOTE
    'library' or 'require' calls to packages already attached by Depends:
     ‘Hmisc’ ‘qvalue’
     Please remove these calls from your code.
    See the information on DESCRIPTION files in the chapter ‘Creating R
    packages’ of the ‘Writing R Extensions’ manual.
Flavors: r-release-linux-ix86, r-release-linux-x86_64, r-release-osx-x86_64-mavericks, r-release-osx-x86_64-snowleopard, r-release-windows-ix86+x86_64, r-oldrel-windows-ix86+x86_64