CRAN Package Check Results for Package evtree

Last updated on 2015-05-24 22:47:00.

Flavor Version Tinstall Tcheck Ttotal Status Flags
r-devel-linux-x86_64-debian-clang 1.0-0 2.56 56.54 59.09 OK
r-devel-linux-x86_64-debian-gcc 1.0-0 2.76 54.45 57.20 OK
r-devel-linux-x86_64-fedora-clang 1.0-0 117.13 OK
r-devel-linux-x86_64-fedora-gcc 1.0-0 111.52 OK
r-devel-osx-x86_64-clang 1.0-0 98.32 OK
r-devel-windows-ix86+x86_64 1.0-0 16.00 118.00 134.00 OK
r-patched-linux-x86_64 1.0-0 2.79 54.93 57.72 OK
r-patched-solaris-sparc 1.0-0 948.70 OK
r-patched-solaris-x86 1.0-0 163.80 OK
r-release-linux-x86_64 1.0-0 2.70 55.88 58.58 OK
r-release-osx-x86_64-mavericks 1.0-0 NOTE
r-release-osx-x86_64-snowleopard 1.0-0 ERROR
r-release-windows-ix86+x86_64 1.0-0 17.00 112.00 129.00 OK
r-oldrel-windows-ix86+x86_64 1.0-0 15.00 128.00 143.00 OK

Check Details

Version: 1.0-0
Check: re-building of vignette outputs
Result: NOTE
    Error in re-building vignettes:
     ...
    Loading required package: partykit
    Loading required package: grid
    Loading required package: mvtnorm
    Loading required package: survival
    Loading required package: TH.data
    Error in texi2dvi(file = file, pdf = TRUE, clean = clean, quiet = quiet, :
     Running 'texi2dvi' on 'evtree.tex' failed.
    LaTeX errors:
    ! TeX capacity exceeded, sorry [text input levels=15].
    \@filef@und ->evtree.tpt
    
    l.16 ...BO=<b5><e4><d0><de>r<88><ce>m)<88>B<f1><a1><a5>X^^Em^^E)^^NYX-&<c4>M<bd>x-<8c><9e>\[
     <d3><dd>纛<84>H<ef><f0><a9><e7><ed>S^^\<fd><b0>c'<ca><d3><f7> vg...
    ! ==> Fatal error occurred, no output PDF file produced!
    Calls: buildVignettes -> texi2pdf -> texi2dvi
    Execution halted
Flavor: r-release-osx-x86_64-mavericks

Version: 1.0-0
Check: package dependencies
Result: ERROR
    Package required but not available: ‘partykit’
    
    Packages suggested but not available for checking: ‘multcomp’ ‘party’
    
    See section ‘The DESCRIPTION file’ in the ‘Writing R Extensions’
    manual.
Flavor: r-release-osx-x86_64-snowleopard