CRAN Package Check Results for Package evtree

Last updated on 2017-03-23 06:47:59.

Flavor Version Tinstall Tcheck Ttotal Status Flags
r-devel-linux-x86_64-debian-clang 1.0-2 4.94 117.68 122.62 NOTE
r-devel-linux-x86_64-debian-gcc 1.0-2 4.76 116.60 121.36 NOTE
r-devel-linux-x86_64-fedora-clang 1.0-2 261.38 NOTE --no-stop-on-test-error
r-devel-linux-x86_64-fedora-gcc 1.0-2 255.08 NOTE --no-stop-on-test-error
r-devel-macos-x86_64-clang 1.0-2 162.71 NOTE --no-stop-on-test-error
r-devel-windows-ix86+x86_64 1.0-2 17.00 202.00 219.00 OK
r-patched-linux-x86_64 1.0-2 4.33 98.73 103.07 OK
r-patched-solaris-sparc 1.0-2 1551.30 OK
r-patched-solaris-x86 1.0-2 313.60 OK
r-release-linux-x86_64 1.0-2 4.34 97.49 101.83 OK
r-release-osx-x86_64-mavericks 1.0-2 NOTE
r-release-windows-ix86+x86_64 1.0-2 24.00 223.00 247.00 OK
r-oldrel-windows-ix86+x86_64 1.0-2 24.00 231.00 255.00 OK

Check Details

Version: 1.0-2
Check: compiled code
Result: NOTE
    File ‘evtree/libs/evtree.so’:
     Found no calls to: ‘R_registerRoutines’, ‘R_useDynamicSymbols’
    
    It is good practice to register native routines and to disable symbol
    search.
    
    See ‘Writing portable packages’ in the ‘Writing R Extensions’ manual.
Flavors: r-devel-linux-x86_64-debian-clang, r-devel-linux-x86_64-debian-gcc

Version: 1.0-2
Flags: --no-stop-on-test-error
Check: compiled code
Result: NOTE
    File ‘evtree/libs/evtree.so’:
     Found no calls to: ‘R_registerRoutines’, ‘R_useDynamicSymbols’
    
    It is good practice to register native routines and to disable symbol
    search.
    
    See ‘Writing portable packages’ in the ‘Writing R Extensions’ manual.
Flavors: r-devel-linux-x86_64-fedora-clang, r-devel-linux-x86_64-fedora-gcc, r-devel-macos-x86_64-clang

Version: 1.0-2
Check: re-building of vignette outputs
Result: NOTE
    Error in re-building vignettes:
     ...
    Loading required package: survival
    Loading required package: TH.data
    Loading required package: MASS
    
    Attaching package: 'TH.data'
    
    The following object is masked from 'package:MASS':
    
     geyser
    
    Warning in grepl("(Rerun to get|biblatex.*\\(re\\)run)", readLines(log, :
     input string 437 is invalid in this locale
    Warning in grepl("(Rerun to get|biblatex.*\\(re\\)run)", readLines(log, :
     input string 438 is invalid in this locale
    Error in texi2dvi(file = file, pdf = TRUE, clean = clean, quiet = quiet, :
     Running 'texi2dvi' on 'evtree.tex' failed.
    LaTeX errors:
    ! TeX capacity exceeded, sorry [text input levels=15].
    \@filef@und ->evtree.tpt
    
    l.16 ...BO=<b5><e4><d0><de>r<88><ce>m)<88>B<f1><a1><a5>X^^Em^^E)^^NYX-&<c4>M<bd>x-<8c><9e>\[
     <d3><dd>纛<84>H<ef><f0><a9><e7><ed>S^^\<fd><b0>c'<ca><d3><f7> vg...
    ! ==> Fatal error occurred, no output PDF file produced!
    Calls: buildVignettes -> texi2pdf -> texi2dvi
    Execution halted
Flavor: r-release-osx-x86_64-mavericks