CRAN Package Check Results for Package evtree

Last updated on 2017-11-22 22:57:11 CET.

Flavor Version Tinstall Tcheck Ttotal Status Flags
r-devel-linux-x86_64-debian-clang 1.0-5 4.65 113.74 118.40 OK
r-devel-linux-x86_64-debian-gcc 1.0-5 5.25 209.77 215.02 OK
r-devel-linux-x86_64-fedora-clang 1.0-5 220.61 OK
r-devel-linux-x86_64-fedora-gcc 1.0-5 251.33 OK
r-devel-windows-ix86+x86_64 1.0-5 19.00 195.00 214.00 OK
r-patched-linux-x86_64 1.0-5 4.62 112.65 117.27 OK
r-patched-solaris-x86 1.0-5 322.00 OK
r-release-linux-x86_64 1.0-5 4.98 113.07 118.05 OK
r-release-windows-ix86+x86_64 1.0-5 18.00 194.00 212.00 OK
r-release-osx-x86_64 1.0-5 OK
r-oldrel-windows-ix86+x86_64 1.0-5 18.00 253.00 271.00 OK
r-oldrel-osx-x86_64 1.0-5 NOTE

Check Details

Version: 1.0-5
Check: re-building of vignette outputs
Result: NOTE
    Error in re-building vignettes:
     ...
    Loading required package: survival
    Loading required package: TH.data
    Loading required package: MASS
    
    Attaching package: 'TH.data'
    
    The following object is masked from 'package:MASS':
    
     geyser
    
    Warning in grepl("(Rerun to get|biblatex.*\\(re\\)run)", readLines(log, :
     input string 437 is invalid in this locale
    Warning in grepl("(Rerun to get|biblatex.*\\(re\\)run)", readLines(log, :
     input string 438 is invalid in this locale
    Error in texi2dvi(file = file, pdf = TRUE, clean = clean, quiet = quiet, :
     Running 'texi2dvi' on 'evtree.tex' failed.
    LaTeX errors:
    ! TeX capacity exceeded, sorry [text input levels=15].
    \@filef@und ->evtree.tpt
    
    l.16 ...BO=<b5><e4><d0><de>r<88><ce>m)<88>B<f1><a1><a5>X^^Em^^E)^^NYX-&<c4>M<bd>x-<8c><9e>\[
     <d3><dd>纛<84>H<ef><f0><a9><e7><ed>S^^\<fd><b0>c'<ca><d3><f7> vg...
    ! ==> Fatal error occurred, no output PDF file produced!
    Calls: buildVignettes -> texi2pdf -> texi2dvi
    Execution halted
Flavor: r-oldrel-osx-x86_64