CRAN Package Check Results for Package evtree

Last updated on 2014-04-24 23:48:02.

Flavor Version Tinstall Tcheck Ttotal Status Flags
r-devel-linux-x86_64-debian-clang 0.1-4 2.56 78.36 80.91 OK
r-devel-linux-x86_64-debian-gcc 0.1-4 2.95 76.31 79.26 OK
r-devel-linux-x86_64-fedora-clang 0.1-4 162.81 OK
r-devel-linux-x86_64-fedora-gcc 0.1-4 153.68 OK
r-devel-osx-x86_64-clang 0.1-4 115.80 OK
r-devel-osx-x86_64-gcc 0.1-4 ERROR
r-devel-windows-ix86+x86_64 0.1-4 13.00 135.00 148.00 OK
r-patched-linux-x86_64 0.1-4 2.95 75.21 78.16 OK
r-patched-solaris-sparc 0.1-4 1271.30 OK
r-patched-solaris-x86 0.1-4 203.00 OK
r-release-linux-ix86 0.1-4 5.00 134.00 139.00 OK
r-release-linux-x86_64 0.1-4 2.89 75.41 78.30 OK
r-release-osx-x86_64-mavericks 0.1-4 WARN
r-release-osx-x86_64-snowleopard 0.1-4 WARN
r-release-windows-ix86+x86_64 0.1-4 14.00 134.00 148.00 OK
r-oldrel-windows-ix86+x86_64 0.1-4 14.00 142.00 156.00 OK

Check Details

Version: 0.1-4
Check: package dependencies
Result: ERROR
    Package required but not available: ‘partykit’
    
    Packages suggested but not available for checking: ‘multcomp’ ‘party’
    
    See the information on DESCRIPTION files in the chapter ‘Creating R
    packages’ of the ‘Writing R Extensions’ manual.
Flavor: r-devel-osx-x86_64-gcc

Version: 0.1-4
Check: package dependencies
Result: NOTE
    Package suggested but not available for checking: ‘multcomp’
Flavors: r-release-osx-x86_64-mavericks, r-release-osx-x86_64-snowleopard

Version: 0.1-4
Check: running R code from vignettes
Result: WARNING
    Errors in running code in vignettes:
    when running code in ‘evtree.Rnw’
     ...
    
    > r$samp <- factor(r$samp)
    
    > r$dssamp <- r$ds:r$samp
    
    > library("multcomp")
    
     When sourcing 'evtree.R':
    Error: there is no package called 'multcomp'
    Execution halted
Flavors: r-release-osx-x86_64-mavericks, r-release-osx-x86_64-snowleopard

Version: 0.1-4
Check: re-building of vignette outputs
Result: NOTE
    Error in re-building vignettes:
     ...
    Loading required package: partykit
    Loading required package: grid
    
    Attaching package: 'partykit'
    
    The following object is masked from 'package:grid':
    
     depth
    
    Loading required package: Formula
    
    Error: processing vignette 'evtree.Rnw' failed with diagnostics:
     chunk 13 (label = benchmark-results)
    Error in library("multcomp") : there is no package called 'multcomp'
    Execution halted
Flavors: r-release-osx-x86_64-mavericks, r-release-osx-x86_64-snowleopard

Version: 0.1-4
Check: PDF version of manual
Result: WARNING
    LaTeX errors when creating PDF version.
    This typically indicates Rd problems.
    LaTeX errors found:
    ! LaTeX Error: File `upquote.sty' not found.
    
    Type X to quit or <RETURN> to proceed,
    or enter new name. (Default extension: sty)
    
    b4834b3/Rd2.tex:8: ==> Fatal error occurred, no output PDF file produced!
Flavor: r-release-osx-x86_64-mavericks

Version: 0.1-4
Check: R code for possible problems
Result: NOTE
    Error in dyn.load(file, DLLpath = DLLpath, ...) :
     unable to load shared object '/Volumes/XT3/Builds/R-dev-web/QA/Simon/packages/snowleopard-x86_64/Rlib/3.1/kernlab/libs/kernlab.so':
     dlopen(/Volumes/XT3/Builds/R-dev-web/QA/Simon/packages/snowleopard-x86_64/Rlib/3.1/kernlab/libs/kernlab.so, 6): Library not loaded: /Library/Frameworks/R.framework/Versions/3.1/Resources/lib/libgfortran.2.dylib
     Referenced from: /Volumes/XT3/Builds/R-dev-web/QA/Simon/packages/snowleopard-x86_64/Rlib/3.1/kernlab/libs/kernlab.so
     Reason: image not found
    Error in dyn.load(file, DLLpath = DLLpath, ...) :
     unable to load shared object '/Volumes/XT3/Builds/R-dev-web/QA/Simon/packages/snowleopard-x86_64/Rlib/3.1/mvtnorm/libs/mvtnorm.so':
     dlopen(/Volumes/XT3/Builds/R-dev-web/QA/Simon/packages/snowleopard-x86_64/Rlib/3.1/mvtnorm/libs/mvtnorm.so, 6): Library not loaded: /Library/Frameworks/R.framework/Versions/3.1/Resources/lib/libgfortran.2.dylib
     Referenced from: /Volumes/XT3/Builds/R-dev-web/QA/Simon/packages/snowleopard-x86_64/Rlib/3.1/mvtnorm/libs/mvtnorm.so
     Reason: image not found
Flavor: r-release-osx-x86_64-snowleopard