CRAN Package Check Results for Package evtree

Last updated on 2014-09-03 01:47:47.

Flavor Version Tinstall Tcheck Ttotal Status Flags
r-devel-linux-x86_64-debian-clang 0.1-5 2.64 69.75 72.38 NOTE
r-devel-linux-x86_64-debian-gcc 0.1-5 2.74 66.15 68.89 NOTE
r-devel-linux-x86_64-fedora-clang 0.1-5 146.92 NOTE
r-devel-linux-x86_64-fedora-gcc 0.1-5 142.96 NOTE
r-devel-osx-x86_64-clang 0.1-5 112.73 NOTE
r-devel-windows-ix86+x86_64 0.1-5 13.00 146.00 159.00 NOTE
r-patched-linux-x86_64 0.1-5 3.05 70.98 74.03 OK
r-patched-solaris-sparc 0.1-5 1105.80 OK
r-patched-solaris-x86 0.1-5 210.70 OK
r-release-linux-ix86 0.1-5 4.14 100.57 104.71 OK
r-release-linux-x86_64 0.1-5 2.92 70.98 73.89 OK
r-release-osx-x86_64-mavericks 0.1-5 OK
r-release-osx-x86_64-snowleopard 0.1-5 OK
r-release-windows-ix86+x86_64 0.1-5 14.00 152.00 166.00 OK
r-oldrel-windows-ix86+x86_64 0.1-5 15.00 152.00 167.00 OK

Check Details

Version: 0.1-5
Check: compiled code
Result: NOTE
    File ‘/home/hornik/tmp/R.check/r-devel-clang/Work/build/Packages/evtree/libs/evtree.so’:
     Found ‘rand’, possibly from ‘rand’ (C)
     Objects: ‘container.o’, ‘tree.o’
     Found ‘srand’, possibly from ‘srand’ (C)
     Object: ‘container.o’
    
    Compiled code should not call entry points which might terminate R nor
    write to stdout/stderr instead of to the console, nor the C RNG.
    
    See ‘Writing portable packages’ in the ‘Writing R Extensions’ manual.
Flavor: r-devel-linux-x86_64-debian-clang

Version: 0.1-5
Check: compiled code
Result: NOTE
    File ‘/home/hornik/tmp/R.check/r-devel-gcc/Work/build/Packages/evtree/libs/evtree.so’:
     Found ‘rand’, possibly from ‘rand’ (C)
     Objects: ‘container.o’, ‘tree.o’
     Found ‘srand’, possibly from ‘srand’ (C)
     Object: ‘container.o’
    
    Compiled code should not call entry points which might terminate R nor
    write to stdout/stderr instead of to the console, nor the C RNG.
    
    See ‘Writing portable packages’ in the ‘Writing R Extensions’ manual.
Flavor: r-devel-linux-x86_64-debian-gcc

Version: 0.1-5
Check: compiled code
Result: NOTE
    File ‘/data/gannet/ripley/R/packages/tests-clang/evtree.Rcheck/evtree/libs/evtree.so’:
     Found ‘rand’, possibly from ‘rand’ (C)
     Objects: ‘container.o’, ‘tree.o’
     Found ‘srand’, possibly from ‘srand’ (C)
     Object: ‘container.o’
    
    Compiled code should not call entry points which might terminate R nor
    write to stdout/stderr instead of to the console, nor the C RNG.
    
    See ‘Writing portable packages’ in the ‘Writing R Extensions’ manual.
Flavor: r-devel-linux-x86_64-fedora-clang

Version: 0.1-5
Check: compiled code
Result: NOTE
    File ‘/data/gannet/ripley/R/packages/tests-devel/evtree.Rcheck/evtree/libs/evtree.so’:
     Found ‘rand’, possibly from ‘rand’ (C)
     Objects: ‘container.o’, ‘tree.o’
     Found ‘srand’, possibly from ‘srand’ (C)
     Object: ‘container.o’
    
    Compiled code should not call entry points which might terminate R nor
    write to stdout/stderr instead of to the console, nor the C RNG.
    
    See ‘Writing portable packages’ in the ‘Writing R Extensions’ manual.
Flavor: r-devel-linux-x86_64-fedora-gcc

Version: 0.1-5
Check: compiled code
Result: NOTE
    File ‘/Users/ripley/R/packages/tests-devel/evtree.Rcheck/evtree/libs/evtree.so’:
     Found ‘_rand’, possibly from ‘rand’ (C)
     Objects: ‘container.o’, ‘tree.o’
     Found ‘_srand’, possibly from ‘srand’ (C)
     Object: ‘container.o’
    
    Compiled code should not call entry points which might terminate R nor
    write to stdout/stderr instead of to the console, nor the C RNG.
    
    See ‘Writing portable packages’ in the ‘Writing R Extensions’ manual.
Flavor: r-devel-osx-x86_64-clang

Version: 0.1-5
Check: compiled code
Result: NOTE
    File 'd:/Rcompile/CRANpkg/lib/3.2/evtree/libs/i386/evtree.dll':
     Found 'rand', possibly from 'rand' (C)
     Objects: 'container.o', 'tree.o'
     Found 'srand', possibly from 'srand' (C)
     Object: 'container.o'
    File 'd:/Rcompile/CRANpkg/lib/3.2/evtree/libs/x64/evtree.dll':
     Found 'rand', possibly from 'rand' (C)
     Objects: 'container.o', 'tree.o'
     Found 'srand', possibly from 'srand' (C)
     Object: 'container.o'
    
    Compiled code should not call entry points which might terminate R nor
    write to stdout/stderr instead of to the console, nor the C RNG.
    
    See 'Writing portable packages' in the 'Writing R Extensions' manual.
Flavor: r-devel-windows-ix86+x86_64