CRAN Package Check Results for Package evtree

Last updated on 2015-07-31 22:49:27.

Flavor Version Tinstall Tcheck Ttotal Status Flags
r-devel-linux-x86_64-debian-clang 1.0-0 2.49 64.18 66.68 NOTE
r-devel-linux-x86_64-debian-gcc 1.0-0 3.80 62.15 65.96 NOTE
r-devel-linux-x86_64-fedora-clang 1.0-0 132.11 NOTE
r-devel-linux-x86_64-fedora-gcc 1.0-0 124.90 NOTE
r-devel-osx-x86_64-clang 1.0-0 98.45 OK
r-devel-windows-ix86+x86_64 1.0-0 22.00 133.00 155.00 NOTE
r-patched-linux-x86_64 1.0-0 2.88 62.50 65.38 OK
r-patched-solaris-sparc 1.0-0 963.30 OK
r-patched-solaris-x86 1.0-0 177.80 OK
r-release-linux-x86_64 1.0-0 2.72 61.54 64.27 OK
r-release-osx-x86_64-mavericks 1.0-0 NOTE
r-release-windows-ix86+x86_64 1.0-0 18.00 138.00 156.00 OK
r-oldrel-windows-ix86+x86_64 1.0-0 15.00 132.00 147.00 OK

Check Details

Version: 1.0-0
Check: R code for possible problems
Result: NOTE
    evtree: no visible global function definition for ‘model.weights’
    evtree: no visible global function definition for ‘var’
    evtree.control: no visible global function definition for ‘runif’
    Undefined global functions or variables:
     model.weights runif var
    Consider adding
     importFrom("stats", "model.weights", "runif", "var")
    to your NAMESPACE.
Flavors: r-devel-linux-x86_64-debian-clang, r-devel-linux-x86_64-debian-gcc, r-devel-linux-x86_64-fedora-clang, r-devel-linux-x86_64-fedora-gcc, r-devel-windows-ix86+x86_64

Version: 1.0-0
Check: re-building of vignette outputs
Result: NOTE
    Error in re-building vignettes:
     ...
    Loading required package: partykit
    Loading required package: grid
    Loading required package: mvtnorm
    Loading required package: survival
    Loading required package: TH.data
    Error in texi2dvi(file = file, pdf = TRUE, clean = clean, quiet = quiet, :
     Running 'texi2dvi' on 'evtree.tex' failed.
    LaTeX errors:
    ! TeX capacity exceeded, sorry [text input levels=15].
    \@filef@und ->evtree.tpt
    
    l.16 ...BO=<b5><e4><d0><de>r<88><ce>m)<88>B<f1><a1><a5>X^^Em^^E)^^NYX-&<c4>M<bd>x-<8c><9e>\[
     <d3><dd>纛<84>H<ef><f0><a9><e7><ed>S^^\<fd><b0>c'<ca><d3><f7> vg...
    ! ==> Fatal error occurred, no output PDF file produced!
    Calls: buildVignettes -> texi2pdf -> texi2dvi
    Execution halted
Flavor: r-release-osx-x86_64-mavericks