CRAN Package Check Results for Package evtree

Last updated on 2017-04-24 20:47:12.

Flavor Version Tinstall Tcheck Ttotal Status Flags
r-devel-linux-x86_64-debian-clang 1.0-5 5.46 117.58 123.05 OK
r-devel-linux-x86_64-debian-gcc 1.0-5 4.79 115.54 120.33 OK
r-devel-linux-x86_64-fedora-clang 1.0-5 259.97 OK --no-stop-on-test-error
r-devel-linux-x86_64-fedora-gcc 1.0-5 255.55 OK --no-stop-on-test-error
r-devel-windows-ix86+x86_64 1.0-5 OK
r-patched-linux-x86_64 1.0-5 4.46 116.00 120.46 OK
r-patched-solaris-sparc 1.0-5 1479.70 OK
r-patched-solaris-x86 1.0-5 315.00 OK
r-release-linux-x86_64 1.0-5 4.69 115.18 119.87 OK
r-release-windows-ix86+x86_64 1.0-5 21.00 209.00 230.00 OK
r-release-osx-x86_64 1.0-5 OK
r-oldrel-windows-ix86+x86_64 1.0-5 21.00 186.00 207.00 OK
r-oldrel-osx-x86_64 1.0-5 NOTE

Check Details

Version: 1.0-5
Check: re-building of vignette outputs
Result: NOTE
    Error in re-building vignettes:
     ...
    Loading required package: survival
    Loading required package: TH.data
    Loading required package: MASS
    
    Attaching package: 'TH.data'
    
    The following object is masked from 'package:MASS':
    
     geyser
    
    Warning in grepl("(Rerun to get|biblatex.*\\(re\\)run)", readLines(log, :
     input string 437 is invalid in this locale
    Warning in grepl("(Rerun to get|biblatex.*\\(re\\)run)", readLines(log, :
     input string 438 is invalid in this locale
    Error in texi2dvi(file = file, pdf = TRUE, clean = clean, quiet = quiet, :
     Running 'texi2dvi' on 'evtree.tex' failed.
    LaTeX errors:
    ! TeX capacity exceeded, sorry [text input levels=15].
    \@filef@und ->evtree.tpt
    
    l.16 ...BO=<b5><e4><d0><de>r<88><ce>m)<88>B<f1><a1><a5>X^^Em^^E)^^NYX-&<c4>M<bd>x-<8c><9e>\[
     <d3><dd>纛<84>H<ef><f0><a9><e7><ed>S^^\<fd><b0>c'<ca><d3><f7> vg...
    ! ==> Fatal error occurred, no output PDF file produced!
    Calls: buildVignettes -> texi2pdf -> texi2dvi
    Execution halted
Flavor: r-oldrel-osx-x86_64