CRAN Package Check Results for Package evtree

Last updated on 2016-09-30 15:47:13.

Flavor Version Tinstall Tcheck Ttotal Status Flags
r-devel-linux-x86_64-debian-clang 1.0-0 4.81 104.19 109.00 NOTE
r-devel-linux-x86_64-debian-gcc 1.0-0 4.64 98.56 103.20 NOTE
r-devel-linux-x86_64-fedora-clang 1.0-0 217.36 NOTE
r-devel-linux-x86_64-fedora-gcc 1.0-0 201.83 NOTE
r-devel-macos-x86_64-clang 1.0-0 131.94 NOTE
r-devel-windows-ix86+x86_64 1.0-0 28.00 202.00 230.00 NOTE
r-patched-linux-x86_64 1.0-0 4.39 94.17 98.56 NOTE
r-patched-solaris-sparc 1.0-0 1247.70 NOTE
r-patched-solaris-x86 1.0-0 242.30 NOTE
r-release-linux-x86_64 1.0-0 4.42 94.51 98.93 NOTE
r-release-osx-x86_64-mavericks 1.0-0 NOTE
r-release-windows-ix86+x86_64 1.0-0 17.00 153.00 170.00 NOTE
r-oldrel-windows-ix86+x86_64 1.0-0 26.00 230.00 256.00 OK

Check Details

Version: 1.0-0
Check: R code for possible problems
Result: NOTE
    evtree: no visible global function definition for ‘model.weights’
    evtree: no visible global function definition for ‘var’
    evtree.control: no visible global function definition for ‘runif’
    Undefined global functions or variables:
     model.weights runif var
    Consider adding
     importFrom("stats", "model.weights", "runif", "var")
    to your NAMESPACE file.
Flavors: r-devel-linux-x86_64-debian-clang, r-devel-linux-x86_64-debian-gcc, r-devel-linux-x86_64-fedora-clang, r-devel-linux-x86_64-fedora-gcc, r-devel-macos-x86_64-clang, r-devel-windows-ix86+x86_64, r-patched-linux-x86_64, r-patched-solaris-sparc, r-patched-solaris-x86, r-release-linux-x86_64, r-release-osx-x86_64-mavericks, r-release-windows-ix86+x86_64

Version: 1.0-0
Check: re-building of vignette outputs
Result: NOTE
    Error in re-building vignettes:
     ...
    Loading required package: survival
    Loading required package: TH.data
    Loading required package: MASS
    
    Attaching package: 'TH.data'
    
    The following object is masked from 'package:MASS':
    
     geyser
    
    Warning in grepl("(Rerun to get|biblatex.*\\(re\\)run)", readLines(log, :
     input string 437 is invalid in this locale
    Warning in grepl("(Rerun to get|biblatex.*\\(re\\)run)", readLines(log, :
     input string 438 is invalid in this locale
    Error in texi2dvi(file = file, pdf = TRUE, clean = clean, quiet = quiet, :
     Running 'texi2dvi' on 'evtree.tex' failed.
    LaTeX errors:
    ! TeX capacity exceeded, sorry [text input levels=15].
    \@filef@und ->evtree.tpt
    
    l.16 ...BO=<b5><e4><d0><de>r<88><ce>m)<88>B<f1><a1><a5>X^^Em^^E)^^NYX-&<c4>M<bd>x-<8c><9e>\[
     <d3><dd>纛<84>H<ef><f0><a9><e7><ed>S^^\<fd><b0>c'<ca><d3><f7> vg...
    ! ==> Fatal error occurred, no output PDF file produced!
    Calls: buildVignettes -> texi2pdf -> texi2dvi
    Execution halted
Flavor: r-release-osx-x86_64-mavericks