CRAN Package Check Results for Package evtree

Last updated on 2015-03-06 21:48:19.

Flavor Version Tinstall Tcheck Ttotal Status Flags
r-devel-linux-x86_64-debian-clang 1.0-0 2.46 57.91 60.37 OK
r-devel-linux-x86_64-debian-gcc 1.0-0 2.70 54.69 57.39 OK
r-devel-linux-x86_64-fedora-clang 1.0-0 111.39 OK
r-devel-linux-x86_64-fedora-gcc 1.0-0 109.34 OK
r-devel-osx-x86_64-clang 1.0-0 99.82 OK
r-devel-windows-ix86+x86_64 1.0-0 18.00 119.00 137.00 OK
r-patched-linux-x86_64 1.0-0 2.95 61.03 63.98 OK
r-patched-solaris-sparc 1.0-0 981.90 OK
r-patched-solaris-x86 1.0-0 176.50 OK
r-release-linux-ix86 1.0-0 3.95 81.20 85.16 OK
r-release-linux-x86_64 1.0-0 2.96 60.57 63.53 OK
r-release-osx-x86_64-mavericks 1.0-0 NOTE
r-release-osx-x86_64-snowleopard 1.0-0 OK
r-release-windows-ix86+x86_64 1.0-0 14.00 111.00 125.00 OK
r-oldrel-windows-ix86+x86_64 1.0-0 17.00 129.00 146.00 OK

Check Details

Version: 1.0-0
Check: re-building of vignette outputs
Result: NOTE
    Error in re-building vignettes:
     ...
    Loading required package: partykit
    Loading required package: grid
    Loading required package: mvtnorm
    Loading required package: survival
    Loading required package: splines
    Loading required package: TH.data
    Error in texi2dvi(file = file, pdf = TRUE, clean = clean, quiet = quiet, :
     Running 'texi2dvi' on 'evtree.tex' failed.
    LaTeX errors:
    ! TeX capacity exceeded, sorry [text input levels=15].
    \@filef@und ->evtree.tpt
    
    l.16 ...BO=<b5><e4><d0><de>r<88><ce>m)<88>B<f1><a1><a5>X^^Em^^E)^^NYX-&<c4>M<bd>x-<8c><9e>\[
     <d3><dd>纛<84>H<ef><f0><a9><e7><ed>S^^\<fd><b0>c'<ca><d3><f7> vg...
    ! ==> Fatal error occurred, no output PDF file produced!
    Calls: buildVignettes -> texi2pdf -> texi2dvi
    Execution halted
Flavor: r-release-osx-x86_64-mavericks