CRAN Package Check Results for Package evtree

Last updated on 2016-04-29 11:48:27.

Flavor Version Tinstall Tcheck Ttotal Status Flags
r-devel-linux-x86_64-debian-gcc 1.0-0 4.62 98.74 103.36 NOTE
r-devel-linux-x86_64-fedora-clang 1.0-0 196.76 NOTE
r-devel-linux-x86_64-fedora-gcc 1.0-0 192.51 NOTE
r-devel-osx-x86_64-clang 1.0-0 182.28 NOTE
r-devel-windows-ix86+x86_64 1.0-0 18.00 188.00 206.00 NOTE
r-patched-linux-x86_64 1.0-0 4.62 99.36 103.98 NOTE
r-patched-solaris-sparc 1.0-0 1031.50 NOTE
r-patched-solaris-x86 1.0-0 247.30 NOTE
r-release-linux-x86_64 1.0-0 4.81 102.88 107.69 OK
r-release-osx-x86_64-mavericks 1.0-0 NOTE
r-release-windows-ix86+x86_64 1.0-0 19.00 186.00 205.00 OK
r-oldrel-windows-ix86+x86_64 1.0-0 27.00 195.00 222.00 OK

Check Details

Version: 1.0-0
Check: R code for possible problems
Result: NOTE
    evtree: no visible global function definition for ‘model.weights’
    evtree: no visible global function definition for ‘var’
    evtree.control: no visible global function definition for ‘runif’
    Undefined global functions or variables:
     model.weights runif var
    Consider adding
     importFrom("stats", "model.weights", "runif", "var")
    to your NAMESPACE file.
Flavors: r-devel-linux-x86_64-debian-gcc, r-devel-linux-x86_64-fedora-clang, r-devel-linux-x86_64-fedora-gcc, r-devel-osx-x86_64-clang, r-devel-windows-ix86+x86_64, r-patched-linux-x86_64, r-patched-solaris-sparc, r-patched-solaris-x86

Version: 1.0-0
Check: re-building of vignette outputs
Result: NOTE
    Error in re-building vignettes:
     ...
    Loading required package: partykit
    Loading required package: grid
    Loading required package: mvtnorm
    Loading required package: survival
    Loading required package: TH.data
    Error in texi2dvi(file = file, pdf = TRUE, clean = clean, quiet = quiet, :
     Running 'texi2dvi' on 'evtree.tex' failed.
    LaTeX errors:
    ! TeX capacity exceeded, sorry [text input levels=15].
    \@filef@und ->evtree.tpt
    
    l.16 ...BO=<b5><e4><d0><de>r<88><ce>m)<88>B<f1><a1><a5>X^^Em^^E)^^NYX-&<c4>M<bd>x-<8c><9e>\[
     <d3><dd>纛<84>H<ef><f0><a9><e7><ed>S^^\<fd><b0>c'<ca><d3><f7> vg...
    ! ==> Fatal error occurred, no output PDF file produced!
    Calls: buildVignettes -> texi2pdf -> texi2dvi
    Execution halted
Flavor: r-release-osx-x86_64-mavericks