CRAN Package Check Results for Package evtree

Last updated on 2019-05-19 12:46:25 CEST.

Flavor Version Tinstall Tcheck Ttotal Status Flags
r-devel-linux-x86_64-debian-clang 1.0-7 11.51 179.77 191.28 NOTE
r-devel-linux-x86_64-debian-gcc 1.0-7 9.10 128.22 137.32 NOTE
r-devel-linux-x86_64-fedora-clang 1.0-7 240.34 NOTE
r-devel-linux-x86_64-fedora-gcc 1.0-7 227.61 NOTE
r-devel-windows-ix86+x86_64 1.0-7 32.00 258.00 290.00 FAIL
r-patched-linux-x86_64 1.0-7 9.75 176.70 186.45 NOTE
r-patched-solaris-x86 1.0-7 340.90 NOTE
r-release-linux-x86_64 1.0-7 10.81 174.66 185.47 OK
r-release-windows-ix86+x86_64 1.0-7 31.00 266.00 297.00 OK
r-release-osx-x86_64 1.0-7 OK
r-oldrel-windows-ix86+x86_64 1.0-7 30.00 251.00 281.00 OK
r-oldrel-osx-x86_64 1.0-7 OK

Check Details

Version: 1.0-7
Check: running R code from vignettes
Result: NOTE
     'evtree.Rnw'... [52s/54s] NOTE
    differences from 'evtree.Rout.save'
    96c96
    < evaluation function 660.680 655.851 701.361 701.510 692.680
    ---
    > evaluation function 660.680 655.851 694.191 701.510 692.680
    140,146d139
    <
    < Attaching package: 'TH.data'
    <
    < The following object is masked from 'package:MASS':
    <
    < geyser
    <
Flavor: r-devel-linux-x86_64-debian-clang

Version: 1.0-7
Check: running R code from vignettes
Result: NOTE
     ‘evtree.Rnw’... [33s/46s] NOTE
    differences from ‘evtree.Rout.save’
    96c96
    < evaluation function 660.680 655.851 701.361 701.510 692.680
    ---
    > evaluation function 660.680 655.851 694.191 701.510 692.680
    140,146d139
    <
    < Attaching package: 'TH.data'
    <
    < The following object is masked from 'package:MASS':
    <
    < geyser
    <
Flavor: r-devel-linux-x86_64-debian-gcc

Version: 1.0-7
Check: running R code from vignettes
Result: NOTE
     ‘evtree.Rnw’... [66s/248s] NOTE
    differences from ‘evtree.Rout.save’
    96c96
    < evaluation function 660.680 655.851 701.361 701.510 692.680
    ---
    > evaluation function 660.680 655.851 694.191 701.510 692.680
    140,146d139
    <
    < Attaching package: 'TH.data'
    <
    < The following object is masked from 'package:MASS':
    <
    < geyser
    <
Flavor: r-devel-linux-x86_64-fedora-clang

Version: 1.0-7
Check: running R code from vignettes
Result: NOTE
     ‘evtree.Rnw’... [64s/152s] NOTE
    differences from ‘evtree.Rout.save’
    96c96
    < evaluation function 660.680 655.851 701.361 701.510 692.680
    ---
    > evaluation function 660.680 655.851 694.191 701.510 692.680
    140,146d139
    <
    < Attaching package: 'TH.data'
    <
    < The following object is masked from 'package:MASS':
    <
    < geyser
    <
Flavor: r-devel-linux-x86_64-fedora-gcc

Version: 1.0-7
Check: running R code from vignettes
Result: FAIL
     'evtree.Rnw'... NOTE
    differences from 'evtree.Rout.save'
    96c96
    < evaluation function 660.680 655.851 701.361 701.510 692.680
    ---
    > evaluation function 660.680 655.851 694.191 701.510 692.680
    140,146d139
    <
    < Attaching package: 'TH.data'
    <
    < The following object is masked from 'package:MASS':
    <
    < geyser
    <
     [46s] OK
Flavor: r-devel-windows-ix86+x86_64

Version: 1.0-7
Check: running R code from vignettes
Result: NOTE
     ‘evtree.Rnw’... [50s/52s] NOTE
    differences from ‘evtree.Rout.save’
    96c96
    < evaluation function 660.680 655.851 701.361 701.510 692.680
    ---
    > evaluation function 660.680 655.851 694.191 701.510 692.680
    140,146d139
    <
    < Attaching package: 'TH.data'
    <
    < The following object is masked from 'package:MASS':
    <
    < geyser
    <
Flavor: r-patched-linux-x86_64

Version: 1.0-7
Check: running R code from vignettes
Result: NOTE
     ‘evtree.Rnw’... [81s/104s] NOTE
    differences from ‘evtree.Rout.save’
    96c96
    < evaluation function 660.680 655.851 701.361 701.510 692.680
    ---
    > evaluation function 660.680 655.851 694.191 701.510 692.680
    141,147d140
    < Attaching package: 'TH.data'
    <
    < The following object is masked from 'package:MASS':
    <
    < geyser
    <
    <
Flavor: r-patched-solaris-x86