CRAN Package Check Results for Package exact2x2

Last updated on 2015-07-03 23:47:31.

Flavor Version Tinstall Tcheck Ttotal Status Flags
r-devel-linux-x86_64-debian-clang 1.4.1 0.65 16.69 17.34 NOTE
r-devel-linux-x86_64-debian-gcc 1.4.1 0.64 16.23 16.87 NOTE
r-devel-linux-x86_64-fedora-clang 1.4.1 32.65 NOTE
r-devel-linux-x86_64-fedora-gcc 1.4.1 32.40 NOTE
r-devel-osx-x86_64-clang 1.4.1 32.72 OK
r-devel-windows-ix86+x86_64 1.4.1 6.00 27.00 33.00 NOTE
r-patched-linux-x86_64 1.4.1 0.72 16.82 17.54 OK
r-patched-solaris-sparc 1.4.1 218.70 OK
r-patched-solaris-x86 1.4.1 43.00 OK
r-release-linux-x86_64 1.4.1 0.73 17.12 17.85 OK
r-release-osx-x86_64-mavericks 1.4.1 OK
r-release-windows-ix86+x86_64 1.4.1 5.00 26.00 31.00 OK
r-oldrel-windows-ix86+x86_64 1.4.1 3.00 32.00 35.00 OK

Check Details

Version: 1.4.1
Check: R code for possible problems
Result: NOTE
    binomMeld.test : funcLess: no visible global function definition for
     ‘pbeta’
    binomMeld.test : funcLess: no visible global function definition for
     ‘dbeta’
    binomMeld.test : funcGreater: no visible global function definition for
     ‘pbeta’
    binomMeld.test : funcGreater: no visible global function definition for
     ‘dbeta’
    binomMeld.test : pGreater: no visible global function definition for
     ‘qbeta’
    binomMeld.test : pGreater: no visible global function definition for
     ‘integrate’
    binomMeld.test : pLess: no visible global function definition for
     ‘qbeta’
    binomMeld.test : pLess: no visible global function definition for
     ‘integrate’
    binomMeld.test: no visible global function definition for ‘qbeta’
    binomMeld.test: no visible global function definition for ‘pbeta’
    binomMeld.test: no visible global function definition for ‘uniroot’
    exact2x2: no visible global function definition for ‘complete.cases’
    exact2x2: no visible global function definition for ‘fisher.test’
    exact2x2: no visible global function definition for ‘points’
    exact2x2CI: no visible global function definition for ‘dhyper’
    exact2x2CI : intercept: no visible global function definition for
     ‘uniroot’
    exact2x2CI: no visible global function definition for ‘uniroot’
    exact2x2Plot: no visible global function definition for
     ‘complete.cases’
    exact2x2Plot: no visible global function definition for
     ‘packageDescription’
    exact2x2Plot: no visible global function definition for ‘pbinom’
    exact2x2Plot: no visible global function definition for ‘plot’
    exact2x2Plot: no visible global function definition for ‘points’
    exact2x2Plot: no visible global function definition for ‘lines’
    exact2x2Pvals: no visible global function definition for ‘dhyper’
    power2x2: no visible global function definition for ‘qnorm’
    power2x2: no visible global function definition for ‘pnorm’
    power2x2: no visible global function definition for ‘qbinom’
    power2x2: no visible global function definition for ‘dbinom’
    ss2x2: no visible global function definition for ‘qnorm’
    Undefined global functions or variables:
     complete.cases dbeta dbinom dhyper fisher.test integrate lines
     packageDescription pbeta pbinom plot pnorm points qbeta qbinom qnorm
     uniroot
Flavors: r-devel-linux-x86_64-debian-clang, r-devel-linux-x86_64-debian-gcc, r-devel-linux-x86_64-fedora-clang, r-devel-linux-x86_64-fedora-gcc, r-devel-windows-ix86+x86_64