CRAN Package Check Results for Package exactLoglinTest

Last updated on 2015-02-27 23:47:48.

Flavor Version Tinstall Tcheck Ttotal Status Flags
r-devel-linux-x86_64-debian-clang 1.4.2 1.10 32.57 33.67 NOTE
r-devel-linux-x86_64-debian-gcc 1.4.2 1.04 31.44 32.48 NOTE
r-devel-linux-x86_64-fedora-clang 1.4.2 64.80 NOTE
r-devel-linux-x86_64-fedora-gcc 1.4.2 61.12 NOTE
r-devel-osx-x86_64-clang 1.4.2 60.87 NOTE
r-devel-windows-ix86+x86_64 1.4.2 8.00 62.00 70.00 NOTE
r-patched-linux-x86_64 1.4.2 1.11 37.08 38.18 OK
r-patched-solaris-sparc 1.4.2 399.70 OK
r-release-linux-ix86 1.4.2 1.65 47.71 49.36 OK
r-release-linux-x86_64 1.4.2 1.11 35.94 37.05 OK
r-release-osx-x86_64-mavericks 1.4.2 OK
r-release-windows-ix86+x86_64 1.4.2 6.00 102.00 108.00 OK
r-oldrel-windows-ix86+x86_64 1.4.2 6.00 66.00 72.00 OK

Check Details

Version: 1.4.2
Check: DESCRIPTION meta-information
Result: NOTE
    Malformed Description field: should contain one or more complete sentences.
Flavors: r-devel-linux-x86_64-debian-clang, r-devel-linux-x86_64-debian-gcc, r-devel-linux-x86_64-fedora-clang, r-devel-linux-x86_64-fedora-gcc, r-devel-osx-x86_64-clang, r-devel-windows-ix86+x86_64