CRAN Package Check Results for Package exactLoglinTest

Last updated on 2015-03-31 23:49:30.

Flavor Version Tinstall Tcheck Ttotal Status Flags
r-devel-linux-x86_64-debian-clang 1.4.2 1.06 32.41 33.47 NOTE
r-devel-linux-x86_64-debian-gcc 1.4.2 1.22 32.07 33.30 NOTE
r-devel-linux-x86_64-fedora-clang 1.4.2 65.53 NOTE
r-devel-linux-x86_64-fedora-gcc 1.4.2 64.54 NOTE
r-devel-osx-x86_64-clang 1.4.2 67.13 NOTE
r-prerel-windows-ix86+x86_64 1.4.2 11.00 66.00 77.00 NOTE
r-prerel-linux-x86_64 1.4.2 1.12 31.39 32.51 NOTE
r-prerel-solaris-sparc 1.4.2 371.10 NOTE
r-prerel-solaris-x86 1.4.2 71.40 NOTE
r-release-linux-x86_64 1.4.2 1.14 36.16 37.29 OK
r-release-osx-x86_64-mavericks 1.4.2 OK
r-release-windows-ix86+x86_64 1.4.2 9.00 75.00 84.00 OK
r-oldrel-windows-ix86+x86_64 1.4.2 6.00 66.00 72.00 OK

Check Details

Version: 1.4.2
Check: DESCRIPTION meta-information
Result: NOTE
    Malformed Description field: should contain one or more complete sentences.
Flavors: r-devel-linux-x86_64-debian-clang, r-devel-linux-x86_64-debian-gcc, r-devel-linux-x86_64-fedora-clang, r-devel-linux-x86_64-fedora-gcc, r-devel-osx-x86_64-clang, r-prerel-windows-ix86+x86_64, r-prerel-linux-x86_64, r-prerel-solaris-sparc, r-prerel-solaris-x86