CRAN Package Check Results for Package exactLoglinTest

Last updated on 2017-04-23 23:50:59.

Flavor Version Tinstall Tcheck Ttotal Status Flags
r-devel-linux-x86_64-debian-clang 1.4.2 1.50 28.85 30.35 NOTE
r-devel-linux-x86_64-debian-gcc 1.4.2 1.32 28.41 29.73 NOTE
r-devel-linux-x86_64-fedora-clang 1.4.2 56.28 NOTE --no-stop-on-test-error
r-devel-linux-x86_64-fedora-gcc 1.4.2 54.48 NOTE --no-stop-on-test-error
r-devel-windows-ix86+x86_64 1.4.2 8.00 72.00 80.00 NOTE
r-patched-linux-x86_64 1.4.2 1.52 28.81 30.33 NOTE
r-patched-solaris-sparc 1.4.2 333.20 NOTE
r-patched-solaris-x86 1.4.2 65.10 NOTE
r-release-linux-x86_64 1.4.2 1.23 29.24 30.47 NOTE
r-release-windows-ix86+x86_64 1.4.2 8.00 70.00 78.00 NOTE
r-release-osx-x86_64 1.4.2 NOTE
r-oldrel-windows-ix86+x86_64 1.4.2 6.00 69.00 75.00 NOTE
r-oldrel-osx-x86_64 1.4.2 NOTE

Check Details

Version: 1.4.2
Check: DESCRIPTION meta-information
Result: NOTE
    Malformed Description field: should contain one or more complete sentences.
Flavors: r-devel-linux-x86_64-debian-clang, r-devel-linux-x86_64-debian-gcc, r-devel-windows-ix86+x86_64, r-patched-linux-x86_64, r-patched-solaris-sparc, r-patched-solaris-x86, r-release-linux-x86_64, r-release-windows-ix86+x86_64, r-release-osx-x86_64, r-oldrel-windows-ix86+x86_64, r-oldrel-osx-x86_64

Version: 1.4.2
Check: R code for possible problems
Result: NOTE
    build.mcx.obj: no visible global function definition for ‘glm’
    build.mcx.obj: no visible binding for global variable ‘poisson’
    build.mcx.obj: no visible global function definition for ‘fitted’
    cab: no visible global function definition for ‘rbinom’
    cab: no visible global function definition for ‘runif’
    mcexact: no visible global function definition for ‘update’
    rounded.tprob: no visible global function definition for ‘pt’
    simtable.cab: no visible global function definition for ‘rbinom’
    simtable.cab: no visible global function definition for ‘runif’
    Undefined global functions or variables:
     fitted glm poisson pt rbinom runif update
    Consider adding
     importFrom("stats", "fitted", "glm", "poisson", "pt", "rbinom",
     "runif", "update")
    to your NAMESPACE file.
Flavors: r-devel-linux-x86_64-debian-clang, r-devel-linux-x86_64-debian-gcc, r-devel-windows-ix86+x86_64, r-patched-linux-x86_64, r-patched-solaris-sparc, r-patched-solaris-x86, r-release-linux-x86_64, r-release-windows-ix86+x86_64, r-release-osx-x86_64, r-oldrel-windows-ix86+x86_64, r-oldrel-osx-x86_64

Version: 1.4.2
Check: compiled code
Result: NOTE
    File ‘exactLoglinTest/libs/exactLoglinTest.so’:
     Found no calls to: ‘R_registerRoutines’, ‘R_useDynamicSymbols’
    
    It is good practice to register native routines and to disable symbol
    search.
    
    See ‘Writing portable packages’ in the ‘Writing R Extensions’ manual.
Flavors: r-devel-linux-x86_64-debian-clang, r-devel-linux-x86_64-debian-gcc, r-patched-linux-x86_64, r-release-linux-x86_64

Version: 1.4.2
Flags: --no-stop-on-test-error
Check: DESCRIPTION meta-information
Result: NOTE
    Malformed Description field: should contain one or more complete sentences.
Flavors: r-devel-linux-x86_64-fedora-clang, r-devel-linux-x86_64-fedora-gcc

Version: 1.4.2
Flags: --no-stop-on-test-error
Check: R code for possible problems
Result: NOTE
    build.mcx.obj: no visible global function definition for ‘glm’
    build.mcx.obj: no visible binding for global variable ‘poisson’
    build.mcx.obj: no visible global function definition for ‘fitted’
    cab: no visible global function definition for ‘rbinom’
    cab: no visible global function definition for ‘runif’
    mcexact: no visible global function definition for ‘update’
    rounded.tprob: no visible global function definition for ‘pt’
    simtable.cab: no visible global function definition for ‘rbinom’
    simtable.cab: no visible global function definition for ‘runif’
    Undefined global functions or variables:
     fitted glm poisson pt rbinom runif update
    Consider adding
     importFrom("stats", "fitted", "glm", "poisson", "pt", "rbinom",
     "runif", "update")
    to your NAMESPACE file.
Flavors: r-devel-linux-x86_64-fedora-clang, r-devel-linux-x86_64-fedora-gcc

Version: 1.4.2
Flags: --no-stop-on-test-error
Check: compiled code
Result: NOTE
    File ‘exactLoglinTest/libs/exactLoglinTest.so’:
     Found no calls to: ‘R_registerRoutines’, ‘R_useDynamicSymbols’
    
    It is good practice to register native routines and to disable symbol
    search.
    
    See ‘Writing portable packages’ in the ‘Writing R Extensions’ manual.
Flavors: r-devel-linux-x86_64-fedora-clang, r-devel-linux-x86_64-fedora-gcc