CRAN Package Check Results for Package exactLoglinTest

Last updated on 2015-04-26 00:47:27.

Flavor Version Tinstall Tcheck Ttotal Status Flags
r-devel-linux-x86_64-debian-clang 1.4.2 1.15 32.84 33.98 NOTE
r-devel-linux-x86_64-debian-gcc 1.4.2 1.09 31.70 32.78 NOTE
r-devel-linux-x86_64-fedora-clang 1.4.2 66.03 NOTE
r-devel-linux-x86_64-fedora-gcc 1.4.2 63.20 NOTE
r-devel-osx-x86_64-clang 1.4.2 60.44 NOTE
r-devel-windows-ix86+x86_64 1.4.2 8.00 64.00 72.00 NOTE
r-patched-linux-x86_64 1.4.2 1.07 31.57 32.64 NOTE
r-patched-solaris-sparc 1.4.2 371.10 NOTE
r-patched-solaris-x86 1.4.2 72.10 NOTE
r-release-linux-x86_64 1.4.2 1.12 32.87 33.99 NOTE
r-release-osx-x86_64-mavericks 1.4.2 NOTE
r-release-osx-x86_64-snowleopard 1.4.2 NOTE
r-release-windows-ix86+x86_64 1.4.2 5.00 74.00 79.00 NOTE
r-oldrel-windows-ix86+x86_64 1.4.2 9.00 75.00 84.00 OK

Check Details

Version: 1.4.2
Check: DESCRIPTION meta-information
Result: NOTE
    Malformed Description field: should contain one or more complete sentences.
Flavors: r-devel-windows-ix86+x86_64, r-release-windows-ix86+x86_64