CRAN Package Check Results for Package exactLoglinTest

Last updated on 2015-05-24 15:46:48.

Flavor Version Tinstall Tcheck Ttotal Status Flags
r-devel-linux-x86_64-debian-clang 1.4.2 1.09 32.70 33.79 NOTE
r-devel-linux-x86_64-debian-gcc 1.4.2 1.05 31.30 32.35 NOTE
r-devel-linux-x86_64-fedora-clang 1.4.2 65.20 NOTE
r-devel-linux-x86_64-fedora-gcc 1.4.2 62.07 NOTE
r-devel-osx-x86_64-clang 1.4.2 60.14 NOTE
r-devel-windows-ix86+x86_64 1.4.2 7.00 61.00 68.00 NOTE
r-patched-linux-x86_64 1.4.2 1.11 31.41 32.52 NOTE
r-patched-solaris-sparc 1.4.2 395.00 NOTE
r-patched-solaris-x86 1.4.2 72.80 NOTE
r-release-linux-x86_64 1.4.2 1.05 31.62 32.67 NOTE
r-release-osx-x86_64-mavericks 1.4.2 NOTE
r-release-osx-x86_64-snowleopard 1.4.2 NOTE
r-release-windows-ix86+x86_64 1.4.2 5.00 74.00 79.00 NOTE
r-oldrel-windows-ix86+x86_64 1.4.2 9.00 75.00 84.00 OK

Check Details

Version: 1.4.2
Check: DESCRIPTION meta-information
Result: NOTE
    Malformed Description field: should contain one or more complete sentences.
Flavors: r-devel-linux-x86_64-debian-clang, r-devel-linux-x86_64-debian-gcc, r-devel-linux-x86_64-fedora-clang, r-devel-linux-x86_64-fedora-gcc, r-devel-osx-x86_64-clang, r-devel-windows-ix86+x86_64, r-patched-linux-x86_64, r-patched-solaris-sparc, r-patched-solaris-x86, r-release-linux-x86_64, r-release-osx-x86_64-mavericks, r-release-osx-x86_64-snowleopard, r-release-windows-ix86+x86_64