CRAN Package Check Results for Package exactLoglinTest

Last updated on 2016-07-28 23:47:07.

Flavor Version Tinstall Tcheck Ttotal Status Flags
r-devel-linux-x86_64-debian-clang 1.4.2 1.38 32.40 33.78 NOTE
r-devel-linux-x86_64-debian-gcc 1.4.2 1.55 33.92 35.47 NOTE
r-devel-linux-x86_64-fedora-clang 1.4.2 52.83 NOTE
r-devel-linux-x86_64-fedora-gcc 1.4.2 49.69 NOTE
r-devel-osx-x86_64-clang 1.4.2 42.30 NOTE
r-devel-windows-ix86+x86_64 1.4.2 6.00 70.00 76.00 NOTE
r-patched-linux-x86_64 1.4.2 1.32 30.18 31.50 NOTE
r-patched-solaris-sparc 1.4.2 296.90 NOTE
r-patched-solaris-x86 1.4.2 56.50 NOTE
r-release-linux-x86_64 1.4.2 1.31 30.37 31.68 NOTE
r-release-osx-x86_64-mavericks 1.4.2 NOTE
r-release-windows-ix86+x86_64 1.4.2 7.00 79.00 86.00 NOTE
r-oldrel-windows-ix86+x86_64 1.4.2 7.00 65.00 72.00 NOTE

Check Details

Version: 1.4.2
Check: DESCRIPTION meta-information
Result: NOTE
    Malformed Description field: should contain one or more complete sentences.
Flavors: r-devel-linux-x86_64-debian-clang, r-devel-linux-x86_64-debian-gcc, r-devel-linux-x86_64-fedora-clang, r-devel-linux-x86_64-fedora-gcc, r-devel-osx-x86_64-clang, r-devel-windows-ix86+x86_64, r-patched-linux-x86_64, r-patched-solaris-sparc, r-patched-solaris-x86, r-release-linux-x86_64, r-release-osx-x86_64-mavericks, r-release-windows-ix86+x86_64, r-oldrel-windows-ix86+x86_64

Version: 1.4.2
Check: R code for possible problems
Result: NOTE
    build.mcx.obj: no visible global function definition for ‘glm’
    build.mcx.obj: no visible binding for global variable ‘poisson’
    build.mcx.obj: no visible global function definition for ‘fitted’
    cab: no visible global function definition for ‘rbinom’
    cab: no visible global function definition for ‘runif’
    mcexact: no visible global function definition for ‘update’
    rounded.tprob: no visible global function definition for ‘pt’
    simtable.cab: no visible global function definition for ‘rbinom’
    simtable.cab: no visible global function definition for ‘runif’
    Undefined global functions or variables:
     fitted glm poisson pt rbinom runif update
    Consider adding
     importFrom("stats", "fitted", "glm", "poisson", "pt", "rbinom",
     "runif", "update")
    to your NAMESPACE file.
Flavors: r-devel-linux-x86_64-debian-clang, r-devel-linux-x86_64-debian-gcc, r-devel-linux-x86_64-fedora-clang, r-devel-linux-x86_64-fedora-gcc, r-devel-osx-x86_64-clang, r-devel-windows-ix86+x86_64, r-patched-linux-x86_64, r-patched-solaris-sparc, r-patched-solaris-x86, r-release-linux-x86_64, r-release-osx-x86_64-mavericks, r-release-windows-ix86+x86_64