CRAN Package Check Results for Package exactLoglinTest

Last updated on 2016-12-06 13:48:28.

Flavor Version Tinstall Tcheck Ttotal Status Flags
r-devel-linux-x86_64-debian-clang 1.4.2 1.59 29.95 31.54 NOTE
r-devel-linux-x86_64-debian-gcc 1.4.2 1.32 29.68 31.00 NOTE
r-devel-linux-x86_64-fedora-clang 1.4.2 59.71 NOTE --no-stop-on-test-error
r-devel-linux-x86_64-fedora-gcc 1.4.2 56.81 NOTE --no-stop-on-test-error
r-devel-macos-x86_64-clang 1.4.2 44.95 NOTE
r-devel-windows-ix86+x86_64 1.4.2 16.00 86.00 102.00 NOTE
r-patched-linux-x86_64 1.4.2 1.09 26.94 28.03 NOTE
r-patched-solaris-sparc 1.4.2 296.90 NOTE
r-patched-solaris-x86 1.4.2 56.30 NOTE
r-release-linux-x86_64 1.4.2 1.11 27.06 28.18 NOTE
r-release-osx-x86_64-mavericks 1.4.2 NOTE
r-release-windows-ix86+x86_64 1.4.2 6.00 69.00 75.00 NOTE
r-oldrel-windows-ix86+x86_64 1.4.2 7.00 72.00 79.00 NOTE

Check Details

Version: 1.4.2
Check: DESCRIPTION meta-information
Result: NOTE
    Malformed Description field: should contain one or more complete sentences.
Flavors: r-devel-linux-x86_64-debian-clang, r-devel-linux-x86_64-debian-gcc, r-devel-macos-x86_64-clang, r-devel-windows-ix86+x86_64, r-patched-linux-x86_64, r-patched-solaris-sparc, r-patched-solaris-x86, r-release-linux-x86_64, r-release-osx-x86_64-mavericks, r-release-windows-ix86+x86_64, r-oldrel-windows-ix86+x86_64

Version: 1.4.2
Check: R code for possible problems
Result: NOTE
    build.mcx.obj: no visible global function definition for ‘glm’
    build.mcx.obj: no visible binding for global variable ‘poisson’
    build.mcx.obj: no visible global function definition for ‘fitted’
    cab: no visible global function definition for ‘rbinom’
    cab: no visible global function definition for ‘runif’
    mcexact: no visible global function definition for ‘update’
    rounded.tprob: no visible global function definition for ‘pt’
    simtable.cab: no visible global function definition for ‘rbinom’
    simtable.cab: no visible global function definition for ‘runif’
    Undefined global functions or variables:
     fitted glm poisson pt rbinom runif update
    Consider adding
     importFrom("stats", "fitted", "glm", "poisson", "pt", "rbinom",
     "runif", "update")
    to your NAMESPACE file.
Flavors: r-devel-linux-x86_64-debian-clang, r-devel-linux-x86_64-debian-gcc, r-devel-macos-x86_64-clang, r-devel-windows-ix86+x86_64, r-patched-linux-x86_64, r-patched-solaris-sparc, r-patched-solaris-x86, r-release-linux-x86_64, r-release-osx-x86_64-mavericks, r-release-windows-ix86+x86_64

Version: 1.4.2
Flags: --no-stop-on-test-error
Check: DESCRIPTION meta-information
Result: NOTE
    Malformed Description field: should contain one or more complete sentences.
Flavors: r-devel-linux-x86_64-fedora-clang, r-devel-linux-x86_64-fedora-gcc

Version: 1.4.2
Flags: --no-stop-on-test-error
Check: R code for possible problems
Result: NOTE
    build.mcx.obj: no visible global function definition for ‘glm’
    build.mcx.obj: no visible binding for global variable ‘poisson’
    build.mcx.obj: no visible global function definition for ‘fitted’
    cab: no visible global function definition for ‘rbinom’
    cab: no visible global function definition for ‘runif’
    mcexact: no visible global function definition for ‘update’
    rounded.tprob: no visible global function definition for ‘pt’
    simtable.cab: no visible global function definition for ‘rbinom’
    simtable.cab: no visible global function definition for ‘runif’
    Undefined global functions or variables:
     fitted glm poisson pt rbinom runif update
    Consider adding
     importFrom("stats", "fitted", "glm", "poisson", "pt", "rbinom",
     "runif", "update")
    to your NAMESPACE file.
Flavors: r-devel-linux-x86_64-fedora-clang, r-devel-linux-x86_64-fedora-gcc