CRAN Package Check Results for Package exactLoglinTest

Last updated on 2016-02-14 10:46:41.

Flavor Version Tinstall Tcheck Ttotal Status Flags
r-devel-linux-x86_64-debian-gcc 1.4.2 1.08 25.64 26.71 NOTE
r-devel-linux-x86_64-fedora-clang 1.4.2 52.06 NOTE
r-devel-linux-x86_64-fedora-gcc 1.4.2 49.62 NOTE
r-devel-osx-x86_64-clang 1.4.2 54.37 NOTE
r-devel-windows-ix86+x86_64 1.4.2 10.00 61.00 71.00 NOTE
r-patched-linux-x86_64 1.4.2 1.09 31.53 32.62 NOTE
r-patched-solaris-sparc 1.4.2 357.20 NOTE
r-patched-solaris-x86 1.4.2 69.00 NOTE
r-release-linux-x86_64 1.4.2 1.21 31.89 33.10 NOTE
r-release-osx-x86_64-mavericks 1.4.2 NOTE
r-release-windows-ix86+x86_64 1.4.2 7.00 65.00 72.00 NOTE
r-oldrel-windows-ix86+x86_64 1.4.2 9.00 75.00 84.00 OK

Check Details

Version: 1.4.2
Check: DESCRIPTION meta-information
Result: NOTE
    Malformed Description field: should contain one or more complete sentences.
Flavors: r-devel-linux-x86_64-debian-gcc, r-devel-linux-x86_64-fedora-clang, r-devel-linux-x86_64-fedora-gcc, r-devel-osx-x86_64-clang, r-devel-windows-ix86+x86_64, r-patched-linux-x86_64, r-patched-solaris-sparc, r-patched-solaris-x86, r-release-linux-x86_64, r-release-osx-x86_64-mavericks, r-release-windows-ix86+x86_64

Version: 1.4.2
Check: R code for possible problems
Result: NOTE
    build.mcx.obj: no visible global function definition for ‘glm’
    build.mcx.obj: no visible binding for global variable ‘poisson’
    build.mcx.obj: no visible global function definition for ‘fitted’
    cab: no visible global function definition for ‘rbinom’
    cab: no visible global function definition for ‘runif’
    mcexact: no visible global function definition for ‘update’
    rounded.tprob: no visible global function definition for ‘pt’
    simtable.cab: no visible global function definition for ‘rbinom’
    simtable.cab: no visible global function definition for ‘runif’
    Undefined global functions or variables:
     fitted glm poisson pt rbinom runif update
    Consider adding
     importFrom("stats", "fitted", "glm", "poisson", "pt", "rbinom",
     "runif", "update")
    to your NAMESPACE file.
Flavors: r-devel-linux-x86_64-debian-gcc, r-devel-linux-x86_64-fedora-clang, r-devel-linux-x86_64-fedora-gcc, r-devel-osx-x86_64-clang, r-devel-windows-ix86+x86_64