CRAN Package Check Results for Package exactRankTests

Last updated on 2015-01-29 12:48:02.

Flavor Version Tinstall Tcheck Ttotal Status Flags
r-devel-linux-x86_64-debian-clang 0.8-27 1.27 21.92 23.19 NOTE
r-devel-linux-x86_64-debian-gcc 0.8-27 1.36 23.19 24.55 NOTE
r-devel-linux-x86_64-fedora-clang 0.8-27 45.79 NOTE
r-devel-linux-x86_64-fedora-gcc 0.8-27 45.95 NOTE
r-devel-osx-x86_64-clang 0.8-27 42.89 NOTE
r-devel-windows-ix86+x86_64 0.8-27 10.00 54.00 64.00 OK
r-patched-linux-x86_64 0.8-27 1.46 24.14 25.59 OK
r-patched-solaris-sparc 0.8-27 326.70 OK
r-patched-solaris-x86 0.8-27 66.60 OK
r-release-linux-ix86 0.8-27 1.97 35.66 37.64 OK
r-release-linux-x86_64 0.8-27 1.49 23.82 25.32 OK
r-release-osx-x86_64-mavericks 0.8-27 OK
r-release-windows-ix86+x86_64 0.8-27 9.00 80.00 89.00 OK
r-oldrel-windows-ix86+x86_64 0.8-27 8.00 53.00 61.00 OK

Check Details

Version: 0.8-27
Check: S3 generic/method consistency
Result: NOTE
    Found the following apparent S3 methods exported but not registered:
     ansari.exact.default ansari.exact.formula cscores.Surv
     cscores.default cscores.factor perm.test.default perm.test.formula
     wilcox.exact.default wilcox.exact.formula
    See section ‘Registering S3 methods’ in the ‘Writing R Extensions’
    manual.
Flavors: r-devel-linux-x86_64-debian-clang, r-devel-linux-x86_64-debian-gcc, r-devel-linux-x86_64-fedora-clang, r-devel-linux-x86_64-fedora-gcc, r-devel-osx-x86_64-clang