CRAN Package Check Results for Package exactRankTests

Last updated on 2014-04-24 03:47:44.

Flavor Version Tinstall Tcheck Ttotal Status Flags
r-devel-linux-x86_64-debian-clang 0.8-27 1.31 22.89 24.20 OK
r-devel-linux-x86_64-debian-gcc 0.8-27 1.38 25.10 26.48 OK
r-devel-linux-x86_64-fedora-clang 0.8-27 44.96 OK
r-devel-linux-x86_64-fedora-gcc 0.8-27 47.04 OK
r-devel-osx-x86_64-clang 0.8-27 38.49 OK
r-devel-osx-x86_64-gcc 0.8-27 OK
r-devel-windows-ix86+x86_64 0.8-27 8.00 52.00 60.00 OK
r-patched-linux-x86_64 0.8-27 1.44 24.95 26.39 OK
r-patched-solaris-sparc 0.8-27 324.60 OK
r-patched-solaris-x86 0.8-27 63.20 OK
r-release-linux-ix86 0.8-27 3.00 46.00 49.00 OK
r-release-linux-x86_64 0.8-27 1.46 24.56 26.03 OK
r-release-osx-x86_64-mavericks 0.8-27 WARN
r-release-windows-ix86+x86_64 0.8-27 18.00 70.00 88.00 OK
r-oldrel-windows-ix86+x86_64 0.8-27 8.00 53.00 61.00 OK

Check Details

Version: 0.8-27
Check: PDF version of manual
Result: WARNING
    LaTeX errors when creating PDF version.
    This typically indicates Rd problems.
    LaTeX errors found:
    ! LaTeX Error: File `upquote.sty' not found.
    
    Type X to quit or <RETURN> to proceed,
    or enter new name. (Default extension: sty)
    
    c3fe6ea/Rd2.tex:8: ==> Fatal error occurred, no output PDF file produced!
Flavor: r-release-osx-x86_64-mavericks