CRAN Package Check Results for Package exactRankTests

Last updated on 2017-02-27 03:50:12.

Flavor Version Tinstall Tcheck Ttotal Status Flags
r-devel-linux-x86_64-debian-clang 0.8-28 1.46 30.06 31.52 NOTE
r-devel-linux-x86_64-debian-gcc 0.8-28 1.47 30.03 31.50 NOTE
r-devel-linux-x86_64-fedora-clang 0.8-28 57.80 NOTE --no-stop-on-test-error
r-devel-linux-x86_64-fedora-gcc 0.8-28 55.34 NOTE --no-stop-on-test-error
r-devel-macos-x86_64-clang 0.8-28 46.00 NOTE --no-stop-on-test-error
r-devel-windows-ix86+x86_64 0.8-28 10.00 149.00 159.00 OK
r-patched-linux-x86_64 0.8-28 1.36 23.68 25.04 OK
r-patched-solaris-sparc 0.8-28 333.20 OK
r-patched-solaris-x86 0.8-28 58.20 OK
r-release-linux-x86_64 0.8-28 1.32 24.19 25.51 OK
r-release-osx-x86_64-mavericks 0.8-28 OK
r-release-windows-ix86+x86_64 0.8-28 23.00 64.00 87.00 OK
r-oldrel-windows-ix86+x86_64 0.8-28 20.00 106.00 126.00 OK

Check Details

Version: 0.8-28
Check: compiled code
Result: NOTE
    File ‘exactRankTests/libs/exactRankTests.so’:
     Found no calls to: ‘R_registerRoutines’, ‘R_useDynamicSymbols’
    
    It is good practice to register native routines and to disable symbol
    search.
    
    See ‘Writing portable packages’ in the ‘Writing R Extensions’ manual.
Flavors: r-devel-linux-x86_64-debian-clang, r-devel-linux-x86_64-debian-gcc

Version: 0.8-28
Flags: --no-stop-on-test-error
Check: compiled code
Result: NOTE
    File ‘exactRankTests/libs/exactRankTests.so’:
     Found no calls to: ‘R_registerRoutines’, ‘R_useDynamicSymbols’
    
    It is good practice to register native routines and to disable symbol
    search.
    
    See ‘Writing portable packages’ in the ‘Writing R Extensions’ manual.
Flavors: r-devel-linux-x86_64-fedora-clang, r-devel-linux-x86_64-fedora-gcc, r-devel-macos-x86_64-clang