CRAN Package Check Results for Package exactRankTests

Last updated on 2017-01-16 12:52:23.

Flavor Version Tinstall Tcheck Ttotal Status Flags
r-devel-linux-x86_64-debian-clang 0.8-28 1.55 29.48 31.04 OK
r-devel-linux-x86_64-debian-gcc 0.8-28 1.55 29.60 31.16 OK
r-devel-linux-x86_64-fedora-clang 0.8-28 55.86 OK --no-stop-on-test-error
r-devel-linux-x86_64-fedora-gcc 0.8-28 53.91 NOTE --no-stop-on-test-error
r-devel-macos-x86_64-clang 0.8-28 44.60 OK --no-stop-on-test-error
r-devel-windows-ix86+x86_64 0.8-28 16.00 80.00 96.00 OK
r-patched-linux-x86_64 0.8-28 1.40 22.94 24.33 OK
r-patched-solaris-sparc 0.8-28 333.20 OK
r-patched-solaris-x86 0.8-28 60.80 OK
r-release-linux-x86_64 0.8-28 1.43 23.30 24.72 OK
r-release-osx-x86_64-mavericks 0.8-28 OK
r-release-windows-ix86+x86_64 0.8-28 15.00 66.00 81.00 OK
r-oldrel-windows-ix86+x86_64 0.8-28 10.00 81.00 91.00 OK

Check Details

Version: 0.8-28
Flags: --no-stop-on-test-error
Check: compiled code
Result: NOTE
    File ‘exactRankTests/libs/exactRankTests.so’:
     Found no calls to: ‘R_registerRoutines’, ‘R_useDynamicSymbols’
    
    It is good practice to use registered native symbols and disable symbol
    search.
    
    See ‘Writing portable packages’ in the ‘Writing R Extensions’ manual.
Flavor: r-devel-linux-x86_64-fedora-gcc