CRAN Package Check Results for Package exams

Last updated on 2016-05-26 05:47:37.

Flavor Version Tinstall Tcheck Ttotal Status Flags
r-devel-linux-x86_64-debian-gcc 2.1-0 1.11 79.18 80.29 OK
r-devel-linux-x86_64-fedora-clang 2.1-0 154.74 OK
r-devel-linux-x86_64-fedora-gcc 2.1-0 136.00 OK
r-devel-osx-x86_64-clang 2.1-0 204.47 OK
r-devel-windows-ix86+x86_64 2.1-0 6.00 215.00 221.00 OK
r-patched-linux-x86_64 2.1-0 1.24 78.34 79.58 OK
r-patched-solaris-sparc 2.1-0 876.00 OK
r-patched-solaris-x86 2.1-0 195.80 OK
r-release-linux-x86_64 2.1-0 1.07 77.39 78.46 OK
r-release-osx-x86_64-mavericks 2.1-0 NOTE
r-release-windows-ix86+x86_64 2.1-0 7.00 265.00 272.00 OK
r-oldrel-windows-ix86+x86_64 2.1-0 5.00 394.00 399.00 OK

Check Details

Version: 2.1-0
Check: re-building of vignette outputs
Result: NOTE
    Error in re-building vignettes:
     ...
     input string 342 is invalid in this locale
    Warning in grepl("(Rerun to get|biblatex.*\\(re\\)run)", readLines(log, :
     input string 356 is invalid in this locale
    Error in texi2dvi(file = file, pdf = TRUE, clean = clean, quiet = quiet, :
     Running 'texi2dvi' on 'exams.tex' failed.
    LaTeX errors:
    ! Undefined control sequence.
    l.16 ...^^^{<ec><bd><e7>Rȭ<f4>蛡<85>P^^]bL^^L6^^L<ac>^^W<e1><d6>-^^Y<b4>Y\U
     <e2><8f>ǻU<ed><8d><f3>K<fa>^^O_<f5><fe><ad>^^Sےc'<91><ab>...
    The control sequence at the end of the top line
    of your error message was never \def'ed. If you have
    ! Undefined control sequence.
    l.17 ...<a5>RQJY<96>5`'A^^P<ec><ef><ef><97><cb><e5>z<bd>n<9a>&<fa>!<a2><ad><ad><ad><d9><d9>Y4^^[<b0><b7><b8>\q
     <e6>|Ypb<8e>a<ba>D"<81><89>'<a2>z<bd><de><ed>v<cf>1<df>^^W+...
    The control sequence at the end of the top line
    of your error message was never \def'ed. If you have
    ! LaTeX Error: Missing \begin{document}.
    
    See the LaTeX manual or LaTeX Companion for explanation.
    Type H <return> for immediate help.
     ...
    ! Please use \mathaccent for accents in math mode.
    \add@accent ...@sp
    Calls: buildVignettes -> texi2pdf -> texi2dvi
    Execution halted
Flavor: r-release-osx-x86_64-mavericks