CRAN Package Check Results for Package exams

Last updated on 2015-08-30 23:47:39.

Flavor Version Tinstall Tcheck Ttotal Status Flags
r-devel-linux-x86_64-debian-clang 2.0-2 0.88 65.96 66.84 NOTE
r-devel-linux-x86_64-debian-gcc 2.0-2 1.17 65.68 66.86 NOTE
r-devel-linux-x86_64-fedora-clang 2.0-2 141.36 NOTE
r-devel-linux-x86_64-fedora-gcc 2.0-2 135.46 NOTE
r-devel-osx-x86_64-clang 2.0-2 183.77 OK
r-devel-windows-ix86+x86_64 2.0-2 7.00 216.00 223.00 NOTE
r-patched-linux-x86_64 2.0-2 0.91 65.71 66.62 OK
r-patched-solaris-sparc 2.0-2 896.80 OK
r-patched-solaris-x86 2.0-2 221.20 OK
r-release-linux-x86_64 2.0-2 1.21 66.96 68.16 OK
r-release-osx-x86_64-mavericks 2.0-2 NOTE
r-release-windows-ix86+x86_64 2.0-2 4.00 199.00 203.00 OK
r-oldrel-windows-ix86+x86_64 2.0-2 7.00 171.00 178.00 OK

Check Details

Version: 2.0-2
Check: R code for possible problems
Result: NOTE
    exams: no visible global function definition for ‘is’
    Undefined global functions or variables:
     is
    Consider adding
     importFrom("methods", "is")
    to your NAMESPACE (and ensure that your DESCRIPTION Imports field
    contains 'methods').
Flavors: r-devel-linux-x86_64-debian-clang, r-devel-linux-x86_64-debian-gcc, r-devel-linux-x86_64-fedora-clang, r-devel-linux-x86_64-fedora-gcc, r-devel-windows-ix86+x86_64

Version: 2.0-2
Check: re-building of vignette outputs
Result: NOTE
    Error in re-building vignettes:
     ...
    Error in texi2dvi(file = file, pdf = TRUE, clean = clean, quiet = quiet, :
     Running 'texi2dvi' on 'exams.tex' failed.
    LaTeX errors:
    ! Undefined control sequence.
    l.16 ...k^^X<c6><cc><cc>L<a9>T<b2>,<0b><ab><ff>ʕ+<8d>F#<99>L.,,<f4><d9>O<a5>R!"!<84><e7>y<b9>\^^N
     ^^L<bc><b8><b8><b8><b4><b4>t<e9>ҥ^^_~<f8><e1>h<c3>;.<b5>(<a5>...
    The control sequence at the end of the top line
    of your error message was never \def'ed. If you have
    ! LaTeX Error: Missing \begin{document}.
    
    See the LaTeX manual or LaTeX Companion for explanation.
    Type H <return> for immediate help.
     ...
    ! Missing $ inserted.
    <inserted text>
     $
    l.18 ^^QB8<8e><d3>n<b7>^^W^^W^^WѲ^
     <af>OMM<ed>k<d6><e9>t<92><c9>$_D<fc><ca>hĸ^^S<89><84>뺠J<fe>׶m<80>9^^H^^B"<ea>g<e1>
    ! Undefined control sequence.
    l.19 <a6><de><f1><e5><f4>!=^^X<b5><e0><84>Y^^A<82>^^W\<ad>
     V<f1><9a>a^^U;<9d>λw<ef>x<f5>ǩ(<99>L<b2><92>h<c0><a4><c5><cd>~<ff><fd>wX<c8>^^
    Calls: buildVignettes -> texi2pdf -> texi2dvi
    Execution halted
Flavor: r-release-osx-x86_64-mavericks