CRAN Package Check Results for Package exams

Last updated on 2017-03-28 15:48:05.

Flavor Version Tinstall Tcheck Ttotal Status Flags
r-devel-linux-x86_64-debian-clang 2.2-1 1.37 97.79 99.16 NOTE
r-devel-linux-x86_64-debian-gcc 2.2-1 1.34 95.49 96.83 NOTE
r-devel-linux-x86_64-fedora-clang 2.2-1 186.39 NOTE --no-stop-on-test-error
r-devel-linux-x86_64-fedora-gcc 2.2-1 183.71 OK --no-stop-on-test-error
r-devel-macos-x86_64-clang 2.2-1 175.19 NOTE --no-stop-on-test-error
r-devel-windows-ix86+x86_64 2.2-1 6.00 227.00 233.00 OK
r-patched-linux-x86_64 2.2-1 1.58 96.19 97.78 NOTE
r-patched-solaris-sparc 2.2-1 1035.80 OK
r-patched-solaris-x86 2.2-1 228.50 OK
r-release-linux-x86_64 2.2-1 1.30 85.28 86.58 NOTE
r-release-osx-x86_64-mavericks 2.2-1 NOTE
r-release-windows-ix86+x86_64 2.2-1 8.00 215.00 223.00 OK
r-oldrel-windows-ix86+x86_64 2.2-1 7.00 278.00 285.00 OK

Check Details

Version: 2.2-1
Check: R code for possible problems
Result: NOTE
    Found the following assignments to the global environment:
    File ‘exams/R/xexams.R’:
     assign(".xweave_svg_grdevice", .xweave_svg_grdevice, envir = .GlobalEnv)
Flavors: r-devel-linux-x86_64-debian-clang, r-devel-linux-x86_64-debian-gcc, r-patched-linux-x86_64, r-release-linux-x86_64

Version: 2.2-1
Flags: --no-stop-on-test-error
Check: R code for possible problems
Result: NOTE
    Found the following assignments to the global environment:
    File ‘exams/R/xexams.R’:
     assign(".xweave_svg_grdevice", .xweave_svg_grdevice, envir = .GlobalEnv)
Flavors: r-devel-linux-x86_64-fedora-clang, r-devel-macos-x86_64-clang

Version: 2.2-1
Check: re-building of vignette outputs
Result: NOTE
    Error in re-building vignettes:
     ...
     input string 342 is invalid in this locale
    Warning in grepl("(Rerun to get|biblatex.*\\(re\\)run)", readLines(log, :
     input string 356 is invalid in this locale
    Error in texi2dvi(file = file, pdf = TRUE, clean = clean, quiet = quiet, :
     Running 'texi2dvi' on 'exams.tex' failed.
    LaTeX errors:
    ! Undefined control sequence.
    l.16 ...^^^{<ec><bd><e7>Rȭ<f4>蛡<85>P^^]bL^^L6^^L<ac>^^W<e1><d6>-^^Y<b4>Y\U
     <e2><8f>ǻU<ed><8d><f3>K<fa>^^O_<f5><fe><ad>^^Sےc'<91><ab>...
    The control sequence at the end of the top line
    of your error message was never \def'ed. If you have
    ! Undefined control sequence.
    l.17 ...<a5>RQJY<96>5`'A^^P<ec><ef><ef><97><cb><e5>z<bd>n<9a>&<fa>!<a2><ad><ad><ad><d9><d9>Y4^^[<b0><b7><b8>\q
     <e6>|Ypb<8e>a<ba>D"<81><89>'<a2>z<bd><de><ed>v<cf>1<df>^^W+...
    The control sequence at the end of the top line
    of your error message was never \def'ed. If you have
    ! LaTeX Error: Missing \begin{document}.
    
    See the LaTeX manual or LaTeX Companion for explanation.
    Type H <return> for immediate help.
     ...
    ! Please use \mathaccent for accents in math mode.
    \add@accent ...@sp
    Calls: buildVignettes -> texi2pdf -> texi2dvi
    Execution halted
Flavor: r-release-osx-x86_64-mavericks