CRAN Package Check Results for Package exams

Last updated on 2022-09-29 00:52:48 CEST.

Flavor Version Tinstall Tcheck Ttotal Status Flags
r-devel-linux-x86_64-debian-clang 2.3-6 16.59 185.62 202.21 NOTE
r-devel-linux-x86_64-debian-gcc 2.3-6 12.55 144.52 157.07 NOTE
r-devel-linux-x86_64-fedora-clang 2.3-6 282.41 NOTE
r-devel-linux-x86_64-fedora-gcc 2.3-6 273.90 NOTE
r-devel-windows-x86_64 2.3-6 55.00 387.00 442.00 NOTE
r-patched-linux-x86_64 2.3-6 16.80 183.51 200.31 OK
r-release-linux-x86_64 2.3-6 16.75 182.19 198.94 OK
r-release-macos-arm64 2.3-6 137.00 OK
r-release-macos-x86_64 2.3-6 182.00 OK
r-release-windows-x86_64 2.3-6 54.00 396.00 450.00 OK
r-oldrel-macos-arm64 2.3-6 173.00 OK
r-oldrel-macos-x86_64 2.3-6 294.00 OK
r-oldrel-windows-ix86+x86_64 2.3-6 26.00 362.00 388.00 OK

Check Details

Version: 2.3-6
Check: Rd files
Result: NOTE
    checkRd: (-1) exams2blackboard.Rd:152: Escaped LaTeX specials: \&
    checkRd: (-1) exams2qti12.Rd:186: Escaped LaTeX specials: \&
Flavors: r-devel-linux-x86_64-debian-clang, r-devel-linux-x86_64-debian-gcc, r-devel-linux-x86_64-fedora-clang, r-devel-linux-x86_64-fedora-gcc, r-devel-windows-x86_64