CRAN Package Check Results for Package exams2sakai

Last updated on 2022-12-08 19:49:34 CET.

Flavor Version Tinstall Tcheck Ttotal Status Flags
r-devel-linux-x86_64-debian-clang 0.3 4.89 37.35 42.24 NOTE
r-devel-linux-x86_64-debian-gcc 0.3 2.79 32.01 34.80 NOTE
r-devel-linux-x86_64-fedora-clang 0.3 62.07 NOTE
r-devel-linux-x86_64-fedora-gcc 0.3 61.05 NOTE
r-devel-windows-x86_64 0.3 15.00 72.00 87.00 NOTE
r-patched-linux-x86_64 0.3 9.51 36.60 46.11 OK
r-release-linux-x86_64 0.3 3.76 36.49 40.25 OK
r-release-macos-arm64 0.3 17.00 OK
r-release-macos-x86_64 0.3 24.00 OK
r-release-windows-x86_64 0.3 14.00 66.00 80.00 OK
r-oldrel-macos-arm64 0.3 20.00 OK
r-oldrel-macos-x86_64 0.3 28.00 OK
r-oldrel-windows-ix86+x86_64 0.3 11.00 59.00 70.00 OK

Check Details

Version: 0.3
Check: Rd files
Result: NOTE
    checkRd: (-1) exams2sakai.Rd:152: Escaped LaTeX specials: \&
Flavors: r-devel-linux-x86_64-debian-clang, r-devel-linux-x86_64-debian-gcc, r-devel-linux-x86_64-fedora-clang, r-devel-linux-x86_64-fedora-gcc, r-devel-windows-x86_64

Version: 0.3
Check: Rd cross-references
Result: NOTE
    Undeclared package ‘tth’ in Rd xrefs
Flavor: r-devel-linux-x86_64-fedora-clang