CRAN Package Check Results for Package exceedProb

Last updated on 2024-03-05 06:54:38 CET.

Flavor Version Tinstall Tcheck Ttotal Status Flags
r-devel-linux-x86_64-debian-clang 0.0.1 36.90 28.09 64.99 NOTE
r-devel-linux-x86_64-debian-gcc 0.0.1 25.52 20.97 46.49 NOTE
r-devel-linux-x86_64-fedora-clang 0.0.1 88.16 NOTE
r-devel-linux-x86_64-fedora-gcc 0.0.1 84.40 NOTE
r-devel-windows-x86_64 0.0.1 25.00 64.00 89.00 NOTE
r-patched-linux-x86_64 0.0.1 32.63 26.75 59.38 NOTE
r-release-linux-x86_64 0.0.1 34.67 27.40 62.07 NOTE
r-release-macos-arm64 0.0.1 25.00 NOTE
r-release-macos-x86_64 0.0.1 38.00 NOTE
r-release-windows-x86_64 0.0.1 27.00 69.00 96.00 NOTE
r-oldrel-macos-arm64 0.0.1 27.00 NOTE
r-oldrel-windows-x86_64 0.0.1 31.00 66.00 97.00 NOTE

Check Details

Version: 0.0.1
Check: LazyData
Result: NOTE 'LazyData' is specified without a 'data' directory Flavors: r-devel-linux-x86_64-debian-clang, r-devel-linux-x86_64-debian-gcc, r-devel-linux-x86_64-fedora-clang, r-devel-linux-x86_64-fedora-gcc, r-devel-windows-x86_64, r-patched-linux-x86_64, r-release-linux-x86_64, r-release-macos-arm64, r-release-macos-x86_64, r-release-windows-x86_64, r-oldrel-macos-arm64, r-oldrel-windows-x86_64

Version: 0.0.1
Check: C++ specification
Result: NOTE Specified C++11: please drop specification unless essential Flavors: r-devel-windows-x86_64, r-release-windows-x86_64