CRAN Package Check Results for Package excelR

Last updated on 2022-05-25 01:50:19 CEST.

Flavor Version Tinstall Tcheck Ttotal Status Flags
r-devel-linux-x86_64-debian-clang 0.4.0 3.02 42.06 45.08 NOTE
r-devel-linux-x86_64-debian-gcc 0.4.0 2.15 33.26 35.41 NOTE
r-devel-linux-x86_64-fedora-clang 0.4.0 55.49 NOTE
r-devel-linux-x86_64-fedora-gcc 0.4.0 53.14 NOTE
r-devel-windows-x86_64 0.4.0 30.00 61.00 91.00 NOTE
r-patched-linux-x86_64 0.4.0 3.34 41.75 45.09 NOTE
r-release-linux-x86_64 0.4.0 NOTE
r-release-macos-arm64 0.4.0 21.00 NOTE
r-release-macos-x86_64 0.4.0 28.00 NOTE
r-release-windows-x86_64 0.4.0 61.00 59.00 120.00 NOTE
r-oldrel-macos-arm64 0.4.0 26.00 NOTE
r-oldrel-macos-x86_64 0.4.0 34.00 NOTE
r-oldrel-windows-ix86+x86_64 0.4.0 8.00 52.00 60.00 NOTE

Check Details

Version: 0.4.0
Check: LazyData
Result: NOTE
     'LazyData' is specified without a 'data' directory
Flavors: r-devel-linux-x86_64-debian-clang, r-devel-linux-x86_64-debian-gcc, r-devel-linux-x86_64-fedora-clang, r-devel-linux-x86_64-fedora-gcc, r-devel-windows-x86_64, r-patched-linux-x86_64, r-release-linux-x86_64, r-release-macos-arm64, r-release-macos-x86_64, r-release-windows-x86_64, r-oldrel-macos-arm64, r-oldrel-macos-x86_64, r-oldrel-windows-ix86+x86_64