CRAN Package Check Results for Package excelstrippr

Last updated on 2021-04-19 04:51:23 CEST.

Flavor Version Tinstall Tcheck Ttotal Status Flags
r-devel-linux-x86_64-debian-clang 0.1.2 1.86 21.92 23.78 NOTE
r-devel-linux-x86_64-debian-gcc 0.1.2 1.53 17.43 18.96 NOTE
r-devel-linux-x86_64-fedora-clang 0.1.2 39.23 NOTE
r-devel-linux-x86_64-fedora-gcc 0.1.2 28.57 NOTE
r-devel-windows-ix86+x86_64 0.1.2 4.00 28.00 32.00 NOTE
r-devel-windows-x86_64-gcc10-UCRT 0.1.2 NOTE
r-patched-linux-x86_64 0.1.2 2.10 21.14 23.24 OK
r-patched-solaris-x86 0.1.2 43.80 OK
r-release-linux-x86_64 0.1.2 2.00 21.05 23.05 OK
r-release-macos-x86_64 0.1.2 OK
r-release-windows-ix86+x86_64 0.1.2 5.00 36.00 41.00 OK
r-oldrel-macos-x86_64 0.1.2 OK
r-oldrel-windows-ix86+x86_64 0.1.2 3.00 34.00 37.00 OK

Check Details

Version: 0.1.2
Check: LazyData
Result: NOTE
     'LazyData' is specified without a 'data' directory
Flavors: r-devel-linux-x86_64-debian-clang, r-devel-linux-x86_64-debian-gcc, r-devel-linux-x86_64-fedora-clang, r-devel-linux-x86_64-fedora-gcc, r-devel-windows-ix86+x86_64, r-devel-windows-x86_64-gcc10-UCRT