CRAN Package Check Results for Package excelstrippr

Last updated on 2022-08-14 02:51:43 CEST.

Flavor Version Tinstall Tcheck Ttotal Status Flags
r-devel-linux-x86_64-debian-clang 0.1.2 1.61 23.64 25.25 NOTE
r-devel-linux-x86_64-debian-gcc 0.1.2 1.64 18.09 19.73 NOTE
r-devel-linux-x86_64-fedora-clang 0.1.2 43.12 NOTE
r-devel-linux-x86_64-fedora-gcc 0.1.2 39.92 NOTE
r-devel-windows-x86_64 0.1.2 4.00 48.00 52.00 NOTE
r-patched-linux-x86_64 0.1.2 1.82 22.08 23.90 NOTE
r-release-linux-x86_64 0.1.2 1.84 22.17 24.01 NOTE
r-release-macos-arm64 0.1.2 16.00 NOTE
r-release-macos-x86_64 0.1.2 26.00 NOTE
r-release-windows-x86_64 0.1.2 14.00 49.00 63.00 NOTE
r-oldrel-macos-arm64 0.1.2 17.00 NOTE
r-oldrel-macos-x86_64 0.1.2 24.00 NOTE
r-oldrel-windows-ix86+x86_64 0.1.2 6.00 42.00 48.00 NOTE

Check Details

Version: 0.1.2
Check: LazyData
Result: NOTE
     'LazyData' is specified without a 'data' directory
Flavors: r-devel-linux-x86_64-debian-clang, r-devel-linux-x86_64-debian-gcc, r-devel-linux-x86_64-fedora-clang, r-devel-linux-x86_64-fedora-gcc, r-devel-windows-x86_64, r-patched-linux-x86_64, r-release-linux-x86_64, r-release-macos-arm64, r-release-macos-x86_64, r-release-windows-x86_64, r-oldrel-macos-arm64, r-oldrel-macos-x86_64, r-oldrel-windows-ix86+x86_64