CRAN Package Check Results for Package exif

Last updated on 2019-08-26 11:48:44 CEST.

Flavor Version Tinstall Tcheck Ttotal Status Flags
r-devel-linux-x86_64-debian-clang 0.1.0 16.80 22.30 39.10 OK
r-devel-linux-x86_64-debian-gcc 0.1.0 13.38 18.09 31.47 OK
r-devel-linux-x86_64-fedora-clang 0.1.0 58.13 NOTE
r-devel-linux-x86_64-fedora-gcc 0.1.0 57.82 NOTE
r-patched-linux-x86_64 0.1.0 17.16 22.01 39.17 OK
r-patched-solaris-x86 0.1.0 68.50 OK
r-release-linux-x86_64 0.1.0 16.58 22.19 38.77 OK
r-release-osx-x86_64 0.1.0 OK
r-oldrel-osx-x86_64 0.1.0 OK

Check Details

Version: 0.1.0
Check: compiled code
Result: NOTE
    File ‘exif/libs/exif.so’:
     Found no calls to: ‘R_registerRoutines’, ‘R_useDynamicSymbols’
    
    It is good practice to register native routines and to disable symbol
    search.
    
    See ‘Writing portable packages’ in the ‘Writing R Extensions’ manual.
Flavors: r-devel-linux-x86_64-fedora-clang, r-devel-linux-x86_64-fedora-gcc