CRAN Package Check Results for Package exp2flux

Last updated on 2020-09-21 18:06:55 CEST.

Flavor Version Tinstall Tcheck Ttotal Status Flags
r-devel-linux-x86_64-debian-clang 0.1 23.63 194.85 218.48 OK
r-devel-linux-x86_64-debian-gcc 0.1 21.58 145.94 167.52 OK
r-devel-linux-x86_64-fedora-clang 0.1 273.45 OK
r-devel-linux-x86_64-fedora-gcc 0.1 267.05 OK
r-devel-windows-ix86+x86_64 0.1 53.00 171.00 224.00 OK
r-patched-linux-x86_64 0.1 23.30 185.96 209.26 OK
r-patched-solaris-x86 0.1 371.30 OK
r-release-linux-x86_64 0.1 22.09 185.04 207.13 OK
r-release-macos-x86_64 0.1 ERROR
r-release-windows-ix86+x86_64 0.1 51.00 156.00 207.00 OK
r-oldrel-macos-x86_64 0.1 OK
r-oldrel-windows-ix86+x86_64 0.1 36.00 196.00 232.00 OK

Check Details

Version: 0.1
Check: package dependencies
Result: ERROR
    Package required but not available: ‘gage’
    
    See section ‘The DESCRIPTION file’ in the ‘Writing R Extensions’
    manual.
Flavor: r-release-macos-x86_64