CRAN Package Check Results for Package exp2flux

Last updated on 2022-10-06 19:49:05 CEST.

Flavor Version Tinstall Tcheck Ttotal Status Flags
r-devel-linux-x86_64-debian-clang 0.1 28.13 250.27 278.40 NOTE
r-devel-linux-x86_64-debian-gcc 0.1 23.24 182.78 206.02 NOTE
r-devel-linux-x86_64-fedora-clang 0.1 352.22 NOTE
r-devel-linux-x86_64-fedora-gcc 0.1 329.58 NOTE
r-devel-windows-x86_64 0.1 28.00 236.00 264.00 NOTE
r-patched-linux-x86_64 0.1 27.88 229.08 256.96 NOTE
r-release-linux-x86_64 0.1 28.37 230.21 258.58 NOTE
r-release-macos-arm64 0.1 6.00 ERROR
r-release-macos-x86_64 0.1 5.00 ERROR
r-release-windows-x86_64 0.1 29.00 228.00 257.00 NOTE
r-oldrel-macos-arm64 0.1 9.00 ERROR
r-oldrel-macos-x86_64 0.1 11.00 ERROR
r-oldrel-windows-ix86+x86_64 0.1 57.00 226.00 283.00 NOTE

Check Details

Version: 0.1
Check: LazyData
Result: NOTE
     'LazyData' is specified without a 'data' directory
Flavors: r-devel-linux-x86_64-debian-clang, r-devel-linux-x86_64-debian-gcc, r-devel-linux-x86_64-fedora-clang, r-devel-linux-x86_64-fedora-gcc, r-devel-windows-x86_64, r-patched-linux-x86_64, r-release-linux-x86_64, r-release-windows-x86_64, r-oldrel-windows-ix86+x86_64

Version: 0.1
Check: package dependencies
Result: ERROR
    Package required but not available: ‘gage’
    
    See section ‘The DESCRIPTION file’ in the ‘Writing R Extensions’
    manual.
Flavors: r-release-macos-arm64, r-release-macos-x86_64, r-oldrel-macos-arm64, r-oldrel-macos-x86_64