CRAN Package Check Results for Package expands

Last updated on 2014-09-19 17:47:44.

Flavor Version Tinstall Tcheck Ttotal Status Flags
r-devel-linux-x86_64-debian-clang 1.4 3.62 175.13 178.74 NOTE
r-devel-linux-x86_64-debian-gcc 1.4 3.78 181.25 185.03 NOTE
r-devel-linux-x86_64-fedora-clang 1.4 388.01 NOTE
r-devel-linux-x86_64-fedora-gcc 1.4 367.05 NOTE
r-devel-osx-x86_64-clang 1.4 279.07 NOTE
r-devel-windows-ix86+x86_64 1.4 11.00 259.00 270.00 NOTE
r-patched-linux-x86_64 1.4 3.88 189.16 193.04 OK
r-patched-solaris-sparc 1.4 597.70 OK --no-vignettes
r-patched-solaris-x86 1.4 451.60 OK
r-release-linux-ix86 1.4 4.65 223.12 227.76 OK
r-release-linux-x86_64 1.4 3.92 193.74 197.66 OK
r-release-osx-x86_64-mavericks 1.4 OK
r-release-osx-x86_64-snowleopard 1.4 OK
r-release-windows-ix86+x86_64 1.4 11.00 307.00 318.00 OK
r-oldrel-windows-ix86+x86_64 1.4 10.00 259.00 269.00 OK

Check Details

Version: 1.4
Check: R code for possible problems
Result: NOTE
    .addTo3DPlot: no visible global function definition for ‘persp3d’
    clusterCellFrequencies: no visible global function definition for
     ‘title3d’
    runExPANdS: no visible global function definition for ‘open3d’
    runExPANdS: no visible global function definition for ‘persp3d’
    runExPANdS: no visible global function definition for ‘title3d’
    runExPANdS: no visible global function definition for ‘play3d’
    runExPANdS: no visible global function definition for ‘spin3d’
Flavors: r-devel-linux-x86_64-debian-clang, r-devel-linux-x86_64-debian-gcc, r-devel-linux-x86_64-fedora-clang, r-devel-linux-x86_64-fedora-gcc, r-devel-osx-x86_64-clang, r-devel-windows-ix86+x86_64