CRAN Package Check Results for Package expands

Last updated on 2015-05-22 17:46:36.

Flavor Version Tinstall Tcheck Ttotal Status Flags
r-devel-linux-x86_64-debian-clang 1.5 2.61 166.64 169.26 OK
r-devel-linux-x86_64-debian-gcc 1.5 2.56 165.12 167.68 OK
r-devel-linux-x86_64-fedora-clang 1.5 335.19 OK
r-devel-linux-x86_64-fedora-gcc 1.5 320.15 OK
r-devel-osx-x86_64-clang 1.5 287.02 OK
r-devel-windows-ix86+x86_64 1.5 10.00 250.00 260.00 OK
r-patched-linux-x86_64 1.5 3.43 168.07 171.50 OK
r-patched-solaris-sparc 1.5 428.30 OK --no-vignettes
r-patched-solaris-x86 1.5 382.00 OK
r-release-linux-x86_64 1.5 2.51 167.96 170.47 OK
r-release-osx-x86_64-mavericks 1.5 OK
r-release-osx-x86_64-snowleopard 1.5 ERROR
r-release-windows-ix86+x86_64 1.5 8.00 246.00 254.00 OK
r-oldrel-windows-ix86+x86_64 1.5 12.00 256.00 268.00 OK

Check Details

Version: 1.5
Check: package dependencies
Result: ERROR
    Package required but not available: ‘permute’
    
    See section ‘The DESCRIPTION file’ in the ‘Writing R Extensions’
    manual.
Flavor: r-release-osx-x86_64-snowleopard