CRAN Package Check Results for Package expands

Last updated on 2014-08-22 13:46:51.

Flavor Version Tinstall Tcheck Ttotal Status Flags
r-devel-linux-x86_64-debian-clang 1.4 4.06 180.54 184.60 OK
r-devel-linux-x86_64-debian-gcc 1.4 3.69 172.36 176.05 OK
r-devel-linux-x86_64-fedora-clang 1.4 392.45 NOTE
r-devel-linux-x86_64-fedora-gcc 1.4 345.71 NOTE
r-devel-osx-x86_64-clang 1.4 278.66 NOTE
r-devel-windows-ix86+x86_64 1.4 10.00 275.00 285.00 OK
r-patched-linux-x86_64 1.4 3.82 190.16 193.97 OK
r-patched-solaris-sparc 1.4 597.70 OK --no-vignettes
r-patched-solaris-x86 1.4 453.70 OK
r-release-linux-ix86 1.4 4.61 222.89 227.50 OK
r-release-linux-x86_64 1.4 3.88 189.42 193.30 OK
r-release-osx-x86_64-mavericks 1.4 OK
r-release-osx-x86_64-snowleopard 1.4 OK
r-release-windows-ix86+x86_64 1.4 11.00 283.00 294.00 OK
r-oldrel-windows-ix86+x86_64 1.4 12.00 263.00 275.00 OK

Check Details

Version: 1.4
Check: R code for possible problems
Result: NOTE
    .addTo3DPlot: no visible global function definition for ‘persp3d’
    clusterCellFrequencies: no visible global function definition for
     ‘title3d’
    runExPANdS: no visible global function definition for ‘open3d’
    runExPANdS: no visible global function definition for ‘persp3d’
    runExPANdS: no visible global function definition for ‘title3d’
    runExPANdS: no visible global function definition for ‘play3d’
    runExPANdS: no visible global function definition for ‘spin3d’
Flavors: r-devel-linux-x86_64-fedora-clang, r-devel-linux-x86_64-fedora-gcc, r-devel-osx-x86_64-clang