CRAN Package Check Results for Package expands

Last updated on 2015-07-01 23:46:51.

Flavor Version Tinstall Tcheck Ttotal Status Flags
r-devel-linux-x86_64-debian-clang 1.5 2.62 163.25 165.87 NOTE
r-devel-linux-x86_64-debian-gcc 1.5 2.69 161.18 163.88 NOTE
r-devel-linux-x86_64-fedora-clang 1.5 333.05 NOTE
r-devel-linux-x86_64-fedora-gcc 1.5 317.96 NOTE
r-devel-osx-x86_64-clang 1.5 287.65 OK
r-devel-windows-ix86+x86_64 1.5 7.00 260.00 267.00 NOTE
r-patched-linux-x86_64 1.5 2.54 158.66 161.20 OK
r-patched-solaris-sparc 1.5 441.90 OK --no-vignettes
r-patched-solaris-x86 1.5 381.80 OK
r-release-linux-x86_64 1.5 3.72 167.58 171.30 OK
r-release-osx-x86_64-mavericks 1.5 OK
r-release-windows-ix86+x86_64 1.5 7.00 254.00 261.00 OK
r-oldrel-windows-ix86+x86_64 1.5 18.00 289.00 307.00 OK

Check Details

Version: 1.5
Check: R code for possible problems
Result: NOTE
    .plotSPPerChr: no visible global function definition for ‘rainbow’
    .plotSPPerChr: no visible global function definition for ‘matpoints’
    assignQuantityToSP: no visible global function definition for ‘median’
    buildMultiSamplePhylo: no visible global function definition for
     ‘read.table’
    buildMultiSamplePhylo: no visible global function definition for
     ‘colorRampPalette’
    buildPhylo: no visible global function definition for ‘write.table’
    clusterCellFrequencies: no visible global function definition for
     ‘hclust’
    clusterCellFrequencies: no visible global function definition for
     ‘as.dist’
    clusterCellFrequencies: no visible global function definition for
     ‘cutree’
    clusterCellFrequencies: no visible global function definition for
     ‘kmeans’
    clusterCellFrequencies: no visible global function definition for
     ‘wilcox.test’
    plotSPs: no visible global function definition for ‘par’
    plotSPs: no visible global function definition for ‘axis’
    plotSPs: no visible global function definition for ‘gray.colors’
    plotSPs: no visible global function definition for ‘matpoints’
    plotSPs: no visible global function definition for ‘legend’
    plotSPs: no visible global function definition for ‘lines’
    runExPANdS: no visible global function definition for ‘read.table’
    runExPANdS: no visible global function definition for ‘quantile’
    runExPANdS: no visible global function definition for ‘write.table’
Flavors: r-devel-linux-x86_64-debian-clang, r-devel-linux-x86_64-debian-gcc, r-devel-linux-x86_64-fedora-clang, r-devel-linux-x86_64-fedora-gcc, r-devel-windows-ix86+x86_64