CRAN Package Check Results for Package expands

Last updated on 2014-04-23 07:54:58.

Flavor Version Tinstall Tcheck Ttotal Status Flags
r-devel-linux-x86_64-debian-clang 1.4 4.14 199.04 203.18 OK
r-devel-linux-x86_64-debian-gcc 1.4 4.32 202.96 207.28 OK
r-devel-linux-x86_64-fedora-clang 1.4 428.99 OK
r-devel-linux-x86_64-fedora-gcc 1.4 419.44 OK
r-devel-osx-x86_64-clang 1.4 277.57 OK
r-devel-osx-x86_64-gcc 1.4 ERROR
r-devel-windows-ix86+x86_64 1.4 11.00 275.00 286.00 OK
r-patched-linux-x86_64 1.4 4.16 204.79 208.95 OK
r-patched-solaris-sparc 1.4 561.00 OK --no-vignettes
r-patched-solaris-x86 1.4 443.60 OK
r-release-linux-ix86 1.4 6.00 271.00 277.00 OK
r-release-linux-x86_64 1.4 4.09 202.66 206.75 OK
r-release-osx-x86_64-mavericks 1.4 WARN
r-release-osx-x86_64-snowleopard 1.4 OK
r-release-windows-ix86+x86_64 1.4 10.00 281.00 291.00 OK
r-oldrel-windows-ix86+x86_64 1.4 11.00 263.00 274.00 OK

Check Details

Version: 1.4
Check: package dependencies
Result: ERROR
    Package required but not available: ‘permute’
    
    See the information on DESCRIPTION files in the chapter ‘Creating R
    packages’ of the ‘Writing R Extensions’ manual.
Flavor: r-devel-osx-x86_64-gcc

Version: 1.4
Check: PDF version of manual
Result: WARNING
    LaTeX errors when creating PDF version.
    This typically indicates Rd problems.
    LaTeX errors found:
    ! LaTeX Error: File `upquote.sty' not found.
    
    Type X to quit or <RETURN> to proceed,
    or enter new name. (Default extension: sty)
    
    9462e0a/Rd2.tex:8: ==> Fatal error occurred, no output PDF file produced!
Flavor: r-release-osx-x86_64-mavericks