CRAN Package Check Results for Package expands

Last updated on 2017-09-19 23:47:49.

Flavor Version Tinstall Tcheck Ttotal Status Flags
r-devel-linux-x86_64-debian-clang 2.0.0 3.00 245.46 248.46 OK
r-devel-linux-x86_64-debian-gcc 2.0.0 2.78 236.03 238.82 OK
r-devel-linux-x86_64-fedora-clang 2.0.0 449.41 OK
r-devel-linux-x86_64-fedora-gcc 2.0.0 451.31 OK
r-devel-windows-ix86+x86_64 2.0.0 8.00 87.00 95.00 OK --no-vignettes
r-patched-linux-x86_64 2.0.0 2.84 230.57 233.41 OK
r-patched-solaris-x86 2.0.0 496.80 OK
r-release-linux-x86_64 2.0.0 2.85 239.78 242.63 OK
r-release-windows-ix86+x86_64 2.0.0 9.00 68.00 77.00 OK --no-vignettes
r-release-osx-x86_64 2.0.0 OK
r-oldrel-windows-ix86+x86_64 2.0.0 7.00 59.00 66.00 OK --no-vignettes
r-oldrel-osx-x86_64 2.0.0 ERROR

Check Details

Version: 2.0.0
Check: examples
Result: ERROR
    Running examples in ‘expands-Ex.R’ failed
    The error most likely occurred in:
    
    > ### Name: cellfrequency_pdf
    > ### Title: Computes the probability distribution of cellular frequencies
    > ### for a single mutation.
    > ### Aliases: cellfrequency_pdf
    >
    > ### ** Examples
    >
    > freq=seq(0.1,1.0,by=0.01);
    > cfd=cellfrequency_pdf(af=0.26,cnv=1.95,pnb=0,freq=freq, max_PM=6)
    Error in .jcall("core.utils.Common", "V", "setALLOWED_FREQUENCIES", .jarray(as.double(freq))) :
     RcallMethod: cannot determine object class
    Calls: cellfrequency_pdf -> .jcall -> .External
    Execution halted
Flavor: r-oldrel-osx-x86_64

Version: 2.0.0
Check: running R code from vignettes
Result: ERROR
    Errors in running code in vignettes:
    when running code in ‘expands.Rnw’
     ...
    + all))
    
    > SPs = clusterCellFrequencies(cfd$densities[toUseIdx,
    + ], precision)
    [1] "Clustering 0 probability distributions..."
    [1] "Clustering agglomeration method: average"
    
     When sourcing ‘expands.R’:
    Error: object must be a numeric matrix
    Execution halted
Flavor: r-oldrel-osx-x86_64

Version: 2.0.0
Check: re-building of vignette outputs
Result: NOTE
    Error in re-building vignettes:
     ...
    
    Error: processing vignette 'expands.Rnw' failed with diagnostics:
     chunk 5
    Error in .local(object, ...) : object must be a numeric matrix
    
    Execution halted
Flavor: r-oldrel-osx-x86_64