CRAN Package Check Results for Package expands

Last updated on 2015-04-27 17:48:17.

Flavor Version Tinstall Tcheck Ttotal Status Flags
r-devel-linux-x86_64-debian-clang 1.5 2.73 168.01 170.74 OK
r-devel-linux-x86_64-debian-gcc 1.5 3.57 170.98 174.55 OK
r-devel-linux-x86_64-fedora-clang 1.5 339.06 OK
r-devel-linux-x86_64-fedora-gcc 1.5 324.53 OK
r-devel-osx-x86_64-clang 1.5 265.72 OK
r-devel-windows-ix86+x86_64 1.5 7.00 257.00 264.00 OK
r-patched-linux-x86_64 1.5 2.49 161.87 164.36 OK
r-patched-solaris-sparc 1.5 428.30 OK --no-vignettes
r-patched-solaris-x86 1.5 381.80 OK
r-release-linux-x86_64 1.5 2.56 163.02 165.57 OK
r-release-osx-x86_64-mavericks 1.5 OK
r-release-osx-x86_64-snowleopard 1.5 ERROR
r-release-windows-ix86+x86_64 1.5 10.00 318.00 328.00 OK
r-oldrel-windows-ix86+x86_64 1.5 10.00 240.00 250.00 OK

Check Details

Version: 1.5
Check: package dependencies
Result: ERROR
    Package required but not available: ‘permute’
    
    See section ‘The DESCRIPTION file’ in the ‘Writing R Extensions’
    manual.
Flavor: r-release-osx-x86_64-snowleopard