CRAN Package Check Results for Package expectreg

Last updated on 2014-12-20 23:47:16.

Flavor Version Tinstall Tcheck Ttotal Status Flags
r-devel-linux-x86_64-debian-clang 0.39 4.85 86.25 91.10 NOTE
r-devel-linux-x86_64-debian-gcc 0.39 4.60 86.20 90.81 NOTE
r-devel-linux-x86_64-fedora-clang 0.39 212.03 NOTE
r-devel-linux-x86_64-fedora-gcc 0.39 186.61 NOTE
r-devel-osx-x86_64-clang 0.39 167.41 NOTE
r-devel-windows-ix86+x86_64 0.39 14.00 125.00 139.00 NOTE
r-patched-linux-x86_64 0.39 4.70 88.96 93.66 NOTE
r-patched-solaris-sparc 0.39 807.00 NOTE --no-examples --no-tests --no-vignettes
r-patched-solaris-x86 0.39 272.90 NOTE
r-release-linux-ix86 0.39 5.49 78.84 84.33 ERROR
r-release-linux-x86_64 0.39 4.68 89.35 94.03 NOTE
r-release-osx-x86_64-mavericks 0.39 NOTE
r-release-osx-x86_64-snowleopard 0.39 OK
r-release-windows-ix86+x86_64 0.39 17.00 134.00 151.00 NOTE
r-oldrel-windows-ix86+x86_64 0.39 15.00 93.00 108.00 ERROR

Check Details

Version: 0.39
Check: dependencies in R code
Result: NOTE
    Package in Depends field not imported from: ‘parallel’
     These packages need to be imported from (in the NAMESPACE file)
     for when this namespace is loaded but not attached.
    See the information on DESCRIPTION files in the chapter ‘Creating R
    packages’ of the ‘Writing R Extensions’ manual.
Flavors: r-devel-linux-x86_64-debian-clang, r-devel-linux-x86_64-debian-gcc, r-devel-linux-x86_64-fedora-clang, r-devel-linux-x86_64-fedora-gcc, r-devel-osx-x86_64-clang, r-devel-windows-ix86+x86_64, r-patched-linux-x86_64, r-patched-solaris-x86, r-release-linux-ix86, r-release-linux-x86_64, r-release-windows-ix86+x86_64

Version: 0.39
Check: R code for possible problems
Result: NOTE
    expectreg.boost: no visible global function definition for ‘mclapply’
    expectreg.boost: no visible global function definition for
     ‘detectCores’
    laws: no visible global function definition for ‘mclapply’
    laws: no visible global function definition for ‘detectCores’
    quant.boost: no visible global function definition for ‘mclapply’
    quant.boost: no visible global function definition for ‘detectCores’
    rb: no visible global function definition for ‘cover.design’
Flavors: r-devel-linux-x86_64-debian-clang, r-devel-linux-x86_64-debian-gcc, r-devel-linux-x86_64-fedora-clang, r-devel-linux-x86_64-fedora-gcc, r-devel-osx-x86_64-clang, r-devel-windows-ix86+x86_64, r-patched-linux-x86_64, r-patched-solaris-x86, r-release-linux-ix86, r-release-linux-x86_64, r-release-windows-ix86+x86_64

Version: 0.39
Flags: --no-examples --no-tests --no-vignettes
Check: dependencies in R code
Result: NOTE
    Package in Depends field not imported from: ‘parallel’
     These packages need to be imported from (in the NAMESPACE file)
     for when this namespace is loaded but not attached.
    See the information on DESCRIPTION files in the chapter ‘Creating R
    packages’ of the ‘Writing R Extensions’ manual.
Flavor: r-patched-solaris-sparc

Version: 0.39
Flags: --no-examples --no-tests --no-vignettes
Check: R code for possible problems
Result: NOTE
    expectreg.boost: no visible global function definition for ‘mclapply’
    expectreg.boost: no visible global function definition for
     ‘detectCores’
    laws: no visible global function definition for ‘mclapply’
    laws: no visible global function definition for ‘detectCores’
    quant.boost: no visible global function definition for ‘mclapply’
    quant.boost: no visible global function definition for ‘detectCores’
    rb: no visible global function definition for ‘cover.design’
Flavor: r-patched-solaris-sparc

Version: 0.39
Check: examples
Result: ERROR
    Running examples in ‘expectreg-Ex.R’ failed
    The error most likely occurred in:
    
    > ### Name: quant.bundle
    > ### Title: Restricted expectile regression of additive models
    > ### Aliases: quant.bundle
    > ### Keywords: nonparametric smooth multivariate regression nonlinear models
    >
    > ### ** Examples
    >
    > qb = quant.bundle(dist ~ rb(speed),data=cars,smooth="f",lambda=5)
    iteration: 1 , convergence: 1.011775
    iteration: 2 , convergence: 0.7265555
    iteration: 3 , convergence: 0.1030417
    iteration: 4 , convergence: 0.01541923
    iteration: 5 , convergence: 0.001407704
    iteration: 6 , convergence: 0.000157713
    iteration: 7 , convergence: 1.775652e-05
    iteration: 8 , convergence: 1.997881e-06
    iteration: 9 , convergence: 2.305799e-07
    > plot(qb)
    >
    > qbund <- quant.bundle(dist ~ rb(speed),data=cars,smooth="f",lambda=50000,simple=FALSE)
    iteration: 1 , convergence: 6.920652
    iteration: 2 , convergence: 7.841755
    iteration: 3 , convergence: 8.26871
    iteration: 4 , convergence: 16.17013
    Error in solve.default(Q + P2, t(B) %*% r + Q %*% z) :
     system is computationally singular: reciprocal condition number = 8.3415e-17
    Calls: quant.bundle -> cdf.bundle -> solve -> solve.default
    Execution halted
Flavor: r-release-linux-ix86

Version: 0.39
Check: re-building of vignette outputs
Result: NOTE
    Error in re-building vignettes:
     ...
    Loading required package: foreign
    
    Attaching package: ‘shapefiles’
    
    The following objects are masked from ‘package:foreign’:
    
     read.dbf, write.dbf
    
    Note: Function plotsurf depends on akima which has
     a restricted licence that explicitly forbids commercial use.
     akima is therefore disabled by default and may be enabled by
     akimaPermit(). Calling this function includes your agreement to
     akima`s licence restrictions.
    Error in texi2dvi(file = file, pdf = TRUE, clean = clean, quiet = quiet, :
     Running 'texi2dvi' on 'expectreg.tex' failed.
    LaTeX errors:
    ! LaTeX Error: File `fullpage.sty' not found.
    
    Type X to quit or <RETURN> to proceed,
    or enter new name. (Default extension: sty)
    
    gn_test/expectreg/vignettes/expectreg.tex:4: ==> Fatal error occurred, no outp
    ut PDF file produced!
    Calls: buildVignettes -> texi2pdf -> texi2dvi
    Execution halted
Flavor: r-release-osx-x86_64-mavericks

Version: 0.39
Check: examples
Result: ERROR
    Running examples in 'expectreg-Ex.R' failed
    The error most likely occurred in:
    
    > ### Name: quant.bundle
    > ### Title: Restricted expectile regression of additive models
    > ### Aliases: quant.bundle
    > ### Keywords: nonparametric smooth multivariate regression nonlinear models
    >
    > ### ** Examples
    >
    > qb = quant.bundle(dist ~ rb(speed),data=cars,smooth="f",lambda=5)
    iteration: 1 , convergence: 1.011775
    iteration: 2 , convergence: 0.7265555
    iteration: 3 , convergence: 0.1030418
    iteration: 4 , convergence: 0.01541924
    iteration: 5 , convergence: 0.001407685
    iteration: 6 , convergence: 0.0001576836
    iteration: 7 , convergence: 1.776404e-05
    iteration: 8 , convergence: 2.021161e-06
    iteration: 9 , convergence: 1.951534e-07
    > plot(qb)
    >
    > qbund <- quant.bundle(dist ~ rb(speed),data=cars,smooth="f",lambda=50000,simple=FALSE)
    iteration: 1 , convergence: 6.952633
    iteration: 2 , convergence: 7.872934
    iteration: 3 , convergence: 8.263076
    iteration: 4 , convergence: 16.15313
    Error in solve.default(Q + P2, t(B) %*% r + Q %*% z) :
     system is computationally singular: reciprocal condition number = 8.4296e-17
    Calls: quant.bundle -> cdf.bundle -> solve -> solve.default
    Execution halted
Flavor: r-oldrel-windows-ix86+x86_64