CRAN Package Check Results for Package expectreg

Last updated on 2014-04-25 05:47:15.

Flavor Version Tinstall Tcheck Ttotal Status Flags
r-devel-linux-x86_64-debian-clang 0.39 4.95 88.81 93.76 OK
r-devel-linux-x86_64-debian-gcc 0.39 4.88 89.04 93.92 OK
r-devel-linux-x86_64-fedora-clang 0.39 246.11 OK
r-devel-linux-x86_64-fedora-gcc 0.39 235.06 OK
r-devel-osx-x86_64-clang 0.39 159.39 OK
r-devel-osx-x86_64-gcc 0.39 ERROR
r-devel-windows-ix86+x86_64 0.39 11.00 126.00 137.00 OK
r-patched-linux-x86_64 0.39 5.13 88.37 93.50 OK
r-patched-solaris-sparc 0.39 798.30 OK --no-examples --no-tests --no-vignettes
r-patched-solaris-x86 0.39 316.30 OK
r-release-linux-ix86 0.39 8.00 111.00 119.00 ERROR
r-release-linux-x86_64 0.39 5.01 90.22 95.23 OK
r-release-osx-x86_64-mavericks 0.39 ERROR
r-release-osx-x86_64-snowleopard 0.39 OK
r-release-windows-ix86+x86_64 0.39 14.00 129.00 143.00 OK
r-oldrel-windows-ix86+x86_64 0.39 12.00 90.00 102.00 ERROR

Check Details

Version: 0.39
Check: package dependencies
Result: ERROR
    Packages required but not available: ‘mboost’ ‘BayesX’
    
    Package suggested but not available for checking: ‘fields’
    
    See the information on DESCRIPTION files in the chapter ‘Creating R
    packages’ of the ‘Writing R Extensions’ manual.
Flavor: r-devel-osx-x86_64-gcc

Version: 0.39
Check: examples
Result: ERROR
    Running examples in ‘expectreg-Ex.R’ failed
    The error most likely occurred in:
    
    > ### Name: quant.bundle
    > ### Title: Restricted expectile regression of additive models
    > ### Aliases: quant.bundle
    > ### Keywords: nonparametric smooth multivariate regression nonlinear models
    >
    > ### ** Examples
    >
    > qb = quant.bundle(dist ~ rb(speed),data=cars,smooth="f",lambda=5)
    iteration: 1 , convergence: 1.011775
    iteration: 2 , convergence: 0.7265555
    iteration: 3 , convergence: 0.1030417
    iteration: 4 , convergence: 0.01541923
    iteration: 5 , convergence: 0.001407704
    iteration: 6 , convergence: 0.000157713
    iteration: 7 , convergence: 1.775652e-05
    iteration: 8 , convergence: 1.997881e-06
    iteration: 9 , convergence: 2.305799e-07
    > plot(qb)
    >
    > qbund <- quant.bundle(dist ~ rb(speed),data=cars,smooth="f",lambda=50000,simple=FALSE)
    iteration: 1 , convergence: 6.920652
    iteration: 2 , convergence: 7.841755
    iteration: 3 , convergence: 8.26871
    iteration: 4 , convergence: 16.17013
    Error in solve.default(Q + P2, t(B) %*% r + Q %*% z) :
     system is computationally singular: reciprocal condition number = 8.3415e-17
    Calls: quant.bundle -> cdf.bundle -> solve -> solve.default
    Execution halted
Flavor: r-release-linux-ix86

Version: 0.39
Check: package dependencies
Result: ERROR
    Package required but not available: ‘BayesX’
    
    See the information on DESCRIPTION files in the chapter ‘Creating R
    packages’ of the ‘Writing R Extensions’ manual.
Flavor: r-release-osx-x86_64-mavericks

Version: 0.39
Check: examples
Result: ERROR
    Running examples in 'expectreg-Ex.R' failed
    The error most likely occurred in:
    
    > ### Name: quant.bundle
    > ### Title: Restricted expectile regression of additive models
    > ### Aliases: quant.bundle
    > ### Keywords: nonparametric smooth multivariate regression nonlinear models
    >
    > ### ** Examples
    >
    > qb = quant.bundle(dist ~ rb(speed),data=cars,smooth="f",lambda=5)
    iteration: 1 , convergence: 1.011775
    iteration: 2 , convergence: 0.7265555
    iteration: 3 , convergence: 0.1030418
    iteration: 4 , convergence: 0.01541924
    iteration: 5 , convergence: 0.001407685
    iteration: 6 , convergence: 0.0001576836
    iteration: 7 , convergence: 1.776404e-05
    iteration: 8 , convergence: 2.021161e-06
    iteration: 9 , convergence: 1.951534e-07
    > plot(qb)
    >
    > qbund <- quant.bundle(dist ~ rb(speed),data=cars,smooth="f",lambda=50000,simple=FALSE)
    iteration: 1 , convergence: 6.952633
    iteration: 2 , convergence: 7.872934
    iteration: 3 , convergence: 8.263076
    iteration: 4 , convergence: 16.15313
    Error in solve.default(Q + P2, t(B) %*% r + Q %*% z) :
     system is computationally singular: reciprocal condition number = 8.4296e-17
    Calls: quant.bundle -> cdf.bundle -> solve -> solve.default
    Execution halted
Flavor: r-oldrel-windows-ix86+x86_64