CRAN Package Check Results for Package experiment

Last updated on 2014-07-25 21:47:51.

Flavor Version Tinstall Tcheck Ttotal Status Flags
r-devel-linux-x86_64-debian-clang 1.1-1 5.38 18.37 23.74 NOTE
r-devel-linux-x86_64-debian-gcc 1.1-1 11.67 17.94 29.61 NOTE
r-devel-linux-x86_64-fedora-clang 1.1-1 47.78 NOTE
r-devel-linux-x86_64-fedora-gcc 1.1-1 48.47 NOTE
r-devel-osx-x86_64-clang 1.1-1 43.23 NOTE
r-devel-windows-ix86+x86_64 1.1-1 29.00 30.00 59.00 NOTE
r-patched-linux-x86_64 1.1-1 11.55 17.88 29.42 NOTE
r-patched-solaris-sparc 1.1-1 309.30 NOTE
r-patched-solaris-x86 1.1-1 84.30 NOTE
r-release-linux-ix86 1.1-1 10.44 25.24 35.68 NOTE
r-release-linux-x86_64 1.1-1 11.62 18.22 29.85 NOTE
r-release-osx-x86_64-mavericks 1.1-1 NOTE
r-release-windows-ix86+x86_64 1.1-1 28.00 34.00 62.00 NOTE
r-oldrel-windows-ix86+x86_64 1.1-1 29.00 35.00 64.00 NOTE

Check Details

Version: 1.1-1
Check: dependencies in R code
Result: NOTE
    Package in Depends field not imported from: ‘boot’
     These packages need to be imported from (in the NAMESPACE file)
     for when this namespace is loaded but not attached.
    See the information on DESCRIPTION files in the chapter ‘Creating R
    packages’ of the ‘Writing R Extensions’ manual.
Flavors: r-devel-linux-x86_64-debian-clang, r-devel-linux-x86_64-debian-gcc, r-devel-linux-x86_64-fedora-clang, r-devel-linux-x86_64-fedora-gcc, r-devel-osx-x86_64-clang, r-devel-windows-ix86+x86_64, r-patched-linux-x86_64, r-patched-solaris-sparc, r-patched-solaris-x86, r-release-linux-ix86, r-release-linux-x86_64, r-release-osx-x86_64-mavericks, r-release-windows-ix86+x86_64, r-oldrel-windows-ix86+x86_64