CRAN Package Check Results for Package experiment

Last updated on 2015-05-28 15:47:27.

Flavor Version Tinstall Tcheck Ttotal Status Flags
r-devel-linux-x86_64-debian-clang 1.1-1 7.82 17.65 25.46 NOTE
r-devel-linux-x86_64-debian-gcc 1.1-1 11.68 16.75 28.42 NOTE
r-devel-linux-x86_64-fedora-clang 1.1-1 48.92 NOTE
r-devel-linux-x86_64-fedora-gcc 1.1-1 45.73 NOTE
r-devel-osx-x86_64-clang 1.1-1 44.34 NOTE
r-devel-windows-ix86+x86_64 1.1-1 29.00 29.00 58.00 NOTE
r-patched-linux-x86_64 1.1-1 11.64 16.50 28.14 NOTE
r-patched-solaris-sparc 1.1-1 307.50 NOTE
r-patched-solaris-x86 1.1-1 79.80 NOTE
r-release-linux-x86_64 1.1-1 11.63 16.86 28.49 NOTE
r-release-osx-x86_64-mavericks 1.1-1 NOTE
r-release-osx-x86_64-snowleopard 1.1-1 NOTE
r-release-windows-ix86+x86_64 1.1-1 27.00 28.00 55.00 NOTE
r-oldrel-windows-ix86+x86_64 1.1-1 28.00 35.00 63.00 NOTE

Check Details

Version: 1.1-1
Check: dependencies in R code
Result: NOTE
    Package in Depends field not imported from: ‘boot’
     These packages need to be imported from (in the NAMESPACE file)
     for when this namespace is loaded but not attached.
Flavors: r-devel-linux-x86_64-debian-clang, r-devel-linux-x86_64-debian-gcc, r-devel-linux-x86_64-fedora-clang, r-devel-linux-x86_64-fedora-gcc, r-devel-osx-x86_64-clang, r-devel-windows-ix86+x86_64, r-patched-linux-x86_64, r-patched-solaris-sparc, r-patched-solaris-x86, r-release-linux-x86_64, r-release-osx-x86_64-mavericks, r-release-osx-x86_64-snowleopard, r-release-windows-ix86+x86_64, r-oldrel-windows-ix86+x86_64

Version: 1.1-1
Check: R code for possible problems
Result: NOTE
    ATEbounds: no visible global function definition for ‘boot’
Flavors: r-devel-linux-x86_64-debian-clang, r-devel-linux-x86_64-debian-gcc, r-devel-linux-x86_64-fedora-clang, r-devel-linux-x86_64-fedora-gcc, r-devel-osx-x86_64-clang, r-devel-windows-ix86+x86_64, r-patched-linux-x86_64, r-patched-solaris-sparc, r-patched-solaris-x86, r-release-linux-x86_64, r-release-osx-x86_64-mavericks, r-release-osx-x86_64-snowleopard, r-release-windows-ix86+x86_64, r-oldrel-windows-ix86+x86_64