CRAN Package Check Results for Package experiment

Last updated on 2014-04-23 17:47:43.

Flavor Version Tinstall Tcheck Ttotal Status Flags
r-devel-linux-x86_64-debian-clang 1.1-1 5.53 18.96 24.49 NOTE
r-devel-linux-x86_64-debian-gcc 1.1-1 8.43 19.11 27.54 NOTE
r-devel-linux-x86_64-fedora-clang 1.1-1 47.43 NOTE
r-devel-linux-x86_64-fedora-gcc 1.1-1 48.78 NOTE
r-devel-osx-x86_64-clang 1.1-1 39.76 NOTE
r-devel-osx-x86_64-gcc 1.1-1 NOTE
r-devel-windows-ix86+x86_64 1.1-1 27.00 32.00 59.00 NOTE
r-patched-linux-x86_64 1.1-1 8.56 19.64 28.20 NOTE
r-patched-solaris-sparc 1.1-1 309.30 NOTE
r-patched-solaris-x86 1.1-1 84.50 NOTE
r-release-linux-ix86 1.1-1 13.00 36.00 49.00 NOTE
r-release-linux-x86_64 1.1-1 8.42 19.24 27.67 NOTE
r-release-osx-x86_64-mavericks 1.1-1 WARN
r-release-windows-ix86+x86_64 1.1-1 28.00 32.00 60.00 NOTE
r-oldrel-windows-ix86+x86_64 1.1-1 29.00 35.00 64.00 NOTE

Check Details

Version: 1.1-1
Check: dependencies in R code
Result: NOTE
    Package in Depends field not imported from: ‘boot’
     These packages need to be imported from (in the NAMESPACE file)
     for when this namespace is loaded but not attached.
    See the information on DESCRIPTION files in the chapter ‘Creating R
    packages’ of the ‘Writing R Extensions’ manual.
Flavors: r-devel-linux-x86_64-debian-clang, r-devel-linux-x86_64-debian-gcc, r-devel-linux-x86_64-fedora-clang, r-devel-linux-x86_64-fedora-gcc, r-devel-osx-x86_64-clang, r-devel-osx-x86_64-gcc, r-devel-windows-ix86+x86_64, r-patched-linux-x86_64, r-patched-solaris-sparc, r-patched-solaris-x86, r-release-linux-ix86, r-release-linux-x86_64, r-release-osx-x86_64-mavericks, r-release-windows-ix86+x86_64, r-oldrel-windows-ix86+x86_64

Version: 1.1-1
Check: PDF version of manual
Result: WARNING
    LaTeX errors when creating PDF version.
    This typically indicates Rd problems.
    LaTeX errors found:
    ! LaTeX Error: File `upquote.sty' not found.
    
    Type X to quit or <RETURN> to proceed,
    or enter new name. (Default extension: sty)
    
    1350bab/Rd2.tex:8: ==> Fatal error occurred, no output PDF file produced!
Flavor: r-release-osx-x86_64-mavericks