CRAN Package Check Results for Package experiment

Last updated on 2015-01-29 10:48:09.

Flavor Version Tinstall Tcheck Ttotal Status Flags
r-devel-linux-x86_64-debian-clang 1.1-1 8.06 16.90 24.96 NOTE
r-devel-linux-x86_64-debian-gcc 1.1-1 11.84 17.44 29.27 NOTE
r-devel-linux-x86_64-fedora-clang 1.1-1 52.33 NOTE
r-devel-linux-x86_64-fedora-gcc 1.1-1 47.34 NOTE
r-devel-osx-x86_64-clang 1.1-1 44.13 NOTE
r-devel-windows-ix86+x86_64 1.1-1 39.00 28.00 67.00 NOTE
r-patched-linux-x86_64 1.1-1 11.70 18.34 30.04 NOTE
r-patched-solaris-sparc 1.1-1 329.90 NOTE
r-patched-solaris-x86 1.1-1 87.70 NOTE
r-release-linux-ix86 1.1-1 9.86 24.71 34.57 NOTE
r-release-linux-x86_64 1.1-1 11.88 18.29 30.17 NOTE
r-release-osx-x86_64-mavericks 1.1-1 NOTE
r-release-windows-ix86+x86_64 1.1-1 31.00 35.00 66.00 NOTE
r-oldrel-windows-ix86+x86_64 1.1-1 29.00 52.00 81.00 NOTE

Check Details

Version: 1.1-1
Check: dependencies in R code
Result: NOTE
    Package in Depends field not imported from: ‘boot’
     These packages need to be imported from (in the NAMESPACE file)
     for when this namespace is loaded but not attached.
Flavors: r-devel-linux-x86_64-debian-clang, r-devel-linux-x86_64-debian-gcc, r-devel-linux-x86_64-fedora-clang, r-devel-linux-x86_64-fedora-gcc, r-devel-osx-x86_64-clang, r-devel-windows-ix86+x86_64

Version: 1.1-1
Check: R code for possible problems
Result: NOTE
    ATEbounds: no visible global function definition for ‘boot’
Flavors: r-devel-linux-x86_64-debian-clang, r-devel-linux-x86_64-debian-gcc, r-devel-linux-x86_64-fedora-clang, r-devel-linux-x86_64-fedora-gcc, r-devel-osx-x86_64-clang, r-devel-windows-ix86+x86_64, r-patched-linux-x86_64, r-patched-solaris-sparc, r-patched-solaris-x86, r-release-linux-ix86, r-release-linux-x86_64, r-release-osx-x86_64-mavericks, r-release-windows-ix86+x86_64

Version: 1.1-1
Check: dependencies in R code
Result: NOTE
    Package in Depends field not imported from: ‘boot’
     These packages need to be imported from (in the NAMESPACE file)
     for when this namespace is loaded but not attached.
    See the information on DESCRIPTION files in the chapter ‘Creating R
    packages’ of the ‘Writing R Extensions’ manual.
Flavors: r-patched-linux-x86_64, r-patched-solaris-sparc, r-patched-solaris-x86, r-release-linux-ix86, r-release-linux-x86_64, r-release-osx-x86_64-mavericks, r-release-windows-ix86+x86_64, r-oldrel-windows-ix86+x86_64