CRAN Package Check Results for Package experiment

Last updated on 2014-09-16 08:49:43.

Flavor Version Tinstall Tcheck Ttotal Status Flags
r-devel-linux-x86_64-debian-clang 1.1-1 8.38 17.64 26.02 NOTE
r-devel-linux-x86_64-debian-gcc 1.1-1 11.60 17.70 29.30 NOTE
r-devel-linux-x86_64-fedora-clang 1.1-1 51.43 NOTE
r-devel-linux-x86_64-fedora-gcc 1.1-1 49.42 NOTE
r-devel-osx-x86_64-clang 1.1-1 41.10 NOTE
r-devel-windows-ix86+x86_64 1.1-1 30.00 32.00 62.00 NOTE
r-patched-linux-x86_64 1.1-1 11.61 18.00 29.60 NOTE
r-patched-solaris-sparc 1.1-1 323.80 NOTE
r-patched-solaris-x86 1.1-1 84.20 NOTE
r-release-linux-ix86 1.1-1 10.41 25.62 36.02 NOTE
r-release-linux-x86_64 1.1-1 11.76 19.13 30.90 NOTE
r-release-osx-x86_64-mavericks 1.1-1 NOTE
r-release-windows-ix86+x86_64 1.1-1 28.00 31.00 59.00 NOTE
r-oldrel-windows-ix86+x86_64 1.1-1 29.00 33.00 62.00 NOTE

Check Details

Version: 1.1-1
Check: dependencies in R code
Result: NOTE
    Package in Depends field not imported from: ‘boot’
     These packages need to be imported from (in the NAMESPACE file)
     for when this namespace is loaded but not attached.
    See the information on DESCRIPTION files in the chapter ‘Creating R
    packages’ of the ‘Writing R Extensions’ manual.
Flavors: r-devel-linux-x86_64-debian-clang, r-devel-linux-x86_64-debian-gcc, r-devel-linux-x86_64-fedora-clang, r-devel-linux-x86_64-fedora-gcc, r-devel-osx-x86_64-clang, r-devel-windows-ix86+x86_64, r-patched-linux-x86_64, r-patched-solaris-sparc, r-patched-solaris-x86, r-release-linux-ix86, r-release-linux-x86_64, r-release-osx-x86_64-mavericks, r-release-windows-ix86+x86_64, r-oldrel-windows-ix86+x86_64

Version: 1.1-1
Check: R code for possible problems
Result: NOTE
    ATEbounds: no visible global function definition for ‘boot’
Flavors: r-devel-linux-x86_64-debian-clang, r-devel-linux-x86_64-debian-gcc, r-devel-linux-x86_64-fedora-clang, r-devel-linux-x86_64-fedora-gcc, r-devel-osx-x86_64-clang, r-devel-windows-ix86+x86_64