CRAN Package Check Results for Package experiment

Last updated on 2015-04-26 03:47:30.

Flavor Version Tinstall Tcheck Ttotal Status Flags
r-devel-linux-x86_64-debian-clang 1.1-1 7.99 17.46 25.45 NOTE
r-devel-linux-x86_64-debian-gcc 1.1-1 13.08 17.73 30.81 NOTE
r-devel-linux-x86_64-fedora-clang 1.1-1 49.39 NOTE
r-devel-linux-x86_64-fedora-gcc 1.1-1 46.07 NOTE
r-devel-osx-x86_64-clang 1.1-1 43.36 NOTE
r-devel-windows-ix86+x86_64 1.1-1 31.00 30.00 61.00 NOTE
r-patched-linux-x86_64 1.1-1 11.68 16.74 28.42 NOTE
r-patched-solaris-sparc 1.1-1 309.70 NOTE
r-patched-solaris-x86 1.1-1 80.70 NOTE
r-release-linux-x86_64 1.1-1 11.66 16.74 28.40 NOTE
r-release-osx-x86_64-mavericks 1.1-1 NOTE
r-release-osx-x86_64-snowleopard 1.1-1 NOTE
r-release-windows-ix86+x86_64 1.1-1 30.00 31.00 61.00 NOTE
r-oldrel-windows-ix86+x86_64 1.1-1 26.00 36.00 62.00 NOTE

Check Details

Version: 1.1-1
Check: dependencies in R code
Result: NOTE
    Package in Depends field not imported from: 'boot'
     These packages need to be imported from (in the NAMESPACE file)
     for when this namespace is loaded but not attached.
Flavors: r-devel-windows-ix86+x86_64, r-release-windows-ix86+x86_64, r-oldrel-windows-ix86+x86_64

Version: 1.1-1
Check: R code for possible problems
Result: NOTE
    ATEbounds: no visible global function definition for 'boot'
Flavors: r-devel-windows-ix86+x86_64, r-release-windows-ix86+x86_64, r-oldrel-windows-ix86+x86_64