CRAN Package Check Results for Package experiment

Last updated on 2014-12-22 11:51:38.

Flavor Version Tinstall Tcheck Ttotal Status Flags
r-devel-linux-x86_64-debian-clang 1.1-1 7.96 18.41 26.38 NOTE
r-devel-linux-x86_64-debian-gcc 1.1-1 11.59 17.68 29.26 NOTE
r-devel-linux-x86_64-fedora-clang 1.1-1 52.40 NOTE
r-devel-linux-x86_64-fedora-gcc 1.1-1 48.98 NOTE
r-devel-osx-x86_64-clang 1.1-1 43.58 NOTE
r-devel-windows-ix86+x86_64 1.1-1 29.00 33.00 62.00 NOTE
r-patched-linux-x86_64 1.1-1 11.76 18.54 30.30 NOTE
r-patched-solaris-sparc 1.1-1 329.70 NOTE
r-patched-solaris-x86 1.1-1 86.70 NOTE
r-release-linux-ix86 1.1-1 9.87 24.39 34.26 NOTE
r-release-linux-x86_64 1.1-1 11.73 18.73 30.46 NOTE
r-release-osx-x86_64-mavericks 1.1-1 NOTE
r-release-windows-ix86+x86_64 1.1-1 29.00 37.00 66.00 NOTE
r-oldrel-windows-ix86+x86_64 1.1-1 31.00 34.00 65.00 NOTE

Check Details

Version: 1.1-1
Check: dependencies in R code
Result: NOTE
    Package in Depends field not imported from: ‘boot’
     These packages need to be imported from (in the NAMESPACE file)
     for when this namespace is loaded but not attached.
    See the information on DESCRIPTION files in the chapter ‘Creating R
    packages’ of the ‘Writing R Extensions’ manual.
Flavors: r-devel-linux-x86_64-debian-clang, r-devel-linux-x86_64-debian-gcc, r-devel-linux-x86_64-fedora-clang, r-devel-linux-x86_64-fedora-gcc, r-devel-osx-x86_64-clang, r-devel-windows-ix86+x86_64, r-patched-linux-x86_64, r-patched-solaris-sparc, r-patched-solaris-x86, r-release-linux-ix86, r-release-linux-x86_64, r-release-osx-x86_64-mavericks, r-release-windows-ix86+x86_64, r-oldrel-windows-ix86+x86_64

Version: 1.1-1
Check: R code for possible problems
Result: NOTE
    ATEbounds: no visible global function definition for ‘boot’
Flavors: r-devel-linux-x86_64-debian-clang, r-devel-linux-x86_64-debian-gcc, r-devel-linux-x86_64-fedora-clang, r-devel-linux-x86_64-fedora-gcc, r-devel-osx-x86_64-clang, r-devel-windows-ix86+x86_64, r-patched-linux-x86_64, r-patched-solaris-sparc, r-patched-solaris-x86, r-release-linux-ix86, r-release-linux-x86_64, r-release-windows-ix86+x86_64