CRAN Package Check Results for Package experiment

Last updated on 2014-08-20 08:47:42.

Flavor Version Tinstall Tcheck Ttotal Status Flags
r-devel-linux-x86_64-debian-clang 1.1-1 5.30 17.80 23.10 NOTE
r-devel-linux-x86_64-debian-gcc 1.1-1 11.74 17.44 29.18 NOTE
r-devel-linux-x86_64-fedora-clang 1.1-1 46.63 NOTE
r-devel-linux-x86_64-fedora-gcc 1.1-1 48.05 NOTE
r-devel-osx-x86_64-clang 1.1-1 42.23 NOTE
r-devel-windows-ix86+x86_64 1.1-1 30.00 31.00 61.00 NOTE
r-patched-linux-x86_64 1.1-1 11.59 18.05 29.64 NOTE
r-patched-solaris-sparc 1.1-1 323.80 NOTE
r-patched-solaris-x86 1.1-1 84.50 NOTE
r-release-linux-ix86 1.1-1 10.50 25.28 35.78 NOTE
r-release-linux-x86_64 1.1-1 11.72 19.06 30.78 NOTE
r-release-osx-x86_64-mavericks 1.1-1 NOTE
r-release-windows-ix86+x86_64 1.1-1 32.00 32.00 64.00 NOTE
r-oldrel-windows-ix86+x86_64 1.1-1 30.00 34.00 64.00 NOTE

Check Details

Version: 1.1-1
Check: dependencies in R code
Result: NOTE
    Package in Depends field not imported from: ‘boot’
     These packages need to be imported from (in the NAMESPACE file)
     for when this namespace is loaded but not attached.
    See the information on DESCRIPTION files in the chapter ‘Creating R
    packages’ of the ‘Writing R Extensions’ manual.
Flavors: r-devel-linux-x86_64-debian-clang, r-devel-linux-x86_64-debian-gcc, r-devel-linux-x86_64-fedora-clang, r-devel-linux-x86_64-fedora-gcc, r-devel-osx-x86_64-clang, r-devel-windows-ix86+x86_64, r-patched-linux-x86_64, r-patched-solaris-sparc, r-patched-solaris-x86, r-release-linux-ix86, r-release-linux-x86_64, r-release-osx-x86_64-mavericks, r-release-windows-ix86+x86_64, r-oldrel-windows-ix86+x86_64

Version: 1.1-1
Check: R code for possible problems
Result: NOTE
    ATEbounds: no visible global function definition for ‘boot’
Flavors: r-devel-linux-x86_64-fedora-clang, r-devel-linux-x86_64-fedora-gcc, r-devel-osx-x86_64-clang