CRAN Package Check Results for Package experiment

Last updated on 2015-03-30 08:49:56.

Flavor Version Tinstall Tcheck Ttotal Status Flags
r-devel-linux-x86_64-debian-clang 1.1-1 8.37 17.78 26.15 NOTE
r-devel-linux-x86_64-debian-gcc 1.1-1 11.58 16.59 28.18 NOTE
r-devel-linux-x86_64-fedora-clang 1.1-1 48.04 NOTE
r-devel-linux-x86_64-fedora-gcc 1.1-1 47.15 NOTE
r-devel-osx-x86_64-clang 1.1-1 44.93 NOTE
r-prerel-windows-ix86+x86_64 1.1-1 30.00 31.00 61.00 NOTE
r-prerel-linux-x86_64 1.1-1 11.68 16.68 28.36 NOTE
r-prerel-solaris-sparc 1.1-1 309.70 NOTE
r-prerel-solaris-x86 1.1-1 78.60 NOTE
r-release-linux-x86_64 1.1-1 11.73 19.26 30.99 NOTE
r-release-osx-x86_64-mavericks 1.1-1 NOTE
r-release-windows-ix86+x86_64 1.1-1 30.00 36.00 66.00 NOTE
r-oldrel-windows-ix86+x86_64 1.1-1 32.00 52.00 84.00 NOTE

Check Details

Version: 1.1-1
Check: dependencies in R code
Result: NOTE
    Package in Depends field not imported from: ‘boot’
     These packages need to be imported from (in the NAMESPACE file)
     for when this namespace is loaded but not attached.
Flavors: r-devel-linux-x86_64-debian-clang, r-devel-linux-x86_64-debian-gcc, r-devel-linux-x86_64-fedora-clang, r-devel-linux-x86_64-fedora-gcc, r-devel-osx-x86_64-clang, r-prerel-windows-ix86+x86_64, r-prerel-linux-x86_64, r-prerel-solaris-sparc, r-prerel-solaris-x86, r-release-linux-x86_64, r-release-windows-ix86+x86_64

Version: 1.1-1
Check: R code for possible problems
Result: NOTE
    ATEbounds: no visible global function definition for ‘boot’
Flavors: r-devel-linux-x86_64-debian-clang, r-devel-linux-x86_64-debian-gcc, r-devel-linux-x86_64-fedora-clang, r-devel-linux-x86_64-fedora-gcc, r-devel-osx-x86_64-clang, r-prerel-windows-ix86+x86_64, r-prerel-linux-x86_64, r-prerel-solaris-sparc, r-prerel-solaris-x86, r-release-linux-x86_64, r-release-osx-x86_64-mavericks, r-release-windows-ix86+x86_64

Version: 1.1-1
Check: dependencies in R code
Result: NOTE
    Package in Depends field not imported from: ‘boot’
     These packages need to be imported from (in the NAMESPACE file)
     for when this namespace is loaded but not attached.
    See the information on DESCRIPTION files in the chapter ‘Creating R
    packages’ of the ‘Writing R Extensions’ manual.
Flavors: r-release-osx-x86_64-mavericks, r-oldrel-windows-ix86+x86_64