CRAN Package Check Results for Package experiment

Last updated on 2014-11-24 03:49:04.

Flavor Version Tinstall Tcheck Ttotal Status Flags
r-devel-linux-x86_64-debian-clang 1.1-1 8.04 17.99 26.03 NOTE
r-devel-linux-x86_64-debian-gcc 1.1-1 11.54 17.98 29.52 NOTE
r-devel-linux-x86_64-fedora-clang 1.1-1 51.37 NOTE
r-devel-linux-x86_64-fedora-gcc 1.1-1 48.04 NOTE
r-devel-osx-x86_64-clang 1.1-1 45.32 NOTE
r-devel-windows-ix86+x86_64 1.1-1 27.00 30.00 57.00 NOTE
r-patched-linux-x86_64 1.1-1 11.57 18.77 30.34 NOTE
r-patched-solaris-sparc 1.1-1 311.00 NOTE
r-patched-solaris-x86 1.1-1 85.20 NOTE
r-release-linux-ix86 1.1-1 9.83 24.40 34.24 NOTE
r-release-linux-x86_64 1.1-1 11.75 18.23 29.98 NOTE
r-release-osx-x86_64-mavericks 1.1-1 NOTE
r-release-windows-ix86+x86_64 1.1-1 30.00 34.00 64.00 NOTE
r-oldrel-windows-ix86+x86_64 1.1-1 30.00 32.00 62.00 NOTE

Check Details

Version: 1.1-1
Check: dependencies in R code
Result: NOTE
    Package in Depends field not imported from: ‘boot’
     These packages need to be imported from (in the NAMESPACE file)
     for when this namespace is loaded but not attached.
    See the information on DESCRIPTION files in the chapter ‘Creating R
    packages’ of the ‘Writing R Extensions’ manual.
Flavors: r-devel-linux-x86_64-debian-clang, r-devel-linux-x86_64-debian-gcc, r-devel-linux-x86_64-fedora-clang, r-devel-linux-x86_64-fedora-gcc, r-devel-osx-x86_64-clang, r-devel-windows-ix86+x86_64, r-patched-linux-x86_64, r-patched-solaris-sparc, r-patched-solaris-x86, r-release-linux-ix86, r-release-linux-x86_64, r-release-osx-x86_64-mavericks, r-release-windows-ix86+x86_64, r-oldrel-windows-ix86+x86_64

Version: 1.1-1
Check: R code for possible problems
Result: NOTE
    ATEbounds: no visible global function definition for ‘boot’
Flavors: r-devel-linux-x86_64-debian-clang, r-devel-linux-x86_64-debian-gcc, r-devel-linux-x86_64-fedora-clang, r-devel-linux-x86_64-fedora-gcc, r-devel-osx-x86_64-clang, r-devel-windows-ix86+x86_64, r-patched-linux-x86_64, r-patched-solaris-sparc, r-patched-solaris-x86, r-release-linux-ix86, r-release-linux-x86_64, r-release-windows-ix86+x86_64