CRAN Package Check Results for Package expm

Last updated on 2015-07-02 11:48:13.

Flavor Version Tinstall Tcheck Ttotal Status Flags
r-devel-linux-x86_64-debian-clang 0.99-1.1 4.01 50.16 54.16 NOTE
r-devel-linux-x86_64-debian-gcc 0.99-1.1 4.24 49.13 53.38 NOTE
r-devel-linux-x86_64-fedora-clang 0.99-1.1 111.71 NOTE
r-devel-linux-x86_64-fedora-gcc 0.99-1.1 105.84 NOTE
r-devel-osx-x86_64-clang 0.99-1.1 100.06 NOTE
r-devel-windows-ix86+x86_64 0.99-1.1 22.00 109.00 131.00 NOTE
r-patched-linux-x86_64 0.99-1.1 4.15 51.02 55.17 NOTE
r-patched-solaris-sparc 0.99-1.1 675.00 NOTE
r-patched-solaris-x86 0.99-1.1 152.70 NOTE
r-release-linux-x86_64 0.99-1.1 4.22 51.14 55.36 NOTE
r-release-osx-x86_64-mavericks 0.99-1.1 NOTE
r-release-windows-ix86+x86_64 0.99-1.1 20.00 119.00 139.00 NOTE
r-oldrel-windows-ix86+x86_64 0.99-1.1 20.00 118.00 138.00 NOTE

Check Details

Version: 0.99-1.1
Check: R code for possible problems
Result: NOTE
    .expmCond.F: no visible global function definition for ‘is’
    .expmCond.F: no visible global function definition for ‘rnorm’
    .expmFrechet2008.26: no visible global function definition for ‘is’
    .expmFrechet2008.26: no visible global function definition for
     ‘Diagonal’
    expm: no visible global function definition for ‘is’
    expm: no visible global function definition for ‘as’
    expm.Higham08: no visible global function definition for ‘is’
    expm.Higham08: no visible global function definition for ‘Diagonal’
Flavors: r-devel-linux-x86_64-debian-clang, r-devel-linux-x86_64-debian-gcc, r-devel-linux-x86_64-fedora-gcc, r-devel-windows-ix86+x86_64

Version: 0.99-1.1
Check: R code for possible problems
Result: NOTE
    .expmCond.F: no visible global function definition for ‘is’
    .expmCond.F: no visible global function definition for ‘rnorm’
    .expmFrechet2008.26: no visible global function definition for ‘is’
    .expmFrechet2008.26: no visible global function definition for
     ‘Diagonal’
    expm: no visible global function definition for ‘is’
    expm: no visible global function definition for ‘as’
    expm.Higham08: no visible global function definition for ‘is’
    expm.Higham08: no visible global function definition for ‘Diagonal’
    Undefined global functions or variables:
     Diagonal as is rnorm
Flavor: r-devel-linux-x86_64-fedora-clang

Version: 0.99-1.1
Check: R code for possible problems
Result: NOTE
    .expmFrechet2008.26: no visible global function definition for
     ‘Diagonal’
    expm.Higham08: no visible global function definition for ‘Diagonal’
Flavors: r-devel-osx-x86_64-clang, r-patched-linux-x86_64, r-patched-solaris-sparc, r-patched-solaris-x86, r-release-linux-x86_64, r-release-osx-x86_64-mavericks, r-release-windows-ix86+x86_64, r-oldrel-windows-ix86+x86_64