CRAN Package Check Results for Package expm

Last updated on 2017-08-17 00:56:16.

Flavor Version Tinstall Tcheck Ttotal Status Flags
r-devel-linux-x86_64-debian-clang 0.999-2 4.44 57.56 62.00 OK
r-devel-linux-x86_64-debian-gcc 0.999-2 4.45 56.08 60.53 OK
r-devel-linux-x86_64-fedora-clang 0.999-2 135.51 OK
r-devel-linux-x86_64-fedora-gcc 0.999-2 133.34 OK
r-devel-windows-ix86+x86_64 0.999-2 23.00 154.00 177.00 OK
r-patched-linux-x86_64 0.999-2 4.40 55.04 59.44 OK
r-patched-solaris-x86 0.999-2 176.10 ERROR
r-release-linux-x86_64 0.999-2 4.32 56.48 60.81 OK
r-release-windows-ix86+x86_64 0.999-2 20.00 138.00 158.00 OK
r-release-osx-x86_64 0.999-2 NOTE
r-oldrel-windows-ix86+x86_64 0.999-2 22.00 118.00 140.00 OK
r-oldrel-osx-x86_64 0.999-2 OK

Additional issues

rchk

Check Details

Version: 0.999-2
Check: examples
Result: ERROR
    Running examples in ‘expm-Ex.R’ failed
    The error most likely occurred in:
    
    > ### Name: logm
    > ### Title: Matrix Logarithm
    > ### Aliases: logm
    > ### Keywords: algebra math
    >
    > ### ** Examples
    >
    > m <- diag(2)
    > logm(m)
     [,1] [,2]
    [1,] 0 0
    [2,] 0 0
    > expm(logm(m))
     [,1] [,2]
    [1,] 1 0
    [2,] 0 1
    >
    > ## Here, logm() is barely defined, and Higham08 has needed an amendment
    > ## in order for not to loop forever:
    > D0 <- diag(x=c(1, 0.))
    > (L. <- logm(D0))
    Warning in logm.Higham08(x) :
     Inverse scaling did not work (t = 1).
    The matrix logarithm may not exist for this matrix.Setting m = 3 arbitrarily.
     [,1] [,2]
    [1,] 0 0
    [2,] 0 -9576994
    > stopifnot( all.equal(D0, expm(L.)) )
    >
    > ## A matrix for which clearly no logm(.) exists:
    > (m <- cbind(1:2, 1))
     [,1] [,2]
    [1,] 1 1
    [2,] 2 1
    > (l.m <- logm(m)) ## all NA
    Warning in sqrt(S[ij, ij]) : NaNs produced
    Error in solve.default(X[ii, ii] + X[ij, ij], S[ii, ij] - sumU) :
     system is computationally singular: reciprocal condition number = 0
    Calls: logm ... logm.Higham08 -> rootS -> solve -> solve -> solve.default
    Execution halted
Flavor: r-patched-solaris-x86

Version: 0.999-2
Check: package dependencies
Result: NOTE
    Package suggested but not available for checking: ‘Rmpfr’
Flavor: r-release-osx-x86_64