CRAN Package Check Results for Package expm

Last updated on 2014-09-21 07:47:04.

Flavor Version Tinstall Tcheck Ttotal Status Flags
r-devel-linux-x86_64-debian-clang 0.99-1.1 4.66 57.27 61.93 NOTE
r-devel-linux-x86_64-debian-gcc 0.99-1.1 4.64 57.22 61.87 NOTE
r-devel-linux-x86_64-fedora-clang 0.99-1.1 147.80 NOTE
r-devel-linux-x86_64-fedora-gcc 0.99-1.1 139.73 NOTE
r-devel-osx-x86_64-clang 0.99-1.1 122.58 NOTE
r-devel-windows-ix86+x86_64 0.99-1.1 20.00 115.00 135.00 NOTE
r-patched-linux-x86_64 0.99-1.1 5.01 60.02 65.03 OK
r-patched-solaris-sparc 0.99-1.1 837.60 OK
r-patched-solaris-x86 0.99-1.1 192.40 OK
r-release-linux-ix86 0.99-1.1 6.36 75.57 81.93 OK
r-release-linux-x86_64 0.99-1.1 4.89 61.64 66.54 OK
r-release-osx-x86_64-mavericks 0.99-1.1 OK
r-release-osx-x86_64-snowleopard 0.99-1.1 OK
r-release-windows-ix86+x86_64 0.99-1.1 19.00 119.00 138.00 OK
r-oldrel-windows-ix86+x86_64 0.99-1.1 20.00 118.00 138.00 OK

Check Details

Version: 0.99-1.1
Check: R code for possible problems
Result: NOTE
    .expmFrechet2008.26: no visible global function definition for
     ‘Diagonal’
    expm.Higham08: no visible global function definition for ‘Diagonal’
Flavors: r-devel-linux-x86_64-debian-clang, r-devel-linux-x86_64-debian-gcc, r-devel-linux-x86_64-fedora-clang, r-devel-linux-x86_64-fedora-gcc, r-devel-osx-x86_64-clang, r-devel-windows-ix86+x86_64