CRAN Package Check Results for Package expm

Last updated on 2015-08-29 10:46:45.

Flavor Version Tinstall Tcheck Ttotal Status Flags
r-devel-linux-x86_64-debian-clang 0.99-1.1 3.91 48.26 52.17 NOTE
r-devel-linux-x86_64-debian-gcc 0.99-1.1 4.10 48.26 52.37 NOTE
r-devel-linux-x86_64-fedora-clang 0.99-1.1 109.25 NOTE
r-devel-linux-x86_64-fedora-gcc 0.99-1.1 104.39 NOTE
r-devel-osx-x86_64-clang 0.99-1.1 91.29 NOTE
r-devel-windows-ix86+x86_64 0.99-1.1 30.00 119.00 149.00 NOTE
r-patched-linux-x86_64 0.99-1.1 4.24 52.65 56.88 NOTE
r-patched-solaris-sparc 0.99-1.1 697.10 NOTE
r-patched-solaris-x86 0.99-1.1 156.00 NOTE
r-release-linux-x86_64 0.99-1.1 4.08 51.39 55.47 NOTE
r-release-osx-x86_64-mavericks 0.99-1.1 NOTE
r-release-windows-ix86+x86_64 0.99-1.1 24.00 158.00 182.00 NOTE
r-oldrel-windows-ix86+x86_64 0.99-1.1 26.00 185.00 211.00 NOTE

Check Details

Version: 0.99-1.1
Check: R code for possible problems
Result: NOTE
    .expmCond.F: no visible global function definition for ‘is’
    .expmCond.F: no visible global function definition for ‘rnorm’
    .expmFrechet2008.26: no visible global function definition for ‘is’
    .expmFrechet2008.26: no visible global function definition for
     ‘Diagonal’
    expm: no visible global function definition for ‘is’
    expm: no visible global function definition for ‘as’
    expm.Higham08: no visible global function definition for ‘is’
    expm.Higham08: no visible global function definition for ‘Diagonal’
    Undefined global functions or variables:
     Diagonal as is rnorm
    Consider adding
     importFrom("methods", "as", "is")
     importFrom("stats", "rnorm")
    to your NAMESPACE (and ensure that your DESCRIPTION Imports field
    contains 'methods').
Flavors: r-devel-linux-x86_64-debian-clang, r-devel-linux-x86_64-debian-gcc, r-devel-linux-x86_64-fedora-clang, r-devel-linux-x86_64-fedora-gcc, r-devel-windows-ix86+x86_64

Version: 0.99-1.1
Check: R code for possible problems
Result: NOTE
    .expmFrechet2008.26: no visible global function definition for
     ‘Diagonal’
    expm.Higham08: no visible global function definition for ‘Diagonal’
    Undefined global functions or variables:
     Diagonal
Flavor: r-devel-osx-x86_64-clang

Version: 0.99-1.1
Check: R code for possible problems
Result: NOTE
    .expmFrechet2008.26: no visible global function definition for
     ‘Diagonal’
    expm.Higham08: no visible global function definition for ‘Diagonal’
Flavors: r-patched-linux-x86_64, r-patched-solaris-sparc, r-patched-solaris-x86, r-release-linux-x86_64, r-release-osx-x86_64-mavericks, r-release-windows-ix86+x86_64, r-oldrel-windows-ix86+x86_64