CRAN Package Check Results for Package expm

Last updated on 2014-08-30 19:47:06.

Flavor Version Tinstall Tcheck Ttotal Status Flags
r-devel-linux-x86_64-debian-clang 0.99-1.1 4.59 59.15 63.74 NOTE
r-devel-linux-x86_64-debian-gcc 0.99-1.1 5.18 57.89 63.07 NOTE
r-devel-linux-x86_64-fedora-clang 0.99-1.1 152.16 NOTE
r-devel-linux-x86_64-fedora-gcc 0.99-1.1 143.28 NOTE
r-devel-osx-x86_64-clang 0.99-1.1 121.37 NOTE
r-devel-windows-ix86+x86_64 0.99-1.1 29.00 120.00 149.00 NOTE
r-patched-linux-x86_64 0.99-1.1 5.01 61.58 66.60 OK
r-patched-solaris-sparc 0.99-1.1 837.60 OK
r-patched-solaris-x86 0.99-1.1 194.60 OK
r-release-linux-ix86 0.99-1.1 6.33 74.58 80.91 OK
r-release-linux-x86_64 0.99-1.1 5.00 59.82 64.82 OK
r-release-osx-x86_64-mavericks 0.99-1.1 OK
r-release-osx-x86_64-snowleopard 0.99-1.1 OK
r-release-windows-ix86+x86_64 0.99-1.1 19.00 120.00 139.00 OK
r-oldrel-windows-ix86+x86_64 0.99-1.1 21.00 122.00 143.00 OK

Check Details

Version: 0.99-1.1
Check: R code for possible problems
Result: NOTE
    .expmFrechet2008.26: no visible global function definition for
     ‘Diagonal’
    expm.Higham08: no visible global function definition for ‘Diagonal’
Flavors: r-devel-linux-x86_64-debian-clang, r-devel-linux-x86_64-debian-gcc, r-devel-linux-x86_64-fedora-clang, r-devel-linux-x86_64-fedora-gcc, r-devel-osx-x86_64-clang, r-devel-windows-ix86+x86_64