CRAN Package Check Results for Package expm

Last updated on 2015-05-30 08:48:34.

Flavor Version Tinstall Tcheck Ttotal Status Flags
r-devel-linux-x86_64-debian-clang 0.99-1.1 4.14 54.31 58.45 NOTE
r-devel-linux-x86_64-debian-gcc 0.99-1.1 4.27 50.52 54.78 NOTE
r-devel-linux-x86_64-fedora-clang 0.99-1.1 120.99 NOTE
r-devel-linux-x86_64-fedora-gcc 0.99-1.1 107.35 NOTE
r-devel-osx-x86_64-clang 0.99-1.1 99.84 NOTE
r-devel-windows-ix86+x86_64 0.99-1.1 22.00 110.00 132.00 NOTE
r-patched-linux-x86_64 0.99-1.1 4.37 50.34 54.70 NOTE
r-patched-solaris-sparc 0.99-1.1 675.00 NOTE
r-patched-solaris-x86 0.99-1.1 152.10 NOTE
r-release-linux-x86_64 0.99-1.1 4.24 52.43 56.68 NOTE
r-release-osx-x86_64-mavericks 0.99-1.1 NOTE
r-release-osx-x86_64-snowleopard 0.99-1.1 NOTE
r-release-windows-ix86+x86_64 0.99-1.1 24.00 112.00 136.00 NOTE
r-oldrel-windows-ix86+x86_64 0.99-1.1 22.00 155.00 177.00 NOTE

Check Details

Version: 0.99-1.1
Check: R code for possible problems
Result: NOTE
    .expmFrechet2008.26: no visible global function definition for
     ‘Diagonal’
    expm.Higham08: no visible global function definition for ‘Diagonal’
Flavors: r-devel-linux-x86_64-debian-clang, r-devel-linux-x86_64-debian-gcc, r-devel-linux-x86_64-fedora-clang, r-devel-linux-x86_64-fedora-gcc, r-devel-osx-x86_64-clang, r-devel-windows-ix86+x86_64, r-patched-linux-x86_64, r-patched-solaris-sparc, r-patched-solaris-x86, r-release-linux-x86_64, r-release-osx-x86_64-mavericks, r-release-osx-x86_64-snowleopard, r-release-windows-ix86+x86_64, r-oldrel-windows-ix86+x86_64