CRAN Package Check Results for Package expm

Last updated on 2016-05-24 15:46:40.

Flavor Version Tinstall Tcheck Ttotal Status Flags
r-devel-linux-x86_64-debian-gcc 0.999-0 4.66 52.89 57.56 OK
r-devel-linux-x86_64-fedora-clang 0.999-0 131.27 OK
r-devel-linux-x86_64-fedora-gcc 0.999-0 104.03 OK
r-devel-osx-x86_64-clang 0.999-0 117.81 OK
r-devel-windows-ix86+x86_64 0.999-0 13.00 130.00 143.00 OK
r-patched-linux-x86_64 0.999-0 4.62 52.86 57.48 OK
r-patched-solaris-sparc 0.999-0 674.60 ERROR
r-patched-solaris-x86 0.999-0 143.70 OK
r-release-linux-x86_64 0.999-0 4.30 52.21 56.52 OK
r-release-osx-x86_64-mavericks 0.999-0 OK
r-release-windows-ix86+x86_64 0.999-0 13.00 130.00 143.00 OK
r-oldrel-windows-ix86+x86_64 0.999-0 25.00 132.00 157.00 OK

Check Details

Version: 0.999-0
Check: examples
Result: ERROR
    Running examples in ‘expm-Ex.R’ failed
    The error most likely occurred in:
    
    > ### Name: logm
    > ### Title: Matrix Logarithm
    > ### Aliases: logm
    > ### Keywords: algebra math
    >
    > ### ** Examples
    >
    > m <- diag(2)
    > logm(m)
     [,1] [,2]
    [1,] 0 0
    [2,] 0 0
    > expm(logm(m))
     [,1] [,2]
    [1,] 1 0
    [2,] 0 1
    >
    > ## Here, logm() is barely defined, and Higham08 has needed an amendment
    > ## in order for not to loop forever:
    > D0 <- diag(x=c(1, 0.))
    > (L. <- logm(D0))
    Warning in logm.Higham08(x) :
     Inverse scaling did not work (t = 1).
    The matrix logarithm may not exist for this matrix.Setting m = 3 arbitrarily.
     [,1] [,2]
    [1,] 0 0
    [2,] 0 -9576994
    > stopifnot( all.equal(D0, expm(L.)) )
    >
    > ## A matrix for which clearly no logm(.) exists:
    > (m <- cbind(1:2, 1))
     [,1] [,2]
    [1,] 1 1
    [2,] 2 1
    > (l.m <- logm(m)) ## all NA
    Warning in sqrt(S[ij, ij]) : NaNs produced
    Error in solve.default(X[ii, ii] + X[ij, ij], S[ii, ij] - sumU) :
     system is computationally singular: reciprocal condition number = 0
    Calls: logm ... logm.Higham08 -> rootS -> solve -> solve -> solve.default
    Execution halted
Flavor: r-patched-solaris-sparc