CRAN Package Check Results for Package expm

Last updated on 2014-04-23 20:47:11.

Flavor Version Tinstall Tcheck Ttotal Status Flags
r-devel-linux-x86_64-debian-clang 0.99-1.1 4.96 62.99 67.95 OK
r-devel-linux-x86_64-debian-gcc 0.99-1.1 5.05 63.65 68.70 OK
r-devel-linux-x86_64-fedora-clang 0.99-1.1 155.79 OK
r-devel-linux-x86_64-fedora-gcc 0.99-1.1 149.41 OK
r-devel-osx-x86_64-clang 0.99-1.1 116.54 OK
r-devel-osx-x86_64-gcc 0.99-1.1 OK
r-devel-windows-ix86+x86_64 0.99-1.1 21.00 124.00 145.00 OK
r-patched-linux-x86_64 0.99-1.1 5.05 62.11 67.16 OK
r-patched-solaris-sparc 0.99-1.1 810.10 OK
r-patched-solaris-x86 0.99-1.1 195.90 OK
r-release-linux-ix86 0.99-1.1 9.00 100.00 109.00 OK
r-release-linux-x86_64 0.99-1.1 5.07 62.02 67.09 OK
r-release-osx-x86_64-mavericks 0.99-1.1 WARN
r-release-osx-x86_64-snowleopard 0.99-1.1 OK
r-release-windows-ix86+x86_64 0.99-1.1 18.00 121.00 139.00 OK
r-oldrel-windows-ix86+x86_64 0.99-1.1 20.00 126.00 146.00 OK

Check Details

Version: 0.99-1.1
Check: PDF version of manual
Result: WARNING
    LaTeX errors when creating PDF version.
    This typically indicates Rd problems.
    LaTeX errors found:
    ! LaTeX Error: File `upquote.sty' not found.
    
    Type X to quit or <RETURN> to proceed,
    or enter new name. (Default extension: sty)
    
    305c525/Rd2.tex:8: ==> Fatal error occurred, no output PDF file produced!
Flavor: r-release-osx-x86_64-mavericks