CRAN Package Check Results for Package expm

Last updated on 2015-04-19 10:51:47.

Flavor Version Tinstall Tcheck Ttotal Status Flags
r-devel-linux-x86_64-debian-clang 0.99-1.1 4.16 52.00 56.16 NOTE
r-devel-linux-x86_64-debian-gcc 0.99-1.1 4.13 51.28 55.41 NOTE
r-devel-linux-x86_64-fedora-clang 0.99-1.1 113.34 NOTE
r-devel-linux-x86_64-fedora-gcc 0.99-1.1 108.15 NOTE
r-devel-osx-x86_64-clang 0.99-1.1 101.40 NOTE
r-devel-windows-ix86+x86_64 0.99-1.1 28.00 106.00 134.00 NOTE
r-patched-linux-x86_64 0.99-1.1 4.28 52.92 57.21 NOTE
r-patched-solaris-sparc 0.99-1.1 668.10 NOTE
r-patched-solaris-x86 0.99-1.1 147.10 NOTE
r-release-linux-x86_64 0.99-1.1 4.22 53.18 57.40 NOTE
r-release-osx-x86_64-mavericks 0.99-1.1 NOTE
r-release-osx-x86_64-snowleopard 0.99-1.1 NOTE
r-release-windows-ix86+x86_64 0.99-1.1 15.00 109.00 124.00 NOTE
r-oldrel-windows-ix86+x86_64 0.99-1.1 21.00 165.00 186.00 NOTE

Check Details

Version: 0.99-1.1
Check: R code for possible problems
Result: NOTE
    .expmFrechet2008.26: no visible global function definition for
     ‘Diagonal’
    expm.Higham08: no visible global function definition for ‘Diagonal’
Flavors: r-devel-linux-x86_64-debian-clang, r-devel-linux-x86_64-debian-gcc, r-devel-linux-x86_64-fedora-clang, r-devel-linux-x86_64-fedora-gcc, r-devel-osx-x86_64-clang, r-devel-windows-ix86+x86_64, r-patched-linux-x86_64, r-patched-solaris-sparc, r-patched-solaris-x86, r-release-linux-x86_64, r-release-osx-x86_64-mavericks, r-release-osx-x86_64-snowleopard, r-release-windows-ix86+x86_64, r-oldrel-windows-ix86+x86_64