CRAN Package Check Results for Package expm

Last updated on 2015-02-01 11:47:11.

Flavor Version Tinstall Tcheck Ttotal Status Flags
r-devel-linux-x86_64-debian-clang 0.99-1.1 4.01 51.05 55.06 NOTE
r-devel-linux-x86_64-debian-gcc 0.99-1.1 4.44 48.55 52.99 NOTE
r-devel-linux-x86_64-fedora-clang 0.99-1.1 148.01 NOTE
r-devel-linux-x86_64-fedora-gcc 0.99-1.1 111.08 NOTE
r-devel-osx-x86_64-clang 0.99-1.1 114.11 NOTE
r-devel-windows-ix86+x86_64 0.99-1.1 29.00 104.00 133.00 NOTE
r-patched-linux-x86_64 0.99-1.1 4.89 59.57 64.46 NOTE
r-patched-solaris-sparc 0.99-1.1 831.40 NOTE
r-patched-solaris-x86 0.99-1.1 195.90 NOTE
r-release-linux-ix86 0.99-1.1 5.94 74.08 80.02 NOTE
r-release-linux-x86_64 0.99-1.1 4.80 59.89 64.68 NOTE
r-release-osx-x86_64-mavericks 0.99-1.1 NOTE
r-release-osx-x86_64-snowleopard 0.99-1.1 OK
r-release-windows-ix86+x86_64 0.99-1.1 24.00 133.00 157.00 NOTE
r-oldrel-windows-ix86+x86_64 0.99-1.1 21.00 121.00 142.00 OK

Check Details

Version: 0.99-1.1
Check: R code for possible problems
Result: NOTE
    .expmFrechet2008.26: no visible global function definition for
     ‘Diagonal’
    expm.Higham08: no visible global function definition for ‘Diagonal’
Flavors: r-devel-linux-x86_64-debian-clang, r-devel-linux-x86_64-debian-gcc, r-devel-linux-x86_64-fedora-clang, r-devel-linux-x86_64-fedora-gcc, r-devel-osx-x86_64-clang, r-devel-windows-ix86+x86_64, r-patched-linux-x86_64, r-patched-solaris-sparc, r-patched-solaris-x86, r-release-linux-ix86, r-release-linux-x86_64, r-release-osx-x86_64-mavericks, r-release-windows-ix86+x86_64