CRAN Package Check Results for Package expm

Last updated on 2017-02-23 23:49:26.

Flavor Version Tinstall Tcheck Ttotal Status Flags
r-devel-linux-x86_64-debian-clang 0.999-1 4.70 56.16 60.86 NOTE
r-devel-linux-x86_64-debian-gcc 0.999-1 4.22 55.70 59.93 NOTE
r-devel-linux-x86_64-fedora-clang 0.999-1 134.07 NOTE --no-stop-on-test-error
r-devel-linux-x86_64-fedora-gcc 0.999-1 126.95 NOTE --no-stop-on-test-error
r-devel-macos-x86_64-clang 0.999-1 107.62 NOTE --no-stop-on-test-error
r-devel-windows-ix86+x86_64 0.999-1 27.00 181.00 208.00 OK
r-patched-linux-x86_64 0.999-1 4.08 48.61 52.69 OK
r-patched-solaris-sparc 0.999-1 676.40 ERROR
r-patched-solaris-x86 0.999-1 145.10 OK
r-release-linux-x86_64 0.999-1 3.88 47.34 51.22 OK
r-release-osx-x86_64-mavericks 0.999-1 OK
r-release-windows-ix86+x86_64 0.999-1 24.00 227.00 251.00 OK
r-oldrel-windows-ix86+x86_64 0.999-1 41.00 225.00 266.00 OK

Check Details

Version: 0.999-1
Check: compiled code
Result: NOTE
    File ‘expm/libs/expm.so’:
     Found no call to: ‘R_useDynamicSymbols’
    
    It is good practice to register native routines and to disable symbol
    search.
    
    See ‘Writing portable packages’ in the ‘Writing R Extensions’ manual.
Flavors: r-devel-linux-x86_64-debian-clang, r-devel-linux-x86_64-debian-gcc

Version: 0.999-1
Flags: --no-stop-on-test-error
Check: compiled code
Result: NOTE
    File ‘expm/libs/expm.so’:
     Found no call to: ‘R_useDynamicSymbols’
    
    It is good practice to register native routines and to disable symbol
    search.
    
    See ‘Writing portable packages’ in the ‘Writing R Extensions’ manual.
Flavors: r-devel-linux-x86_64-fedora-clang, r-devel-linux-x86_64-fedora-gcc, r-devel-macos-x86_64-clang

Version: 0.999-1
Check: examples
Result: ERROR
    Running examples in ‘expm-Ex.R’ failed
    The error most likely occurred in:
    
    > ### Name: logm
    > ### Title: Matrix Logarithm
    > ### Aliases: logm
    > ### Keywords: algebra math
    >
    > ### ** Examples
    >
    > m <- diag(2)
    > logm(m)
     [,1] [,2]
    [1,] 0 0
    [2,] 0 0
    > expm(logm(m))
     [,1] [,2]
    [1,] 1 0
    [2,] 0 1
    >
    > ## Here, logm() is barely defined, and Higham08 has needed an amendment
    > ## in order for not to loop forever:
    > D0 <- diag(x=c(1, 0.))
    > (L. <- logm(D0))
    Warning in logm.Higham08(x) :
     Inverse scaling did not work (t = 1).
    The matrix logarithm may not exist for this matrix.Setting m = 3 arbitrarily.
     [,1] [,2]
    [1,] 0 0
    [2,] 0 -9576994
    > stopifnot( all.equal(D0, expm(L.)) )
    >
    > ## A matrix for which clearly no logm(.) exists:
    > (m <- cbind(1:2, 1))
     [,1] [,2]
    [1,] 1 1
    [2,] 2 1
    > (l.m <- logm(m)) ## all NA
    Warning in sqrt(S[ij, ij]) : NaNs produced
    Error in solve.default(X[ii, ii] + X[ij, ij], S[ii, ij] - sumU) :
     system is computationally singular: reciprocal condition number = 0
    Calls: logm ... logm.Higham08 -> rootS -> solve -> solve -> solve.default
    Execution halted
Flavor: r-patched-solaris-sparc