CRAN Package Check Results for Package expm

Last updated on 2015-03-31 17:49:55.

Flavor Version Tinstall Tcheck Ttotal Status Flags
r-devel-linux-x86_64-debian-clang 0.99-1.1 4.09 51.34 55.43 NOTE
r-devel-linux-x86_64-debian-gcc 0.99-1.1 4.02 51.97 55.99 NOTE
r-devel-linux-x86_64-fedora-clang 0.99-1.1 113.98 NOTE
r-devel-linux-x86_64-fedora-gcc 0.99-1.1 111.45 NOTE
r-devel-osx-x86_64-clang 0.99-1.1 109.75 NOTE
r-prerel-windows-ix86+x86_64 0.99-1.1 30.00 112.00 142.00 NOTE
r-prerel-linux-x86_64 0.99-1.1 4.08 50.66 54.75 NOTE
r-prerel-solaris-sparc 0.99-1.1 668.10 NOTE
r-prerel-solaris-x86 0.99-1.1 146.10 NOTE
r-release-linux-x86_64 0.99-1.1 4.93 60.48 65.42 NOTE
r-release-osx-x86_64-mavericks 0.99-1.1 NOTE
r-release-osx-x86_64-snowleopard 0.99-1.1 OK
r-release-windows-ix86+x86_64 0.99-1.1 22.00 129.00 151.00 NOTE
r-oldrel-windows-ix86+x86_64 0.99-1.1 22.00 118.00 140.00 OK

Check Details

Version: 0.99-1.1
Check: R code for possible problems
Result: NOTE
    .expmFrechet2008.26: no visible global function definition for
     ‘Diagonal’
    expm.Higham08: no visible global function definition for ‘Diagonal’
Flavors: r-devel-linux-x86_64-debian-clang, r-devel-linux-x86_64-debian-gcc, r-devel-linux-x86_64-fedora-clang, r-devel-linux-x86_64-fedora-gcc, r-devel-osx-x86_64-clang, r-prerel-windows-ix86+x86_64, r-prerel-linux-x86_64, r-prerel-solaris-sparc, r-prerel-solaris-x86, r-release-linux-x86_64, r-release-osx-x86_64-mavericks, r-release-windows-ix86+x86_64