CRAN Package Check Results for Package expm

Last updated on 2014-12-21 11:46:33.

Flavor Version Tinstall Tcheck Ttotal Status Flags
r-devel-linux-x86_64-debian-clang 0.99-1.1 4.93 57.87 62.80 NOTE
r-devel-linux-x86_64-debian-gcc 0.99-1.1 4.48 56.00 60.48 NOTE
r-devel-linux-x86_64-fedora-clang 0.99-1.1 151.57 NOTE
r-devel-linux-x86_64-fedora-gcc 0.99-1.1 136.39 NOTE
r-devel-osx-x86_64-clang 0.99-1.1 125.74 NOTE
r-devel-windows-ix86+x86_64 0.99-1.1 20.00 121.00 141.00 NOTE
r-patched-linux-x86_64 0.99-1.1 4.84 59.43 64.27 NOTE
r-patched-solaris-sparc 0.99-1.1 828.90 NOTE
r-patched-solaris-x86 0.99-1.1 195.40 NOTE
r-release-linux-ix86 0.99-1.1 6.04 72.08 78.12 NOTE
r-release-linux-x86_64 0.99-1.1 4.81 59.78 64.59 NOTE
r-release-osx-x86_64-mavericks 0.99-1.1 OK
r-release-osx-x86_64-snowleopard 0.99-1.1 OK
r-release-windows-ix86+x86_64 0.99-1.1 22.00 121.00 143.00 NOTE
r-oldrel-windows-ix86+x86_64 0.99-1.1 21.00 124.00 145.00 OK

Check Details

Version: 0.99-1.1
Check: R code for possible problems
Result: NOTE
    .expmFrechet2008.26: no visible global function definition for
     ‘Diagonal’
    expm.Higham08: no visible global function definition for ‘Diagonal’
Flavors: r-devel-linux-x86_64-debian-clang, r-devel-linux-x86_64-debian-gcc, r-devel-linux-x86_64-fedora-clang, r-devel-linux-x86_64-fedora-gcc, r-devel-osx-x86_64-clang, r-devel-windows-ix86+x86_64, r-patched-linux-x86_64, r-patched-solaris-sparc, r-patched-solaris-x86, r-release-linux-ix86, r-release-linux-x86_64, r-release-windows-ix86+x86_64