CRAN Package Check Results for Package expm

Last updated on 2016-08-28 17:47:59.

Flavor Version Tinstall Tcheck Ttotal Status Flags
r-devel-linux-x86_64-debian-clang 0.999-0 4.67 55.84 60.50 OK
r-devel-linux-x86_64-debian-gcc 0.999-0 4.71 53.12 57.82 OK
r-devel-linux-x86_64-fedora-clang 0.999-0 113.66 OK
r-devel-linux-x86_64-fedora-gcc 0.999-0 106.15 OK
r-devel-osx-x86_64-clang 0.999-0 89.04 OK
r-devel-windows-ix86+x86_64 0.999-0 23.00 167.00 190.00 OK
r-patched-linux-x86_64 0.999-0 4.47 51.89 56.36 OK
r-patched-solaris-sparc 0.999-0 675.90 ERROR
r-patched-solaris-x86 0.999-0 140.50 OK
r-release-linux-x86_64 0.999-0 4.51 56.43 60.94 OK
r-release-osx-x86_64-mavericks 0.999-0 OK
r-release-windows-ix86+x86_64 0.999-0 22.00 168.00 190.00 OK
r-oldrel-windows-ix86+x86_64 0.999-0 29.00 175.00 204.00 OK

Check Details

Version: 0.999-0
Check: examples
Result: ERROR
    Running examples in ‘expm-Ex.R’ failed
    The error most likely occurred in:
    
    > ### Name: logm
    > ### Title: Matrix Logarithm
    > ### Aliases: logm
    > ### Keywords: algebra math
    >
    > ### ** Examples
    >
    > m <- diag(2)
    > logm(m)
     [,1] [,2]
    [1,] 0 0
    [2,] 0 0
    > expm(logm(m))
     [,1] [,2]
    [1,] 1 0
    [2,] 0 1
    >
    > ## Here, logm() is barely defined, and Higham08 has needed an amendment
    > ## in order for not to loop forever:
    > D0 <- diag(x=c(1, 0.))
    > (L. <- logm(D0))
    Warning in logm.Higham08(x) :
     Inverse scaling did not work (t = 1).
    The matrix logarithm may not exist for this matrix.Setting m = 3 arbitrarily.
     [,1] [,2]
    [1,] 0 0
    [2,] 0 -9576994
    > stopifnot( all.equal(D0, expm(L.)) )
    >
    > ## A matrix for which clearly no logm(.) exists:
    > (m <- cbind(1:2, 1))
     [,1] [,2]
    [1,] 1 1
    [2,] 2 1
    > (l.m <- logm(m)) ## all NA
    Warning in sqrt(S[ij, ij]) : NaNs produced
    Error in solve.default(X[ii, ii] + X[ij, ij], S[ii, ij] - sumU) :
     system is computationally singular: reciprocal condition number = 0
    Calls: logm ... logm.Higham08 -> rootS -> solve -> solve -> solve.default
    Execution halted
Flavor: r-patched-solaris-sparc