CRAN Package Check Results for Package expoRkit

Last updated on 2015-08-31 07:47:26.

Flavor Version Tinstall Tcheck Ttotal Status Flags
r-devel-linux-x86_64-debian-clang 0.9 5.42 34.14 39.56 NOTE
r-devel-linux-x86_64-debian-gcc 0.9 5.39 32.92 38.31 NOTE
r-devel-linux-x86_64-fedora-clang 0.9 77.93 NOTE
r-devel-linux-x86_64-fedora-gcc 0.9 75.80 NOTE
r-devel-osx-x86_64-clang 0.9 65.71 WARN
r-devel-windows-ix86+x86_64 0.9 19.00 74.00 93.00 NOTE
r-patched-linux-x86_64 0.9 5.31 34.16 39.47 NOTE
r-patched-solaris-sparc 0.9 505.90 NOTE
r-patched-solaris-x86 0.9 115.10 NOTE
r-release-linux-x86_64 0.9 5.43 35.64 41.07 NOTE
r-release-osx-x86_64-mavericks 0.9 NOTE
r-release-windows-ix86+x86_64 0.9 19.00 100.00 119.00 NOTE
r-oldrel-windows-ix86+x86_64 0.9 22.00 94.00 116.00 NOTE

Check Details

Version: 0.9
Check: dependencies in R code
Result: NOTE
    Package in Depends field not imported from: ‘methods’
     These packages need to be imported from (in the NAMESPACE file)
     for when this namespace is loaded but not attached.
Flavors: r-devel-linux-x86_64-debian-clang, r-devel-linux-x86_64-debian-gcc, r-devel-linux-x86_64-fedora-clang, r-devel-linux-x86_64-fedora-gcc, r-devel-osx-x86_64-clang, r-devel-windows-ix86+x86_64, r-patched-linux-x86_64, r-patched-solaris-sparc, r-patched-solaris-x86, r-release-linux-x86_64, r-release-osx-x86_64-mavericks, r-release-windows-ix86+x86_64, r-oldrel-windows-ix86+x86_64

Version: 0.9
Check: R code for possible problems
Result: NOTE
    expv,CsparseMatrix-vector: no visible global function definition for
     ‘callGeneric’
    expv,CsparseMatrix-vector: no visible global function definition for
     ‘as’
    expv,matrix-vector: no visible global function definition for
     ‘callGeneric’
    expv,matrix-vector: no visible global function definition for ‘as’
    Undefined global functions or variables:
     as callGeneric
    Consider adding
     importFrom("methods", "as", "callGeneric")
    to your NAMESPACE (and ensure that your DESCRIPTION Imports field
    contains 'methods').
Flavors: r-devel-linux-x86_64-debian-clang, r-devel-linux-x86_64-debian-gcc, r-devel-linux-x86_64-fedora-clang, r-devel-linux-x86_64-fedora-gcc, r-devel-windows-ix86+x86_64

Version: 0.9
Check: whether package can be installed
Result: WARN
    Found the following significant warnings:
     Warning: iteration 7 invokes undefined behavior [-Waggressive-loop-optimizations]
Flavor: r-devel-osx-x86_64-clang