CRAN Package Check Results for Package expoRkit

Last updated on 2018-04-25 08:51:00 CEST.

Flavor Version Tinstall Tcheck Ttotal Status Flags
r-devel-linux-x86_64-debian-clang 0.9.1 7.52 54.67 62.19 OK
r-devel-linux-x86_64-debian-gcc 0.9.1 6.70 44.29 50.99 OK
r-devel-linux-x86_64-fedora-clang 0.9.1 75.57 OK
r-devel-linux-x86_64-fedora-gcc 0.9.1 73.67 OK
r-devel-windows-ix86+x86_64 0.9.1 32.00 113.00 145.00 OK
r-patched-linux-x86_64 0.9.1 7.51 53.70 61.21 OK
r-patched-solaris-x86 0.9.1 102.30 OK
r-release-linux-x86_64 0.9.1 6.95 53.14 60.09 OK
r-release-windows-ix86+x86_64 0.9.1 32.00 113.00 145.00 OK
r-release-osx-x86_64 0.9 WARN
r-oldrel-windows-ix86+x86_64 0.9.1 16.00 81.00 97.00 OK
r-oldrel-osx-x86_64 0.9 WARN

Check Details

Version: 0.9
Check: whether package can be installed
Result: WARN
    Found the following significant warnings:
     Warning: iteration 7 invokes undefined behavior [-Waggressive-loop-optimizations]
Flavors: r-release-osx-x86_64, r-oldrel-osx-x86_64

Version: 0.9
Check: dependencies in R code
Result: NOTE
    Package in Depends field not imported from: ‘methods’
     These packages need to be imported from (in the NAMESPACE file)
     for when this namespace is loaded but not attached.
Flavors: r-release-osx-x86_64, r-oldrel-osx-x86_64

Version: 0.9
Check: R code for possible problems
Result: NOTE
    expv,CsparseMatrix-vector: no visible global function definition for
     ‘callGeneric’
    expv,CsparseMatrix-vector: no visible global function definition for
     ‘as’
    expv,matrix-vector: no visible global function definition for
     ‘callGeneric’
    expv,matrix-vector: no visible global function definition for ‘as’
    Undefined global functions or variables:
     as callGeneric
    Consider adding
     importFrom("methods", "as", "callGeneric")
    to your NAMESPACE file (and ensure that your DESCRIPTION Imports field
    contains 'methods').
Flavors: r-release-osx-x86_64, r-oldrel-osx-x86_64