CRAN Package Check Results for Package expoRkit

Last updated on 2014-04-24 15:50:37.

Flavor Version Tinstall Tcheck Ttotal Status Flags
r-devel-linux-x86_64-debian-clang 0.9 6.43 42.77 49.20 NOTE
r-devel-linux-x86_64-debian-gcc 0.9 6.38 42.14 48.53 NOTE
r-devel-linux-x86_64-fedora-clang 0.9 110.95 NOTE
r-devel-linux-x86_64-fedora-gcc 0.9 107.38 NOTE
r-devel-osx-x86_64-clang 0.9 86.35 NOTE
r-devel-osx-x86_64-gcc 0.9 NOTE
r-devel-windows-ix86+x86_64 0.9 17.00 76.00 93.00 NOTE
r-patched-linux-x86_64 0.9 6.20 41.53 47.73 NOTE
r-patched-solaris-sparc 0.9 590.60 NOTE
r-patched-solaris-x86 0.9 144.40 NOTE
r-release-linux-ix86 0.9 10.00 69.00 79.00 NOTE
r-release-linux-x86_64 0.9 6.18 42.36 48.54 NOTE
r-release-osx-x86_64-mavericks 0.9 NOTE
r-release-windows-ix86+x86_64 0.9 16.00 77.00 93.00 NOTE
r-oldrel-windows-ix86+x86_64 0.9 16.00 75.00 91.00 NOTE

Check Details

Version: 0.9
Check: dependencies in R code
Result: NOTE
    Package in Depends field not imported from: ‘methods’
     These packages need to be imported from (in the NAMESPACE file)
     for when this namespace is loaded but not attached.
    See the information on DESCRIPTION files in the chapter ‘Creating R
    packages’ of the ‘Writing R Extensions’ manual.
Flavors: r-devel-linux-x86_64-debian-clang, r-devel-linux-x86_64-debian-gcc, r-devel-linux-x86_64-fedora-clang, r-devel-linux-x86_64-fedora-gcc, r-devel-osx-x86_64-clang, r-devel-osx-x86_64-gcc, r-devel-windows-ix86+x86_64, r-patched-linux-x86_64, r-patched-solaris-sparc, r-patched-solaris-x86, r-release-linux-ix86, r-release-linux-x86_64, r-release-osx-x86_64-mavericks, r-release-windows-ix86+x86_64, r-oldrel-windows-ix86+x86_64