CRAN Package Check Results for Package expoRkit

Last updated on 2015-11-25 04:47:38.

Flavor Version Tinstall Tcheck Ttotal Status Flags
r-devel-linux-x86_64-debian-gcc 0.9 5.32 31.98 37.30 NOTE
r-devel-linux-x86_64-fedora-clang 0.9 77.76 WARN
r-devel-linux-x86_64-fedora-gcc 0.9 72.64 WARN
r-devel-osx-x86_64-clang 0.9 80.75 WARN
r-devel-windows-ix86+x86_64 0.9 20.00 75.00 95.00 NOTE
r-patched-linux-x86_64 0.9 5.55 33.58 39.14 NOTE
r-patched-solaris-sparc 0.9 463.70 NOTE
r-patched-solaris-x86 0.9 100.50 NOTE
r-release-linux-x86_64 0.9 5.58 35.29 40.88 NOTE
r-release-osx-x86_64-mavericks 0.9 NOTE
r-release-windows-ix86+x86_64 0.9 18.00 70.00 88.00 NOTE
r-oldrel-windows-ix86+x86_64 0.9 23.00 79.00 102.00 NOTE

Check Details

Version: 0.9
Check: dependencies in R code
Result: NOTE
    Package in Depends field not imported from: ‘methods’
     These packages need to be imported from (in the NAMESPACE file)
     for when this namespace is loaded but not attached.
Flavors: r-devel-linux-x86_64-debian-gcc, r-devel-linux-x86_64-fedora-clang, r-devel-linux-x86_64-fedora-gcc, r-devel-osx-x86_64-clang, r-devel-windows-ix86+x86_64, r-patched-linux-x86_64, r-patched-solaris-sparc, r-patched-solaris-x86, r-release-linux-x86_64, r-release-osx-x86_64-mavericks, r-release-windows-ix86+x86_64, r-oldrel-windows-ix86+x86_64

Version: 0.9
Check: R code for possible problems
Result: NOTE
    expv,CsparseMatrix-vector: no visible global function definition for
    expv,CsparseMatrix-vector: no visible global function definition for
    expv,matrix-vector: no visible global function definition for
    expv,matrix-vector: no visible global function definition for ‘as’
    Undefined global functions or variables:
     as callGeneric
    Consider adding
     importFrom("methods", "as", "callGeneric")
    to your NAMESPACE (and ensure that your DESCRIPTION Imports field
    contains 'methods').
Flavors: r-devel-linux-x86_64-debian-gcc, r-devel-linux-x86_64-fedora-clang, r-devel-linux-x86_64-fedora-gcc, r-devel-windows-ix86+x86_64

Version: 0.9
Check: whether package can be installed
Result: WARN
    Found the following significant warnings:
     Warning: iteration 7 invokes undefined behavior [-Waggressive-loop-optimizations]
Flavors: r-devel-linux-x86_64-fedora-clang, r-devel-linux-x86_64-fedora-gcc, r-devel-osx-x86_64-clang