CRAN Package Check Results for Package expoRkit

Last updated on 2015-05-23 06:46:43.

Flavor Version Tinstall Tcheck Ttotal Status Flags
r-devel-linux-x86_64-debian-clang 0.9 5.05 34.50 39.55 NOTE
r-devel-linux-x86_64-debian-gcc 0.9 4.92 33.40 38.32 NOTE
r-devel-linux-x86_64-fedora-clang 0.9 81.72 NOTE
r-devel-linux-x86_64-fedora-gcc 0.9 77.37 NOTE
r-devel-osx-x86_64-clang 0.9 70.47 NOTE
r-devel-windows-ix86+x86_64 0.9 15.00 67.00 82.00 NOTE
r-patched-linux-x86_64 0.9 5.42 33.60 39.03 NOTE
r-patched-solaris-sparc 0.9 490.50 NOTE
r-patched-solaris-x86 0.9 110.50 NOTE
r-release-linux-x86_64 0.9 5.13 34.60 39.74 NOTE
r-release-osx-x86_64-mavericks 0.9 NOTE
r-release-osx-x86_64-snowleopard 0.9 NOTE
r-release-windows-ix86+x86_64 0.9 13.00 68.00 81.00 NOTE
r-oldrel-windows-ix86+x86_64 0.9 16.00 114.00 130.00 NOTE

Check Details

Version: 0.9
Check: dependencies in R code
Result: NOTE
    Package in Depends field not imported from: ‘methods’
     These packages need to be imported from (in the NAMESPACE file)
     for when this namespace is loaded but not attached.
Flavors: r-devel-linux-x86_64-debian-clang, r-devel-linux-x86_64-debian-gcc, r-devel-linux-x86_64-fedora-clang, r-devel-linux-x86_64-fedora-gcc, r-devel-osx-x86_64-clang, r-devel-windows-ix86+x86_64, r-patched-linux-x86_64, r-patched-solaris-sparc, r-patched-solaris-x86, r-release-linux-x86_64, r-release-osx-x86_64-mavericks, r-release-osx-x86_64-snowleopard, r-release-windows-ix86+x86_64, r-oldrel-windows-ix86+x86_64