CRAN Package Check Results for Package expoRkit

Last updated on 2015-07-31 10:47:24.

Flavor Version Tinstall Tcheck Ttotal Status Flags
r-devel-linux-x86_64-debian-clang 0.9 5.38 34.65 40.03 NOTE
r-devel-linux-x86_64-debian-gcc 0.9 7.40 34.48 41.88 NOTE
r-devel-linux-x86_64-fedora-clang 0.9 82.03 NOTE
r-devel-linux-x86_64-fedora-gcc 0.9 76.06 NOTE
r-devel-osx-x86_64-clang 0.9 65.74 NOTE
r-devel-windows-ix86+x86_64 0.9 20.00 97.00 117.00 NOTE
r-patched-linux-x86_64 0.9 5.26 34.73 39.98 NOTE
r-patched-solaris-sparc 0.9 505.90 NOTE
r-patched-solaris-x86 0.9 111.10 NOTE
r-release-linux-x86_64 0.9 5.54 33.65 39.19 NOTE
r-release-osx-x86_64-mavericks 0.9 NOTE
r-release-windows-ix86+x86_64 0.9 19.00 97.00 116.00 NOTE
r-oldrel-windows-ix86+x86_64 0.9 18.00 95.00 113.00 NOTE

Check Details

Version: 0.9
Check: dependencies in R code
Result: NOTE
    Package in Depends field not imported from: ‘methods’
     These packages need to be imported from (in the NAMESPACE file)
     for when this namespace is loaded but not attached.
Flavors: r-devel-linux-x86_64-debian-clang, r-devel-linux-x86_64-debian-gcc, r-devel-linux-x86_64-fedora-clang, r-devel-linux-x86_64-fedora-gcc, r-devel-osx-x86_64-clang, r-devel-windows-ix86+x86_64, r-patched-linux-x86_64, r-patched-solaris-sparc, r-patched-solaris-x86, r-release-linux-x86_64, r-release-osx-x86_64-mavericks, r-release-windows-ix86+x86_64, r-oldrel-windows-ix86+x86_64

Version: 0.9
Check: R code for possible problems
Result: NOTE
    expv,CsparseMatrix-vector: no visible global function definition for
     ‘callGeneric’
    expv,CsparseMatrix-vector: no visible global function definition for
     ‘as’
    expv,matrix-vector: no visible global function definition for
     ‘callGeneric’
    expv,matrix-vector: no visible global function definition for ‘as’
    Undefined global functions or variables:
     as callGeneric
    Consider adding
     importFrom("methods", "as", "callGeneric")
    to your NAMESPACE.
Flavors: r-devel-linux-x86_64-debian-clang, r-devel-linux-x86_64-debian-gcc, r-devel-linux-x86_64-fedora-clang, r-devel-linux-x86_64-fedora-gcc, r-devel-windows-ix86+x86_64