CRAN Package Check Results for Package expoRkit

Last updated on 2014-11-28 03:47:32.

Flavor Version Tinstall Tcheck Ttotal Status Flags
r-devel-linux-x86_64-debian-clang 0.9 6.16 41.18 47.34 NOTE
r-devel-linux-x86_64-debian-gcc 0.9 5.84 39.17 45.01 NOTE
r-devel-linux-x86_64-fedora-clang 0.9 111.09 NOTE
r-devel-linux-x86_64-fedora-gcc 0.9 125.05 NOTE
r-devel-osx-x86_64-clang 0.9 92.10 NOTE
r-devel-windows-ix86+x86_64 0.9 15.00 74.00 89.00 NOTE
r-patched-linux-x86_64 0.9 5.97 41.11 47.08 NOTE
r-patched-solaris-sparc 0.9 603.30 NOTE
r-patched-solaris-x86 0.9 143.80 NOTE
r-release-linux-ix86 0.9 8.06 49.76 57.82 NOTE
r-release-linux-x86_64 0.9 5.80 40.97 46.77 NOTE
r-release-osx-x86_64-mavericks 0.9 NOTE
r-release-windows-ix86+x86_64 0.9 16.00 77.00 93.00 NOTE
r-oldrel-windows-ix86+x86_64 0.9 17.00 80.00 97.00 NOTE

Check Details

Version: 0.9
Check: dependencies in R code
Result: NOTE
    Package in Depends field not imported from: ‘methods’
     These packages need to be imported from (in the NAMESPACE file)
     for when this namespace is loaded but not attached.
    See the information on DESCRIPTION files in the chapter ‘Creating R
    packages’ of the ‘Writing R Extensions’ manual.
Flavors: r-devel-linux-x86_64-debian-clang, r-devel-linux-x86_64-debian-gcc, r-devel-linux-x86_64-fedora-clang, r-devel-linux-x86_64-fedora-gcc, r-devel-osx-x86_64-clang, r-devel-windows-ix86+x86_64, r-patched-linux-x86_64, r-patched-solaris-sparc, r-patched-solaris-x86, r-release-linux-ix86, r-release-linux-x86_64, r-release-osx-x86_64-mavericks, r-release-windows-ix86+x86_64, r-oldrel-windows-ix86+x86_64