CRAN Package Check Results for Package expoRkit

Last updated on 2014-12-22 13:47:54.

Flavor Version Tinstall Tcheck Ttotal Status Flags
r-devel-linux-x86_64-debian-clang 0.9 5.61 39.04 44.64 NOTE
r-devel-linux-x86_64-debian-gcc 0.9 5.43 38.48 43.91 NOTE
r-devel-linux-x86_64-fedora-clang 0.9 107.75 NOTE
r-devel-linux-x86_64-fedora-gcc 0.9 102.21 NOTE
r-devel-osx-x86_64-clang 0.9 90.17 NOTE
r-devel-windows-ix86+x86_64 0.9 15.00 73.00 88.00 NOTE
r-patched-linux-x86_64 0.9 6.19 39.57 45.76 NOTE
r-patched-solaris-sparc 0.9 599.60 NOTE
r-patched-solaris-x86 0.9 145.20 NOTE
r-release-linux-ix86 0.9 8.00 49.53 57.52 NOTE
r-release-linux-x86_64 0.9 6.34 40.08 46.42 NOTE
r-release-osx-x86_64-mavericks 0.9 NOTE
r-release-windows-ix86+x86_64 0.9 16.00 79.00 95.00 NOTE
r-oldrel-windows-ix86+x86_64 0.9 16.00 78.00 94.00 NOTE

Check Details

Version: 0.9
Check: dependencies in R code
Result: NOTE
    Package in Depends field not imported from: ‘methods’
     These packages need to be imported from (in the NAMESPACE file)
     for when this namespace is loaded but not attached.
    See the information on DESCRIPTION files in the chapter ‘Creating R
    packages’ of the ‘Writing R Extensions’ manual.
Flavors: r-devel-linux-x86_64-debian-clang, r-devel-linux-x86_64-debian-gcc, r-devel-linux-x86_64-fedora-clang, r-devel-linux-x86_64-fedora-gcc, r-devel-osx-x86_64-clang, r-devel-windows-ix86+x86_64, r-patched-linux-x86_64, r-patched-solaris-sparc, r-patched-solaris-x86, r-release-linux-ix86, r-release-linux-x86_64, r-release-osx-x86_64-mavericks, r-release-windows-ix86+x86_64, r-oldrel-windows-ix86+x86_64