CRAN Package Check Results for Package expoRkit

Last updated on 2014-10-21 10:49:28.

Flavor Version Tinstall Tcheck Ttotal Status Flags
r-devel-linux-x86_64-debian-clang 0.9 5.62 40.70 46.31 NOTE
r-devel-linux-x86_64-debian-gcc 0.9 5.64 40.60 46.23 NOTE
r-devel-linux-x86_64-fedora-clang 0.9 110.90 NOTE
r-devel-linux-x86_64-fedora-gcc 0.9 103.80 NOTE
r-devel-osx-x86_64-clang 0.9 93.91 NOTE
r-devel-windows-ix86+x86_64 0.9 16.00 75.00 91.00 NOTE
r-patched-linux-x86_64 0.9 5.86 41.12 46.98 NOTE
r-patched-solaris-sparc 0.9 603.30 NOTE
r-patched-solaris-x86 0.9 144.40 NOTE
r-release-linux-ix86 0.9 8.53 51.61 60.14 NOTE
r-release-linux-x86_64 0.9 5.86 41.47 47.33 NOTE
r-release-osx-x86_64-mavericks 0.9 NOTE
r-release-windows-ix86+x86_64 0.9 13.00 80.00 93.00 NOTE
r-oldrel-windows-ix86+x86_64 0.9 16.00 76.00 92.00 NOTE

Check Details

Version: 0.9
Check: dependencies in R code
Result: NOTE
    Package in Depends field not imported from: ‘methods’
     These packages need to be imported from (in the NAMESPACE file)
     for when this namespace is loaded but not attached.
    See the information on DESCRIPTION files in the chapter ‘Creating R
    packages’ of the ‘Writing R Extensions’ manual.
Flavors: r-devel-linux-x86_64-debian-clang, r-devel-linux-x86_64-debian-gcc, r-devel-linux-x86_64-fedora-clang, r-devel-linux-x86_64-fedora-gcc, r-devel-osx-x86_64-clang, r-devel-windows-ix86+x86_64, r-patched-linux-x86_64, r-patched-solaris-sparc, r-patched-solaris-x86, r-release-linux-ix86, r-release-linux-x86_64, r-release-osx-x86_64-mavericks, r-release-windows-ix86+x86_64, r-oldrel-windows-ix86+x86_64