CRAN Package Check Results for Package expoRkit

Last updated on 2014-07-26 10:48:24.

Flavor Version Tinstall Tcheck Ttotal Status Flags
r-devel-linux-x86_64-debian-clang 0.9 5.88 40.11 45.98 NOTE
r-devel-linux-x86_64-debian-gcc 0.9 5.75 39.91 45.66 NOTE
r-devel-linux-x86_64-fedora-clang 0.9 109.81 NOTE
r-devel-linux-x86_64-fedora-gcc 0.9 104.49 NOTE
r-devel-osx-x86_64-clang 0.9 90.75 NOTE
r-devel-windows-ix86+x86_64 0.9 16.00 75.00 91.00 NOTE
r-patched-linux-x86_64 0.9 5.96 40.48 46.44 NOTE
r-patched-solaris-sparc 0.9 590.60 NOTE
r-patched-solaris-x86 0.9 142.00 NOTE
r-release-linux-ix86 0.9 8.48 50.62 59.10 NOTE
r-release-linux-x86_64 0.9 6.06 40.74 46.80 NOTE
r-release-osx-x86_64-mavericks 0.9 NOTE
r-release-windows-ix86+x86_64 0.9 16.00 73.00 89.00 NOTE
r-oldrel-windows-ix86+x86_64 0.9 15.00 74.00 89.00 NOTE

Check Details

Version: 0.9
Check: dependencies in R code
Result: NOTE
    Package in Depends field not imported from: ‘methods’
     These packages need to be imported from (in the NAMESPACE file)
     for when this namespace is loaded but not attached.
    See the information on DESCRIPTION files in the chapter ‘Creating R
    packages’ of the ‘Writing R Extensions’ manual.
Flavors: r-devel-linux-x86_64-debian-clang, r-devel-linux-x86_64-debian-gcc, r-devel-linux-x86_64-fedora-clang, r-devel-linux-x86_64-fedora-gcc, r-devel-osx-x86_64-clang, r-devel-windows-ix86+x86_64, r-patched-linux-x86_64, r-patched-solaris-sparc, r-patched-solaris-x86, r-release-linux-ix86, r-release-linux-x86_64, r-release-osx-x86_64-mavericks, r-release-windows-ix86+x86_64, r-oldrel-windows-ix86+x86_64