CRAN Package Check Results for Package expoRkit

Last updated on 2015-03-31 03:48:29.

Flavor Version Tinstall Tcheck Ttotal Status Flags
r-devel-linux-x86_64-debian-clang 0.9 5.08 34.28 39.36 NOTE
r-devel-linux-x86_64-debian-gcc 0.9 5.24 35.35 40.59 NOTE
r-devel-linux-x86_64-fedora-clang 0.9 80.52 NOTE
r-devel-linux-x86_64-fedora-gcc 0.9 79.79 NOTE
r-devel-osx-x86_64-clang 0.9 77.50 NOTE
r-prerel-windows-ix86+x86_64 0.9 15.00 66.00 81.00 NOTE
r-prerel-linux-x86_64 0.9 5.26 33.49 38.76 NOTE
r-prerel-solaris-sparc 0.9 475.90 NOTE
r-prerel-solaris-x86 0.9 105.60 NOTE
r-release-linux-x86_64 0.9 5.88 41.15 47.03 NOTE
r-release-osx-x86_64-mavericks 0.9 NOTE
r-release-windows-ix86+x86_64 0.9 16.00 76.00 92.00 NOTE
r-oldrel-windows-ix86+x86_64 0.9 18.00 77.00 95.00 NOTE

Check Details

Version: 0.9
Check: dependencies in R code
Result: NOTE
    Package in Depends field not imported from: ‘methods’
     These packages need to be imported from (in the NAMESPACE file)
     for when this namespace is loaded but not attached.
Flavors: r-devel-linux-x86_64-debian-clang, r-devel-linux-x86_64-debian-gcc, r-devel-linux-x86_64-fedora-clang, r-devel-linux-x86_64-fedora-gcc, r-devel-osx-x86_64-clang, r-prerel-windows-ix86+x86_64, r-prerel-linux-x86_64, r-prerel-solaris-sparc, r-prerel-solaris-x86, r-release-linux-x86_64, r-release-windows-ix86+x86_64

Version: 0.9
Check: dependencies in R code
Result: NOTE
    Package in Depends field not imported from: ‘methods’
     These packages need to be imported from (in the NAMESPACE file)
     for when this namespace is loaded but not attached.
    See the information on DESCRIPTION files in the chapter ‘Creating R
    packages’ of the ‘Writing R Extensions’ manual.
Flavors: r-release-osx-x86_64-mavericks, r-oldrel-windows-ix86+x86_64