CRAN Package Check Results for Package expoRkit

Last updated on 2017-06-23 14:47:00.

Flavor Version Tinstall Tcheck Ttotal Status Flags
r-devel-linux-x86_64-debian-clang 0.9 5.45 37.97 43.42 NOTE
r-devel-linux-x86_64-debian-gcc 0.9 5.64 34.50 40.14 NOTE
r-devel-linux-x86_64-fedora-clang 0.9 87.36 WARN
r-devel-linux-x86_64-fedora-gcc 0.9 86.55 WARN
r-devel-windows-ix86+x86_64 0.9 28.00 105.00 133.00 NOTE
r-patched-linux-x86_64 0.9 5.11 34.08 39.19 NOTE
r-patched-solaris-sparc 0.9 503.40 NOTE
r-patched-solaris-x86 0.9 116.80 NOTE
r-release-linux-x86_64 0.9 5.66 35.74 41.40 NOTE
r-release-windows-ix86+x86_64 0.9 16.00 101.00 117.00 NOTE
r-release-osx-x86_64 0.9 WARN
r-oldrel-windows-ix86+x86_64 0.9 23.00 87.00 110.00 NOTE
r-oldrel-osx-x86_64 0.9 NOTE

Check Details

Version: 0.9
Check: dependencies in R code
Result: NOTE
    Package in Depends field not imported from: ‘methods’
     These packages need to be imported from (in the NAMESPACE file)
     for when this namespace is loaded but not attached.
Flavors: r-devel-linux-x86_64-debian-clang, r-devel-linux-x86_64-debian-gcc, r-devel-linux-x86_64-fedora-clang, r-devel-linux-x86_64-fedora-gcc, r-devel-windows-ix86+x86_64, r-patched-linux-x86_64, r-patched-solaris-sparc, r-patched-solaris-x86, r-release-linux-x86_64, r-release-windows-ix86+x86_64, r-release-osx-x86_64, r-oldrel-windows-ix86+x86_64, r-oldrel-osx-x86_64

Version: 0.9
Check: R code for possible problems
Result: NOTE
    expv,CsparseMatrix-vector: no visible global function definition for
     ‘callGeneric’
    expv,CsparseMatrix-vector: no visible global function definition for
     ‘as’
    expv,matrix-vector: no visible global function definition for
     ‘callGeneric’
    expv,matrix-vector: no visible global function definition for ‘as’
    Undefined global functions or variables:
     as callGeneric
    Consider adding
     importFrom("methods", "as", "callGeneric")
    to your NAMESPACE file (and ensure that your DESCRIPTION Imports field
    contains 'methods').
Flavors: r-devel-linux-x86_64-debian-clang, r-devel-linux-x86_64-debian-gcc, r-devel-linux-x86_64-fedora-clang, r-devel-linux-x86_64-fedora-gcc, r-devel-windows-ix86+x86_64, r-patched-linux-x86_64, r-patched-solaris-sparc, r-patched-solaris-x86, r-release-linux-x86_64, r-release-windows-ix86+x86_64, r-release-osx-x86_64, r-oldrel-windows-ix86+x86_64, r-oldrel-osx-x86_64

Version: 0.9
Check: compiled code
Result: NOTE
    File ‘expoRkit/libs/expoRkit.so’:
     Found no calls to: ‘R_registerRoutines’, ‘R_useDynamicSymbols’
    
    It is good practice to register native routines and to disable symbol
    search.
    
    See ‘Writing portable packages’ in the ‘Writing R Extensions’ manual.
Flavors: r-devel-linux-x86_64-debian-clang, r-devel-linux-x86_64-debian-gcc, r-devel-linux-x86_64-fedora-clang, r-devel-linux-x86_64-fedora-gcc, r-patched-linux-x86_64, r-release-linux-x86_64

Version: 0.9
Check: whether package can be installed
Result: WARN
    Found the following significant warnings:
     Warning: iteration 7 invokes undefined behavior [-Waggressive-loop-optimizations]
Flavors: r-devel-linux-x86_64-fedora-clang, r-devel-linux-x86_64-fedora-gcc, r-release-osx-x86_64