CRAN Package Check Results for Package expoRkit

Last updated on 2016-02-06 02:49:43.

Flavor Version Tinstall Tcheck Ttotal Status Flags
r-devel-linux-x86_64-debian-gcc 0.9 5.34 33.34 38.68 NOTE
r-devel-linux-x86_64-fedora-clang 0.9 76.26 WARN
r-devel-linux-x86_64-fedora-gcc 0.9 73.62 WARN
r-devel-osx-x86_64-clang 0.9 76.65 WARN
r-devel-windows-ix86+x86_64 0.9 20.00 77.00 97.00 NOTE
r-patched-linux-x86_64 0.9 5.54 34.85 40.39 NOTE
r-patched-solaris-sparc 0.9 468.10 NOTE
r-patched-solaris-x86 0.9 104.30 NOTE
r-release-linux-x86_64 0.9 5.39 35.68 41.07 NOTE
r-release-osx-x86_64-mavericks 0.9 NOTE
r-release-windows-ix86+x86_64 0.9 17.00 77.00 94.00 NOTE
r-oldrel-windows-ix86+x86_64 0.9 21.00 99.00 120.00 NOTE

Check Details

Version: 0.9
Check: dependencies in R code
Result: NOTE
    Package in Depends field not imported from: ‘methods’
     These packages need to be imported from (in the NAMESPACE file)
     for when this namespace is loaded but not attached.
Flavors: r-devel-linux-x86_64-debian-gcc, r-devel-linux-x86_64-fedora-clang, r-devel-linux-x86_64-fedora-gcc, r-devel-osx-x86_64-clang, r-devel-windows-ix86+x86_64, r-patched-linux-x86_64, r-patched-solaris-sparc, r-patched-solaris-x86, r-release-linux-x86_64, r-release-osx-x86_64-mavericks, r-release-windows-ix86+x86_64, r-oldrel-windows-ix86+x86_64

Version: 0.9
Check: R code for possible problems
Result: NOTE
    expv,CsparseMatrix-vector: no visible global function definition for
     ‘callGeneric’
    expv,CsparseMatrix-vector: no visible global function definition for
     ‘as’
    expv,matrix-vector: no visible global function definition for
     ‘callGeneric’
    expv,matrix-vector: no visible global function definition for ‘as’
    Undefined global functions or variables:
     as callGeneric
    Consider adding
     importFrom("methods", "as", "callGeneric")
    to your NAMESPACE (and ensure that your DESCRIPTION Imports field
    contains 'methods').
Flavors: r-devel-linux-x86_64-debian-gcc, r-devel-linux-x86_64-fedora-clang, r-devel-linux-x86_64-fedora-gcc, r-devel-windows-ix86+x86_64

Version: 0.9
Check: whether package can be installed
Result: WARN
    Found the following significant warnings:
     Warning: iteration 7 invokes undefined behavior [-Waggressive-loop-optimizations]
Flavors: r-devel-linux-x86_64-fedora-clang, r-devel-linux-x86_64-fedora-gcc, r-devel-osx-x86_64-clang