CRAN Package Check Results for Package expoRkit

Last updated on 2015-01-28 22:47:37.

Flavor Version Tinstall Tcheck Ttotal Status Flags
r-devel-linux-x86_64-debian-clang 0.9 5.74 37.07 42.80 NOTE
r-devel-linux-x86_64-debian-gcc 0.9 5.37 35.62 40.99 NOTE
r-devel-linux-x86_64-fedora-clang 0.9 108.03 NOTE
r-devel-linux-x86_64-fedora-gcc 0.9 102.47 NOTE
r-devel-osx-x86_64-clang 0.9 90.07 NOTE
r-devel-windows-ix86+x86_64 0.9 20.00 70.00 90.00 NOTE
r-patched-linux-x86_64 0.9 5.80 40.41 46.20 NOTE
r-patched-solaris-sparc 0.9 600.40 NOTE
r-patched-solaris-x86 0.9 144.50 NOTE
r-release-linux-ix86 0.9 8.04 50.15 58.18 NOTE
r-release-linux-x86_64 0.9 6.04 41.27 47.31 NOTE
r-release-osx-x86_64-mavericks 0.9 NOTE
r-release-windows-ix86+x86_64 0.9 17.00 83.00 100.00 NOTE
r-oldrel-windows-ix86+x86_64 0.9 17.00 108.00 125.00 NOTE

Check Details

Version: 0.9
Check: dependencies in R code
Result: NOTE
    Package in Depends field not imported from: ‘methods’
     These packages need to be imported from (in the NAMESPACE file)
     for when this namespace is loaded but not attached.
Flavors: r-devel-linux-x86_64-debian-clang, r-devel-linux-x86_64-debian-gcc, r-devel-linux-x86_64-fedora-clang, r-devel-linux-x86_64-fedora-gcc, r-devel-osx-x86_64-clang, r-devel-windows-ix86+x86_64

Version: 0.9
Check: dependencies in R code
Result: NOTE
    Package in Depends field not imported from: ‘methods’
     These packages need to be imported from (in the NAMESPACE file)
     for when this namespace is loaded but not attached.
    See the information on DESCRIPTION files in the chapter ‘Creating R
    packages’ of the ‘Writing R Extensions’ manual.
Flavors: r-patched-linux-x86_64, r-patched-solaris-sparc, r-patched-solaris-x86, r-release-linux-ix86, r-release-linux-x86_64, r-release-osx-x86_64-mavericks, r-release-windows-ix86+x86_64, r-oldrel-windows-ix86+x86_64