CRAN Package Check Results for Package expoRkit

Last updated on 2014-08-23 02:49:54.

Flavor Version Tinstall Tcheck Ttotal Status Flags
r-devel-linux-x86_64-debian-clang 0.9 6.10 40.75 46.85 NOTE
r-devel-linux-x86_64-debian-gcc 0.9 5.68 39.47 45.15 NOTE
r-devel-linux-x86_64-fedora-clang 0.9 109.60 NOTE
r-devel-linux-x86_64-fedora-gcc 0.9 105.07 NOTE
r-devel-osx-x86_64-clang 0.9 89.58 NOTE
r-devel-windows-ix86+x86_64 0.9 15.00 74.00 89.00 NOTE
r-patched-linux-x86_64 0.9 5.99 39.92 45.90 NOTE
r-patched-solaris-sparc 0.9 603.30 NOTE
r-patched-solaris-x86 0.9 144.00 NOTE
r-release-linux-ix86 0.9 8.54 51.43 59.97 NOTE
r-release-linux-x86_64 0.9 5.79 40.80 46.59 NOTE
r-release-osx-x86_64-mavericks 0.9 NOTE
r-release-windows-ix86+x86_64 0.9 19.00 79.00 98.00 NOTE
r-oldrel-windows-ix86+x86_64 0.9 15.00 75.00 90.00 NOTE

Check Details

Version: 0.9
Check: dependencies in R code
Result: NOTE
    Package in Depends field not imported from: ‘methods’
     These packages need to be imported from (in the NAMESPACE file)
     for when this namespace is loaded but not attached.
    See the information on DESCRIPTION files in the chapter ‘Creating R
    packages’ of the ‘Writing R Extensions’ manual.
Flavors: r-devel-linux-x86_64-debian-clang, r-devel-linux-x86_64-debian-gcc, r-devel-linux-x86_64-fedora-clang, r-devel-linux-x86_64-fedora-gcc, r-devel-osx-x86_64-clang, r-devel-windows-ix86+x86_64, r-patched-linux-x86_64, r-patched-solaris-sparc, r-patched-solaris-x86, r-release-linux-ix86, r-release-linux-x86_64, r-release-osx-x86_64-mavericks, r-release-windows-ix86+x86_64, r-oldrel-windows-ix86+x86_64