CRAN Package Check Results for Package expoTree

Last updated on 2015-09-04 05:46:46.

Flavor Version Tinstall Tcheck Ttotal Status Flags
r-devel-linux-x86_64-debian-clang 1.0.1 2.88 12.86 15.74 NOTE
r-devel-linux-x86_64-debian-gcc 1.0.1 3.27 12.81 16.08 NOTE
r-devel-linux-x86_64-fedora-clang 1.0.1 31.03 NOTE
r-devel-linux-x86_64-fedora-gcc 1.0.1 28.73 NOTE
r-devel-osx-x86_64-clang 1.0.1 29.48 NOTE
r-devel-windows-ix86+x86_64 1.0.1 22.00 39.00 61.00 NOTE
r-patched-linux-x86_64 1.0.1 3.57 13.12 16.69 NOTE
r-patched-solaris-sparc 1.0.1 197.90 NOTE
r-patched-solaris-x86 1.0.1 45.30 NOTE
r-release-linux-x86_64 1.0.1 3.40 12.98 16.38 NOTE
r-release-osx-x86_64-mavericks 1.0.1 NOTE
r-release-windows-ix86+x86_64 1.0.1 25.00 53.00 78.00 NOTE
r-oldrel-windows-ix86+x86_64 1.0.1 26.00 40.00 66.00 NOTE

Memtest notes: valgrind

Check Details

Version: 1.0.1
Check: dependencies in R code
Result: NOTE
    Packages in Depends field not imported from:
     ‘ape’ ‘deSolve’
     These packages need to be imported from (in the NAMESPACE file)
     for when this namespace is loaded but not attached.
Flavors: r-devel-linux-x86_64-debian-clang, r-devel-linux-x86_64-debian-gcc, r-devel-linux-x86_64-fedora-clang, r-devel-linux-x86_64-fedora-gcc, r-devel-osx-x86_64-clang, r-devel-windows-ix86+x86_64, r-patched-linux-x86_64, r-patched-solaris-sparc, r-patched-solaris-x86, r-release-linux-x86_64, r-release-osx-x86_64-mavericks, r-release-windows-ix86+x86_64, r-oldrel-windows-ix86+x86_64

Version: 1.0.1
Check: R code for possible problems
Result: NOTE
    expoTree.optim: no visible global function definition for ‘optim’
    node.age: no visible global function definition for ‘is.binary.tree’
    node.age: no visible global function definition for ‘multi2di’
    plotLTT: no visible global function definition for ‘rgb’
    plotLTT: no visible global function definition for ‘par’
    plotLTT: no visible global function definition for ‘lines’
    plotLTT: no visible global function definition for ‘axis’
    plotLTT: no visible global function definition for ‘mtext’
    Undefined global functions or variables:
     axis is.binary.tree lines mtext multi2di optim par rgb
    Consider adding
     importFrom("grDevices", "rgb")
     importFrom("graphics", "axis", "lines", "mtext", "par")
     importFrom("stats", "optim")
    to your NAMESPACE.
Flavors: r-devel-linux-x86_64-debian-clang, r-devel-linux-x86_64-debian-gcc, r-devel-linux-x86_64-fedora-clang, r-devel-linux-x86_64-fedora-gcc, r-devel-windows-ix86+x86_64

Version: 1.0.1
Check: R code for possible problems
Result: NOTE
    node.age: no visible global function definition for ‘is.binary.tree’
    node.age: no visible global function definition for ‘multi2di’
    Undefined global functions or variables:
     is.binary.tree multi2di
Flavor: r-devel-osx-x86_64-clang

Version: 1.0.1
Check: R code for possible problems
Result: NOTE
    node.age: no visible global function definition for ‘is.binary.tree’
    node.age: no visible global function definition for ‘multi2di’
Flavors: r-patched-linux-x86_64, r-patched-solaris-sparc, r-patched-solaris-x86, r-release-linux-x86_64, r-release-osx-x86_64-mavericks, r-release-windows-ix86+x86_64, r-oldrel-windows-ix86+x86_64