CRAN Package Check Results for Package expoTree

Last updated on 2014-09-23 12:46:55.

Flavor Version Tinstall Tcheck Ttotal Status Flags
r-devel-linux-x86_64-debian-clang 1.0.1 2.85 13.01 15.86 NOTE
r-devel-linux-x86_64-debian-gcc 1.0.1 3.53 12.62 16.15 NOTE
r-devel-linux-x86_64-fedora-clang 1.0.1 31.83 NOTE
r-devel-linux-x86_64-fedora-gcc 1.0.1 29.80 NOTE
r-devel-osx-x86_64-clang 1.0.1 34.71 NOTE
r-devel-windows-ix86+x86_64 1.0.1 19.00 33.00 52.00 NOTE
r-patched-linux-x86_64 1.0.1 3.38 13.45 16.84 NOTE
r-patched-solaris-sparc 1.0.1 199.90 NOTE
r-patched-solaris-x86 1.0.1 45.90 NOTE
r-release-linux-ix86 1.0.1 4.58 20.60 25.17 NOTE
r-release-linux-x86_64 1.0.1 3.49 13.68 17.17 NOTE
r-release-osx-x86_64-mavericks 1.0.1 NOTE
r-release-osx-x86_64-snowleopard 1.0.1 ERROR
r-release-windows-ix86+x86_64 1.0.1 19.00 34.00 53.00 NOTE
r-oldrel-windows-ix86+x86_64 1.0.1 17.00 37.00 54.00 NOTE

Memtest notes: valgrind

Check Details

Version: 1.0.1
Check: dependencies in R code
Result: NOTE
    Packages in Depends field not imported from:
     ‘ape’ ‘deSolve’
     These packages need to be imported from (in the NAMESPACE file)
     for when this namespace is loaded but not attached.
    See the information on DESCRIPTION files in the chapter ‘Creating R
    packages’ of the ‘Writing R Extensions’ manual.
Flavors: r-devel-linux-x86_64-debian-clang, r-devel-linux-x86_64-debian-gcc, r-devel-linux-x86_64-fedora-clang, r-devel-linux-x86_64-fedora-gcc, r-devel-osx-x86_64-clang, r-devel-windows-ix86+x86_64, r-patched-linux-x86_64, r-patched-solaris-sparc, r-patched-solaris-x86, r-release-linux-ix86, r-release-linux-x86_64, r-release-osx-x86_64-mavericks, r-release-windows-ix86+x86_64, r-oldrel-windows-ix86+x86_64

Version: 1.0.1
Check: R code for possible problems
Result: NOTE
    node.age: no visible global function definition for ‘is.binary.tree’
    node.age: no visible global function definition for ‘multi2di’
Flavors: r-devel-linux-x86_64-debian-clang, r-devel-linux-x86_64-debian-gcc, r-devel-linux-x86_64-fedora-clang, r-devel-linux-x86_64-fedora-gcc, r-devel-osx-x86_64-clang, r-devel-windows-ix86+x86_64

Version: 1.0.1
Check: whether package can be installed
Result: ERROR
    Installation failed.
Flavor: r-release-osx-x86_64-snowleopard