CRAN Package Check Results for Package expoTree

Last updated on 2016-12-02 23:48:00.

Flavor Version Tinstall Tcheck Ttotal Status Flags
r-devel-linux-x86_64-debian-clang 1.0.1 3.77 17.73 21.50 NOTE
r-devel-linux-x86_64-debian-gcc 1.0.1 4.05 15.93 19.98 NOTE
r-devel-linux-x86_64-fedora-clang 1.0.1 35.15 NOTE
r-devel-linux-x86_64-fedora-gcc 1.0.1 32.29 NOTE
r-devel-macos-x86_64-clang 1.0.1 29.75 NOTE
r-devel-windows-ix86+x86_64 1.0.1 16.00 59.00 75.00 NOTE
r-patched-linux-x86_64 1.0.1 3.35 13.39 16.75 NOTE
r-patched-solaris-sparc 1.0.1 174.70 NOTE
r-patched-solaris-x86 1.0.1 39.70 NOTE
r-release-linux-x86_64 1.0.1 3.39 13.80 17.19 NOTE
r-release-osx-x86_64-mavericks 1.0.1 NOTE
r-release-windows-ix86+x86_64 1.0.1 21.00 70.00 91.00 NOTE
r-oldrel-windows-ix86+x86_64 1.0.1 29.00 42.00 71.00 NOTE

Memtest notes: valgrind

Check Details

Version: 1.0.1
Check: dependencies in R code
Result: NOTE
    Packages in Depends field not imported from:
     ‘ape’ ‘deSolve’
     These packages need to be imported from (in the NAMESPACE file)
     for when this namespace is loaded but not attached.
Flavors: r-devel-linux-x86_64-debian-clang, r-devel-linux-x86_64-debian-gcc, r-devel-linux-x86_64-fedora-clang, r-devel-linux-x86_64-fedora-gcc, r-devel-macos-x86_64-clang, r-devel-windows-ix86+x86_64, r-patched-linux-x86_64, r-patched-solaris-sparc, r-patched-solaris-x86, r-release-linux-x86_64, r-release-osx-x86_64-mavericks, r-release-windows-ix86+x86_64, r-oldrel-windows-ix86+x86_64

Version: 1.0.1
Check: R code for possible problems
Result: NOTE
    expoTree.optim: no visible global function definition for ‘optim’
    node.age: no visible global function definition for ‘is.binary.tree’
    node.age: no visible global function definition for ‘multi2di’
    plotLTT: no visible global function definition for ‘rgb’
    plotLTT: no visible global function definition for ‘par’
    plotLTT: no visible global function definition for ‘lines’
    plotLTT: no visible global function definition for ‘axis’
    plotLTT: no visible global function definition for ‘mtext’
    Undefined global functions or variables:
     axis is.binary.tree lines mtext multi2di optim par rgb
    Consider adding
     importFrom("grDevices", "rgb")
     importFrom("graphics", "axis", "lines", "mtext", "par")
     importFrom("stats", "optim")
    to your NAMESPACE file.
Flavors: r-devel-linux-x86_64-debian-clang, r-devel-linux-x86_64-debian-gcc, r-devel-linux-x86_64-fedora-clang, r-devel-linux-x86_64-fedora-gcc, r-devel-macos-x86_64-clang, r-devel-windows-ix86+x86_64, r-patched-linux-x86_64, r-patched-solaris-sparc, r-patched-solaris-x86, r-release-linux-x86_64, r-release-osx-x86_64-mavericks, r-release-windows-ix86+x86_64

Version: 1.0.1
Check: R code for possible problems
Result: NOTE
    node.age: no visible global function definition for 'is.binary.tree'
    node.age: no visible global function definition for 'multi2di'
Flavor: r-oldrel-windows-ix86+x86_64