CRAN Package Check Results for Package expoTree

Last updated on 2014-07-30 11:49:48.

Flavor Version Tinstall Tcheck Ttotal Status Flags
r-devel-linux-x86_64-debian-clang 1.0.1 2.70 12.76 15.46 NOTE
r-devel-linux-x86_64-debian-gcc 1.0.1 3.38 12.78 16.17 NOTE
r-devel-linux-x86_64-fedora-clang 1.0.1 33.25 NOTE
r-devel-linux-x86_64-fedora-gcc 1.0.1 30.51 NOTE
r-devel-osx-x86_64-clang 1.0.1 33.18 NOTE
r-devel-windows-ix86+x86_64 1.0.1 19.00 31.00 50.00 NOTE
r-patched-linux-x86_64 1.0.1 3.29 13.10 16.39 NOTE
r-patched-solaris-sparc 1.0.1 182.30 NOTE
r-patched-solaris-x86 1.0.1 44.80 NOTE
r-release-linux-ix86 1.0.1 4.70 20.12 24.82 NOTE
r-release-linux-x86_64 1.0.1 3.43 13.32 16.75 NOTE
r-release-osx-x86_64-mavericks 1.0.1 NOTE
r-release-osx-x86_64-snowleopard 1.0.1 ERROR
r-release-windows-ix86+x86_64 1.0.1 16.00 35.00 51.00 NOTE
r-oldrel-windows-ix86+x86_64 1.0.1 17.00 36.00 53.00 NOTE

Memtest notes: valgrind

Check Details

Version: 1.0.1
Check: dependencies in R code
Result: NOTE
    Packages in Depends field not imported from:
     ape deSolve
     These packages need to be imported from (in the NAMESPACE file)
     for when this namespace is loaded but not attached.
    See the information on DESCRIPTION files in the chapter Creating R
    packages of the Writing R Extensions manual.
Flavors: r-devel-linux-x86_64-debian-clang, r-devel-linux-x86_64-debian-gcc, r-devel-linux-x86_64-fedora-clang, r-devel-linux-x86_64-fedora-gcc, r-devel-osx-x86_64-clang, r-devel-windows-ix86+x86_64, r-patched-linux-x86_64, r-patched-solaris-sparc, r-patched-solaris-x86, r-release-linux-ix86, r-release-linux-x86_64, r-release-osx-x86_64-mavericks, r-release-windows-ix86+x86_64, r-oldrel-windows-ix86+x86_64

Version: 1.0.1
Check: whether package can be installed
Result: ERROR
    Installation failed.
Flavor: r-release-osx-x86_64-snowleopard