CRAN Package Check Results for Package expoTree

Last updated on 2014-04-17 02:47:45.

Flavor Version Tinstall Tcheck Ttotal Status Flags
r-devel-linux-x86_64-debian-clang 1.0.1 3.24 13.72 16.96 NOTE
r-devel-linux-x86_64-debian-gcc 1.0.1 3.30 14.04 17.34 NOTE
r-devel-linux-x86_64-fedora-clang 1.0.1 32.54 NOTE
r-devel-linux-x86_64-fedora-gcc 1.0.1 30.20 NOTE
r-devel-macosx-x86_64-clang 1.0.1 35.47 NOTE
r-devel-macosx-x86_64-gcc 1.0.1 NOTE
r-devel-windows-ix86+x86_64 1.0.1 18.00 34.00 52.00 NOTE
r-patched-linux-x86_64 1.0.1 3.37 13.68 17.05 NOTE
r-patched-solaris-sparc 1.0.1 182.30 NOTE
r-patched-solaris-x86 1.0.1 47.20 NOTE
r-release-linux-ix86 1.0.1 7.00 29.00 36.00 NOTE
r-release-linux-x86_64 1.0.1 3.32 13.82 17.14 NOTE
r-release-macosx-x86_64 1.0.1 ERROR
r-release-windows-ix86+x86_64 1.0.1 17.00 34.00 51.00 NOTE
r-oldrel-windows-ix86+x86_64 1.0.1 18.00 35.00 53.00 NOTE

Memtest notes: valgrind

Check Details

Version: 1.0.1
Check: dependencies in R code
Result: NOTE
    Packages in Depends field not imported from:
     ‘ape’ ‘deSolve’
     These packages need to be imported from (in the NAMESPACE file)
     for when this namespace is loaded but not attached.
    See the information on DESCRIPTION files in the chapter ‘Creating R
    packages’ of the ‘Writing R Extensions’ manual.
Flavors: r-devel-linux-x86_64-debian-clang, r-devel-linux-x86_64-debian-gcc, r-devel-linux-x86_64-fedora-clang, r-devel-linux-x86_64-fedora-gcc, r-devel-macosx-x86_64-clang, r-devel-macosx-x86_64-gcc, r-devel-windows-ix86+x86_64, r-patched-linux-x86_64, r-patched-solaris-sparc, r-patched-solaris-x86, r-release-linux-ix86, r-release-linux-x86_64, r-release-windows-ix86+x86_64, r-oldrel-windows-ix86+x86_64

Version: 1.0.1
Check: whether package can be installed
Result: ERROR
    Installation failed.
    See ‘/Volumes/XT3/Builds/R-dev-web/QA/Simon/packages/snowleopard-x86_64/results/3.1/expoTree.Rcheck/00install.out’ for details.
Flavor: r-release-macosx-x86_64