CRAN Package Check Results for Package expoTree

Last updated on 2015-05-30 03:48:37.

Flavor Version Tinstall Tcheck Ttotal Status Flags
r-devel-linux-x86_64-debian-clang 1.0.1 2.79 11.79 14.58 NOTE
r-devel-linux-x86_64-debian-gcc 1.0.1 3.16 11.73 14.89 NOTE
r-devel-linux-x86_64-fedora-clang 1.0.1 30.55 NOTE
r-devel-linux-x86_64-fedora-gcc 1.0.1 27.39 NOTE
r-devel-osx-x86_64-clang 1.0.1 32.23 NOTE
r-devel-windows-ix86+x86_64 1.0.1 22.00 29.00 51.00 NOTE
r-patched-linux-x86_64 1.0.1 3.29 11.61 14.90 NOTE
r-patched-solaris-sparc 1.0.1 183.00 NOTE
r-patched-solaris-x86 1.0.1 41.40 NOTE
r-release-linux-x86_64 1.0.1 3.38 11.94 15.32 NOTE
r-release-osx-x86_64-mavericks 1.0.1 NOTE
r-release-osx-x86_64-snowleopard 1.0.1 NOTE
r-release-windows-ix86+x86_64 1.0.1 19.00 32.00 51.00 NOTE
r-oldrel-windows-ix86+x86_64 1.0.1 20.00 42.00 62.00 NOTE

Memtest notes: valgrind

Check Details

Version: 1.0.1
Check: dependencies in R code
Result: NOTE
    Packages in Depends field not imported from:
     ‘ape’ ‘deSolve’
     These packages need to be imported from (in the NAMESPACE file)
     for when this namespace is loaded but not attached.
Flavors: r-devel-linux-x86_64-debian-clang, r-devel-linux-x86_64-debian-gcc, r-devel-linux-x86_64-fedora-clang, r-devel-linux-x86_64-fedora-gcc, r-devel-osx-x86_64-clang, r-devel-windows-ix86+x86_64, r-patched-linux-x86_64, r-patched-solaris-sparc, r-patched-solaris-x86, r-release-linux-x86_64, r-release-osx-x86_64-mavericks, r-release-osx-x86_64-snowleopard, r-release-windows-ix86+x86_64, r-oldrel-windows-ix86+x86_64

Version: 1.0.1
Check: R code for possible problems
Result: NOTE
    node.age: no visible global function definition for ‘is.binary.tree’
    node.age: no visible global function definition for ‘multi2di’
Flavors: r-devel-linux-x86_64-debian-clang, r-devel-linux-x86_64-debian-gcc, r-devel-linux-x86_64-fedora-clang, r-devel-linux-x86_64-fedora-gcc, r-devel-osx-x86_64-clang, r-devel-windows-ix86+x86_64, r-patched-linux-x86_64, r-patched-solaris-sparc, r-patched-solaris-x86, r-release-linux-x86_64, r-release-osx-x86_64-mavericks, r-release-osx-x86_64-snowleopard, r-release-windows-ix86+x86_64, r-oldrel-windows-ix86+x86_64