CRAN Package Check Results for Package expoTree

Last updated on 2015-07-03 16:47:17.

Flavor Version Tinstall Tcheck Ttotal Status Flags
r-devel-linux-x86_64-debian-clang 1.0.1 2.90 11.66 14.56 NOTE
r-devel-linux-x86_64-debian-gcc 1.0.1 3.26 11.47 14.74 NOTE
r-devel-linux-x86_64-fedora-clang 1.0.1 28.78 NOTE
r-devel-linux-x86_64-fedora-gcc 1.0.1 26.76 NOTE
r-devel-osx-x86_64-clang 1.0.1 28.22 NOTE
r-devel-windows-ix86+x86_64 1.0.1 20.00 34.00 54.00 NOTE
r-patched-linux-x86_64 1.0.1 3.22 12.49 15.71 NOTE
r-patched-solaris-sparc 1.0.1 183.00 NOTE
r-patched-solaris-x86 1.0.1 41.30 NOTE
r-release-linux-x86_64 1.0.1 3.25 12.11 15.36 NOTE
r-release-osx-x86_64-mavericks 1.0.1 NOTE
r-release-windows-ix86+x86_64 1.0.1 21.00 57.00 78.00 NOTE
r-oldrel-windows-ix86+x86_64 1.0.1 19.00 60.00 79.00 NOTE

Memtest notes: valgrind

Check Details

Version: 1.0.1
Check: dependencies in R code
Result: NOTE
    Packages in Depends field not imported from:
     ‘ape’ ‘deSolve’
     These packages need to be imported from (in the NAMESPACE file)
     for when this namespace is loaded but not attached.
Flavors: r-devel-linux-x86_64-debian-clang, r-devel-linux-x86_64-debian-gcc, r-devel-linux-x86_64-fedora-clang, r-devel-linux-x86_64-fedora-gcc, r-devel-osx-x86_64-clang, r-devel-windows-ix86+x86_64, r-patched-linux-x86_64, r-patched-solaris-sparc, r-patched-solaris-x86, r-release-linux-x86_64, r-release-osx-x86_64-mavericks, r-release-windows-ix86+x86_64, r-oldrel-windows-ix86+x86_64

Version: 1.0.1
Check: R code for possible problems
Result: NOTE
    expoTree.optim: no visible global function definition for ‘optim’
    node.age: no visible global function definition for ‘is.binary.tree’
    node.age: no visible global function definition for ‘multi2di’
    plotLTT: no visible global function definition for ‘rgb’
    plotLTT: no visible global function definition for ‘par’
    plotLTT: no visible global function definition for ‘lines’
    plotLTT: no visible global function definition for ‘axis’
    plotLTT: no visible global function definition for ‘mtext’
    Undefined global functions or variables:
     axis is.binary.tree lines mtext multi2di optim par rgb
Flavors: r-devel-linux-x86_64-debian-clang, r-devel-linux-x86_64-debian-gcc, r-devel-linux-x86_64-fedora-clang, r-devel-linux-x86_64-fedora-gcc, r-devel-windows-ix86+x86_64

Version: 1.0.1
Check: R code for possible problems
Result: NOTE
    node.age: no visible global function definition for ‘is.binary.tree’
    node.age: no visible global function definition for ‘multi2di’
    Undefined global functions or variables:
     is.binary.tree multi2di
Flavor: r-devel-osx-x86_64-clang

Version: 1.0.1
Check: R code for possible problems
Result: NOTE
    node.age: no visible global function definition for ‘is.binary.tree’
    node.age: no visible global function definition for ‘multi2di’
Flavors: r-patched-linux-x86_64, r-patched-solaris-sparc, r-patched-solaris-x86, r-release-linux-x86_64, r-release-osx-x86_64-mavericks, r-release-windows-ix86+x86_64, r-oldrel-windows-ix86+x86_64