CRAN Package Check Results for Package expoTree

Last updated on 2015-03-05 17:49:04.

Flavor Version Tinstall Tcheck Ttotal Status Flags
r-devel-linux-x86_64-debian-clang 1.0.1 2.74 12.00 14.74 NOTE
r-devel-linux-x86_64-debian-gcc 1.0.1 3.19 12.07 15.26 NOTE
r-devel-linux-x86_64-fedora-clang 1.0.1 29.87 NOTE
r-devel-linux-x86_64-fedora-gcc 1.0.1 26.70 NOTE
r-devel-osx-x86_64-clang 1.0.1 32.07 NOTE
r-devel-windows-ix86+x86_64 1.0.1 20.00 31.00 51.00 NOTE
r-patched-linux-x86_64 1.0.1 3.46 14.30 17.76 NOTE
r-patched-solaris-sparc 1.0.1 236.00 NOTE
r-patched-solaris-x86 1.0.1 48.10 NOTE
r-release-linux-ix86 1.0.1 4.50 23.00 27.50 NOTE
r-release-linux-x86_64 1.0.1 3.62 14.76 18.38 NOTE
r-release-osx-x86_64-mavericks 1.0.1 NOTE
r-release-osx-x86_64-snowleopard 1.0.1 ERROR
r-release-windows-ix86+x86_64 1.0.1 20.00 35.00 55.00 NOTE
r-oldrel-windows-ix86+x86_64 1.0.1 18.00 41.00 59.00 NOTE

Memtest notes: valgrind

Check Details

Version: 1.0.1
Check: dependencies in R code
Result: NOTE
    Packages in Depends field not imported from:
     ‘ape’ ‘deSolve’
     These packages need to be imported from (in the NAMESPACE file)
     for when this namespace is loaded but not attached.
Flavors: r-devel-linux-x86_64-debian-clang, r-devel-linux-x86_64-debian-gcc, r-devel-linux-x86_64-fedora-clang, r-devel-linux-x86_64-fedora-gcc, r-devel-osx-x86_64-clang, r-devel-windows-ix86+x86_64, r-patched-linux-x86_64, r-patched-solaris-sparc, r-patched-solaris-x86

Version: 1.0.1
Check: R code for possible problems
Result: NOTE
    node.age: no visible global function definition for ‘is.binary.tree’
    node.age: no visible global function definition for ‘multi2di’
Flavors: r-devel-linux-x86_64-debian-clang, r-devel-linux-x86_64-debian-gcc, r-devel-linux-x86_64-fedora-clang, r-devel-linux-x86_64-fedora-gcc, r-devel-osx-x86_64-clang, r-devel-windows-ix86+x86_64, r-patched-linux-x86_64, r-patched-solaris-sparc, r-patched-solaris-x86, r-release-linux-ix86, r-release-linux-x86_64, r-release-osx-x86_64-mavericks, r-release-windows-ix86+x86_64

Version: 1.0.1
Check: dependencies in R code
Result: NOTE
    Packages in Depends field not imported from:
     ‘ape’ ‘deSolve’
     These packages need to be imported from (in the NAMESPACE file)
     for when this namespace is loaded but not attached.
    See the information on DESCRIPTION files in the chapter ‘Creating R
    packages’ of the ‘Writing R Extensions’ manual.
Flavors: r-release-linux-ix86, r-release-linux-x86_64, r-release-osx-x86_64-mavericks, r-release-windows-ix86+x86_64, r-oldrel-windows-ix86+x86_64

Version: 1.0.1
Check: whether package can be installed
Result: ERROR
    Installation failed.
Flavor: r-release-osx-x86_64-snowleopard