CRAN Package Check Results for Package expoTree

Last updated on 2017-01-19 17:51:41.

Flavor Version Tinstall Tcheck Ttotal Status Flags
r-devel-linux-x86_64-debian-clang 1.0.1 3.79 16.19 19.98 NOTE
r-devel-linux-x86_64-debian-gcc 1.0.1 3.76 16.06 19.81 NOTE
r-devel-linux-x86_64-fedora-clang 1.0.1 34.08 NOTE --no-stop-on-test-error
r-devel-linux-x86_64-fedora-gcc 1.0.1 31.53 NOTE --no-stop-on-test-error
r-devel-macos-x86_64-clang 1.0.1 28.70 NOTE --no-stop-on-test-error
r-devel-windows-ix86+x86_64 1.0.1 27.00 40.00 67.00 NOTE
r-patched-linux-x86_64 1.0.1 3.22 13.68 16.90 NOTE
r-patched-solaris-sparc 1.0.1 181.30 NOTE
r-patched-solaris-x86 1.0.1 40.70 NOTE
r-release-linux-x86_64 1.0.1 3.38 13.73 17.10 NOTE
r-release-osx-x86_64-mavericks 1.0.1 NOTE
r-release-windows-ix86+x86_64 1.0.1 16.00 60.00 76.00 NOTE
r-oldrel-windows-ix86+x86_64 1.0.1 20.00 61.00 81.00 NOTE

Memtest notes: valgrind

Check Details

Version: 1.0.1
Check: dependencies in R code
Result: NOTE
    Packages in Depends field not imported from:
     ‘ape’ ‘deSolve’
     These packages need to be imported from (in the NAMESPACE file)
     for when this namespace is loaded but not attached.
Flavors: r-devel-linux-x86_64-debian-clang, r-devel-linux-x86_64-debian-gcc, r-devel-windows-ix86+x86_64, r-patched-linux-x86_64, r-patched-solaris-sparc, r-patched-solaris-x86, r-release-linux-x86_64, r-release-osx-x86_64-mavericks, r-release-windows-ix86+x86_64, r-oldrel-windows-ix86+x86_64

Version: 1.0.1
Check: R code for possible problems
Result: NOTE
    expoTree.optim: no visible global function definition for ‘optim’
    node.age: no visible global function definition for ‘is.binary.tree’
    node.age: no visible global function definition for ‘multi2di’
    plotLTT: no visible global function definition for ‘rgb’
    plotLTT: no visible global function definition for ‘par’
    plotLTT: no visible global function definition for ‘lines’
    plotLTT: no visible global function definition for ‘axis’
    plotLTT: no visible global function definition for ‘mtext’
    Undefined global functions or variables:
     axis is.binary.tree lines mtext multi2di optim par rgb
    Consider adding
     importFrom("grDevices", "rgb")
     importFrom("graphics", "axis", "lines", "mtext", "par")
     importFrom("stats", "optim")
    to your NAMESPACE file.
Flavors: r-devel-linux-x86_64-debian-clang, r-devel-linux-x86_64-debian-gcc, r-devel-windows-ix86+x86_64, r-patched-linux-x86_64, r-patched-solaris-sparc, r-patched-solaris-x86, r-release-linux-x86_64, r-release-osx-x86_64-mavericks, r-release-windows-ix86+x86_64

Version: 1.0.1
Flags: --no-stop-on-test-error
Check: dependencies in R code
Result: NOTE
    Packages in Depends field not imported from:
     ‘ape’ ‘deSolve’
     These packages need to be imported from (in the NAMESPACE file)
     for when this namespace is loaded but not attached.
Flavors: r-devel-linux-x86_64-fedora-clang, r-devel-linux-x86_64-fedora-gcc, r-devel-macos-x86_64-clang

Version: 1.0.1
Flags: --no-stop-on-test-error
Check: R code for possible problems
Result: NOTE
    expoTree.optim: no visible global function definition for ‘optim’
    node.age: no visible global function definition for ‘is.binary.tree’
    node.age: no visible global function definition for ‘multi2di’
    plotLTT: no visible global function definition for ‘rgb’
    plotLTT: no visible global function definition for ‘par’
    plotLTT: no visible global function definition for ‘lines’
    plotLTT: no visible global function definition for ‘axis’
    plotLTT: no visible global function definition for ‘mtext’
    Undefined global functions or variables:
     axis is.binary.tree lines mtext multi2di optim par rgb
    Consider adding
     importFrom("grDevices", "rgb")
     importFrom("graphics", "axis", "lines", "mtext", "par")
     importFrom("stats", "optim")
    to your NAMESPACE file.
Flavors: r-devel-linux-x86_64-fedora-clang, r-devel-linux-x86_64-fedora-gcc, r-devel-macos-x86_64-clang

Version: 1.0.1
Check: R code for possible problems
Result: NOTE
    node.age: no visible global function definition for 'is.binary.tree'
    node.age: no visible global function definition for 'multi2di'
Flavor: r-oldrel-windows-ix86+x86_64