CRAN Package Check Results for Package expowo

Last updated on 2023-06-09 08:56:08 CEST.

Flavor Version Tinstall Tcheck Ttotal Status Flags
r-devel-linux-x86_64-debian-clang 1.0 10.56 130.89 141.45 OK
r-devel-linux-x86_64-debian-gcc 1.0 8.72 98.55 107.27 OK
r-devel-linux-x86_64-fedora-clang 1.0 173.37 NOTE
r-devel-linux-x86_64-fedora-gcc 1.0 178.60 NOTE
r-devel-windows-x86_64 1.0 11.00 153.00 164.00 OK
r-patched-linux-x86_64 1.0 9.50 122.43 131.93 OK
r-release-linux-x86_64 1.0 9.39 121.61 131.00 OK
r-release-macos-arm64 1.0 307.00 OK
r-release-macos-x86_64 1.0 297.00 OK
r-release-windows-x86_64 1.0 13.00 157.00 170.00 OK
r-oldrel-macos-arm64 1.0 279.00 OK
r-oldrel-macos-x86_64 1.0 320.00 OK
r-oldrel-windows-x86_64 1.0 13.00 169.00 182.00 OK

Check Details

Version: 1.0
Check: data for non-ASCII characters
Result: NOTE
     Note: found 1 marked UTF-8 string
Flavors: r-devel-linux-x86_64-fedora-clang, r-devel-linux-x86_64-fedora-gcc