CRAN Package Check Results for Package expp

Last updated on 2015-07-03 16:47:17.

Flavor Version Tinstall Tcheck Ttotal Status Flags
r-devel-linux-x86_64-debian-clang 1.1 3.46 45.78 49.24 NOTE
r-devel-linux-x86_64-debian-gcc 1.1 3.36 45.10 48.46 NOTE
r-devel-linux-x86_64-fedora-clang 1.1 103.99 NOTE
r-devel-linux-x86_64-fedora-gcc 1.1 99.80 NOTE
r-devel-osx-x86_64-clang 1.1 88.44 NOTE
r-devel-windows-ix86+x86_64 1.1 11.00 70.00 81.00 NOTE
r-patched-linux-x86_64 1.1 3.58 46.46 50.05 NOTE
r-patched-solaris-sparc 1.1 606.70 NOTE
r-patched-solaris-x86 1.1 143.30 NOTE
r-release-linux-x86_64 1.1 3.47 46.76 50.23 NOTE
r-release-osx-x86_64-mavericks 1.1 NOTE
r-release-windows-ix86+x86_64 1.1 14.00 69.00 83.00 NOTE
r-oldrel-windows-ix86+x86_64 1.1 15.00 92.00 107.00 NOTE

Check Details

Version: 1.1
Check: DESCRIPTION meta-information
Result: NOTE
    Malformed Description field: should contain one or more complete sentences.
Flavors: r-devel-linux-x86_64-debian-clang, r-devel-linux-x86_64-debian-gcc, r-devel-linux-x86_64-fedora-clang, r-devel-linux-x86_64-fedora-gcc, r-devel-osx-x86_64-clang, r-devel-windows-ix86+x86_64, r-patched-linux-x86_64, r-patched-solaris-sparc, r-patched-solaris-x86, r-release-linux-x86_64, r-release-osx-x86_64-mavericks, r-release-windows-ix86+x86_64

Version: 1.1
Check: dependencies in R code
Result: NOTE
    'library' or 'require' call to ‘spatstat’ in package code.
     Please use :: or requireNamespace() instead.
     See section 'Suggested packages' in the 'Writing R Extensions' manual.
Flavors: r-devel-linux-x86_64-debian-clang, r-devel-linux-x86_64-debian-gcc, r-devel-linux-x86_64-fedora-clang, r-devel-linux-x86_64-fedora-gcc, r-devel-osx-x86_64-clang, r-devel-windows-ix86+x86_64, r-patched-linux-x86_64, r-patched-solaris-sparc, r-patched-solaris-x86, r-release-linux-x86_64, r-release-osx-x86_64-mavericks, r-release-windows-ix86+x86_64, r-oldrel-windows-ix86+x86_64

Version: 1.1
Check: R code for possible problems
Result: NOTE
    eppSimDat: no visible global function definition for ‘rnorm’
    eppSimDat: no visible global function definition for ‘rpois’
    DirichletPolygons,SpatialPointsBreeding-missing: no visible global
     function definition for ‘ripras’
    Undefined global functions or variables:
     ripras rnorm rpois
Flavors: r-devel-linux-x86_64-debian-clang, r-devel-linux-x86_64-debian-gcc, r-devel-linux-x86_64-fedora-clang, r-devel-linux-x86_64-fedora-gcc, r-devel-windows-ix86+x86_64

Version: 1.1
Check: R code for possible problems
Result: NOTE
    DirichletPolygons,SpatialPointsBreeding-missing: no visible global
     function definition for ‘ripras’
    Undefined global functions or variables:
     ripras
Flavor: r-devel-osx-x86_64-clang

Version: 1.1
Check: R code for possible problems
Result: NOTE
    DirichletPolygons,SpatialPointsBreeding-missing: no visible global
     function definition for ‘ripras’
Flavors: r-patched-linux-x86_64, r-patched-solaris-sparc, r-patched-solaris-x86, r-release-linux-x86_64, r-release-osx-x86_64-mavericks, r-release-windows-ix86+x86_64, r-oldrel-windows-ix86+x86_64