CRAN Package Check Results for Package expp

Last updated on 2017-05-24 01:48:59.

Flavor Version Tinstall Tcheck Ttotal Status Flags
r-devel-linux-x86_64-debian-clang 1.1 3.23 48.04 51.26 NOTE
r-devel-linux-x86_64-debian-gcc 1.1 3.39 47.49 50.88 NOTE
r-devel-linux-x86_64-fedora-clang 1.1 117.26 NOTE --no-stop-on-test-error
r-devel-linux-x86_64-fedora-gcc 1.1 112.98 NOTE --no-stop-on-test-error
r-devel-windows-ix86+x86_64 1.1 17.00 92.00 109.00 NOTE
r-patched-linux-x86_64 1.1 3.33 47.20 50.53 NOTE
r-patched-solaris-sparc 1.1 654.30 NOTE
r-patched-solaris-x86 1.1 152.80 NOTE
r-release-linux-x86_64 1.1 3.32 46.77 50.08 NOTE
r-release-windows-ix86+x86_64 1.1 10.00 90.00 100.00 NOTE
r-release-osx-x86_64 1.1 NOTE
r-oldrel-windows-ix86+x86_64 1.1 12.00 102.00 114.00 NOTE
r-oldrel-osx-x86_64 1.1 NOTE

Check Details

Version: 1.1
Check: DESCRIPTION meta-information
Result: NOTE
    Malformed Description field: should contain one or more complete sentences.
Flavors: r-devel-linux-x86_64-debian-clang, r-devel-linux-x86_64-debian-gcc, r-devel-windows-ix86+x86_64, r-patched-linux-x86_64, r-patched-solaris-sparc, r-patched-solaris-x86, r-release-linux-x86_64, r-release-windows-ix86+x86_64, r-release-osx-x86_64, r-oldrel-windows-ix86+x86_64, r-oldrel-osx-x86_64

Version: 1.1
Check: dependencies in R code
Result: NOTE
    'library' or 'require' call to ‘spatstat’ in package code.
     Please use :: or requireNamespace() instead.
     See section 'Suggested packages' in the 'Writing R Extensions' manual.
Flavors: r-devel-linux-x86_64-debian-clang, r-devel-linux-x86_64-debian-gcc, r-devel-windows-ix86+x86_64, r-patched-linux-x86_64, r-patched-solaris-sparc, r-patched-solaris-x86, r-release-linux-x86_64, r-release-windows-ix86+x86_64, r-release-osx-x86_64, r-oldrel-windows-ix86+x86_64, r-oldrel-osx-x86_64

Version: 1.1
Check: R code for possible problems
Result: NOTE
    eppSimDat: no visible global function definition for ‘rnorm’
    eppSimDat: no visible global function definition for ‘rpois’
    DirichletPolygons,SpatialPointsBreeding-missing: no visible global
     function definition for ‘ripras’
    barplot,epp: no visible global function definition for ‘axis’
    barplot,epp: no visible global function definition for ‘par’
    plot,SpatialPointsBreeding-eppMatrix: no visible global function
     definition for ‘points’
    plot,SpatialPointsBreeding-eppMatrix: no visible global function
     definition for ‘text’
    plot,SpatialPointsBreeding-eppMatrix: no visible global function
     definition for ‘arrows’
    plot,SpatialPointsBreeding-missing: no visible global function
     definition for ‘points’
    plot,SpatialPointsBreeding-missing: no visible global function
     definition for ‘text’
    Undefined global functions or variables:
     arrows axis par points ripras rnorm rpois text
    Consider adding
     importFrom("graphics", "arrows", "axis", "par", "points", "text")
     importFrom("stats", "rnorm", "rpois")
    to your NAMESPACE file.
Flavors: r-devel-linux-x86_64-debian-clang, r-devel-linux-x86_64-debian-gcc, r-devel-windows-ix86+x86_64, r-patched-linux-x86_64, r-patched-solaris-sparc, r-patched-solaris-x86, r-release-linux-x86_64, r-release-windows-ix86+x86_64, r-release-osx-x86_64, r-oldrel-windows-ix86+x86_64, r-oldrel-osx-x86_64

Version: 1.1
Flags: --no-stop-on-test-error
Check: DESCRIPTION meta-information
Result: NOTE
    Malformed Description field: should contain one or more complete sentences.
Flavors: r-devel-linux-x86_64-fedora-clang, r-devel-linux-x86_64-fedora-gcc

Version: 1.1
Flags: --no-stop-on-test-error
Check: dependencies in R code
Result: NOTE
    'library' or 'require' call to ‘spatstat’ in package code.
     Please use :: or requireNamespace() instead.
     See section 'Suggested packages' in the 'Writing R Extensions' manual.
Flavors: r-devel-linux-x86_64-fedora-clang, r-devel-linux-x86_64-fedora-gcc

Version: 1.1
Flags: --no-stop-on-test-error
Check: R code for possible problems
Result: NOTE
    eppSimDat: no visible global function definition for ‘rnorm’
    eppSimDat: no visible global function definition for ‘rpois’
    DirichletPolygons,SpatialPointsBreeding-missing: no visible global
     function definition for ‘ripras’
    barplot,epp: no visible global function definition for ‘axis’
    barplot,epp: no visible global function definition for ‘par’
    plot,SpatialPointsBreeding-eppMatrix: no visible global function
     definition for ‘points’
    plot,SpatialPointsBreeding-eppMatrix: no visible global function
     definition for ‘text’
    plot,SpatialPointsBreeding-eppMatrix: no visible global function
     definition for ‘arrows’
    plot,SpatialPointsBreeding-missing: no visible global function
     definition for ‘points’
    plot,SpatialPointsBreeding-missing: no visible global function
     definition for ‘text’
    Undefined global functions or variables:
     arrows axis par points ripras rnorm rpois text
    Consider adding
     importFrom("graphics", "arrows", "axis", "par", "points", "text")
     importFrom("stats", "rnorm", "rpois")
    to your NAMESPACE file.
Flavors: r-devel-linux-x86_64-fedora-clang, r-devel-linux-x86_64-fedora-gcc