CRAN Package Check Results for Package expp

Last updated on 2017-10-17 03:48:42.

Flavor Version Tinstall Tcheck Ttotal Status Flags
r-devel-linux-x86_64-debian-clang 1.1 3.34 48.62 51.97 NOTE
r-devel-linux-x86_64-debian-gcc 1.1 4.17 55.14 59.32 NOTE
r-devel-linux-x86_64-fedora-clang 1.1 116.25 NOTE
r-devel-linux-x86_64-fedora-gcc 1.1 114.52 NOTE
r-devel-windows-ix86+x86_64 1.1 8.00 86.00 94.00 NOTE
r-patched-linux-x86_64 1.1 3.18 47.40 50.58 NOTE
r-patched-solaris-x86 1.1 160.60 NOTE
r-release-linux-x86_64 1.1 3.31 47.81 51.12 NOTE
r-release-windows-ix86+x86_64 1.1 15.00 118.00 133.00 NOTE
r-release-osx-x86_64 1.1 NOTE
r-oldrel-windows-ix86+x86_64 1.1 13.00 102.00 115.00 NOTE
r-oldrel-osx-x86_64 1.1 NOTE

Check Details

Version: 1.1
Check: DESCRIPTION meta-information
Result: NOTE
    Malformed Description field: should contain one or more complete sentences.
Flavors: r-devel-linux-x86_64-debian-clang, r-devel-linux-x86_64-debian-gcc, r-devel-linux-x86_64-fedora-clang, r-devel-linux-x86_64-fedora-gcc, r-devel-windows-ix86+x86_64, r-patched-linux-x86_64, r-patched-solaris-x86, r-release-linux-x86_64, r-release-windows-ix86+x86_64, r-release-osx-x86_64, r-oldrel-windows-ix86+x86_64, r-oldrel-osx-x86_64

Version: 1.1
Check: dependencies in R code
Result: NOTE
    'library' or 'require' call to ‘spatstat’ in package code.
     Please use :: or requireNamespace() instead.
     See section 'Suggested packages' in the 'Writing R Extensions' manual.
Flavors: r-devel-linux-x86_64-debian-clang, r-devel-linux-x86_64-debian-gcc, r-devel-linux-x86_64-fedora-clang, r-devel-linux-x86_64-fedora-gcc, r-devel-windows-ix86+x86_64, r-patched-linux-x86_64, r-patched-solaris-x86, r-release-linux-x86_64, r-release-windows-ix86+x86_64, r-release-osx-x86_64, r-oldrel-windows-ix86+x86_64, r-oldrel-osx-x86_64

Version: 1.1
Check: R code for possible problems
Result: NOTE
    eppSimDat: no visible global function definition for ‘rnorm’
    eppSimDat: no visible global function definition for ‘rpois’
    DirichletPolygons,SpatialPointsBreeding-missing: no visible global
     function definition for ‘ripras’
    barplot,epp: no visible global function definition for ‘axis’
    barplot,epp: no visible global function definition for ‘par’
    plot,SpatialPointsBreeding-eppMatrix: no visible global function
     definition for ‘points’
    plot,SpatialPointsBreeding-eppMatrix: no visible global function
     definition for ‘text’
    plot,SpatialPointsBreeding-eppMatrix: no visible global function
     definition for ‘arrows’
    plot,SpatialPointsBreeding-missing: no visible global function
     definition for ‘points’
    plot,SpatialPointsBreeding-missing: no visible global function
     definition for ‘text’
    Undefined global functions or variables:
     arrows axis par points ripras rnorm rpois text
    Consider adding
     importFrom("graphics", "arrows", "axis", "par", "points", "text")
     importFrom("stats", "rnorm", "rpois")
    to your NAMESPACE file.
Flavors: r-devel-linux-x86_64-debian-clang, r-devel-linux-x86_64-debian-gcc, r-devel-linux-x86_64-fedora-clang, r-devel-linux-x86_64-fedora-gcc, r-devel-windows-ix86+x86_64, r-patched-linux-x86_64, r-patched-solaris-x86, r-release-linux-x86_64, r-release-windows-ix86+x86_64, r-release-osx-x86_64, r-oldrel-windows-ix86+x86_64, r-oldrel-osx-x86_64