CRAN Package Check Results for Package expp

Last updated on 2014-04-17 02:47:45.

Flavor Version Tinstall Tcheck Ttotal Status Flags
r-devel-linux-x86_64-debian-clang 1.0 4.46 59.46 63.92 NOTE
r-devel-linux-x86_64-debian-gcc 1.0 4.73 59.37 64.10 NOTE
r-devel-linux-x86_64-fedora-clang 1.0 148.26 NOTE
r-devel-linux-x86_64-fedora-gcc 1.0 141.82 NOTE
r-devel-macosx-x86_64-clang 1.0 120.37 NOTE
r-devel-macosx-x86_64-gcc 1.0 ERROR
r-devel-windows-ix86+x86_64 1.0 12.00 83.00 95.00 NOTE
r-patched-linux-x86_64 1.0 4.54 59.24 63.78 NOTE
r-patched-solaris-sparc 1.0 750.50 NOTE
r-patched-solaris-x86 1.0 184.20 NOTE
r-release-linux-ix86 1.0 9.00 93.00 102.00 NOTE
r-release-linux-x86_64 1.0 4.46 58.58 63.04 NOTE
r-release-macosx-x86_64 1.0 OK
r-release-windows-ix86+x86_64 1.0 13.00 88.00 101.00 NOTE
r-oldrel-windows-ix86+x86_64 1.0 10.00 81.00 91.00 NOTE

Check Details

Version: 1.0
Check: dependencies in R code
Result: NOTE
    Packages in Depends field not imported from:
     ‘deldir’ ‘methods’ ‘rgeos’ ‘sp’ ‘spdep’
     These packages need to be imported from (in the NAMESPACE file)
     for when this namespace is loaded but not attached.
    See the information on DESCRIPTION files in the chapter ‘Creating R
    packages’ of the ‘Writing R Extensions’ manual.
Flavors: r-devel-linux-x86_64-debian-clang, r-devel-linux-x86_64-debian-gcc, r-devel-linux-x86_64-fedora-clang, r-devel-linux-x86_64-fedora-gcc, r-devel-macosx-x86_64-clang, r-devel-windows-ix86+x86_64, r-patched-linux-x86_64, r-patched-solaris-sparc, r-patched-solaris-x86, r-release-linux-ix86, r-release-linux-x86_64, r-release-windows-ix86+x86_64, r-oldrel-windows-ix86+x86_64

Version: 1.0
Check: package dependencies
Result: ERROR
    Packages required but not available: ‘spdep’ ‘rgeos’
    
    Package suggested but not available for checking: ‘knitr’
    
    See the information on DESCRIPTION files in the chapter ‘Creating R
    packages’ of the ‘Writing R Extensions’ manual.
Flavor: r-devel-macosx-x86_64-gcc