CRAN Package Check Results for Package expp

Last updated on 2014-10-25 05:48:37.

Flavor Version Tinstall Tcheck Ttotal Status Flags
r-devel-linux-x86_64-debian-clang 1.1 4.24 58.89 63.13 NOTE
r-devel-linux-x86_64-debian-gcc 1.1 4.16 58.48 62.64 NOTE
r-devel-linux-x86_64-fedora-clang 1.1 152.18 NOTE
r-devel-linux-x86_64-fedora-gcc 1.1 144.60 NOTE
r-devel-osx-x86_64-clang 1.1 122.64 NOTE
r-devel-windows-ix86+x86_64 1.1 12.00 86.00 98.00 NOTE
r-patched-linux-x86_64 1.1 4.77 60.52 65.29 NOTE
r-patched-solaris-sparc 1.1 819.20 NOTE
r-patched-solaris-x86 1.1 197.90 NOTE
r-release-linux-ix86 1.1 5.26 76.24 81.50 OK
r-release-linux-x86_64 1.1 4.42 63.12 67.55 OK
r-release-osx-x86_64-mavericks 1.1 ERROR
r-release-osx-x86_64-snowleopard 1.1 OK
r-release-windows-ix86+x86_64 1.1 11.00 90.00 101.00 OK
r-oldrel-windows-ix86+x86_64 1.1 13.00 88.00 101.00 OK

Check Details

Version: 1.1
Check: R code for possible problems
Result: NOTE
    DirichletPolygons,SpatialPointsBreeding-missing: no visible global
     function definition for ‘ripras’
Flavors: r-devel-linux-x86_64-debian-clang, r-devel-linux-x86_64-debian-gcc, r-devel-linux-x86_64-fedora-clang, r-devel-linux-x86_64-fedora-gcc, r-devel-osx-x86_64-clang, r-devel-windows-ix86+x86_64, r-patched-linux-x86_64, r-patched-solaris-sparc, r-patched-solaris-x86

Version: 1.1
Check: package dependencies
Result: ERROR
    Package required but not available: ‘rgeos’
    
    See the information on DESCRIPTION files in the chapter ‘Creating R
    packages’ of the ‘Writing R Extensions’ manual.
Flavor: r-release-osx-x86_64-mavericks