CRAN Package Check Results for Package expp

Last updated on 2015-01-30 23:48:43.

Flavor Version Tinstall Tcheck Ttotal Status Flags
r-devel-linux-x86_64-debian-clang 1.1 3.57 47.90 51.48 NOTE
r-devel-linux-x86_64-debian-gcc 1.1 3.86 51.73 55.60 NOTE
r-devel-linux-x86_64-fedora-clang 1.1 145.76 NOTE
r-devel-linux-x86_64-fedora-gcc 1.1 139.10 NOTE
r-devel-osx-x86_64-clang 1.1 128.95 NOTE
r-devel-windows-ix86+x86_64 1.1 13.00 69.00 82.00 NOTE
r-patched-linux-x86_64 1.1 4.51 63.22 67.73 NOTE
r-patched-solaris-sparc 1.1 821.40 NOTE
r-patched-solaris-x86 1.1 205.60 NOTE
r-release-linux-ix86 1.1 5.24 73.35 78.58 NOTE
r-release-linux-x86_64 1.1 4.50 61.19 65.68 NOTE
r-release-osx-x86_64-mavericks 1.1 ERROR
r-release-osx-x86_64-snowleopard 1.1 OK
r-release-windows-ix86+x86_64 1.1 14.00 94.00 108.00 NOTE
r-oldrel-windows-ix86+x86_64 1.1 15.00 93.00 108.00 OK

Check Details

Version: 1.1
Check: dependencies in R code
Result: NOTE
    'library' or 'require' call to ‘spatstat’ in package code.
     Please use :: or requireNamespace() instead.
     See section 'Suggested packages' in the 'Writing R Extensions' manual.
Flavors: r-devel-linux-x86_64-debian-clang, r-devel-linux-x86_64-debian-gcc, r-devel-linux-x86_64-fedora-clang, r-devel-linux-x86_64-fedora-gcc, r-devel-osx-x86_64-clang, r-devel-windows-ix86+x86_64

Version: 1.1
Check: R code for possible problems
Result: NOTE
    DirichletPolygons,SpatialPointsBreeding-missing: no visible global
     function definition for ‘ripras’
Flavors: r-devel-linux-x86_64-debian-clang, r-devel-linux-x86_64-debian-gcc, r-devel-linux-x86_64-fedora-clang, r-devel-linux-x86_64-fedora-gcc, r-devel-osx-x86_64-clang, r-devel-windows-ix86+x86_64, r-patched-linux-x86_64, r-patched-solaris-sparc, r-patched-solaris-x86, r-release-linux-ix86, r-release-linux-x86_64, r-release-windows-ix86+x86_64

Version: 1.1
Check: package dependencies
Result: ERROR
    Package required but not available: ‘rgeos’
    
    See the information on DESCRIPTION files in the chapter ‘Creating R
    packages’ of the ‘Writing R Extensions’ manual.
Flavor: r-release-osx-x86_64-mavericks