CRAN Package Check Results for Package expp

Last updated on 2014-12-19 12:48:16.

Flavor Version Tinstall Tcheck Ttotal Status Flags
r-devel-linux-x86_64-debian-clang 1.1 4.26 58.55 62.81 NOTE
r-devel-linux-x86_64-debian-gcc 1.1 4.24 55.85 60.09 NOTE
r-devel-linux-x86_64-fedora-clang 1.1 153.26 NOTE
r-devel-linux-x86_64-fedora-gcc 1.1 133.08 NOTE
r-devel-osx-x86_64-clang 1.1 122.84 NOTE
r-devel-windows-ix86+x86_64 1.1 12.00 89.00 101.00 NOTE
r-patched-linux-x86_64 1.1 6.14 59.42 65.56 NOTE
r-patched-solaris-sparc 1.1 819.20 NOTE
r-patched-solaris-x86 1.1 197.40 NOTE
r-release-linux-ix86 1.1 4.96 71.34 76.30 NOTE
r-release-linux-x86_64 1.1 4.45 59.38 63.83 NOTE
r-release-osx-x86_64-mavericks 1.1 ERROR
r-release-osx-x86_64-snowleopard 1.1 OK
r-release-windows-ix86+x86_64 1.1 14.00 92.00 106.00 NOTE
r-oldrel-windows-ix86+x86_64 1.1 12.00 88.00 100.00 OK

Check Details

Version: 1.1
Check: R code for possible problems
Result: NOTE
    DirichletPolygons,SpatialPointsBreeding-missing: no visible global
     function definition for ‘ripras’
Flavors: r-devel-linux-x86_64-debian-clang, r-devel-linux-x86_64-debian-gcc, r-devel-linux-x86_64-fedora-clang, r-devel-linux-x86_64-fedora-gcc, r-devel-osx-x86_64-clang, r-devel-windows-ix86+x86_64, r-patched-linux-x86_64, r-patched-solaris-sparc, r-patched-solaris-x86, r-release-linux-ix86, r-release-linux-x86_64, r-release-windows-ix86+x86_64

Version: 1.1
Check: package dependencies
Result: ERROR
    Package required but not available: ‘rgeos’
    
    See the information on DESCRIPTION files in the chapter ‘Creating R
    packages’ of the ‘Writing R Extensions’ manual.
Flavor: r-release-osx-x86_64-mavericks