CRAN Package Check Results for Package expp

Last updated on 2014-09-15 03:47:31.

Flavor Version Tinstall Tcheck Ttotal Status Flags
r-devel-linux-x86_64-debian-clang 1.1 4.19 57.78 61.97 NOTE
r-devel-linux-x86_64-debian-gcc 1.1 4.03 56.86 60.89 NOTE
r-devel-linux-x86_64-fedora-clang 1.1 150.72 NOTE
r-devel-linux-x86_64-fedora-gcc 1.1 140.15 NOTE
r-devel-osx-x86_64-clang 1.1 115.19 NOTE
r-devel-windows-ix86+x86_64 1.1 11.00 85.00 96.00 NOTE
r-patched-linux-x86_64 1.1 4.26 62.50 66.76 OK
r-patched-solaris-sparc 1.1 757.10 OK
r-patched-solaris-x86 1.1 195.70 OK
r-release-linux-ix86 1.1 5.22 75.85 81.07 OK
r-release-linux-x86_64 1.1 4.39 61.94 66.33 OK
r-release-osx-x86_64-mavericks 1.1 ERROR
r-release-osx-x86_64-snowleopard 1.1 OK
r-release-windows-ix86+x86_64 1.1 11.00 96.00 107.00 OK
r-oldrel-windows-ix86+x86_64 1.1 13.00 89.00 102.00 OK

Check Details

Version: 1.1
Check: R code for possible problems
Result: NOTE
    DirichletPolygons,SpatialPointsBreeding-missing: no visible global
     function definition for ‘ripras’
Flavors: r-devel-linux-x86_64-debian-clang, r-devel-linux-x86_64-debian-gcc, r-devel-linux-x86_64-fedora-clang, r-devel-linux-x86_64-fedora-gcc, r-devel-osx-x86_64-clang, r-devel-windows-ix86+x86_64

Version: 1.1
Check: package dependencies
Result: ERROR
    Package required but not available: ‘rgeos’
    
    See the information on DESCRIPTION files in the chapter ‘Creating R
    packages’ of the ‘Writing R Extensions’ manual.
Flavor: r-release-osx-x86_64-mavericks