CRAN Package Check Results for Package expp

Last updated on 2017-08-17 01:46:46.

Flavor Version Tinstall Tcheck Ttotal Status Flags
r-devel-linux-x86_64-debian-clang 1.1 3.54 47.97 51.50 NOTE
r-devel-linux-x86_64-debian-gcc 1.1 3.21 46.75 49.96 NOTE
r-devel-linux-x86_64-fedora-clang 1.1 117.83 NOTE
r-devel-linux-x86_64-fedora-gcc 1.1 116.50 NOTE
r-devel-windows-ix86+x86_64 1.1 10.00 80.00 90.00 NOTE
r-patched-linux-x86_64 1.1 3.31 47.16 50.47 NOTE
r-patched-solaris-x86 1.1 156.50 NOTE
r-release-linux-x86_64 1.1 3.32 47.05 50.37 NOTE
r-release-windows-ix86+x86_64 1.1 9.00 88.00 97.00 NOTE
r-release-osx-x86_64 1.1 NOTE
r-oldrel-windows-ix86+x86_64 1.1 10.00 79.00 89.00 NOTE
r-oldrel-osx-x86_64 1.1 NOTE

Check Details

Version: 1.1
Check: DESCRIPTION meta-information
Result: NOTE
    Malformed Description field: should contain one or more complete sentences.
Flavors: r-devel-linux-x86_64-debian-clang, r-devel-linux-x86_64-debian-gcc, r-devel-linux-x86_64-fedora-clang, r-devel-linux-x86_64-fedora-gcc, r-devel-windows-ix86+x86_64, r-patched-linux-x86_64, r-patched-solaris-x86, r-release-linux-x86_64, r-release-windows-ix86+x86_64, r-release-osx-x86_64, r-oldrel-windows-ix86+x86_64, r-oldrel-osx-x86_64

Version: 1.1
Check: dependencies in R code
Result: NOTE
    'library' or 'require' call to ‘spatstat’ in package code.
     Please use :: or requireNamespace() instead.
     See section 'Suggested packages' in the 'Writing R Extensions' manual.
Flavors: r-devel-linux-x86_64-debian-clang, r-devel-linux-x86_64-debian-gcc, r-devel-linux-x86_64-fedora-clang, r-devel-linux-x86_64-fedora-gcc, r-devel-windows-ix86+x86_64, r-patched-linux-x86_64, r-patched-solaris-x86, r-release-linux-x86_64, r-release-windows-ix86+x86_64, r-release-osx-x86_64, r-oldrel-windows-ix86+x86_64, r-oldrel-osx-x86_64

Version: 1.1
Check: R code for possible problems
Result: NOTE
    eppSimDat: no visible global function definition for ‘rnorm’
    eppSimDat: no visible global function definition for ‘rpois’
    DirichletPolygons,SpatialPointsBreeding-missing: no visible global
     function definition for ‘ripras’
    barplot,epp: no visible global function definition for ‘axis’
    barplot,epp: no visible global function definition for ‘par’
    plot,SpatialPointsBreeding-eppMatrix: no visible global function
     definition for ‘points’
    plot,SpatialPointsBreeding-eppMatrix: no visible global function
     definition for ‘text’
    plot,SpatialPointsBreeding-eppMatrix: no visible global function
     definition for ‘arrows’
    plot,SpatialPointsBreeding-missing: no visible global function
     definition for ‘points’
    plot,SpatialPointsBreeding-missing: no visible global function
     definition for ‘text’
    Undefined global functions or variables:
     arrows axis par points ripras rnorm rpois text
    Consider adding
     importFrom("graphics", "arrows", "axis", "par", "points", "text")
     importFrom("stats", "rnorm", "rpois")
    to your NAMESPACE file.
Flavors: r-devel-linux-x86_64-debian-clang, r-devel-linux-x86_64-debian-gcc, r-devel-linux-x86_64-fedora-clang, r-devel-linux-x86_64-fedora-gcc, r-devel-windows-ix86+x86_64, r-patched-linux-x86_64, r-patched-solaris-x86, r-release-linux-x86_64, r-release-windows-ix86+x86_64, r-release-osx-x86_64, r-oldrel-windows-ix86+x86_64, r-oldrel-osx-x86_64