CRAN Package Check Results for Package expp

Last updated on 2018-06-24 16:48:47 CEST.

Flavor Version Tinstall Tcheck Ttotal Status Flags
r-devel-linux-x86_64-debian-clang 1.1 4.37 88.08 92.45 NOTE
r-devel-linux-x86_64-debian-gcc 1.1 5.37 69.94 75.31 NOTE
r-devel-linux-x86_64-fedora-clang 1.1 109.20 NOTE
r-devel-linux-x86_64-fedora-gcc 1.1 106.07 NOTE
r-devel-windows-ix86+x86_64 1.1 17.00 96.00 113.00 NOTE
r-patched-linux-x86_64 1.1 4.74 74.85 79.59 NOTE
r-patched-solaris-x86 1.1 147.20 NOTE
r-release-linux-x86_64 1.1 5.79 74.81 80.60 NOTE
r-release-windows-ix86+x86_64 1.1 14.00 96.00 110.00 NOTE
r-release-osx-x86_64 1.1 NOTE
r-oldrel-windows-ix86+x86_64 1.1 13.00 87.00 100.00 NOTE
r-oldrel-osx-x86_64 1.1 NOTE

Check Details

Version: 1.1
Check: DESCRIPTION meta-information
Result: NOTE
    Malformed Description field: should contain one or more complete sentences.
Flavors: r-devel-linux-x86_64-debian-clang, r-devel-linux-x86_64-debian-gcc, r-devel-linux-x86_64-fedora-clang, r-devel-linux-x86_64-fedora-gcc, r-devel-windows-ix86+x86_64, r-patched-linux-x86_64, r-patched-solaris-x86, r-release-linux-x86_64, r-release-windows-ix86+x86_64, r-release-osx-x86_64, r-oldrel-windows-ix86+x86_64, r-oldrel-osx-x86_64

Version: 1.1
Check: dependencies in R code
Result: NOTE
    'library' or 'require' call to ‘spatstat’ in package code.
     Please use :: or requireNamespace() instead.
     See section 'Suggested packages' in the 'Writing R Extensions' manual.
Flavors: r-devel-linux-x86_64-debian-clang, r-devel-linux-x86_64-debian-gcc, r-devel-linux-x86_64-fedora-clang, r-devel-linux-x86_64-fedora-gcc, r-devel-windows-ix86+x86_64, r-patched-linux-x86_64, r-patched-solaris-x86, r-release-linux-x86_64, r-release-windows-ix86+x86_64, r-release-osx-x86_64, r-oldrel-windows-ix86+x86_64, r-oldrel-osx-x86_64

Version: 1.1
Check: R code for possible problems
Result: NOTE
    eppSimDat: no visible global function definition for ‘rnorm’
    eppSimDat: no visible global function definition for ‘rpois’
    DirichletPolygons,SpatialPointsBreeding-missing: no visible global
     function definition for ‘ripras’
    barplot,epp: no visible global function definition for ‘axis’
    barplot,epp: no visible global function definition for ‘par’
    plot,SpatialPointsBreeding-eppMatrix: no visible global function
     definition for ‘points’
    plot,SpatialPointsBreeding-eppMatrix: no visible global function
     definition for ‘text’
    plot,SpatialPointsBreeding-eppMatrix: no visible global function
     definition for ‘arrows’
    plot,SpatialPointsBreeding-missing: no visible global function
     definition for ‘points’
    plot,SpatialPointsBreeding-missing: no visible global function
     definition for ‘text’
    Undefined global functions or variables:
     arrows axis par points ripras rnorm rpois text
    Consider adding
     importFrom("graphics", "arrows", "axis", "par", "points", "text")
     importFrom("stats", "rnorm", "rpois")
    to your NAMESPACE file.
Flavors: r-devel-linux-x86_64-debian-clang, r-devel-linux-x86_64-debian-gcc, r-devel-linux-x86_64-fedora-clang, r-devel-linux-x86_64-fedora-gcc, r-devel-windows-ix86+x86_64, r-patched-linux-x86_64, r-patched-solaris-x86, r-release-linux-x86_64, r-release-windows-ix86+x86_64, r-release-osx-x86_64, r-oldrel-windows-ix86+x86_64, r-oldrel-osx-x86_64