CRAN Package Check Results for Package expp

Last updated on 2014-07-23 13:47:49.

Flavor Version Tinstall Tcheck Ttotal Status Flags
r-devel-linux-x86_64-debian-clang 1.0 4.31 56.48 60.78 NOTE
r-devel-linux-x86_64-debian-gcc 1.0 4.20 57.87 62.08 NOTE
r-devel-linux-x86_64-fedora-clang 1.0 144.09 NOTE
r-devel-linux-x86_64-fedora-gcc 1.0 145.13 NOTE
r-devel-osx-x86_64-clang 1.0 114.47 NOTE
r-devel-windows-ix86+x86_64 1.0 12.00 86.00 98.00 NOTE
r-patched-linux-x86_64 1.0 4.29 57.44 61.72 NOTE
r-patched-solaris-sparc 1.0 750.50 NOTE
r-patched-solaris-x86 1.0 180.60 NOTE
r-release-linux-ix86 1.0 5.14 69.58 74.72 NOTE
r-release-linux-x86_64 1.0 4.50 58.04 62.54 NOTE
r-release-osx-x86_64-mavericks 1.0 ERROR
r-release-osx-x86_64-snowleopard 1.0 OK
r-release-windows-ix86+x86_64 1.0 10.00 91.00 101.00 NOTE
r-oldrel-windows-ix86+x86_64 1.0 13.00 84.00 97.00 NOTE

Check Details

Version: 1.0
Check: dependencies in R code
Result: NOTE
    Packages in Depends field not imported from:
     ‘deldir’ ‘methods’ ‘rgeos’ ‘sp’ ‘spdep’
     These packages need to be imported from (in the NAMESPACE file)
     for when this namespace is loaded but not attached.
    See the information on DESCRIPTION files in the chapter ‘Creating R
    packages’ of the ‘Writing R Extensions’ manual.
Flavors: r-devel-linux-x86_64-debian-clang, r-devel-linux-x86_64-debian-gcc, r-devel-linux-x86_64-fedora-clang, r-devel-linux-x86_64-fedora-gcc, r-devel-osx-x86_64-clang, r-devel-windows-ix86+x86_64, r-patched-linux-x86_64, r-patched-solaris-sparc, r-patched-solaris-x86, r-release-linux-ix86, r-release-linux-x86_64, r-release-windows-ix86+x86_64, r-oldrel-windows-ix86+x86_64

Version: 1.0
Check: package dependencies
Result: ERROR
    Package required but not available: ‘rgeos’
    
    See the information on DESCRIPTION files in the chapter ‘Creating R
    packages’ of the ‘Writing R Extensions’ manual.
Flavor: r-release-osx-x86_64-mavericks