CRAN Package Check Results for Package expp

Last updated on 2015-09-03 18:47:03.

Flavor Version Tinstall Tcheck Ttotal Status Flags
r-devel-linux-x86_64-debian-clang 1.1 3.23 44.58 47.81 NOTE
r-devel-linux-x86_64-debian-gcc 1.1 3.91 45.04 48.95 NOTE
r-devel-linux-x86_64-fedora-clang 1.1 99.73 NOTE
r-devel-linux-x86_64-fedora-gcc 1.1 98.52 NOTE
r-devel-osx-x86_64-clang 1.1 81.20 NOTE
r-devel-windows-ix86+x86_64 1.1 13.00 76.00 89.00 NOTE
r-patched-linux-x86_64 1.1 3.41 46.44 49.84 NOTE
r-patched-solaris-sparc 1.1 629.70 NOTE
r-patched-solaris-x86 1.1 144.30 NOTE
r-release-linux-x86_64 1.1 3.46 45.97 49.43 NOTE
r-release-osx-x86_64-mavericks 1.1 NOTE
r-release-windows-ix86+x86_64 1.1 13.00 74.00 87.00 NOTE
r-oldrel-windows-ix86+x86_64 1.1 19.00 106.00 125.00 NOTE

Check Details

Version: 1.1
Check: DESCRIPTION meta-information
Result: NOTE
    Malformed Description field: should contain one or more complete sentences.
Flavors: r-devel-linux-x86_64-debian-clang, r-devel-linux-x86_64-debian-gcc, r-devel-linux-x86_64-fedora-clang, r-devel-linux-x86_64-fedora-gcc, r-devel-osx-x86_64-clang, r-devel-windows-ix86+x86_64, r-patched-linux-x86_64, r-patched-solaris-sparc, r-patched-solaris-x86, r-release-linux-x86_64, r-release-osx-x86_64-mavericks, r-release-windows-ix86+x86_64

Version: 1.1
Check: dependencies in R code
Result: NOTE
    'library' or 'require' call to ‘spatstat’ in package code.
     Please use :: or requireNamespace() instead.
     See section 'Suggested packages' in the 'Writing R Extensions' manual.
Flavors: r-devel-linux-x86_64-debian-clang, r-devel-linux-x86_64-debian-gcc, r-devel-linux-x86_64-fedora-clang, r-devel-linux-x86_64-fedora-gcc, r-devel-osx-x86_64-clang, r-devel-windows-ix86+x86_64, r-patched-linux-x86_64, r-patched-solaris-sparc, r-patched-solaris-x86, r-release-linux-x86_64, r-release-osx-x86_64-mavericks, r-release-windows-ix86+x86_64, r-oldrel-windows-ix86+x86_64

Version: 1.1
Check: R code for possible problems
Result: NOTE
    eppSimDat: no visible global function definition for ‘rnorm’
    eppSimDat: no visible global function definition for ‘rpois’
    DirichletPolygons,SpatialPointsBreeding-missing: no visible global
     function definition for ‘ripras’
    barplot,epp: no visible global function definition for ‘axis’
    barplot,epp: no visible global function definition for ‘par’
    plot,SpatialPointsBreeding-eppMatrix: no visible global function
     definition for ‘points’
    plot,SpatialPointsBreeding-eppMatrix: no visible global function
     definition for ‘text’
    plot,SpatialPointsBreeding-eppMatrix: no visible global function
     definition for ‘arrows’
    plot,SpatialPointsBreeding-missing: no visible global function
     definition for ‘points’
    plot,SpatialPointsBreeding-missing: no visible global function
     definition for ‘text’
    Undefined global functions or variables:
     arrows axis par points ripras rnorm rpois text
    Consider adding
     importFrom("graphics", "arrows", "axis", "par", "points", "text")
     importFrom("stats", "rnorm", "rpois")
    to your NAMESPACE.
Flavors: r-devel-linux-x86_64-debian-clang, r-devel-linux-x86_64-debian-gcc, r-devel-linux-x86_64-fedora-clang, r-devel-linux-x86_64-fedora-gcc, r-devel-windows-ix86+x86_64

Version: 1.1
Check: R code for possible problems
Result: NOTE
    DirichletPolygons,SpatialPointsBreeding-missing: no visible global
     function definition for ‘ripras’
    Undefined global functions or variables:
     ripras
Flavor: r-devel-osx-x86_64-clang

Version: 1.1
Check: R code for possible problems
Result: NOTE
    DirichletPolygons,SpatialPointsBreeding-missing: no visible global
     function definition for ‘ripras’
Flavors: r-patched-linux-x86_64, r-patched-solaris-sparc, r-patched-solaris-x86, r-release-linux-x86_64, r-release-osx-x86_64-mavericks, r-release-windows-ix86+x86_64, r-oldrel-windows-ix86+x86_64