CRAN Package Check Results for Package expp

Last updated on 2014-11-25 01:48:11.

Flavor Version Tinstall Tcheck Ttotal Status Flags
r-devel-linux-x86_64-debian-clang 1.1 4.56 59.13 63.69 NOTE
r-devel-linux-x86_64-debian-gcc 1.1 4.13 56.12 60.24 NOTE
r-devel-linux-x86_64-fedora-clang 1.1 149.28 NOTE
r-devel-linux-x86_64-fedora-gcc 1.1 140.58 NOTE
r-devel-osx-x86_64-clang 1.1 124.27 NOTE
r-devel-windows-ix86+x86_64 1.1 12.00 88.00 100.00 NOTE
r-patched-linux-x86_64 1.1 4.42 60.13 64.56 NOTE
r-patched-solaris-sparc 1.1 819.20 NOTE
r-patched-solaris-x86 1.1 196.20 NOTE
r-release-linux-ix86 1.1 4.96 70.73 75.68 NOTE
r-release-linux-x86_64 1.1 4.41 59.82 64.23 NOTE
r-release-osx-x86_64-mavericks 1.1 ERROR
r-release-osx-x86_64-snowleopard 1.1 OK
r-release-windows-ix86+x86_64 1.1 16.00 92.00 108.00 NOTE
r-oldrel-windows-ix86+x86_64 1.1 13.00 91.00 104.00 OK

Check Details

Version: 1.1
Check: R code for possible problems
Result: NOTE
    DirichletPolygons,SpatialPointsBreeding-missing: no visible global
     function definition for ‘ripras’
Flavors: r-devel-linux-x86_64-debian-clang, r-devel-linux-x86_64-debian-gcc, r-devel-linux-x86_64-fedora-clang, r-devel-linux-x86_64-fedora-gcc, r-devel-osx-x86_64-clang, r-devel-windows-ix86+x86_64, r-patched-linux-x86_64, r-patched-solaris-sparc, r-patched-solaris-x86, r-release-linux-ix86, r-release-linux-x86_64, r-release-windows-ix86+x86_64

Version: 1.1
Check: package dependencies
Result: ERROR
    Package required but not available: ‘rgeos’
    
    See the information on DESCRIPTION files in the chapter ‘Creating R
    packages’ of the ‘Writing R Extensions’ manual.
Flavor: r-release-osx-x86_64-mavericks