CRAN Package Check Results for Package expp

Last updated on 2015-05-29 19:47:26.

Flavor Version Tinstall Tcheck Ttotal Status Flags
r-devel-linux-x86_64-debian-clang 1.1 3.32 47.57 50.89 NOTE
r-devel-linux-x86_64-debian-gcc 1.1 3.54 47.33 50.87 NOTE
r-devel-linux-x86_64-fedora-clang 1.1 112.26 NOTE
r-devel-linux-x86_64-fedora-gcc 1.1 98.00 NOTE
r-devel-osx-x86_64-clang 1.1 87.00 NOTE
r-devel-windows-ix86+x86_64 1.1 11.00 69.00 80.00 NOTE
r-patched-linux-x86_64 1.1 3.56 47.28 50.83 NOTE
r-patched-solaris-sparc 1.1 606.70 NOTE
r-patched-solaris-x86 1.1 143.70 NOTE
r-release-linux-x86_64 1.1 3.33 45.58 48.91 NOTE
r-release-osx-x86_64-mavericks 1.1 NOTE
r-release-osx-x86_64-snowleopard 1.1 ERROR
r-release-windows-ix86+x86_64 1.1 12.00 68.00 80.00 NOTE
r-oldrel-windows-ix86+x86_64 1.1 14.00 85.00 99.00 NOTE

Check Details

Version: 1.1
Check: DESCRIPTION meta-information
Result: NOTE
    Malformed Description field: should contain one or more complete sentences.
Flavors: r-devel-linux-x86_64-debian-clang, r-devel-linux-x86_64-debian-gcc, r-devel-linux-x86_64-fedora-clang, r-devel-linux-x86_64-fedora-gcc, r-devel-osx-x86_64-clang, r-devel-windows-ix86+x86_64, r-patched-linux-x86_64, r-patched-solaris-sparc, r-patched-solaris-x86, r-release-linux-x86_64, r-release-osx-x86_64-mavericks, r-release-windows-ix86+x86_64

Version: 1.1
Check: dependencies in R code
Result: NOTE
    'library' or 'require' call to ‘spatstat’ in package code.
     Please use :: or requireNamespace() instead.
     See section 'Suggested packages' in the 'Writing R Extensions' manual.
Flavors: r-devel-linux-x86_64-debian-clang, r-devel-linux-x86_64-debian-gcc, r-devel-linux-x86_64-fedora-clang, r-devel-linux-x86_64-fedora-gcc, r-devel-osx-x86_64-clang, r-devel-windows-ix86+x86_64, r-patched-linux-x86_64, r-patched-solaris-sparc, r-patched-solaris-x86, r-release-linux-x86_64, r-release-osx-x86_64-mavericks, r-release-windows-ix86+x86_64, r-oldrel-windows-ix86+x86_64

Version: 1.1
Check: R code for possible problems
Result: NOTE
    DirichletPolygons,SpatialPointsBreeding-missing: no visible global
     function definition for ‘ripras’
Flavors: r-devel-linux-x86_64-debian-clang, r-devel-linux-x86_64-debian-gcc, r-devel-linux-x86_64-fedora-clang, r-devel-linux-x86_64-fedora-gcc, r-devel-osx-x86_64-clang, r-devel-windows-ix86+x86_64, r-patched-linux-x86_64, r-patched-solaris-sparc, r-patched-solaris-x86, r-release-linux-x86_64, r-release-osx-x86_64-mavericks, r-release-windows-ix86+x86_64, r-oldrel-windows-ix86+x86_64

Version: 1.1
Check: package dependencies
Result: ERROR
    Packages required but not available: ‘spdep’ ‘rgeos’
    
    Package suggested but not available for checking: ‘knitr’
    
    VignetteBuilder package required for checking but not installed: ‘knitr’
    
    See section ‘The DESCRIPTION file’ in the ‘Writing R Extensions’
    manual.
Flavor: r-release-osx-x86_64-snowleopard