CRAN Package Check Results for Package expp

Last updated on 2015-03-05 12:47:58.

Flavor Version Tinstall Tcheck Ttotal Status Flags
r-devel-linux-x86_64-debian-clang 1.1 3.58 49.57 53.14 NOTE
r-devel-linux-x86_64-debian-gcc 1.1 3.44 50.24 53.68 NOTE
r-devel-linux-x86_64-fedora-clang 1.1 105.69 NOTE
r-devel-linux-x86_64-fedora-gcc 1.1 103.65 NOTE
r-devel-osx-x86_64-clang 1.1 96.42 NOTE
r-devel-windows-ix86+x86_64 1.1 9.00 72.00 81.00 NOTE
r-patched-linux-x86_64 1.1 4.68 62.90 67.58 NOTE
r-patched-solaris-sparc 1.1 867.20 NOTE
r-patched-solaris-x86 1.1 204.30 NOTE
r-release-linux-ix86 1.1 5.34 79.32 84.65 NOTE
r-release-linux-x86_64 1.1 5.03 64.32 69.35 NOTE
r-release-osx-x86_64-mavericks 1.1 ERROR
r-release-osx-x86_64-snowleopard 1.1 OK
r-release-windows-ix86+x86_64 1.1 13.00 98.00 111.00 NOTE
r-oldrel-windows-ix86+x86_64 1.1 14.00 92.00 106.00 OK

Check Details

Version: 1.1
Check: DESCRIPTION meta-information
Result: NOTE
    Malformed Description field: should contain one or more complete sentences.
Flavors: r-devel-linux-x86_64-debian-clang, r-devel-linux-x86_64-debian-gcc, r-devel-linux-x86_64-fedora-clang, r-devel-linux-x86_64-fedora-gcc, r-devel-osx-x86_64-clang, r-devel-windows-ix86+x86_64

Version: 1.1
Check: dependencies in R code
Result: NOTE
    'library' or 'require' call to ‘spatstat’ in package code.
     Please use :: or requireNamespace() instead.
     See section 'Suggested packages' in the 'Writing R Extensions' manual.
Flavors: r-devel-linux-x86_64-debian-clang, r-devel-linux-x86_64-debian-gcc, r-devel-linux-x86_64-fedora-clang, r-devel-linux-x86_64-fedora-gcc, r-devel-osx-x86_64-clang, r-devel-windows-ix86+x86_64, r-patched-linux-x86_64, r-patched-solaris-sparc, r-patched-solaris-x86

Version: 1.1
Check: R code for possible problems
Result: NOTE
    DirichletPolygons,SpatialPointsBreeding-missing: no visible global
     function definition for ‘ripras’
Flavors: r-devel-linux-x86_64-debian-clang, r-devel-linux-x86_64-debian-gcc, r-devel-linux-x86_64-fedora-clang, r-devel-linux-x86_64-fedora-gcc, r-devel-osx-x86_64-clang, r-devel-windows-ix86+x86_64, r-patched-linux-x86_64, r-patched-solaris-sparc, r-patched-solaris-x86, r-release-linux-ix86, r-release-linux-x86_64, r-release-windows-ix86+x86_64

Version: 1.1
Check: package dependencies
Result: ERROR
    Package required but not available: ‘rgeos’
    
    See section ‘The DESCRIPTION file’ in the ‘Writing R Extensions’
    manual.
Flavor: r-release-osx-x86_64-mavericks