CRAN Package Check Results for Package expsmooth

Last updated on 2014-09-01 11:48:53.

Flavor Version Tinstall Tcheck Ttotal Status Flags
r-devel-linux-x86_64-debian-clang 2.02 1.54 11.65 13.19 OK
r-devel-linux-x86_64-debian-gcc 2.02 1.48 11.74 13.22 OK
r-devel-linux-x86_64-fedora-clang 2.02 28.42 NOTE
r-devel-linux-x86_64-fedora-gcc 2.02 27.93 NOTE
r-devel-osx-x86_64-clang 2.02 29.51 OK
r-devel-windows-ix86+x86_64 2.02 7.00 22.00 29.00 OK
r-patched-linux-x86_64 2.02 1.52 12.28 13.80 OK
r-patched-solaris-sparc 2.02 177.90 OK
r-patched-solaris-x86 2.02 41.80 OK
r-release-linux-ix86 2.02 2.12 17.60 19.72 OK
r-release-linux-x86_64 2.02 1.56 12.26 13.83 OK
r-release-osx-x86_64-mavericks 2.02 OK
r-release-osx-x86_64-snowleopard 2.02 OK
r-release-windows-ix86+x86_64 2.02 7.00 21.00 28.00 OK
r-oldrel-windows-ix86+x86_64 2.02 7.00 23.00 30.00 OK

Check Details

Version: 2.02
Check: Rd line widths
Result: NOTE
    Rd file 'gasprice.Rd':
     \examples lines wider than 100 characters:
     plot(gasprice[,1],xlab="Year",ylab="Average retail price per gallon (dollars)",main="Gasoline and oil prices")
     legend("topleft",col=c("black","blue"),lty=1,legend=c("Ave retail price of gasoline","Spot price of WTI oil"))
    
    These lines will be truncated in the PDF manual.
Flavors: r-devel-linux-x86_64-fedora-clang, r-devel-linux-x86_64-fedora-gcc