CRAN Package Check Results for Package expsmooth

Last updated on 2014-04-17 06:46:49.

Flavor Version Tinstall Tcheck Ttotal Status Flags
r-devel-linux-x86_64-debian-clang 2.02 1.64 12.78 14.42 OK
r-devel-linux-x86_64-debian-gcc 2.02 1.64 13.06 14.69 OK
r-devel-linux-x86_64-fedora-clang 2.02 29.54 NOTE
r-devel-linux-x86_64-fedora-gcc 2.02 27.49 NOTE
r-devel-macosx-x86_64-clang 2.02 31.71 OK
r-devel-macosx-x86_64-gcc 2.02 ERROR
r-devel-windows-ix86+x86_64 2.02 6.00 22.00 28.00 OK
r-patched-linux-x86_64 2.02 1.66 12.49 14.15 OK
r-patched-solaris-sparc 2.02 167.50 OK
r-patched-solaris-x86 2.02 40.40 OK
r-release-linux-ix86 2.02 4.00 25.00 29.00 OK
r-release-linux-x86_64 2.02 1.62 12.59 14.21 OK
r-release-macosx-x86_64 2.02 OK
r-release-windows-ix86+x86_64 2.02 5.00 24.00 29.00 OK
r-oldrel-windows-ix86+x86_64 2.02 7.00 22.00 29.00 OK

Check Details

Version: 2.02
Check: Rd line widths
Result: NOTE
    Rd file 'gasprice.Rd':
     \examples lines wider than 100 characters:
     plot(gasprice[,1],xlab="Year",ylab="Average retail price per gallon (dollars)",main="Gasoline and oil prices")
     legend("topleft",col=c("black","blue"),lty=1,legend=c("Ave retail price of gasoline","Spot price of WTI oil"))
    
    These lines will be truncated in the PDF manual.
Flavors: r-devel-linux-x86_64-fedora-clang, r-devel-linux-x86_64-fedora-gcc

Version: 2.02
Check: package dependencies
Result: ERROR
    Packages required but not available: ‘tseries’ ‘forecast’
    
    See the information on DESCRIPTION files in the chapter ‘Creating R
    packages’ of the ‘Writing R Extensions’ manual.
Flavor: r-devel-macosx-x86_64-gcc