CRAN Package Check Results for Package expsmooth

Last updated on 2014-10-21 01:47:13.

Flavor Version Tinstall Tcheck Ttotal Status Flags
r-devel-linux-x86_64-debian-clang 2.02 1.54 12.76 14.30 NOTE
r-devel-linux-x86_64-debian-gcc 2.02 1.55 13.10 14.64 NOTE
r-devel-linux-x86_64-fedora-clang 2.02 29.25 NOTE
r-devel-linux-x86_64-fedora-gcc 2.02 28.46 NOTE
r-devel-osx-x86_64-clang 2.02 33.79 OK
r-devel-windows-ix86+x86_64 2.02 6.00 24.00 30.00 OK
r-patched-linux-x86_64 2.02 1.67 13.11 14.78 NOTE
r-patched-solaris-sparc 2.02 177.90 OK
r-patched-solaris-x86 2.02 44.00 OK
r-release-linux-ix86 2.02 2.13 17.75 19.88 OK
r-release-linux-x86_64 2.02 1.58 12.64 14.23 NOTE
r-release-osx-x86_64-mavericks 2.02 OK
r-release-osx-x86_64-snowleopard 2.02 OK
r-release-windows-ix86+x86_64 2.02 5.00 22.00 27.00 OK
r-oldrel-windows-ix86+x86_64 2.02 7.00 23.00 30.00 OK

Check Details

Version: 2.02
Check: Rd line widths
Result: NOTE
    Rd file 'gasprice.Rd':
     \examples lines wider than 100 characters:
     plot(gasprice[,1],xlab="Year",ylab="Average retail price per gallon (dollars)",main="Gasoline and oil prices")
     legend("topleft",col=c("black","blue"),lty=1,legend=c("Ave retail price of gasoline","Spot price of WTI oil"))
    
    These lines will be truncated in the PDF manual.
Flavors: r-devel-linux-x86_64-debian-clang, r-devel-linux-x86_64-debian-gcc, r-devel-linux-x86_64-fedora-clang, r-devel-linux-x86_64-fedora-gcc, r-patched-linux-x86_64, r-release-linux-x86_64