CRAN Package Check Results for Package expsmooth

Last updated on 2015-04-18 17:50:46.

Flavor Version Tinstall Tcheck Ttotal Status Flags
r-devel-linux-x86_64-debian-clang 2.3 1.22 10.40 11.62 OK
r-devel-linux-x86_64-debian-gcc 2.3 1.28 10.58 11.87 OK
r-devel-linux-x86_64-fedora-clang 2.3 22.60 OK
r-devel-linux-x86_64-fedora-gcc 2.3 22.28 OK
r-devel-osx-x86_64-clang 2.3 25.18 OK
r-patched-linux-x86_64 2.02 1.20 11.36 12.56 NOTE
r-patched-solaris-sparc 2.3 124.30 OK
r-patched-solaris-x86 2.3 33.80 OK
r-release-linux-x86_64 2.3 1.20 10.41 11.62 OK
r-release-osx-x86_64-mavericks 2.3 OK
r-release-osx-x86_64-snowleopard 2.3 ERROR
r-release-windows-ix86+x86_64 2.3 4.00 22.00 26.00 OK
r-oldrel-windows-ix86+x86_64 2.3 8.00 29.00 37.00 OK

Check Details

Version: 2.02
Check: Rd line widths
Result: NOTE
    Rd file 'gasprice.Rd':
     \examples lines wider than 100 characters:
     plot(gasprice[,1],xlab="Year",ylab="Average retail price per gallon (dollars)",main="Gasoline and oil prices")
     legend("topleft",col=c("black","blue"),lty=1,legend=c("Ave retail price of gasoline","Spot price of WTI oil"))
    
    These lines will be truncated in the PDF manual.
Flavor: r-patched-linux-x86_64

Version: 2.3
Check: package dependencies
Result: ERROR
    Package required but not available: ‘forecast’
    
    See section ‘The DESCRIPTION file’ in the ‘Writing R Extensions’
    manual.
Flavor: r-release-osx-x86_64-snowleopard