CRAN Package Check Results for Package expsmooth

Last updated on 2014-08-20 11:48:40.

Flavor Version Tinstall Tcheck Ttotal Status Flags
r-devel-linux-x86_64-debian-clang 2.02 1.54 12.43 13.98 OK
r-devel-linux-x86_64-debian-gcc 2.02 1.51 11.64 13.15 OK
r-devel-linux-x86_64-fedora-clang 2.02 28.85 NOTE
r-devel-linux-x86_64-fedora-gcc 2.02 27.15 NOTE
r-devel-osx-x86_64-clang 2.02 29.69 OK
r-devel-windows-ix86+x86_64 2.02 7.00 22.00 29.00 OK
r-patched-linux-x86_64 2.02 1.59 11.93 13.52 OK
r-patched-solaris-sparc 2.02 177.90 OK
r-patched-solaris-x86 2.02 40.90 OK
r-release-linux-ix86 2.02 2.08 17.74 19.82 OK
r-release-linux-x86_64 2.02 1.56 12.35 13.91 OK
r-release-osx-x86_64-mavericks 2.02 OK
r-release-osx-x86_64-snowleopard 2.02 OK
r-release-windows-ix86+x86_64 2.02 6.00 21.00 27.00 OK
r-oldrel-windows-ix86+x86_64 2.02 8.00 23.00 31.00 OK

Check Details

Version: 2.02
Check: Rd line widths
Result: NOTE
    Rd file 'gasprice.Rd':
     \examples lines wider than 100 characters:
     plot(gasprice[,1],xlab="Year",ylab="Average retail price per gallon (dollars)",main="Gasoline and oil prices")
     legend("topleft",col=c("black","blue"),lty=1,legend=c("Ave retail price of gasoline","Spot price of WTI oil"))
    
    These lines will be truncated in the PDF manual.
Flavors: r-devel-linux-x86_64-fedora-clang, r-devel-linux-x86_64-fedora-gcc