CRAN Package Check Results for Package expsmooth

Last updated on 2015-01-30 18:51:26.

Flavor Version Tinstall Tcheck Ttotal Status Flags
r-devel-linux-x86_64-debian-clang 2.02 1.26 10.65 11.91 NOTE
r-devel-linux-x86_64-debian-gcc 2.02 1.37 10.95 12.32 NOTE
r-devel-linux-x86_64-fedora-clang 2.02 28.24 NOTE
r-devel-linux-x86_64-fedora-gcc 2.02 27.06 NOTE
r-devel-osx-x86_64-clang 2.02 35.27 OK
r-devel-windows-ix86+x86_64 2.02 7.00 20.00 27.00 OK
r-patched-linux-x86_64 2.02 1.58 13.32 14.91 NOTE
r-patched-solaris-sparc 2.02 193.90 OK
r-patched-solaris-x86 2.02 44.70 OK
r-release-linux-ix86 2.02 2.06 17.99 20.06 OK
r-release-linux-x86_64 2.02 1.60 12.78 14.38 NOTE
r-release-osx-x86_64-mavericks 2.02 OK
r-release-osx-x86_64-snowleopard 2.02 OK
r-release-windows-ix86+x86_64 2.02 7.00 24.00 31.00 OK
r-oldrel-windows-ix86+x86_64 2.02 7.00 24.00 31.00 OK

Check Details

Version: 2.02
Check: Rd line widths
Result: NOTE
    Rd file 'gasprice.Rd':
     \examples lines wider than 100 characters:
     plot(gasprice[,1],xlab="Year",ylab="Average retail price per gallon (dollars)",main="Gasoline and oil prices")
     legend("topleft",col=c("black","blue"),lty=1,legend=c("Ave retail price of gasoline","Spot price of WTI oil"))
    
    These lines will be truncated in the PDF manual.
Flavors: r-devel-linux-x86_64-debian-clang, r-devel-linux-x86_64-debian-gcc, r-devel-linux-x86_64-fedora-clang, r-devel-linux-x86_64-fedora-gcc, r-patched-linux-x86_64, r-release-linux-x86_64