CRAN Package Check Results for Package expsmooth

Last updated on 2014-07-29 11:49:46.

Flavor Version Tinstall Tcheck Ttotal Status Flags
r-devel-linux-x86_64-debian-clang 2.02 1.73 11.98 13.71 OK
r-devel-linux-x86_64-debian-gcc 2.02 1.52 11.97 13.50 OK
r-devel-linux-x86_64-fedora-clang 2.02 29.73 NOTE
r-devel-linux-x86_64-fedora-gcc 2.02 27.57 NOTE
r-devel-osx-x86_64-clang 2.02 29.59 OK
r-devel-windows-ix86+x86_64 2.02 7.00 24.00 31.00 OK
r-patched-linux-x86_64 2.02 1.63 12.02 13.65 OK
r-patched-solaris-sparc 2.02 167.50 OK
r-patched-solaris-x86 2.02 40.90 OK
r-release-linux-ix86 2.02 2.08 17.74 19.82 OK
r-release-linux-x86_64 2.02 1.60 12.27 13.87 OK
r-release-osx-x86_64-mavericks 2.02 OK
r-release-osx-x86_64-snowleopard 2.02 OK
r-release-windows-ix86+x86_64 2.02 7.00 23.00 30.00 OK
r-oldrel-windows-ix86+x86_64 2.02 7.00 23.00 30.00 OK

Check Details

Version: 2.02
Check: Rd line widths
Result: NOTE
    Rd file 'gasprice.Rd':
     \examples lines wider than 100 characters:
     plot(gasprice[,1],xlab="Year",ylab="Average retail price per gallon (dollars)",main="Gasoline and oil prices")
     legend("topleft",col=c("black","blue"),lty=1,legend=c("Ave retail price of gasoline","Spot price of WTI oil"))
    
    These lines will be truncated in the PDF manual.
Flavors: r-devel-linux-x86_64-fedora-clang, r-devel-linux-x86_64-fedora-gcc