CRAN Package Check Results for Package expsmooth

Last updated on 2014-11-28 03:47:33.

Flavor Version Tinstall Tcheck Ttotal Status Flags
r-devel-linux-x86_64-debian-clang 2.02 1.54 13.34 14.88 NOTE
r-devel-linux-x86_64-debian-gcc 2.02 1.51 12.90 14.42 NOTE
r-devel-linux-x86_64-fedora-clang 2.02 30.49 NOTE
r-devel-linux-x86_64-fedora-gcc 2.02 33.57 NOTE
r-devel-osx-x86_64-clang 2.02 33.24 OK
r-devel-windows-ix86+x86_64 2.02 6.00 23.00 29.00 OK
r-patched-linux-x86_64 2.02 1.60 13.02 14.62 NOTE
r-patched-solaris-sparc 2.02 177.90 OK
r-patched-solaris-x86 2.02 44.60 OK
r-release-linux-ix86 2.02 2.01 17.83 19.84 OK
r-release-linux-x86_64 2.02 1.58 12.60 14.18 NOTE
r-release-osx-x86_64-mavericks 2.02 OK
r-release-osx-x86_64-snowleopard 2.02 OK
r-release-windows-ix86+x86_64 2.02 6.00 23.00 29.00 OK
r-oldrel-windows-ix86+x86_64 2.02 6.00 23.00 29.00 OK

Check Details

Version: 2.02
Check: Rd line widths
Result: NOTE
    Rd file 'gasprice.Rd':
     \examples lines wider than 100 characters:
     plot(gasprice[,1],xlab="Year",ylab="Average retail price per gallon (dollars)",main="Gasoline and oil prices")
     legend("topleft",col=c("black","blue"),lty=1,legend=c("Ave retail price of gasoline","Spot price of WTI oil"))
    
    These lines will be truncated in the PDF manual.
Flavors: r-devel-linux-x86_64-debian-clang, r-devel-linux-x86_64-debian-gcc, r-devel-linux-x86_64-fedora-clang, r-devel-linux-x86_64-fedora-gcc, r-patched-linux-x86_64, r-release-linux-x86_64