CRAN Package Check Results for Package expsmooth

Last updated on 2014-12-22 19:48:21.

Flavor Version Tinstall Tcheck Ttotal Status Flags
r-devel-linux-x86_64-debian-clang 2.02 1.72 13.01 14.73 NOTE
r-devel-linux-x86_64-debian-gcc 2.02 1.50 13.16 14.65 NOTE
r-devel-linux-x86_64-fedora-clang 2.02 30.99 NOTE
r-devel-linux-x86_64-fedora-gcc 2.02 29.83 NOTE
r-devel-osx-x86_64-clang 2.02 33.23 OK
r-devel-windows-ix86+x86_64 2.02 7.00 24.00 31.00 OK
r-patched-linux-x86_64 2.02 1.89 12.79 14.68 NOTE
r-patched-solaris-sparc 2.02 193.40 OK
r-patched-solaris-x86 2.02 45.30 OK
r-release-linux-ix86 2.02 2.04 17.76 19.80 OK
r-release-linux-x86_64 2.02 1.60 13.25 14.85 NOTE
r-release-osx-x86_64-mavericks 2.02 OK
r-release-osx-x86_64-snowleopard 2.02 OK
r-release-windows-ix86+x86_64 2.02 8.00 23.00 31.00 OK
r-oldrel-windows-ix86+x86_64 2.02 8.00 24.00 32.00 OK

Check Details

Version: 2.02
Check: Rd line widths
Result: NOTE
    Rd file 'gasprice.Rd':
     \examples lines wider than 100 characters:
     plot(gasprice[,1],xlab="Year",ylab="Average retail price per gallon (dollars)",main="Gasoline and oil prices")
     legend("topleft",col=c("black","blue"),lty=1,legend=c("Ave retail price of gasoline","Spot price of WTI oil"))
    
    These lines will be truncated in the PDF manual.
Flavors: r-devel-linux-x86_64-debian-clang, r-devel-linux-x86_64-debian-gcc, r-devel-linux-x86_64-fedora-clang, r-devel-linux-x86_64-fedora-gcc, r-patched-linux-x86_64, r-release-linux-x86_64