CRAN Package Check Results for Package expsmooth

Last updated on 2017-02-25 03:48:10.

Flavor Version Tinstall Tcheck Ttotal Status Flags
r-devel-linux-x86_64-debian-clang 2.3 1.44 12.38 13.82 OK
r-devel-linux-x86_64-debian-gcc 2.3 1.43 12.41 13.84 OK
r-devel-linux-x86_64-fedora-clang 2.3 23.69 OK --no-stop-on-test-error
r-devel-linux-x86_64-fedora-gcc 2.3 23.42 OK --no-stop-on-test-error
r-devel-macos-x86_64-clang 2.3 22.01 OK --no-stop-on-test-error
r-devel-windows-ix86+x86_64 2.3 13.00 5.00 18.00 ERROR
r-patched-linux-x86_64 2.3 1.25 10.99 12.24 OK
r-patched-solaris-sparc 2.3 143.50 OK
r-patched-solaris-x86 2.3 31.40 OK
r-release-linux-x86_64 2.3 1.23 11.04 12.27 OK
r-release-osx-x86_64-mavericks 2.3 OK
r-release-windows-ix86+x86_64 2.3 6.00 6.00 12.00 OK
r-oldrel-windows-ix86+x86_64 2.3 10.00 60.00 70.00 OK

Check Details

Version: 2.3
Check: whether package can be installed
Result: ERROR
    Installation failed.
Flavor: r-devel-windows-ix86+x86_64