CRAN Package Check Results for Package expsmooth

Last updated on 2015-05-26 12:47:15.

Flavor Version Tinstall Tcheck Ttotal Status Flags
r-devel-linux-x86_64-debian-clang 2.3 1.28 10.74 12.02 OK
r-devel-linux-x86_64-debian-gcc 2.3 1.50 10.26 11.76 OK
r-devel-linux-x86_64-fedora-clang 2.3 23.23 OK
r-devel-linux-x86_64-fedora-gcc 2.3 21.93 OK
r-devel-osx-x86_64-clang 2.3 24.69 OK
r-devel-windows-ix86+x86_64 2.3 5.00 20.00 25.00 OK
r-patched-linux-x86_64 2.3 1.30 10.25 11.54 OK
r-patched-solaris-sparc 2.3 144.40 OK
r-patched-solaris-x86 2.3 34.60 OK
r-release-linux-x86_64 2.3 1.19 10.51 11.70 OK
r-release-osx-x86_64-mavericks 2.3 OK
r-release-osx-x86_64-snowleopard 2.3 ERROR
r-release-windows-ix86+x86_64 2.3 4.00 19.00 23.00 OK
r-oldrel-windows-ix86+x86_64 2.3 7.00 24.00 31.00 OK

Check Details

Version: 2.3
Check: package dependencies
Result: ERROR
    Package required but not available: ‘forecast’
    
    See section ‘The DESCRIPTION file’ in the ‘Writing R Extensions’
    manual.
Flavor: r-release-osx-x86_64-snowleopard