CRAN Package Check Results for Package expsmooth

Last updated on 2015-03-06 14:46:55.

Flavor Version Tinstall Tcheck Ttotal Status Flags
r-devel-linux-x86_64-debian-clang 2.02 1.43 11.54 12.97 NOTE
r-devel-linux-x86_64-debian-gcc 2.02 1.35 10.89 12.24 NOTE
r-devel-linux-x86_64-fedora-clang 2.02 24.06 NOTE
r-devel-linux-x86_64-fedora-gcc 2.02 23.38 NOTE
r-devel-osx-x86_64-clang 2.02 30.12 OK
r-devel-windows-ix86+x86_64 2.02 5.00 22.00 27.00 OK
r-patched-linux-x86_64 2.02 1.88 13.32 15.20 NOTE
r-patched-solaris-sparc 2.02 200.90 OK
r-patched-solaris-x86 2.02 45.40 OK
r-release-linux-ix86 2.02 2.15 19.67 21.82 NOTE
r-release-linux-x86_64 2.02 1.76 13.64 15.40 NOTE
r-release-osx-x86_64-mavericks 2.02 OK
r-release-osx-x86_64-snowleopard 2.02 OK
r-release-windows-ix86+x86_64 2.02 8.00 25.00 33.00 OK
r-oldrel-windows-ix86+x86_64 2.02 7.00 27.00 34.00 OK

Check Details

Version: 2.02
Check: Rd line widths
Result: NOTE
    Rd file 'gasprice.Rd':
     \examples lines wider than 100 characters:
     plot(gasprice[,1],xlab="Year",ylab="Average retail price per gallon (dollars)",main="Gasoline and oil prices")
     legend("topleft",col=c("black","blue"),lty=1,legend=c("Ave retail price of gasoline","Spot price of WTI oil"))
    
    These lines will be truncated in the PDF manual.
Flavors: r-devel-linux-x86_64-debian-clang, r-devel-linux-x86_64-debian-gcc, r-devel-linux-x86_64-fedora-clang, r-devel-linux-x86_64-fedora-gcc, r-patched-linux-x86_64, r-release-linux-ix86, r-release-linux-x86_64