CRAN Package Check Results for Package exsic

Last updated on 2016-06-24 23:47:28.

Flavor Version Tinstall Tcheck Ttotal Status Flags
r-devel-linux-x86_64-debian-gcc 1.1.1 0.83 14.93 15.76 NOTE
r-devel-linux-x86_64-fedora-clang 1.1.1 23.86 NOTE
r-devel-linux-x86_64-fedora-gcc 1.1.1 22.21 NOTE
r-devel-osx-x86_64-clang 1.1.1 21.42 NOTE
r-devel-windows-ix86+x86_64 1.1.1 5.00 33.00 38.00 NOTE
r-patched-linux-x86_64 1.1.1 1.00 14.44 15.44 NOTE
r-patched-solaris-x86 1.1.1 34.80 NOTE
r-release-linux-x86_64 1.1.1 0.92 14.83 15.74 NOTE
r-release-osx-x86_64-mavericks 1.1.1 NOTE
r-release-windows-ix86+x86_64 1.1.1 5.00 29.00 34.00 NOTE
r-oldrel-windows-ix86+x86_64 1.1.1 6.00 29.00 35.00 OK

Check Details

Version: 1.1.1
Check: R code for possible problems
Result: NOTE
    index.citations: no visible global function definition for
     ‘txtProgressBar’
    read.exsic: no visible global function definition for ‘read.csv’
    update.pb: no visible global function definition for
     ‘setTxtProgressBar’
    Undefined global functions or variables:
     read.csv setTxtProgressBar txtProgressBar
    Consider adding
     importFrom("utils", "read.csv", "setTxtProgressBar", "txtProgressBar")
    to your NAMESPACE file.
Flavors: r-devel-linux-x86_64-debian-gcc, r-devel-linux-x86_64-fedora-clang, r-devel-linux-x86_64-fedora-gcc, r-devel-osx-x86_64-clang, r-devel-windows-ix86+x86_64, r-patched-linux-x86_64, r-patched-solaris-sparc, r-patched-solaris-x86, r-release-linux-x86_64, r-release-osx-x86_64-mavericks, r-release-windows-ix86+x86_64