CRAN Package Check Results for Package exsic

Last updated on 2016-12-11 06:57:20.

Flavor Version Tinstall Tcheck Ttotal Status Flags
r-devel-linux-x86_64-debian-clang 1.1.1 0.89 15.24 16.13 NOTE
r-devel-linux-x86_64-debian-gcc 1.1.1 0.83 15.04 15.87 NOTE
r-devel-linux-x86_64-fedora-clang 1.1.1 30.36 NOTE --no-stop-on-test-error
r-devel-linux-x86_64-fedora-gcc 1.1.1 30.35 NOTE --no-stop-on-test-error
r-devel-macos-x86_64-clang 1.1.1 24.30 NOTE --no-stop-on-test-error
r-devel-windows-ix86+x86_64 1.1.1 3.00 49.00 52.00 NOTE
r-patched-linux-x86_64 1.1.1 0.78 12.98 13.75 NOTE
r-patched-solaris-sparc 1.1.1 157.40 NOTE
r-patched-solaris-x86 1.1.1 33.20 NOTE
r-release-linux-x86_64 1.1.1 0.91 12.97 13.88 NOTE
r-release-osx-x86_64-mavericks 1.1.1 NOTE
r-release-windows-ix86+x86_64 1.1.1 6.00 29.00 35.00 NOTE
r-oldrel-windows-ix86+x86_64 1.1.1 5.00 28.00 33.00 OK

Check Details

Version: 1.1.1
Check: R code for possible problems
Result: NOTE
    index.citations: no visible global function definition for
     ‘txtProgressBar’
    read.exsic: no visible global function definition for ‘read.csv’
    update.pb: no visible global function definition for
     ‘setTxtProgressBar’
    Undefined global functions or variables:
     read.csv setTxtProgressBar txtProgressBar
    Consider adding
     importFrom("utils", "read.csv", "setTxtProgressBar", "txtProgressBar")
    to your NAMESPACE file.
Flavors: r-devel-linux-x86_64-debian-clang, r-devel-linux-x86_64-debian-gcc, r-devel-windows-ix86+x86_64, r-patched-linux-x86_64, r-patched-solaris-sparc, r-patched-solaris-x86, r-release-linux-x86_64, r-release-osx-x86_64-mavericks, r-release-windows-ix86+x86_64

Version: 1.1.1
Flags: --no-stop-on-test-error
Check: R code for possible problems
Result: NOTE
    index.citations: no visible global function definition for
     ‘txtProgressBar’
    read.exsic: no visible global function definition for ‘read.csv’
    update.pb: no visible global function definition for
     ‘setTxtProgressBar’
    Undefined global functions or variables:
     read.csv setTxtProgressBar txtProgressBar
    Consider adding
     importFrom("utils", "read.csv", "setTxtProgressBar", "txtProgressBar")
    to your NAMESPACE file.
Flavors: r-devel-linux-x86_64-fedora-clang, r-devel-linux-x86_64-fedora-gcc, r-devel-macos-x86_64-clang