CRAN Package Check Results for Package exsic

Last updated on 2017-05-29 14:50:09.

Flavor Version Tinstall Tcheck Ttotal Status Flags
r-devel-linux-x86_64-debian-clang 1.1.1 0.95 16.29 17.23 NOTE
r-devel-linux-x86_64-debian-gcc 1.1.1 0.86 15.11 15.96 NOTE
r-devel-linux-x86_64-fedora-clang 1.1.1 28.16 NOTE
r-devel-linux-x86_64-fedora-gcc 1.1.1 26.87 NOTE
r-devel-windows-ix86+x86_64 1.1.1 3.00 42.00 45.00 NOTE
r-patched-linux-x86_64 1.1.1 0.85 15.06 15.91 NOTE
r-patched-solaris-sparc 1.1.1 172.20 NOTE
r-patched-solaris-x86 1.1.1 38.50 NOTE
r-release-linux-x86_64 1.1.1 0.94 16.25 17.19 NOTE
r-release-windows-ix86+x86_64 1.1.1 5.00 33.00 38.00 NOTE
r-release-osx-x86_64 1.1.1 NOTE
r-oldrel-windows-ix86+x86_64 1.1.1 3.00 31.00 34.00 NOTE
r-oldrel-osx-x86_64 1.1.1 NOTE

Check Details

Version: 1.1.1
Check: R code for possible problems
Result: NOTE
    index.citations: no visible global function definition for
     ‘txtProgressBar’
    read.exsic: no visible global function definition for ‘read.csv’
    update.pb: no visible global function definition for
     ‘setTxtProgressBar’
    Undefined global functions or variables:
     read.csv setTxtProgressBar txtProgressBar
    Consider adding
     importFrom("utils", "read.csv", "setTxtProgressBar", "txtProgressBar")
    to your NAMESPACE file.
Flavors: r-devel-linux-x86_64-debian-clang, r-devel-linux-x86_64-debian-gcc, r-devel-linux-x86_64-fedora-clang, r-devel-linux-x86_64-fedora-gcc, r-devel-windows-ix86+x86_64, r-patched-linux-x86_64, r-patched-solaris-sparc, r-patched-solaris-x86, r-release-linux-x86_64, r-release-windows-ix86+x86_64, r-release-osx-x86_64, r-oldrel-windows-ix86+x86_64, r-oldrel-osx-x86_64