CRAN Package Check Results for Package exsic

Last updated on 2016-07-27 07:47:29.

Flavor Version Tinstall Tcheck Ttotal Status Flags
r-devel-linux-x86_64-debian-clang 1.1.1 1.09 18.53 19.62 NOTE
r-devel-linux-x86_64-debian-gcc 1.1.1 0.99 17.35 18.34 NOTE
r-devel-linux-x86_64-fedora-clang 1.1.1 23.08 NOTE
r-devel-linux-x86_64-fedora-gcc 1.1.1 21.19 NOTE
r-devel-osx-x86_64-clang 1.1.1 21.00 NOTE
r-devel-windows-ix86+x86_64 1.1.1 4.00 40.00 44.00 NOTE
r-patched-linux-x86_64 1.1.1 1.06 16.24 17.30 NOTE
r-patched-solaris-sparc 1.1.1 157.40 NOTE
r-patched-solaris-x86 1.1.1 33.10 NOTE
r-release-linux-x86_64 1.1.1 0.91 16.32 17.23 NOTE
r-release-osx-x86_64-mavericks 1.1.1 NOTE
r-release-windows-ix86+x86_64 1.1.1 4.00 44.00 48.00 NOTE
r-oldrel-windows-ix86+x86_64 1.1.1 5.00 36.00 41.00 OK

Check Details

Version: 1.1.1
Check: R code for possible problems
Result: NOTE
    index.citations: no visible global function definition for
     ‘txtProgressBar’
    read.exsic: no visible global function definition for ‘read.csv’
    update.pb: no visible global function definition for
     ‘setTxtProgressBar’
    Undefined global functions or variables:
     read.csv setTxtProgressBar txtProgressBar
    Consider adding
     importFrom("utils", "read.csv", "setTxtProgressBar", "txtProgressBar")
    to your NAMESPACE file.
Flavors: r-devel-linux-x86_64-debian-clang, r-devel-linux-x86_64-debian-gcc, r-devel-linux-x86_64-fedora-clang, r-devel-linux-x86_64-fedora-gcc, r-devel-osx-x86_64-clang, r-devel-windows-ix86+x86_64, r-patched-linux-x86_64, r-patched-solaris-sparc, r-patched-solaris-x86, r-release-linux-x86_64, r-release-osx-x86_64-mavericks, r-release-windows-ix86+x86_64