CRAN Package Check Results for Package exsic

Last updated on 2017-07-23 04:48:24.

Flavor Version Tinstall Tcheck Ttotal Status Flags
r-devel-linux-x86_64-debian-clang 1.1.1 0.78 23.11 23.89 NOTE
r-devel-linux-x86_64-debian-gcc 1.1.1 0.76 22.35 23.12 NOTE
r-devel-linux-x86_64-fedora-clang 1.1.1 28.03 NOTE
r-devel-linux-x86_64-fedora-gcc 1.1.1 27.04 NOTE
r-devel-windows-ix86+x86_64 1.1.1 6.00 40.00 46.00 NOTE
r-patched-linux-x86_64 1.1.1 0.86 22.66 23.52 NOTE
r-patched-solaris-x86 1.1.1 39.10 NOTE
r-release-linux-x86_64 1.1.1 0.92 22.48 23.40 NOTE
r-release-windows-ix86+x86_64 1.1.1 3.00 48.00 51.00 NOTE
r-release-osx-x86_64 1.1.1 NOTE
r-oldrel-windows-ix86+x86_64 1.1.1 7.00 44.00 51.00 NOTE
r-oldrel-osx-x86_64 1.1.1 NOTE

Check Details

Version: 1.1.1
Check: R code for possible problems
Result: NOTE
    index.citations: no visible global function definition for
     ‘txtProgressBar’
    read.exsic: no visible global function definition for ‘read.csv’
    update.pb: no visible global function definition for
     ‘setTxtProgressBar’
    Undefined global functions or variables:
     read.csv setTxtProgressBar txtProgressBar
    Consider adding
     importFrom("utils", "read.csv", "setTxtProgressBar", "txtProgressBar")
    to your NAMESPACE file.
Flavors: r-devel-linux-x86_64-debian-clang, r-devel-linux-x86_64-debian-gcc, r-devel-linux-x86_64-fedora-clang, r-devel-linux-x86_64-fedora-gcc, r-devel-windows-ix86+x86_64, r-patched-linux-x86_64, r-patched-solaris-x86, r-release-linux-x86_64, r-release-windows-ix86+x86_64, r-release-osx-x86_64, r-oldrel-windows-ix86+x86_64, r-oldrel-osx-x86_64