CRAN Package Check Results for Package exsic

Last updated on 2015-07-05 22:47:25.

Flavor Version Tinstall Tcheck Ttotal Status Flags
r-devel-linux-x86_64-debian-clang 1.1.1 0.78 13.01 13.80 NOTE
r-devel-linux-x86_64-debian-gcc 1.1.1 0.72 12.96 13.69 NOTE
r-devel-linux-x86_64-fedora-clang 1.1.1 25.05 NOTE
r-devel-linux-x86_64-fedora-gcc 1.1.1 24.60 NOTE
r-devel-osx-x86_64-clang 1.1.1 24.81 OK
r-devel-windows-ix86+x86_64 1.1.1 5.00 21.00 26.00 NOTE
r-patched-linux-x86_64 1.1.1 0.76 13.58 14.34 OK
r-patched-solaris-sparc 1.1.1 168.90 OK
r-patched-solaris-x86 1.1.1 39.10 OK
r-release-linux-x86_64 1.1.1 0.81 13.70 14.52 OK
r-release-osx-x86_64-mavericks 1.1.1 OK
r-release-windows-ix86+x86_64 1.1.1 5.00 21.00 26.00 OK
r-oldrel-windows-ix86+x86_64 1.1.1 6.00 42.00 48.00 OK

Check Details

Version: 1.1.1
Check: R code for possible problems
Result: NOTE
    index.citations: no visible global function definition for
     ‘txtProgressBar’
    read.exsic: no visible global function definition for ‘read.csv’
    update.pb: no visible global function definition for
     ‘setTxtProgressBar’
    Undefined global functions or variables:
     read.csv setTxtProgressBar txtProgressBar
Flavors: r-devel-linux-x86_64-debian-clang, r-devel-linux-x86_64-debian-gcc, r-devel-linux-x86_64-fedora-clang, r-devel-linux-x86_64-fedora-gcc, r-devel-windows-ix86+x86_64