CRAN Package Check Results for Package exsic

Last updated on 2018-06-23 15:53:24 CEST.

Flavor Version Tinstall Tcheck Ttotal Status Flags
r-devel-linux-x86_64-debian-clang 1.1.1 2.41 24.89 27.30 NOTE
r-devel-linux-x86_64-debian-gcc 1.1.1 1.63 19.52 21.15 NOTE
r-devel-linux-x86_64-fedora-clang 1.1.1 30.55 NOTE
r-devel-linux-x86_64-fedora-gcc 1.1.1 28.98 NOTE
r-devel-windows-ix86+x86_64 1.1.1 8.00 47.00 55.00 NOTE
r-patched-linux-x86_64 1.1.1 2.11 23.44 25.55 NOTE
r-patched-solaris-x86 1.1.1 44.80 NOTE
r-release-linux-x86_64 1.1.1 1.96 23.60 25.56 NOTE
r-release-windows-ix86+x86_64 1.1.1 5.00 50.00 55.00 NOTE
r-release-osx-x86_64 1.1.1 NOTE
r-oldrel-windows-ix86+x86_64 1.1.1 5.00 48.00 53.00 NOTE
r-oldrel-osx-x86_64 1.1.1 NOTE

Check Details

Version: 1.1.1
Check: R code for possible problems
Result: NOTE
    index.citations: no visible global function definition for
     ‘txtProgressBar’
    read.exsic: no visible global function definition for ‘read.csv’
    update.pb: no visible global function definition for
     ‘setTxtProgressBar’
    Undefined global functions or variables:
     read.csv setTxtProgressBar txtProgressBar
    Consider adding
     importFrom("utils", "read.csv", "setTxtProgressBar", "txtProgressBar")
    to your NAMESPACE file.
Flavors: r-devel-linux-x86_64-debian-clang, r-devel-linux-x86_64-debian-gcc, r-devel-linux-x86_64-fedora-clang, r-devel-linux-x86_64-fedora-gcc, r-devel-windows-ix86+x86_64, r-patched-linux-x86_64, r-patched-solaris-x86, r-release-linux-x86_64, r-release-windows-ix86+x86_64, r-release-osx-x86_64, r-oldrel-windows-ix86+x86_64, r-oldrel-osx-x86_64