CRAN Package Check Results for Package exsic

Last updated on 2018-02-23 22:47:54 CET.

Flavor Version Tinstall Tcheck Ttotal Status Flags
r-devel-linux-x86_64-debian-clang 1.1.1 1.46 23.10 24.56 NOTE
r-devel-linux-x86_64-debian-gcc 1.1.1 1.48 18.27 19.75 NOTE
r-devel-linux-x86_64-fedora-clang 1.1.1 29.67 NOTE
r-devel-linux-x86_64-fedora-gcc 1.1.1 28.58 NOTE
r-devel-windows-ix86+x86_64 1.1.1 6.00 46.00 52.00 NOTE
r-patched-linux-x86_64 1.1.1 1.20 23.26 24.46 NOTE
r-patched-solaris-x86 1.1.1 38.90 NOTE
r-release-linux-x86_64 1.1.1 1.07 23.03 24.10 NOTE
r-release-windows-ix86+x86_64 1.1.1 4.00 48.00 52.00 NOTE
r-release-osx-x86_64 1.1.1 NOTE
r-oldrel-windows-ix86+x86_64 1.1.1 3.00 33.00 36.00 NOTE
r-oldrel-osx-x86_64 1.1.1 NOTE

Check Details

Version: 1.1.1
Check: R code for possible problems
Result: NOTE
    index.citations: no visible global function definition for
     ‘txtProgressBar’
    read.exsic: no visible global function definition for ‘read.csv’
    update.pb: no visible global function definition for
     ‘setTxtProgressBar’
    Undefined global functions or variables:
     read.csv setTxtProgressBar txtProgressBar
    Consider adding
     importFrom("utils", "read.csv", "setTxtProgressBar", "txtProgressBar")
    to your NAMESPACE file.
Flavors: r-devel-linux-x86_64-debian-clang, r-devel-linux-x86_64-debian-gcc, r-devel-linux-x86_64-fedora-clang, r-devel-linux-x86_64-fedora-gcc, r-devel-windows-ix86+x86_64, r-patched-linux-x86_64, r-patched-solaris-x86, r-release-linux-x86_64, r-release-windows-ix86+x86_64, r-release-osx-x86_64, r-oldrel-windows-ix86+x86_64, r-oldrel-osx-x86_64