CRAN Package Check Results for Package exsic

Last updated on 2015-08-29 00:48:09.

Flavor Version Tinstall Tcheck Ttotal Status Flags
r-devel-linux-x86_64-debian-clang 1.1.1 0.78 12.31 13.09 NOTE
r-devel-linux-x86_64-debian-gcc 1.1.1 0.81 13.02 13.83 NOTE
r-devel-linux-x86_64-fedora-clang 1.1.1 24.83 NOTE
r-devel-linux-x86_64-fedora-gcc 1.1.1 23.09 NOTE
r-devel-osx-x86_64-clang 1.1.1 24.02 OK
r-devel-windows-ix86+x86_64 1.1.1 5.00 26.00 31.00 NOTE
r-patched-linux-x86_64 1.1.1 0.83 13.65 14.48 OK
r-patched-solaris-sparc 1.1.1 175.50 OK
r-patched-solaris-x86 1.1.1 45.20 OK
r-release-linux-x86_64 1.1.1 0.76 14.01 14.77 OK
r-release-osx-x86_64-mavericks 1.1.1 OK
r-release-windows-ix86+x86_64 1.1.1 4.00 25.00 29.00 OK
r-oldrel-windows-ix86+x86_64 1.1.1 7.00 31.00 38.00 OK

Check Details

Version: 1.1.1
Check: R code for possible problems
Result: NOTE
    index.citations: no visible global function definition for
     ‘txtProgressBar’
    read.exsic: no visible global function definition for ‘read.csv’
    update.pb: no visible global function definition for
     ‘setTxtProgressBar’
    Undefined global functions or variables:
     read.csv setTxtProgressBar txtProgressBar
    Consider adding
     importFrom("utils", "read.csv", "setTxtProgressBar", "txtProgressBar")
    to your NAMESPACE.
Flavors: r-devel-linux-x86_64-debian-clang, r-devel-linux-x86_64-debian-gcc, r-devel-linux-x86_64-fedora-clang, r-devel-linux-x86_64-fedora-gcc, r-devel-windows-ix86+x86_64