CRAN Package Check Results for Package exsic

Last updated on 2017-11-25 09:49:25 CET.

Flavor Version Tinstall Tcheck Ttotal Status Flags
r-devel-linux-x86_64-debian-clang 1.1.1 1.15 52.84 54.00 NOTE
r-devel-linux-x86_64-debian-gcc 1.1.1 0.83 35.37 36.20 NOTE
r-devel-linux-x86_64-fedora-clang 1.1.1 26.18 NOTE
r-devel-linux-x86_64-fedora-gcc 1.1.1 25.58 NOTE
r-devel-windows-ix86+x86_64 1.1.1 3.00 44.00 47.00 NOTE
r-patched-linux-x86_64 1.1.1 1.11 40.09 41.19 NOTE
r-patched-solaris-x86 1.1.1 37.70 NOTE
r-release-linux-x86_64 1.1.1 1.34 39.91 41.25 NOTE
r-release-windows-ix86+x86_64 1.1.1 3.00 37.00 40.00 NOTE
r-release-osx-x86_64 1.1.1 NOTE
r-oldrel-windows-ix86+x86_64 1.1.1 3.00 34.00 37.00 NOTE
r-oldrel-osx-x86_64 1.1.1 NOTE

Check Details

Version: 1.1.1
Check: R code for possible problems
Result: NOTE
    index.citations: no visible global function definition for
     ‘txtProgressBar’
    read.exsic: no visible global function definition for ‘read.csv’
    update.pb: no visible global function definition for
     ‘setTxtProgressBar’
    Undefined global functions or variables:
     read.csv setTxtProgressBar txtProgressBar
    Consider adding
     importFrom("utils", "read.csv", "setTxtProgressBar", "txtProgressBar")
    to your NAMESPACE file.
Flavors: r-devel-linux-x86_64-debian-clang, r-devel-linux-x86_64-debian-gcc, r-devel-linux-x86_64-fedora-clang, r-devel-linux-x86_64-fedora-gcc, r-devel-windows-ix86+x86_64, r-patched-linux-x86_64, r-patched-solaris-x86, r-release-linux-x86_64, r-release-windows-ix86+x86_64, r-release-osx-x86_64, r-oldrel-windows-ix86+x86_64, r-oldrel-osx-x86_64