CRAN Package Check Results for Package exsic

Last updated on 2017-09-20 06:49:17.

Flavor Version Tinstall Tcheck Ttotal Status Flags
r-devel-linux-x86_64-debian-clang 1.1.1 0.76 15.98 16.75 NOTE
r-devel-linux-x86_64-debian-gcc 1.1.1 0.79 15.40 16.19 NOTE
r-devel-linux-x86_64-fedora-clang 1.1.1 28.38 NOTE
r-devel-linux-x86_64-fedora-gcc 1.1.1 27.82 NOTE
r-devel-windows-ix86+x86_64 1.1.1 3.00 42.00 45.00 NOTE
r-patched-linux-x86_64 1.1.1 0.83 15.63 16.47 NOTE
r-patched-solaris-x86 1.1.1 40.00 NOTE
r-release-linux-x86_64 1.1.1 0.84 15.47 16.31 NOTE
r-release-windows-ix86+x86_64 1.1.1 3.00 35.00 38.00 NOTE
r-release-osx-x86_64 1.1.1 NOTE
r-oldrel-windows-ix86+x86_64 1.1.1 3.00 31.00 34.00 NOTE
r-oldrel-osx-x86_64 1.1.1 NOTE

Check Details

Version: 1.1.1
Check: R code for possible problems
Result: NOTE
    index.citations: no visible global function definition for
     ‘txtProgressBar’
    read.exsic: no visible global function definition for ‘read.csv’
    update.pb: no visible global function definition for
     ‘setTxtProgressBar’
    Undefined global functions or variables:
     read.csv setTxtProgressBar txtProgressBar
    Consider adding
     importFrom("utils", "read.csv", "setTxtProgressBar", "txtProgressBar")
    to your NAMESPACE file.
Flavors: r-devel-linux-x86_64-debian-clang, r-devel-linux-x86_64-debian-gcc, r-devel-linux-x86_64-fedora-clang, r-devel-linux-x86_64-fedora-gcc, r-devel-windows-ix86+x86_64, r-patched-linux-x86_64, r-patched-solaris-x86, r-release-linux-x86_64, r-release-windows-ix86+x86_64, r-release-osx-x86_64, r-oldrel-windows-ix86+x86_64, r-oldrel-osx-x86_64