CRAN Package Check Results for Package exsic

Last updated on 2018-04-22 07:49:17 CEST.

Flavor Version Tinstall Tcheck Ttotal Status Flags
r-devel-linux-x86_64-debian-clang 1.1.1 2.00 23.26 25.26 NOTE
r-devel-linux-x86_64-debian-gcc 1.1.1 1.68 18.31 19.99 NOTE
r-devel-linux-x86_64-fedora-clang 1.1.1 30.17 NOTE
r-devel-linux-x86_64-fedora-gcc 1.1.1 28.34 NOTE
r-devel-windows-ix86+x86_64 1.1.1 5.00 34.00 39.00 NOTE
r-devel-osx-x86_64 1.1.1 NOTE
r-patched-linux-x86_64 1.1.1 1.77 23.09 24.86 NOTE
r-patched-solaris-x86 1.1.1 45.40 NOTE
r-release-linux-x86_64 1.1.1 1.02 23.23 24.25 NOTE
r-release-windows-ix86+x86_64 1.1.1 3.00 34.00 37.00 NOTE
r-release-osx-x86_64 1.1.1 NOTE
r-oldrel-windows-ix86+x86_64 1.1.1 4.00 32.00 36.00 NOTE

Check Details

Version: 1.1.1
Check: R code for possible problems
Result: NOTE
    index.citations: no visible global function definition for
     ‘txtProgressBar’
    read.exsic: no visible global function definition for ‘read.csv’
    update.pb: no visible global function definition for
     ‘setTxtProgressBar’
    Undefined global functions or variables:
     read.csv setTxtProgressBar txtProgressBar
    Consider adding
     importFrom("utils", "read.csv", "setTxtProgressBar", "txtProgressBar")
    to your NAMESPACE file.
Flavors: r-devel-linux-x86_64-debian-clang, r-devel-linux-x86_64-debian-gcc, r-devel-linux-x86_64-fedora-clang, r-devel-linux-x86_64-fedora-gcc, r-devel-windows-ix86+x86_64, r-devel-osx-x86_64, r-patched-linux-x86_64, r-patched-solaris-x86, r-release-linux-x86_64, r-release-windows-ix86+x86_64, r-release-osx-x86_64, r-oldrel-windows-ix86+x86_64