CRAN Package Check Results for Package exsic

Last updated on 2017-04-23 23:50:59.

Flavor Version Tinstall Tcheck Ttotal Status Flags
r-devel-linux-x86_64-debian-clang 1.1.1 0.79 15.62 16.41 NOTE
r-devel-linux-x86_64-debian-gcc 1.1.1 1.14 15.59 16.73 NOTE
r-devel-linux-x86_64-fedora-clang 1.1.1 27.63 NOTE --no-stop-on-test-error
r-devel-linux-x86_64-fedora-gcc 1.1.1 26.62 NOTE --no-stop-on-test-error
r-devel-windows-ix86+x86_64 1.1.1 6.00 34.00 40.00 NOTE
r-patched-linux-x86_64 1.1.1 0.78 15.16 15.95 NOTE
r-patched-solaris-sparc 1.1.1 172.20 NOTE
r-patched-solaris-x86 1.1.1 38.60 NOTE
r-release-linux-x86_64 1.1.1 0.86 15.03 15.89 NOTE
r-release-windows-ix86+x86_64 1.1.1 3.00 30.00 33.00 NOTE
r-release-osx-x86_64 1.1.1 NOTE
r-oldrel-windows-ix86+x86_64 1.1.1 4.00 33.00 37.00 NOTE
r-oldrel-osx-x86_64 1.1.1 NOTE

Check Details

Version: 1.1.1
Check: R code for possible problems
Result: NOTE
    index.citations: no visible global function definition for
     ‘txtProgressBar’
    read.exsic: no visible global function definition for ‘read.csv’
    update.pb: no visible global function definition for
     ‘setTxtProgressBar’
    Undefined global functions or variables:
     read.csv setTxtProgressBar txtProgressBar
    Consider adding
     importFrom("utils", "read.csv", "setTxtProgressBar", "txtProgressBar")
    to your NAMESPACE file.
Flavors: r-devel-linux-x86_64-debian-clang, r-devel-linux-x86_64-debian-gcc, r-devel-windows-ix86+x86_64, r-patched-linux-x86_64, r-patched-solaris-sparc, r-patched-solaris-x86, r-release-linux-x86_64, r-release-windows-ix86+x86_64, r-release-osx-x86_64, r-oldrel-windows-ix86+x86_64, r-oldrel-osx-x86_64

Version: 1.1.1
Flags: --no-stop-on-test-error
Check: R code for possible problems
Result: NOTE
    index.citations: no visible global function definition for
     ‘txtProgressBar’
    read.exsic: no visible global function definition for ‘read.csv’
    update.pb: no visible global function definition for
     ‘setTxtProgressBar’
    Undefined global functions or variables:
     read.csv setTxtProgressBar txtProgressBar
    Consider adding
     importFrom("utils", "read.csv", "setTxtProgressBar", "txtProgressBar")
    to your NAMESPACE file.
Flavors: r-devel-linux-x86_64-fedora-clang, r-devel-linux-x86_64-fedora-gcc