CRAN Package Check Results for Package exsic

Last updated on 2014-07-29 03:48:38.

Flavor Version Tinstall Tcheck Ttotal Status Flags
r-devel-linux-x86_64-debian-clang 1.0 0.78 13.41 14.19 NOTE
r-devel-linux-x86_64-debian-gcc 1.0 0.80 13.31 14.10 NOTE
r-devel-linux-x86_64-fedora-clang 1.0 29.50 NOTE
r-devel-linux-x86_64-fedora-gcc 1.0 28.50 NOTE
r-devel-osx-x86_64-clang 1.0 31.34 NOTE
r-devel-windows-ix86+x86_64 1.0 3.00 21.00 24.00 NOTE
r-patched-linux-x86_64 1.0 0.83 13.35 14.18 NOTE
r-patched-solaris-sparc 1.0 164.20 NOTE
r-patched-solaris-x86 1.0 37.60 NOTE
r-release-linux-ix86 1.0 1.16 19.90 21.06 NOTE
r-release-linux-x86_64 1.0 0.81 14.10 14.91 NOTE
r-release-osx-x86_64-mavericks 1.0 NOTE
r-release-windows-ix86+x86_64 1.0 3.00 23.00 26.00 NOTE
r-oldrel-windows-ix86+x86_64 1.0 3.00 23.00 26.00 NOTE

Check Details

Version: 1.0
Check: dependencies in R code
Result: NOTE
    Packages in Depends field not imported from:
     markdown stringr
     These packages need to be imported from (in the NAMESPACE file)
     for when this namespace is loaded but not attached.
    See the information on DESCRIPTION files in the chapter Creating R
    packages of the Writing R Extensions manual.
Flavors: r-devel-linux-x86_64-debian-clang, r-devel-linux-x86_64-debian-gcc, r-devel-linux-x86_64-fedora-clang, r-devel-linux-x86_64-fedora-gcc, r-devel-osx-x86_64-clang, r-devel-windows-ix86+x86_64, r-patched-linux-x86_64, r-patched-solaris-sparc, r-patched-solaris-x86, r-release-linux-ix86, r-release-linux-x86_64, r-release-osx-x86_64-mavericks, r-release-windows-ix86+x86_64, r-oldrel-windows-ix86+x86_64

Version: 1.0
Check: Rd line widths
Result: NOTE
    Rd file 'exsic.Rd':
     \usage lines wider than 90 characters:
     headers = c("Citations of Specimens", "Numerical List of Species", "Index to Numbered Collections", "*The numbers in parentheses re ... [TRUNCATED]
    
    These lines will be truncated in the PDF manual.
Flavors: r-devel-linux-x86_64-fedora-clang, r-devel-linux-x86_64-fedora-gcc