CRAN Package Check Results for Package exsic

Last updated on 2016-02-11 15:46:47.

Flavor Version Tinstall Tcheck Ttotal Status Flags
r-devel-linux-x86_64-debian-gcc 1.1.1 0.76 12.07 12.83 NOTE
r-devel-linux-x86_64-fedora-clang 1.1.1 23.16 NOTE
r-devel-linux-x86_64-fedora-gcc 1.1.1 22.83 NOTE
r-devel-osx-x86_64-clang 1.1.1 27.34 NOTE
r-devel-windows-ix86+x86_64 1.1.1 4.00 44.00 48.00 NOTE
r-patched-linux-x86_64 1.1.1 0.84 13.62 14.46 OK
r-patched-solaris-sparc 1.1.1 156.30 OK
r-patched-solaris-x86 1.1.1 35.10 OK
r-release-linux-x86_64 1.1.1 0.81 13.16 13.97 OK
r-release-osx-x86_64-mavericks 1.1.1 OK
r-release-windows-ix86+x86_64 1.1.1 4.00 25.00 29.00 OK
r-oldrel-windows-ix86+x86_64 1.1.1 6.00 40.00 46.00 OK

Check Details

Version: 1.1.1
Check: R code for possible problems
Result: NOTE
    index.citations: no visible global function definition for
     ‘txtProgressBar’
    read.exsic: no visible global function definition for ‘read.csv’
    update.pb: no visible global function definition for
     ‘setTxtProgressBar’
    Undefined global functions or variables:
     read.csv setTxtProgressBar txtProgressBar
    Consider adding
     importFrom("utils", "read.csv", "setTxtProgressBar", "txtProgressBar")
    to your NAMESPACE file.
Flavors: r-devel-linux-x86_64-debian-gcc, r-devel-linux-x86_64-fedora-clang, r-devel-linux-x86_64-fedora-gcc, r-devel-osx-x86_64-clang, r-devel-windows-ix86+x86_64