CRAN Package Check Results for Package exsic

Last updated on 2014-09-02 03:49:36.

Flavor Version Tinstall Tcheck Ttotal Status Flags
r-devel-linux-x86_64-debian-clang 1.0 0.75 12.78 13.53 NOTE
r-devel-linux-x86_64-debian-gcc 1.0 0.76 14.08 14.83 NOTE
r-devel-linux-x86_64-fedora-clang 1.0 28.55 NOTE
r-devel-linux-x86_64-fedora-gcc 1.0 27.30 NOTE
r-devel-osx-x86_64-clang 1.0 29.21 NOTE
r-devel-windows-ix86+x86_64 1.0 3.00 21.00 24.00 NOTE
r-patched-linux-x86_64 1.0 0.79 14.43 15.22 NOTE
r-patched-solaris-sparc 1.0 174.70 NOTE
r-patched-solaris-x86 1.0 38.40 NOTE
r-release-linux-ix86 1.0 4.56 19.98 24.54 NOTE
r-release-linux-x86_64 1.0 0.81 13.77 14.58 NOTE
r-release-osx-x86_64-mavericks 1.0 NOTE
r-release-windows-ix86+x86_64 1.0 3.00 22.00 25.00 NOTE
r-oldrel-windows-ix86+x86_64 1.0 4.00 21.00 25.00 NOTE

Check Details

Version: 1.0
Check: dependencies in R code
Result: NOTE
    Packages in Depends field not imported from:
     ‘markdown’ ‘stringr’
     These packages need to be imported from (in the NAMESPACE file)
     for when this namespace is loaded but not attached.
    See the information on DESCRIPTION files in the chapter ‘Creating R
    packages’ of the ‘Writing R Extensions’ manual.
Flavors: r-devel-linux-x86_64-debian-clang, r-devel-linux-x86_64-debian-gcc, r-devel-linux-x86_64-fedora-clang, r-devel-linux-x86_64-fedora-gcc, r-devel-osx-x86_64-clang, r-devel-windows-ix86+x86_64, r-patched-linux-x86_64, r-patched-solaris-sparc, r-patched-solaris-x86, r-release-linux-ix86, r-release-linux-x86_64, r-release-osx-x86_64-mavericks, r-release-windows-ix86+x86_64, r-oldrel-windows-ix86+x86_64

Version: 1.0
Check: R code for possible problems
Result: NOTE
    add.dots: no visible global function definition for ‘str_trim’
    add.dots: no visible global function definition for ‘str_split’
    coll.cite: no visible global function definition for ‘str_detect’
    coll.cite: no visible global function definition for ‘str_split’
    coll.cite: no visible global function definition for ‘str_trim’
    coll.cite: no visible global function definition for ‘str_replace’
    exsic: no visible binding for global variable ‘format.SBMG’
    format.element: no visible global function definition for ‘str_trim’
    format.element: no visible global function definition for ‘str_split’
    format.element: no visible global function definition for ‘str_length’
    format.exsic.rec: no visible binding for global variable ‘format.SBMG’
    format.exsic.rec: no visible global function definition for ‘str_trim’
    format.exsic.rec: no visible global function definition for ‘str_sub’
    format.exsic.rec: no visible global function definition for
     ‘str_length’
    group.specimens: no visible global function definition for ‘str_sub’
    group.specimens: no visible global function definition for ‘str_length’
    group.specimens: no visible global function definition for ‘str_split’
    group.specimens: no visible global function definition for ‘str_trim’
    group.specimens: no visible binding for global variable ‘str_split’
    index.citations: no visible binding for global variable ‘format.SBMG’
    index.citations: no visible global function definition for ‘str_detect’
    index.citations: no visible global function definition for ‘str_trim’
    index.citations: no visible global function definition for ‘str_sub’
    index.citations: no visible global function definition for ‘str_length’
    index.collections: no visible binding for global variable ‘format.SBMG’
    index.collections: no visible global function definition for
     ‘str_detect’
    is.format: no visible global function definition for ‘str_split’
    section.exsic: no visible global function definition for ‘str_trim’
    sort.tbl: no visible global function definition for ‘str_detect’
    sort.tbl: no visible global function definition for ‘str_split’
    strip.final.dot: no visible global function definition for ‘str_trim’
    strip.final.dot: no visible global function definition for ‘str_length’
    strip.final.dot: no visible global function definition for ‘str_sub’
    write.exsic: no visible global function definition for ‘markdownToHTML’
Flavors: r-devel-linux-x86_64-debian-clang, r-devel-linux-x86_64-debian-gcc, r-devel-linux-x86_64-fedora-clang, r-devel-linux-x86_64-fedora-gcc, r-devel-osx-x86_64-clang, r-devel-windows-ix86+x86_64

Version: 1.0
Check: Rd line widths
Result: NOTE
    Rd file 'exsic.Rd':
     \usage lines wider than 90 characters:
     headers = c("Citations of Specimens", "Numerical List of Species", "Index to Numbered Collections", "*The numbers in parentheses re ... [TRUNCATED]
    
    These lines will be truncated in the PDF manual.
Flavors: r-devel-linux-x86_64-fedora-clang, r-devel-linux-x86_64-fedora-gcc