CRAN Package Check Results for Package exsic

Last updated on 2017-02-26 10:47:54.

Flavor Version Tinstall Tcheck Ttotal Status Flags
r-devel-linux-x86_64-debian-clang 1.1.1 0.77 15.64 16.41 NOTE
r-devel-linux-x86_64-debian-gcc 1.1.1 0.78 15.61 16.38 NOTE
r-devel-linux-x86_64-fedora-clang 1.1.1 27.23 NOTE --no-stop-on-test-error
r-devel-linux-x86_64-fedora-gcc 1.1.1 26.51 NOTE --no-stop-on-test-error
r-devel-macos-x86_64-clang 1.1.1 25.53 NOTE --no-stop-on-test-error
r-devel-windows-ix86+x86_64 1.1.1 5.00 50.00 55.00 NOTE
r-patched-linux-x86_64 1.1.1 0.76 13.05 13.81 NOTE
r-patched-solaris-sparc 1.1.1 159.40 NOTE
r-patched-solaris-x86 1.1.1 32.90 NOTE
r-release-linux-x86_64 1.1.1 0.94 13.05 13.99 NOTE
r-release-osx-x86_64-mavericks 1.1.1 NOTE
r-release-windows-ix86+x86_64 1.1.1 5.00 38.00 43.00 NOTE
r-oldrel-windows-ix86+x86_64 1.1.1 6.00 30.00 36.00 OK

Check Details

Version: 1.1.1
Check: R code for possible problems
Result: NOTE
    index.citations: no visible global function definition for
     ‘txtProgressBar’
    read.exsic: no visible global function definition for ‘read.csv’
    update.pb: no visible global function definition for
     ‘setTxtProgressBar’
    Undefined global functions or variables:
     read.csv setTxtProgressBar txtProgressBar
    Consider adding
     importFrom("utils", "read.csv", "setTxtProgressBar", "txtProgressBar")
    to your NAMESPACE file.
Flavors: r-devel-linux-x86_64-debian-clang, r-devel-linux-x86_64-debian-gcc, r-devel-windows-ix86+x86_64, r-patched-linux-x86_64, r-patched-solaris-sparc, r-patched-solaris-x86, r-release-linux-x86_64, r-release-osx-x86_64-mavericks, r-release-windows-ix86+x86_64

Version: 1.1.1
Flags: --no-stop-on-test-error
Check: R code for possible problems
Result: NOTE
    index.citations: no visible global function definition for
     ‘txtProgressBar’
    read.exsic: no visible global function definition for ‘read.csv’
    update.pb: no visible global function definition for
     ‘setTxtProgressBar’
    Undefined global functions or variables:
     read.csv setTxtProgressBar txtProgressBar
    Consider adding
     importFrom("utils", "read.csv", "setTxtProgressBar", "txtProgressBar")
    to your NAMESPACE file.
Flavors: r-devel-linux-x86_64-fedora-clang, r-devel-linux-x86_64-fedora-gcc, r-devel-macos-x86_64-clang