CRAN Package Check Results for Package exsic

Last updated on 2016-08-25 03:47:04.

Flavor Version Tinstall Tcheck Ttotal Status Flags
r-devel-linux-x86_64-debian-clang 1.1.1 0.89 16.95 17.84 NOTE
r-devel-linux-x86_64-debian-gcc 1.1.1 0.76 13.83 14.59 NOTE
r-devel-linux-x86_64-fedora-clang 1.1.1 24.31 NOTE
r-devel-linux-x86_64-fedora-gcc 1.1.1 22.18 NOTE
r-devel-osx-x86_64-clang 1.1.1 21.07 NOTE
r-devel-windows-ix86+x86_64 1.1.1 6.00 32.00 38.00 NOTE
r-patched-linux-x86_64 1.1.1 0.80 14.09 14.88 NOTE
r-patched-solaris-sparc 1.1.1 157.40 NOTE
r-patched-solaris-x86 1.1.1 33.90 NOTE
r-release-linux-x86_64 1.1.1 0.75 14.15 14.90 NOTE
r-release-osx-x86_64-mavericks 1.1.1 NOTE
r-release-windows-ix86+x86_64 1.1.1 6.00 43.00 49.00 NOTE
r-oldrel-windows-ix86+x86_64 1.1.1 3.00 46.00 49.00 OK

Check Details

Version: 1.1.1
Check: R code for possible problems
Result: NOTE
    index.citations: no visible global function definition for
     ‘txtProgressBar’
    read.exsic: no visible global function definition for ‘read.csv’
    update.pb: no visible global function definition for
     ‘setTxtProgressBar’
    Undefined global functions or variables:
     read.csv setTxtProgressBar txtProgressBar
    Consider adding
     importFrom("utils", "read.csv", "setTxtProgressBar", "txtProgressBar")
    to your NAMESPACE file.
Flavors: r-devel-linux-x86_64-debian-clang, r-devel-linux-x86_64-debian-gcc, r-devel-linux-x86_64-fedora-clang, r-devel-linux-x86_64-fedora-gcc, r-devel-osx-x86_64-clang, r-devel-windows-ix86+x86_64, r-patched-linux-x86_64, r-patched-solaris-sparc, r-patched-solaris-x86, r-release-linux-x86_64, r-release-osx-x86_64-mavericks, r-release-windows-ix86+x86_64