CRAN Package Check Results for Package extRemes

Last updated on 2017-05-26 20:47:32.

Flavor Version Tinstall Tcheck Ttotal Status Flags
r-devel-linux-x86_64-debian-clang 2.0-8 5.79 83.03 88.82 NOTE
r-devel-linux-x86_64-debian-gcc 2.0-8 6.34 83.07 89.41 NOTE
r-devel-linux-x86_64-fedora-clang 2.0-8 180.02 NOTE
r-devel-linux-x86_64-fedora-gcc 2.0-8 170.16 NOTE
r-devel-windows-ix86+x86_64 2.0-8 19.00 171.00 190.00 OK
r-patched-linux-x86_64 2.0-8 6.09 88.81 94.90 NOTE
r-patched-solaris-sparc 2.0-8 1071.60 OK
r-patched-solaris-x86 2.0-8 217.00 OK
r-release-linux-x86_64 2.0-8 5.79 79.53 85.32 NOTE
r-release-windows-ix86+x86_64 2.0-8 17.00 164.00 181.00 OK
r-release-osx-x86_64 2.0-8 OK
r-oldrel-windows-ix86+x86_64 2.0-8 26.00 156.00 182.00 OK
r-oldrel-osx-x86_64 2.0-8 OK

Check Details

Version: 2.0-8
Check: compiled code
Result: NOTE
    File ‘extRemes/libs/extRemes.so’:
     Found no calls to: ‘R_registerRoutines’, ‘R_useDynamicSymbols’
    
    It is good practice to register native routines and to disable symbol
    search.
    
    See ‘Writing portable packages’ in the ‘Writing R Extensions’ manual.
Flavors: r-devel-linux-x86_64-debian-clang, r-devel-linux-x86_64-debian-gcc, r-devel-linux-x86_64-fedora-clang, r-devel-linux-x86_64-fedora-gcc, r-patched-linux-x86_64, r-release-linux-x86_64