CRAN Package Check Results for Package extRemes

Last updated on 2015-05-03 11:47:35.

Flavor Version Tinstall Tcheck Ttotal Status Flags
r-devel-linux-x86_64-debian-clang 2.0-5 5.34 79.00 84.35 NOTE
r-devel-linux-x86_64-debian-gcc 2.0-5 5.74 75.47 81.22 NOTE
r-devel-linux-x86_64-fedora-clang 2.0-5 164.00 NOTE
r-devel-linux-x86_64-fedora-gcc 2.0-5 155.36 NOTE
r-devel-osx-x86_64-clang 2.0-5 136.44 NOTE
r-devel-windows-ix86+x86_64 2.0-5 18.00 147.00 165.00 OK
r-patched-linux-x86_64 2.0-5 5.80 78.72 84.52 NOTE
r-patched-solaris-sparc 2.0-5 953.80 OK
r-patched-solaris-x86 2.0-5 202.90 NOTE
r-release-linux-x86_64 2.0-5 5.70 76.51 82.21 NOTE
r-release-osx-x86_64-mavericks 2.0-5 OK
r-release-osx-x86_64-snowleopard 2.0-5 ERROR
r-release-windows-ix86+x86_64 2.0-5 20.00 139.00 159.00 OK
r-oldrel-windows-ix86+x86_64 2.0-5 20.00 187.00 207.00 OK

Check Details

Version: 2.0-5
Check: S3 generic/method consistency
Result: NOTE
    Found the following apparent S3 methods exported but not registered:
     blockmaxxer.data.frame blockmaxxer.fevd blockmaxxer.matrix
     blockmaxxer.vector ci.extremalindex ci.fevd ci.fevd.bayesian
     ci.fevd.lmoments ci.fevd.mle ci.rl.ns.fevd.bayesian ci.rl.ns.fevd.mle
     datagrabber.declustered datagrabber.extremalindex datagrabber.fevd
     decluster.data.frame decluster.default decluster.intervals
     decluster.runs distill.fevd distill.fevd.bayesian
     distill.fevd.lmoments distill.fevd.mle findpars.fevd
     findpars.fevd.bayesian findpars.fevd.lmoments findpars.fevd.mle
     fpois.data.frame fpois.default fpois.list fpois.matrix
     initializer.lmoments initializer.mle initializer.moms pextRemes.fevd
     pextRemes.fevd.bayesian pextRemes.fevd.lmoments pextRemes.fevd.mle
     plot.atdf plot.declustered plot.ee plot.fevd plot.fevd.bayesian
     plot.fevd.lmoments plot.fevd.mle plot.grlevdTracer plot.qqplot
     postmode.fevd print.declustered print.extremalindex print.fevd
     print.return.level return.level.fevd return.level.fevd.bayesian
     return.level.fevd.lmoments return.level.fevd.mle
     return.level.ns.fevd.bayesian return.level.ns.fevd.mle rextRemes.fevd
     rextRemes.fevd.bayesian rextRemes.fevd.lmoments rextRemes.fevd.mle
     setup.design.default setup.design.fevd summary.fevd
     summary.fevd.bayesian summary.fevd.lmoments summary.fevd.mle
     summary.qqplot trans.fevd
    See section ‘Registering S3 methods’ in the ‘Writing R Extensions’
    manual.
Flavors: r-devel-linux-x86_64-debian-clang, r-devel-linux-x86_64-debian-gcc, r-devel-linux-x86_64-fedora-clang, r-devel-linux-x86_64-fedora-gcc, r-devel-osx-x86_64-clang, r-patched-linux-x86_64, r-patched-solaris-x86, r-release-linux-x86_64

Version: 2.0-5
Check: package dependencies
Result: ERROR
    Package required but not available: ‘car’
    
    Package suggested but not available for checking: ‘fields’
    
    See section ‘The DESCRIPTION file’ in the ‘Writing R Extensions’
    manual.
Flavor: r-release-osx-x86_64-snowleopard