CRAN Package Check Results for Package extRemes

Last updated on 2014-12-19 03:47:32.

Flavor Version Tinstall Tcheck Ttotal Status Flags
r-devel-linux-x86_64-debian-clang 2.0-4 2.47 54.73 57.20 OK
r-devel-linux-x86_64-debian-gcc 2.0-3 1.47 49.98 51.45 OK
r-devel-linux-x86_64-fedora-clang 2.0-4 91.91 OK
r-devel-linux-x86_64-fedora-gcc 2.0-4 87.02 OK
r-devel-osx-x86_64-clang 2.0-4 83.77 OK
r-devel-windows-ix86+x86_64 2.0-4 11.00 90.00 101.00 OK
r-patched-linux-x86_64 2.0-4 3.06 53.36 56.42 OK
r-patched-solaris-sparc 2.0-4 53.30 ERROR
r-patched-solaris-x86 2.0-4 14.70 ERROR
r-release-linux-ix86 2.0-3 1.98 59.45 61.43 OK
r-release-linux-x86_64 2.0-3 1.52 51.77 53.29 OK
r-release-osx-x86_64-mavericks 2.0-4 OK
r-release-osx-x86_64-snowleopard 2.0-4 OK
r-release-windows-ix86+x86_64 2.0-4 11.00 95.00 106.00 OK
r-oldrel-windows-ix86+x86_64 2.0-4 11.00 99.00 110.00 OK

Check Details

Version: 2.0-4
Check: whether package can be installed
Result: ERROR
    Installation failed.
Flavors: r-patched-solaris-sparc, r-patched-solaris-x86