CRAN Package Check Results for Package extRemes

Last updated on 2017-03-23 03:47:46.

Flavor Version Tinstall Tcheck Ttotal Status Flags
r-devel-linux-x86_64-debian-clang 2.0-8 5.68 83.78 89.45 NOTE
r-devel-linux-x86_64-debian-gcc 2.0-8 5.86 86.10 91.96 NOTE
r-devel-linux-x86_64-fedora-clang 2.0-8 178.39 NOTE --no-stop-on-test-error
r-devel-linux-x86_64-fedora-gcc 2.0-8 179.02 NOTE --no-stop-on-test-error
r-devel-macos-x86_64-clang 2.0-8 136.17 NOTE --no-stop-on-test-error
r-devel-windows-ix86+x86_64 2.0-8 20.00 166.00 186.00 OK
r-patched-linux-x86_64 2.0-8 5.73 75.83 81.55 OK
r-patched-solaris-sparc 2.0-8 1071.60 OK
r-patched-solaris-x86 2.0-8 220.80 OK
r-release-linux-x86_64 2.0-8 5.93 76.13 82.06 OK
r-release-osx-x86_64-mavericks 2.0-8 OK
r-release-windows-ix86+x86_64 2.0-8 24.00 195.00 219.00 OK
r-oldrel-windows-ix86+x86_64 2.0-8 26.00 223.00 249.00 OK

Check Details

Version: 2.0-8
Check: compiled code
Result: NOTE
    File ‘extRemes/libs/extRemes.so’:
     Found no calls to: ‘R_registerRoutines’, ‘R_useDynamicSymbols’
    
    It is good practice to register native routines and to disable symbol
    search.
    
    See ‘Writing portable packages’ in the ‘Writing R Extensions’ manual.
Flavors: r-devel-linux-x86_64-debian-clang, r-devel-linux-x86_64-debian-gcc

Version: 2.0-8
Flags: --no-stop-on-test-error
Check: compiled code
Result: NOTE
    File ‘extRemes/libs/extRemes.so’:
     Found no calls to: ‘R_registerRoutines’, ‘R_useDynamicSymbols’
    
    It is good practice to register native routines and to disable symbol
    search.
    
    See ‘Writing portable packages’ in the ‘Writing R Extensions’ manual.
Flavors: r-devel-linux-x86_64-fedora-clang, r-devel-linux-x86_64-fedora-gcc, r-devel-macos-x86_64-clang