CRAN Package Check Results for Package extRemes

Last updated on 2018-02-23 12:47:14 CET.

Flavor Version Tinstall Tcheck Ttotal Status Flags
r-devel-linux-x86_64-debian-clang 2.0-8 20.88 120.81 141.69 NOTE
r-devel-linux-x86_64-debian-gcc 2.0-8 17.00 93.39 110.39 NOTE
r-devel-linux-x86_64-fedora-clang 2.0-8 174.16 NOTE
r-devel-linux-x86_64-fedora-gcc 2.0-8 169.76 NOTE
r-devel-windows-ix86+x86_64 2.0-8 42.00 223.00 265.00 OK
r-patched-linux-x86_64 2.0-8 8.77 132.42 141.19 NOTE
r-patched-solaris-x86 2.0-8 221.30 OK
r-release-linux-x86_64 2.0-8 8.82 135.66 144.48 NOTE
r-release-windows-ix86+x86_64 2.0-8 23.00 222.00 245.00 OK
r-release-osx-x86_64 2.0-8 OK
r-oldrel-windows-ix86+x86_64 2.0-8 16.00 215.00 231.00 OK
r-oldrel-osx-x86_64 2.0-8 OK

Check Details

Version: 2.0-8
Check: compiled code
Result: NOTE
    File ‘extRemes/libs/extRemes.so’:
     Found no calls to: ‘R_registerRoutines’, ‘R_useDynamicSymbols’
    
    It is good practice to register native routines and to disable symbol
    search.
    
    See ‘Writing portable packages’ in the ‘Writing R Extensions’ manual.
Flavors: r-devel-linux-x86_64-debian-clang, r-devel-linux-x86_64-debian-gcc, r-devel-linux-x86_64-fedora-clang, r-devel-linux-x86_64-fedora-gcc, r-patched-linux-x86_64, r-release-linux-x86_64