CRAN Package Check Results for Package extRemes

Last updated on 2017-11-24 14:49:31 CET.

Flavor Version Tinstall Tcheck Ttotal Status Flags
r-devel-linux-x86_64-debian-clang 2.0-8 7.42 199.63 207.05 NOTE
r-devel-linux-x86_64-debian-gcc 2.0-8 7.07 156.29 163.35 NOTE
r-devel-linux-x86_64-fedora-clang 2.0-8 157.05 NOTE
r-devel-linux-x86_64-fedora-gcc 2.0-8 154.64 NOTE
r-devel-windows-ix86+x86_64 2.0-8 18.00 245.00 263.00 OK
r-patched-linux-x86_64 2.0-8 8.80 195.04 203.84 NOTE
r-patched-solaris-x86 2.0-8 221.20 OK
r-release-linux-x86_64 2.0-8 7.96 190.58 198.54 NOTE
r-release-windows-ix86+x86_64 2.0-8 17.00 166.00 183.00 OK
r-release-osx-x86_64 2.0-8 OK
r-oldrel-windows-ix86+x86_64 2.0-8 16.00 163.00 179.00 OK
r-oldrel-osx-x86_64 2.0-8 OK

Check Details

Version: 2.0-8
Check: compiled code
Result: NOTE
    File ‘extRemes/libs/extRemes.so’:
     Found no calls to: ‘R_registerRoutines’, ‘R_useDynamicSymbols’
    
    It is good practice to register native routines and to disable symbol
    search.
    
    See ‘Writing portable packages’ in the ‘Writing R Extensions’ manual.
Flavors: r-devel-linux-x86_64-debian-clang, r-devel-linux-x86_64-debian-gcc, r-devel-linux-x86_64-fedora-clang, r-devel-linux-x86_64-fedora-gcc, r-patched-linux-x86_64, r-release-linux-x86_64