CRAN Package Check Results for Package extRemes

Last updated on 2017-09-25 14:46:59.

Flavor Version Tinstall Tcheck Ttotal Status Flags
r-devel-linux-x86_64-debian-clang 2.0-8 6.19 85.04 91.22 NOTE
r-devel-linux-x86_64-debian-gcc 2.0-8 6.24 78.80 85.05 NOTE
r-devel-linux-x86_64-fedora-clang 2.0-8 175.64 NOTE
r-devel-linux-x86_64-fedora-gcc 2.0-8 175.15 NOTE
r-devel-windows-ix86+x86_64 2.0-8 15.00 162.00 177.00 OK
r-patched-linux-x86_64 2.0-8 5.70 83.75 89.46 NOTE
r-patched-solaris-x86 2.0-8 229.30 OK
r-release-linux-x86_64 2.0-8 5.98 81.64 87.62 NOTE
r-release-windows-ix86+x86_64 2.0-8 17.00 168.00 185.00 OK
r-release-osx-x86_64 2.0-8 OK
r-oldrel-windows-ix86+x86_64 2.0-8 16.00 170.00 186.00 OK
r-oldrel-osx-x86_64 2.0-8 OK

Check Details

Version: 2.0-8
Check: compiled code
Result: NOTE
    File ‘extRemes/libs/extRemes.so’:
     Found no calls to: ‘R_registerRoutines’, ‘R_useDynamicSymbols’
    
    It is good practice to register native routines and to disable symbol
    search.
    
    See ‘Writing portable packages’ in the ‘Writing R Extensions’ manual.
Flavors: r-devel-linux-x86_64-debian-clang, r-devel-linux-x86_64-debian-gcc, r-devel-linux-x86_64-fedora-clang, r-devel-linux-x86_64-fedora-gcc, r-patched-linux-x86_64, r-release-linux-x86_64