CRAN Package Check Results for Package extRemes

Last updated on 2015-01-29 16:48:24.

Flavor Version Tinstall Tcheck Ttotal Status Flags
r-devel-linux-x86_64-debian-clang 2.0-5 2.40 50.71 53.11 NOTE
r-devel-linux-x86_64-debian-gcc 2.0-5 2.98 50.40 53.38 NOTE
r-devel-linux-x86_64-fedora-clang 2.0-5 103.30 NOTE
r-devel-linux-x86_64-fedora-gcc 2.0-5 99.32 NOTE
r-devel-osx-x86_64-clang 2.0-5 99.62 NOTE
r-devel-windows-ix86+x86_64 2.0-5 14.00 85.00 99.00 OK
r-patched-linux-x86_64 2.0-5 3.29 55.20 58.49 OK
r-patched-solaris-sparc 2.0-5 585.30 OK
r-patched-solaris-x86 2.0-5 115.20 OK
r-release-linux-ix86 2.0-5 3.44 62.98 66.42 OK
r-release-linux-x86_64 2.0-5 2.96 55.22 58.18 OK
r-release-osx-x86_64-mavericks 2.0-5 OK
r-release-osx-x86_64-snowleopard 2.0-5 OK
r-release-windows-ix86+x86_64 2.0-5 11.00 101.00 112.00 OK
r-oldrel-windows-ix86+x86_64 2.0-5 10.00 103.00 113.00 OK

Check Details

Version: 2.0-5
Check: S3 generic/method consistency
Result: NOTE
    Found the following apparent S3 methods exported but not registered:
     blockmaxxer.data.frame blockmaxxer.fevd blockmaxxer.matrix
     blockmaxxer.vector decluster.data.frame decluster.default
     decluster.intervals decluster.runs findpars.fevd
     findpars.fevd.bayesian findpars.fevd.lmoments findpars.fevd.mle
     fpois.data.frame fpois.default fpois.list fpois.matrix
     initializer.lmoments initializer.mle initializer.moms pextRemes.fevd
     pextRemes.fevd.bayesian pextRemes.fevd.lmoments pextRemes.fevd.mle
     postmode.fevd return.level.fevd return.level.fevd.bayesian
     return.level.fevd.lmoments return.level.fevd.mle
     return.level.ns.fevd.bayesian return.level.ns.fevd.mle rextRemes.fevd
     rextRemes.fevd.bayesian rextRemes.fevd.lmoments rextRemes.fevd.mle
     setup.design.default setup.design.fevd trans.fevd print.declustered
     print.extremalindex print.fevd print.return.level summary.fevd
     summary.fevd.bayesian summary.fevd.lmoments summary.fevd.mle
     summary.qqplot plot.atdf plot.declustered plot.ee plot.fevd
     plot.fevd.bayesian plot.fevd.lmoments plot.fevd.mle plot.grlevdTracer
     plot.qqplot ci.extremalindex ci.fevd ci.fevd.bayesian
     ci.fevd.lmoments ci.fevd.mle ci.rl.ns.fevd.bayesian ci.rl.ns.fevd.mle
     datagrabber.declustered datagrabber.extremalindex datagrabber.fevd
     distill.fevd distill.fevd.bayesian distill.fevd.lmoments
     distill.fevd.mle
    See section ‘Registering S3 methods’ in the ‘Writing R Extensions’
    manual.
Flavors: r-devel-linux-x86_64-debian-clang, r-devel-linux-x86_64-debian-gcc, r-devel-linux-x86_64-fedora-clang, r-devel-linux-x86_64-fedora-gcc, r-devel-osx-x86_64-clang