CRAN Package Check Results for Package extRemes

Last updated on 2017-07-26 12:48:22.

Flavor Version Tinstall Tcheck Ttotal Status Flags
r-devel-linux-x86_64-debian-clang 2.0-8 5.60 90.19 95.79 NOTE
r-devel-linux-x86_64-debian-gcc 2.0-8 6.14 88.61 94.74 NOTE
r-devel-linux-x86_64-fedora-clang 2.0-8 180.34 NOTE
r-devel-linux-x86_64-fedora-gcc 2.0-8 174.29 NOTE
r-devel-windows-ix86+x86_64 2.0-8 26.00 223.00 249.00 OK
r-patched-linux-x86_64 2.0-8 5.89 91.83 97.72 NOTE
r-patched-solaris-x86 2.0-8 225.50 OK
r-release-linux-x86_64 2.0-8 5.87 90.52 96.39 NOTE
r-release-windows-ix86+x86_64 2.0-8 17.00 215.00 232.00 OK
r-release-osx-x86_64 2.0-8 OK
r-oldrel-windows-ix86+x86_64 2.0-8 17.00 159.00 176.00 OK
r-oldrel-osx-x86_64 2.0-8 OK

Check Details

Version: 2.0-8
Check: compiled code
Result: NOTE
    File ‘extRemes/libs/extRemes.so’:
     Found no calls to: ‘R_registerRoutines’, ‘R_useDynamicSymbols’
    
    It is good practice to register native routines and to disable symbol
    search.
    
    See ‘Writing portable packages’ in the ‘Writing R Extensions’ manual.
Flavors: r-devel-linux-x86_64-debian-clang, r-devel-linux-x86_64-debian-gcc, r-devel-linux-x86_64-fedora-clang, r-devel-linux-x86_64-fedora-gcc, r-patched-linux-x86_64, r-release-linux-x86_64