CRAN Package Check Results for Package extRemes

Last updated on 2016-02-06 18:50:24.

Flavor Version Tinstall Tcheck Ttotal Status Flags
r-devel-linux-x86_64-debian-gcc 2.0-7 6.14 77.35 83.48 OK
r-devel-linux-x86_64-fedora-clang 2.0-7 161.07 OK
r-devel-linux-x86_64-fedora-gcc 2.0-7 155.85 OK
r-devel-osx-x86_64-clang 2.0-7 172.02 OK
r-devel-windows-ix86+x86_64 2.0-7 24.00 159.00 183.00 OK
r-patched-linux-x86_64 2.0-7 7.03 82.13 89.16 OK
r-patched-solaris-sparc 2.0-7 996.50 OK
r-patched-solaris-x86 2.0-7 203.80 OK
r-release-linux-x86_64 2.0-7 6.30 82.75 89.05 OK
r-release-osx-x86_64-mavericks 2.0-7 OK
r-release-windows-ix86+x86_64 2.0-7 20.00 157.00 177.00 OK
r-oldrel-windows-ix86+x86_64 2.0-7 15.00 1.00 16.00 ERROR

Check Details

Version: 2.0-7
Check: whether package can be installed
Result: ERROR
    Installation failed.
Flavor: r-oldrel-windows-ix86+x86_64