CRAN Package Check Results for Package extRemes

Last updated on 2019-03-23 19:50:22 CET.

Flavor Version Tinstall Tcheck Ttotal Status Flags
r-devel-linux-x86_64-debian-clang 2.0-9 17.61 100.00 117.61 OK
r-devel-linux-x86_64-debian-gcc 2.0-9 14.63 76.14 90.77 OK
r-devel-linux-x86_64-fedora-clang 2.0-9 141.61 OK
r-devel-linux-x86_64-fedora-gcc 2.0-9 133.07 OK
r-devel-windows-ix86+x86_64 2.0-9 44.00 186.00 230.00 OK
r-patched-linux-x86_64 2.0-9 15.03 87.76 102.79 OK
r-patched-solaris-x86 2.0-9 170.80 OK
r-release-linux-x86_64 2.0-9 0.32 2.59 2.91 ERROR
r-release-windows-ix86+x86_64 2.0-9 29.00 134.00 163.00 OK
r-release-osx-x86_64 2.0-9 OK
r-oldrel-windows-ix86+x86_64 2.0-9 25.00 240.00 265.00 OK
r-oldrel-osx-x86_64 2.0-9 OK

Check Details

Version: 2.0-9
Check: whether package can be installed
Result: ERROR
    Installation failed.
Flavor: r-release-linux-x86_64