CRAN Package Check Results for Package extraTrees

Last updated on 2017-08-17 09:46:55.

Flavor Version Tinstall Tcheck Ttotal Status Flags
r-devel-linux-x86_64-debian-clang 1.0.5 1.34 31.96 33.30 NOTE
r-devel-linux-x86_64-debian-gcc 1.0.5 1.30 28.43 29.72 NOTE
r-devel-linux-x86_64-fedora-clang 1.0.5 64.30 NOTE
r-devel-linux-x86_64-fedora-gcc 1.0.5 65.24 NOTE
r-devel-windows-ix86+x86_64 1.0.5 5.00 57.00 62.00 NOTE
r-patched-linux-x86_64 1.0.5 1.26 28.69 29.94 NOTE
r-patched-solaris-x86 1.0.5 84.80 NOTE
r-release-linux-x86_64 1.0.5 1.27 28.68 29.95 NOTE
r-release-windows-ix86+x86_64 1.0.5 5.00 53.00 58.00 NOTE
r-release-osx-x86_64 1.0.5 NOTE
r-oldrel-windows-ix86+x86_64 1.0.5 6.00 46.00 52.00 NOTE
r-oldrel-osx-x86_64 1.0.5 NOTE

Check Details

Version: 1.0.5
Check: R code for possible problems
Result: NOTE
    toJavaMatrix2D: no visible global function definition for ‘is’
    Undefined global functions or variables:
     is
    Consider adding
     importFrom("methods", "is")
    to your NAMESPACE file (and ensure that your DESCRIPTION Imports field
    contains 'methods').
Flavors: r-devel-linux-x86_64-debian-clang, r-devel-linux-x86_64-debian-gcc, r-devel-linux-x86_64-fedora-clang, r-devel-linux-x86_64-fedora-gcc, r-devel-windows-ix86+x86_64, r-patched-linux-x86_64, r-patched-solaris-x86, r-release-linux-x86_64, r-release-windows-ix86+x86_64, r-release-osx-x86_64, r-oldrel-windows-ix86+x86_64, r-oldrel-osx-x86_64