CRAN Package Check Results for Package extraTrees

Last updated on 2015-08-30 12:47:10.

Flavor Version Tinstall Tcheck Ttotal Status Flags
r-devel-linux-x86_64-debian-clang 1.0.5 1.11 24.22 25.33 NOTE
r-devel-linux-x86_64-debian-gcc 1.0.5 1.36 24.96 26.32 NOTE
r-devel-linux-x86_64-fedora-clang 1.0.5 59.04 NOTE
r-devel-linux-x86_64-fedora-gcc 1.0.5 58.64 NOTE
r-devel-osx-x86_64-clang 1.0.5 46.89 OK
r-devel-windows-ix86+x86_64 1.0.5 6.00 45.00 51.00 NOTE
r-patched-linux-x86_64 1.0.5 1.26 24.92 26.17 OK
r-patched-solaris-sparc 1.0.5 382.20 OK
r-patched-solaris-x86 1.0.5 95.00 OK
r-release-linux-x86_64 1.0.5 1.20 26.06 27.26 OK
r-release-osx-x86_64-mavericks 1.0.5 OK
r-release-windows-ix86+x86_64 1.0.5 6.00 59.00 65.00 OK
r-oldrel-windows-ix86+x86_64 1.0.5 9.00 55.00 64.00 OK

Check Details

Version: 1.0.5
Check: R code for possible problems
Result: NOTE
    toJavaMatrix2D: no visible global function definition for ‘is’
    Undefined global functions or variables:
     is
    Consider adding
     importFrom("methods", "is")
    to your NAMESPACE (and ensure that your DESCRIPTION Imports field
    contains 'methods').
Flavors: r-devel-linux-x86_64-debian-clang, r-devel-linux-x86_64-debian-gcc, r-devel-linux-x86_64-fedora-clang, r-devel-linux-x86_64-fedora-gcc, r-devel-windows-ix86+x86_64