CRAN Package Check Results for Package extraTrees

Last updated on 2016-12-07 17:52:24.

Flavor Version Tinstall Tcheck Ttotal Status Flags
r-devel-linux-x86_64-debian-clang 1.0.5 1.26 28.80 30.07 NOTE
r-devel-linux-x86_64-debian-gcc 1.0.5 1.32 28.50 29.83 NOTE
r-devel-linux-x86_64-fedora-clang 1.0.5 62.18 NOTE --no-stop-on-test-error
r-devel-linux-x86_64-fedora-gcc 1.0.5 63.67 NOTE --no-stop-on-test-error
r-devel-macos-x86_64-clang 1.0.5 51.49 NOTE
r-devel-windows-ix86+x86_64 1.0.5 7.00 77.00 84.00 NOTE
r-patched-linux-x86_64 1.0.5 1.17 25.44 26.60 NOTE
r-patched-solaris-sparc 1.0.5 346.20 NOTE
r-patched-solaris-x86 1.0.5 70.50 NOTE
r-release-linux-x86_64 1.0.5 1.23 25.91 27.14 NOTE
r-release-osx-x86_64-mavericks 1.0.5 NOTE
r-release-windows-ix86+x86_64 1.0.5 5.00 65.00 70.00 NOTE
r-oldrel-windows-ix86+x86_64 1.0.5 7.00 49.00 56.00 OK

Check Details

Version: 1.0.5
Check: R code for possible problems
Result: NOTE
    toJavaMatrix2D: no visible global function definition for ‘is’
    Undefined global functions or variables:
     is
    Consider adding
     importFrom("methods", "is")
    to your NAMESPACE file (and ensure that your DESCRIPTION Imports field
    contains 'methods').
Flavors: r-devel-linux-x86_64-debian-clang, r-devel-linux-x86_64-debian-gcc, r-devel-macos-x86_64-clang, r-devel-windows-ix86+x86_64, r-patched-linux-x86_64, r-patched-solaris-sparc, r-patched-solaris-x86, r-release-linux-x86_64, r-release-osx-x86_64-mavericks, r-release-windows-ix86+x86_64

Version: 1.0.5
Flags: --no-stop-on-test-error
Check: R code for possible problems
Result: NOTE
    toJavaMatrix2D: no visible global function definition for ‘is’
    Undefined global functions or variables:
     is
    Consider adding
     importFrom("methods", "is")
    to your NAMESPACE file (and ensure that your DESCRIPTION Imports field
    contains 'methods').
Flavors: r-devel-linux-x86_64-fedora-clang, r-devel-linux-x86_64-fedora-gcc