CRAN Package Check Results for Package extraTrees

Last updated on 2016-07-28 21:47:50.

Flavor Version Tinstall Tcheck Ttotal Status Flags
r-devel-linux-x86_64-debian-clang 1.0.5 1.56 28.93 30.50 NOTE
r-devel-linux-x86_64-debian-gcc 1.0.5 1.36 30.20 31.56 NOTE
r-devel-linux-x86_64-fedora-clang 1.0.5 55.18 NOTE
r-devel-linux-x86_64-fedora-gcc 1.0.5 53.81 NOTE
r-devel-osx-x86_64-clang 1.0.5 47.94 NOTE
r-devel-windows-ix86+x86_64 1.0.5 5.00 62.00 67.00 NOTE
r-patched-linux-x86_64 1.0.5 1.62 29.81 31.43 NOTE
r-patched-solaris-sparc 1.0.5 346.20 NOTE
r-patched-solaris-x86 1.0.5 70.70 NOTE
r-release-linux-x86_64 1.0.5 1.72 31.40 33.12 NOTE
r-release-osx-x86_64-mavericks 1.0.5 NOTE
r-release-windows-ix86+x86_64 1.0.5 9.00 68.00 77.00 NOTE
r-oldrel-windows-ix86+x86_64 1.0.5 8.00 65.00 73.00 OK

Check Details

Version: 1.0.5
Check: R code for possible problems
Result: NOTE
    toJavaMatrix2D: no visible global function definition for ‘is’
    Undefined global functions or variables:
     is
    Consider adding
     importFrom("methods", "is")
    to your NAMESPACE file (and ensure that your DESCRIPTION Imports field
    contains 'methods').
Flavors: r-devel-linux-x86_64-debian-clang, r-devel-linux-x86_64-debian-gcc, r-devel-linux-x86_64-fedora-clang, r-devel-linux-x86_64-fedora-gcc, r-devel-osx-x86_64-clang, r-devel-windows-ix86+x86_64, r-patched-linux-x86_64, r-patched-solaris-sparc, r-patched-solaris-x86, r-release-linux-x86_64, r-release-osx-x86_64-mavericks, r-release-windows-ix86+x86_64