CRAN Package Check Results for Package extraTrees

Last updated on 2017-10-22 22:48:45.

Flavor Version Tinstall Tcheck Ttotal Status Flags
r-devel-linux-x86_64-debian-clang 1.0.5 1.30 31.54 32.85 NOTE
r-devel-linux-x86_64-debian-gcc 1.0.5 1.58 31.84 33.42 NOTE
r-devel-linux-x86_64-fedora-clang 1.0.5 64.06 NOTE
r-devel-linux-x86_64-fedora-gcc 1.0.5 63.09 NOTE
r-devel-windows-ix86+x86_64 1.0.5 5.00 55.00 60.00 NOTE
r-patched-linux-x86_64 1.0.5 1.36 29.18 30.54 NOTE
r-patched-solaris-x86 1.0.5 88.80 NOTE
r-release-linux-x86_64 1.0.5 1.30 29.61 30.90 NOTE
r-release-windows-ix86+x86_64 1.0.5 6.00 53.00 59.00 NOTE
r-release-osx-x86_64 1.0.5 NOTE
r-oldrel-windows-ix86+x86_64 1.0.5 4.00 61.00 65.00 NOTE
r-oldrel-osx-x86_64 1.0.5 NOTE

Check Details

Version: 1.0.5
Check: R code for possible problems
Result: NOTE
    toJavaMatrix2D: no visible global function definition for ‘is’
    Undefined global functions or variables:
     is
    Consider adding
     importFrom("methods", "is")
    to your NAMESPACE file (and ensure that your DESCRIPTION Imports field
    contains 'methods').
Flavors: r-devel-linux-x86_64-debian-clang, r-devel-linux-x86_64-debian-gcc, r-devel-linux-x86_64-fedora-clang, r-devel-linux-x86_64-fedora-gcc, r-devel-windows-ix86+x86_64, r-patched-linux-x86_64, r-patched-solaris-x86, r-release-linux-x86_64, r-release-windows-ix86+x86_64, r-release-osx-x86_64, r-oldrel-windows-ix86+x86_64, r-oldrel-osx-x86_64