CRAN Package Check Results for Package extraTrees

Last updated on 2017-04-28 17:47:32.

Flavor Version Tinstall Tcheck Ttotal Status Flags
r-devel-linux-x86_64-debian-clang 1.0.5 1.26 29.94 31.20 NOTE
r-devel-linux-x86_64-debian-gcc 1.0.5 1.24 28.71 29.96 NOTE
r-devel-linux-x86_64-fedora-clang 1.0.5 64.00 NOTE --no-stop-on-test-error
r-devel-linux-x86_64-fedora-gcc 1.0.5 63.09 NOTE --no-stop-on-test-error
r-devel-windows-ix86+x86_64 1.0.5 5.00 73.00 78.00 NOTE
r-patched-linux-x86_64 1.0.5 1.53 28.76 30.30 NOTE
r-patched-solaris-sparc 1.0.5 369.20 NOTE
r-patched-solaris-x86 1.0.5 81.30 NOTE
r-release-linux-x86_64 1.0.5 1.52 27.98 29.50 NOTE
r-release-windows-ix86+x86_64 1.0.5 9.00 75.00 84.00 NOTE
r-release-osx-x86_64 1.0.5 NOTE
r-oldrel-windows-ix86+x86_64 1.0.5 8.00 51.00 59.00 NOTE
r-oldrel-osx-x86_64 1.0.5 NOTE

Check Details

Version: 1.0.5
Check: R code for possible problems
Result: NOTE
    toJavaMatrix2D: no visible global function definition for ‘is’
    Undefined global functions or variables:
     is
    Consider adding
     importFrom("methods", "is")
    to your NAMESPACE file (and ensure that your DESCRIPTION Imports field
    contains 'methods').
Flavors: r-devel-linux-x86_64-debian-clang, r-devel-linux-x86_64-debian-gcc, r-devel-windows-ix86+x86_64, r-patched-linux-x86_64, r-patched-solaris-sparc, r-patched-solaris-x86, r-release-linux-x86_64, r-release-windows-ix86+x86_64, r-release-osx-x86_64, r-oldrel-windows-ix86+x86_64, r-oldrel-osx-x86_64

Version: 1.0.5
Flags: --no-stop-on-test-error
Check: R code for possible problems
Result: NOTE
    toJavaMatrix2D: no visible global function definition for ‘is’
    Undefined global functions or variables:
     is
    Consider adding
     importFrom("methods", "is")
    to your NAMESPACE file (and ensure that your DESCRIPTION Imports field
    contains 'methods').
Flavors: r-devel-linux-x86_64-fedora-clang, r-devel-linux-x86_64-fedora-gcc