CRAN Package Check Results for Package extraTrees

Last updated on 2018-01-18 02:51:54 CET.

Flavor Version Tinstall Tcheck Ttotal Status Flags
r-devel-linux-x86_64-debian-clang 1.0.5 1.85 50.41 52.26 NOTE
r-devel-linux-x86_64-debian-gcc 1.0.5 1.34 41.85 43.19 NOTE
r-devel-linux-x86_64-fedora-clang 1.0.5 64.99 NOTE
r-devel-linux-x86_64-fedora-gcc 1.0.5 63.15 NOTE
r-devel-windows-ix86+x86_64 1.0.5 7.00 62.00 69.00 NOTE
r-patched-linux-x86_64 1.0.5 1.81 51.94 53.75 NOTE
r-patched-solaris-x86 1.0.5 88.80 NOTE
r-release-linux-x86_64 1.0.5 1.96 51.61 53.57 NOTE
r-release-windows-ix86+x86_64 1.0.5 5.00 58.00 63.00 NOTE
r-release-osx-x86_64 1.0.5 NOTE
r-oldrel-windows-ix86+x86_64 1.0.5 6.00 57.00 63.00 NOTE
r-oldrel-osx-x86_64 1.0.5 NOTE

Check Details

Version: 1.0.5
Check: R code for possible problems
Result: NOTE
    toJavaMatrix2D: no visible global function definition for ‘is’
    Undefined global functions or variables:
     is
    Consider adding
     importFrom("methods", "is")
    to your NAMESPACE file (and ensure that your DESCRIPTION Imports field
    contains 'methods').
Flavors: r-devel-linux-x86_64-debian-clang, r-devel-linux-x86_64-debian-gcc, r-devel-linux-x86_64-fedora-clang, r-devel-linux-x86_64-fedora-gcc, r-devel-windows-ix86+x86_64, r-patched-linux-x86_64, r-patched-solaris-x86, r-release-linux-x86_64, r-release-windows-ix86+x86_64, r-release-osx-x86_64, r-oldrel-windows-ix86+x86_64, r-oldrel-osx-x86_64