CRAN Package Check Results for Package extraTrees

Last updated on 2016-05-28 19:49:12.

Flavor Version Tinstall Tcheck Ttotal Status Flags
r-devel-linux-x86_64-debian-gcc 1.0.5 1.16 25.28 26.44 NOTE
r-devel-linux-x86_64-fedora-clang 1.0.5 63.44 NOTE
r-devel-linux-x86_64-fedora-gcc 1.0.5 54.98 NOTE
r-devel-osx-x86_64-clang 1.0.5 54.96 NOTE
r-devel-windows-ix86+x86_64 1.0.5 4.00 52.00 56.00 NOTE
r-patched-linux-x86_64 1.0.5 1.11 25.29 26.40 NOTE
r-patched-solaris-sparc 1.0.5 345.60 NOTE
r-patched-solaris-x86 1.0.5 73.50 NOTE
r-release-linux-x86_64 1.0.5 3.22 24.94 28.17 NOTE
r-release-osx-x86_64-mavericks 1.0.5 NOTE
r-release-windows-ix86+x86_64 1.0.5 6.00 66.00 72.00 NOTE
r-oldrel-windows-ix86+x86_64 1.0.5 4.00 50.00 54.00 OK

Check Details

Version: 1.0.5
Check: R code for possible problems
Result: NOTE
    toJavaMatrix2D: no visible global function definition for ‘is’
    Undefined global functions or variables:
     is
    Consider adding
     importFrom("methods", "is")
    to your NAMESPACE file (and ensure that your DESCRIPTION Imports field
    contains 'methods').
Flavors: r-devel-linux-x86_64-debian-gcc, r-devel-linux-x86_64-fedora-clang, r-devel-linux-x86_64-fedora-gcc, r-devel-osx-x86_64-clang, r-devel-windows-ix86+x86_64, r-patched-linux-x86_64, r-patched-solaris-sparc, r-patched-solaris-x86, r-release-linux-x86_64, r-release-osx-x86_64-mavericks, r-release-windows-ix86+x86_64