CRAN Package Check Results for Package extraTrees

Last updated on 2019-05-22 04:46:33 CEST.

Flavor Version Tinstall Tcheck Ttotal Status Flags
r-devel-linux-x86_64-debian-clang 1.0.5 3.52 51.43 54.95 NOTE
r-devel-linux-x86_64-debian-gcc 1.0.5 2.74 40.77 43.51 NOTE
r-devel-linux-x86_64-fedora-clang 1.0.5 66.61 NOTE
r-devel-linux-x86_64-fedora-gcc 1.0.5 65.52 NOTE
r-devel-windows-ix86+x86_64 1.0.5 7.00 81.00 88.00 NOTE
r-patched-linux-x86_64 1.0.5 3.44 50.26 53.70 NOTE
r-patched-solaris-x86 1.0.5 94.60 NOTE
r-release-linux-x86_64 1.0.5 2.89 51.08 53.97 NOTE
r-release-windows-ix86+x86_64 1.0.5 9.00 60.00 69.00 NOTE
r-release-osx-x86_64 1.0.5 NOTE
r-oldrel-windows-ix86+x86_64 1.0.5 4.00 55.00 59.00 NOTE
r-oldrel-osx-x86_64 1.0.5 NOTE

Check Details

Version: 1.0.5
Check: R code for possible problems
Result: NOTE
    toJavaMatrix2D: no visible global function definition for 'is'
    Undefined global functions or variables:
     is
    Consider adding
     importFrom("methods", "is")
    to your NAMESPACE file (and ensure that your DESCRIPTION Imports field
    contains 'methods').
Flavors: r-devel-linux-x86_64-debian-clang, r-devel-linux-x86_64-debian-gcc, r-devel-linux-x86_64-fedora-clang, r-devel-linux-x86_64-fedora-gcc, r-devel-windows-ix86+x86_64, r-patched-linux-x86_64, r-patched-solaris-x86, r-release-linux-x86_64, r-release-windows-ix86+x86_64, r-release-osx-x86_64, r-oldrel-windows-ix86+x86_64, r-oldrel-osx-x86_64