CRAN Package Check Results for Package extraTrees

Last updated on 2017-06-29 01:46:36.

Flavor Version Tinstall Tcheck Ttotal Status Flags
r-devel-linux-x86_64-debian-clang 1.0.5 1.34 29.58 30.92 NOTE
r-devel-linux-x86_64-debian-gcc 1.0.5 1.26 29.78 31.04 NOTE
r-devel-linux-x86_64-fedora-clang 1.0.5 65.26 NOTE
r-devel-linux-x86_64-fedora-gcc 1.0.5 63.31 NOTE
r-devel-windows-ix86+x86_64 1.0.5 5.00 54.00 59.00 NOTE
r-patched-linux-x86_64 1.0.5 1.28 28.64 29.92 NOTE
r-patched-solaris-sparc 1.0.5 369.20 NOTE
r-patched-solaris-x86 1.0.5 81.40 NOTE
r-release-linux-x86_64 1.0.5 1.28 28.30 29.58 NOTE
r-release-windows-ix86+x86_64 1.0.5 6.00 56.00 62.00 NOTE
r-release-osx-x86_64 1.0.5 NOTE
r-oldrel-windows-ix86+x86_64 1.0.5 6.00 73.00 79.00 NOTE
r-oldrel-osx-x86_64 1.0.5 NOTE

Check Details

Version: 1.0.5
Check: R code for possible problems
Result: NOTE
    toJavaMatrix2D: no visible global function definition for ‘is’
    Undefined global functions or variables:
     is
    Consider adding
     importFrom("methods", "is")
    to your NAMESPACE file (and ensure that your DESCRIPTION Imports field
    contains 'methods').
Flavors: r-devel-linux-x86_64-debian-clang, r-devel-linux-x86_64-debian-gcc, r-devel-linux-x86_64-fedora-clang, r-devel-linux-x86_64-fedora-gcc, r-devel-windows-ix86+x86_64, r-patched-linux-x86_64, r-patched-solaris-sparc, r-patched-solaris-x86, r-release-linux-x86_64, r-release-windows-ix86+x86_64, r-release-osx-x86_64, r-oldrel-windows-ix86+x86_64, r-oldrel-osx-x86_64