CRAN Package Check Results for Package extraTrees

Last updated on 2019-10-18 18:47:51 CEST.

Flavor Version Tinstall Tcheck Ttotal Status Flags
r-devel-linux-x86_64-debian-clang 1.0.5 3.36 51.01 54.37 NOTE
r-devel-linux-x86_64-debian-gcc 1.0.5 2.94 42.67 45.61 NOTE
r-devel-linux-x86_64-fedora-clang 1.0.5 70.00 NOTE
r-devel-linux-x86_64-fedora-gcc 1.0.5 66.53 NOTE
r-devel-windows-ix86+x86_64 1.0.5 7.00 5.00 12.00 ERROR
r-patched-linux-x86_64 1.0.5 2.74 50.66 53.40 NOTE
r-patched-solaris-x86 1.0.5 93.90 NOTE
r-release-linux-x86_64 1.0.5 3.21 50.44 53.65 NOTE
r-release-windows-ix86+x86_64 1.0.5 9.00 77.00 86.00 NOTE
r-release-osx-x86_64 1.0.5 NOTE
r-oldrel-windows-ix86+x86_64 1.0.5 4.00 55.00 59.00 NOTE
r-oldrel-osx-x86_64 1.0.5 NOTE

Check Details

Version: 1.0.5
Check: R code for possible problems
Result: NOTE
    toJavaMatrix2D: no visible global function definition for 'is'
    Undefined global functions or variables:
     is
    Consider adding
     importFrom("methods", "is")
    to your NAMESPACE file (and ensure that your DESCRIPTION Imports field
    contains 'methods').
Flavors: r-devel-linux-x86_64-debian-clang, r-devel-linux-x86_64-debian-gcc, r-devel-linux-x86_64-fedora-clang, r-devel-linux-x86_64-fedora-gcc, r-patched-linux-x86_64, r-patched-solaris-x86, r-release-linux-x86_64, r-release-windows-ix86+x86_64, r-release-osx-x86_64, r-oldrel-windows-ix86+x86_64, r-oldrel-osx-x86_64

Version: 1.0.5
Check: for non-standard things in the check directory
Result: NOTE
    Found the following files/directories:
     'temp.Rdata'
Flavors: r-devel-linux-x86_64-debian-clang, r-devel-linux-x86_64-debian-gcc, r-devel-linux-x86_64-fedora-clang, r-devel-linux-x86_64-fedora-gcc

Version: 1.0.5
Check: whether package can be installed
Result: ERROR
    Installation failed.
Flavor: r-devel-windows-ix86+x86_64