CRAN Package Check Results for Package extraTrees

Last updated on 2015-07-07 21:46:32.

Flavor Version Tinstall Tcheck Ttotal Status Flags
r-devel-linux-x86_64-debian-clang 1.0.5 1.17 25.59 26.76 NOTE
r-devel-linux-x86_64-debian-gcc 1.0.5 1.17 25.16 26.32 NOTE
r-devel-linux-x86_64-fedora-clang 1.0.5 60.13 NOTE
r-devel-linux-x86_64-fedora-gcc 1.0.5 60.48 NOTE
r-devel-osx-x86_64-clang 1.0.5 48.78 OK
r-devel-windows-ix86+x86_64 1.0.5 9.00 40.00 49.00 NOTE
r-patched-linux-x86_64 1.0.5 1.31 24.97 26.28 OK
r-patched-solaris-sparc 1.0.5 375.30 OK
r-patched-solaris-x86 1.0.5 83.60 OK
r-release-linux-x86_64 1.0.5 1.21 25.02 26.24 OK
r-release-osx-x86_64-mavericks 1.0.5 OK
r-release-windows-ix86+x86_64 1.0.5 7.00 42.00 49.00 OK
r-oldrel-windows-ix86+x86_64 1.0.5 6.00 50.00 56.00 OK

Check Details

Version: 1.0.5
Check: R code for possible problems
Result: NOTE
    toJavaMatrix2D: no visible global function definition for ‘is’
    Undefined global functions or variables:
     is
Flavors: r-devel-linux-x86_64-debian-clang, r-devel-linux-x86_64-debian-gcc, r-devel-linux-x86_64-fedora-clang, r-devel-linux-x86_64-fedora-gcc, r-devel-windows-ix86+x86_64