CRAN Package Check Results for Package extraTrees

Last updated on 2016-08-27 04:50:52.

Flavor Version Tinstall Tcheck Ttotal Status Flags
r-devel-linux-x86_64-debian-clang 1.0.5 1.23 25.40 26.63 NOTE
r-devel-linux-x86_64-debian-gcc 1.0.5 1.86 34.25 36.11 NOTE
r-devel-linux-x86_64-fedora-clang 1.0.5 55.50 NOTE
r-devel-linux-x86_64-fedora-gcc 1.0.5 55.19 NOTE
r-devel-osx-x86_64-clang 1.0.5 48.40 NOTE
r-devel-windows-ix86+x86_64 1.0.5 8.00 51.00 59.00 NOTE
r-patched-linux-x86_64 1.0.5 1.27 24.70 25.96 NOTE
r-patched-solaris-sparc 1.0.5 346.20 NOTE
r-patched-solaris-x86 1.0.5 73.40 NOTE
r-release-linux-x86_64 1.0.5 1.40 28.06 29.46 NOTE
r-release-osx-x86_64-mavericks 1.0.5 NOTE
r-release-windows-ix86+x86_64 1.0.5 7.00 50.00 57.00 NOTE
r-oldrel-windows-ix86+x86_64 1.0.5 5.00 72.00 77.00 OK

Check Details

Version: 1.0.5
Check: R code for possible problems
Result: NOTE
    toJavaMatrix2D: no visible global function definition for ‘is’
    Undefined global functions or variables:
     is
    Consider adding
     importFrom("methods", "is")
    to your NAMESPACE file (and ensure that your DESCRIPTION Imports field
    contains 'methods').
Flavors: r-devel-linux-x86_64-debian-clang, r-devel-linux-x86_64-debian-gcc, r-devel-linux-x86_64-fedora-clang, r-devel-linux-x86_64-fedora-gcc, r-devel-osx-x86_64-clang, r-devel-windows-ix86+x86_64, r-patched-linux-x86_64, r-patched-solaris-sparc, r-patched-solaris-x86, r-release-linux-x86_64, r-release-osx-x86_64-mavericks, r-release-windows-ix86+x86_64