CRAN Package Check Results for Package extraTrees

Last updated on 2019-07-17 18:48:00 CEST.

Flavor Version Tinstall Tcheck Ttotal Status Flags
r-devel-linux-x86_64-debian-clang 1.0.5 2.93 52.11 55.04 NOTE
r-devel-linux-x86_64-debian-gcc 1.0.5 2.79 41.78 44.57 NOTE
r-devel-linux-x86_64-fedora-clang 1.0.5 67.98 NOTE
r-devel-linux-x86_64-fedora-gcc 1.0.5 69.27 NOTE
r-devel-windows-ix86+x86_64 1.0.5 11.00 57.00 68.00 NOTE
r-patched-linux-x86_64 1.0.5 3.52 50.02 53.54 NOTE
r-patched-solaris-x86 1.0.5 95.40 NOTE
r-release-linux-x86_64 1.0.5 3.68 50.02 53.70 NOTE
r-release-windows-ix86+x86_64 1.0.5 7.00 79.00 86.00 NOTE
r-release-osx-x86_64 1.0.5 NOTE
r-oldrel-windows-ix86+x86_64 1.0.5 4.00 75.00 79.00 NOTE
r-oldrel-osx-x86_64 1.0.5 NOTE

Check Details

Version: 1.0.5
Check: R code for possible problems
Result: NOTE
    toJavaMatrix2D: no visible global function definition for 'is'
    Undefined global functions or variables:
     is
    Consider adding
     importFrom("methods", "is")
    to your NAMESPACE file (and ensure that your DESCRIPTION Imports field
    contains 'methods').
Flavors: r-devel-linux-x86_64-debian-clang, r-devel-linux-x86_64-debian-gcc, r-devel-linux-x86_64-fedora-clang, r-devel-linux-x86_64-fedora-gcc, r-devel-windows-ix86+x86_64, r-patched-linux-x86_64, r-patched-solaris-x86, r-release-linux-x86_64, r-release-windows-ix86+x86_64, r-release-osx-x86_64, r-oldrel-windows-ix86+x86_64, r-oldrel-osx-x86_64

Version: 1.0.5
Check: for non-standard things in the check directory
Result: NOTE
    Found the following files/directories:
     'temp.Rdata'
Flavors: r-devel-linux-x86_64-debian-clang, r-devel-linux-x86_64-debian-gcc, r-devel-linux-x86_64-fedora-clang, r-devel-linux-x86_64-fedora-gcc