CRAN Package Check Results for Package extraTrees

Last updated on 2016-10-01 22:47:19.

Flavor Version Tinstall Tcheck Ttotal Status Flags
r-devel-linux-x86_64-debian-clang 1.0.5 1.19 25.94 27.12 NOTE
r-devel-linux-x86_64-debian-gcc 1.0.5 1.34 25.36 26.71 NOTE
r-devel-linux-x86_64-fedora-clang 1.0.5 56.63 NOTE
r-devel-linux-x86_64-fedora-gcc 1.0.5 56.68 NOTE
r-devel-macos-x86_64-clang 1.0.5 45.19 NOTE
r-devel-windows-ix86+x86_64 1.0.5 4.00 60.00 64.00 NOTE
r-patched-linux-x86_64 1.0.5 1.23 25.69 26.92 NOTE
r-patched-solaris-sparc 1.0.5 346.20 NOTE
r-patched-solaris-x86 1.0.5 70.50 NOTE
r-release-linux-x86_64 1.0.5 1.18 26.12 27.29 NOTE
r-release-osx-x86_64-mavericks 1.0.5 NOTE
r-release-windows-ix86+x86_64 1.0.5 5.00 66.00 71.00 NOTE
r-oldrel-windows-ix86+x86_64 1.0.5 5.00 47.00 52.00 OK

Check Details

Version: 1.0.5
Check: R code for possible problems
Result: NOTE
    toJavaMatrix2D: no visible global function definition for ‘is’
    Undefined global functions or variables:
     is
    Consider adding
     importFrom("methods", "is")
    to your NAMESPACE file (and ensure that your DESCRIPTION Imports field
    contains 'methods').
Flavors: r-devel-linux-x86_64-debian-clang, r-devel-linux-x86_64-debian-gcc, r-devel-linux-x86_64-fedora-clang, r-devel-linux-x86_64-fedora-gcc, r-devel-macos-x86_64-clang, r-devel-windows-ix86+x86_64, r-patched-linux-x86_64, r-patched-solaris-sparc, r-patched-solaris-x86, r-release-linux-x86_64, r-release-osx-x86_64-mavericks, r-release-windows-ix86+x86_64