CRAN Package Check Results for Package extraTrees

Last updated on 2017-03-01 17:52:12.

Flavor Version Tinstall Tcheck Ttotal Status Flags
r-devel-linux-x86_64-debian-clang 1.0.5 1.36 28.61 29.97 NOTE
r-devel-linux-x86_64-debian-gcc 1.0.5 1.26 29.12 30.38 NOTE
r-devel-linux-x86_64-fedora-clang 1.0.5 62.54 NOTE --no-stop-on-test-error
r-devel-linux-x86_64-fedora-gcc 1.0.5 59.83 NOTE --no-stop-on-test-error
r-devel-macos-x86_64-clang 1.0.5 51.35 NOTE --no-stop-on-test-error
r-devel-windows-ix86+x86_64 1.0.5 5.00 71.00 76.00 NOTE
r-patched-linux-x86_64 1.0.5 1.30 24.68 25.98 NOTE
r-patched-solaris-sparc 1.0.5 347.70 NOTE
r-patched-solaris-x86 1.0.5 70.00 NOTE
r-release-linux-x86_64 1.0.5 1.26 25.31 26.57 NOTE
r-release-osx-x86_64-mavericks 1.0.5 NOTE
r-release-windows-ix86+x86_64 1.0.5 8.00 97.00 105.00 NOTE
r-oldrel-windows-ix86+x86_64 1.0.5 11.00 67.00 78.00 OK

Check Details

Version: 1.0.5
Check: R code for possible problems
Result: NOTE
    toJavaMatrix2D: no visible global function definition for ‘is’
    Undefined global functions or variables:
     is
    Consider adding
     importFrom("methods", "is")
    to your NAMESPACE file (and ensure that your DESCRIPTION Imports field
    contains 'methods').
Flavors: r-devel-linux-x86_64-debian-clang, r-devel-linux-x86_64-debian-gcc, r-devel-windows-ix86+x86_64, r-patched-linux-x86_64, r-patched-solaris-sparc, r-patched-solaris-x86, r-release-linux-x86_64, r-release-osx-x86_64-mavericks, r-release-windows-ix86+x86_64

Version: 1.0.5
Flags: --no-stop-on-test-error
Check: R code for possible problems
Result: NOTE
    toJavaMatrix2D: no visible global function definition for ‘is’
    Undefined global functions or variables:
     is
    Consider adding
     importFrom("methods", "is")
    to your NAMESPACE file (and ensure that your DESCRIPTION Imports field
    contains 'methods').
Flavors: r-devel-linux-x86_64-fedora-clang, r-devel-linux-x86_64-fedora-gcc, r-devel-macos-x86_64-clang