CRAN Package Check Results for Package extraTrees

Last updated on 2016-02-08 11:49:28.

Flavor Version Tinstall Tcheck Ttotal Status Flags
r-devel-linux-x86_64-debian-gcc 1.0.5 1.12 24.64 25.76 NOTE
r-devel-linux-x86_64-fedora-clang 1.0.5 57.43 NOTE
r-devel-linux-x86_64-fedora-gcc 1.0.5 55.20 NOTE
r-devel-osx-x86_64-clang 1.0.5 54.74 NOTE
r-devel-windows-ix86+x86_64 1.0.5 7.00 56.00 63.00 NOTE
r-patched-linux-x86_64 1.0.5 1.31 26.60 27.92 OK
r-patched-solaris-sparc 1.0.5 354.90 OK
r-patched-solaris-x86 1.0.5 73.60 OK
r-release-linux-x86_64 1.0.5 1.28 26.94 28.23 OK
r-release-osx-x86_64-mavericks 1.0.5 OK
r-release-windows-ix86+x86_64 1.0.5 7.00 46.00 53.00 OK
r-oldrel-windows-ix86+x86_64 1.0.5 9.00 47.00 56.00 OK

Check Details

Version: 1.0.5
Check: R code for possible problems
Result: NOTE
    toJavaMatrix2D: no visible global function definition for ‘is’
    Undefined global functions or variables:
     is
    Consider adding
     importFrom("methods", "is")
    to your NAMESPACE file (and ensure that your DESCRIPTION Imports field
    contains 'methods').
Flavors: r-devel-linux-x86_64-debian-gcc, r-devel-linux-x86_64-fedora-clang, r-devel-linux-x86_64-fedora-gcc, r-devel-osx-x86_64-clang, r-devel-windows-ix86+x86_64