CRAN Package Check Results for Package extraTrees

Last updated on 2017-01-18 23:51:53.

Flavor Version Tinstall Tcheck Ttotal Status Flags
r-devel-linux-x86_64-debian-clang 1.0.5 1.29 28.36 29.65 NOTE
r-devel-linux-x86_64-debian-gcc 1.0.5 1.48 28.00 29.48 NOTE
r-devel-linux-x86_64-fedora-clang 1.0.5 61.70 NOTE --no-stop-on-test-error
r-devel-linux-x86_64-fedora-gcc 1.0.5 60.68 NOTE --no-stop-on-test-error
r-devel-macos-x86_64-clang 1.0.5 50.80 NOTE --no-stop-on-test-error
r-devel-windows-ix86+x86_64 1.0.5 7.00 52.00 59.00 NOTE
r-patched-linux-x86_64 1.0.5 1.20 25.73 26.93 NOTE
r-patched-solaris-sparc 1.0.5 347.70 NOTE
r-patched-solaris-x86 1.0.5 71.60 NOTE
r-release-linux-x86_64 1.0.5 1.29 24.87 26.16 NOTE
r-release-osx-x86_64-mavericks 1.0.5 NOTE
r-release-windows-ix86+x86_64 1.0.5 5.00 65.00 70.00 NOTE
r-oldrel-windows-ix86+x86_64 1.0.5 5.00 71.00 76.00 OK

Check Details

Version: 1.0.5
Check: R code for possible problems
Result: NOTE
    toJavaMatrix2D: no visible global function definition for ‘is’
    Undefined global functions or variables:
     is
    Consider adding
     importFrom("methods", "is")
    to your NAMESPACE file (and ensure that your DESCRIPTION Imports field
    contains 'methods').
Flavors: r-devel-linux-x86_64-debian-clang, r-devel-linux-x86_64-debian-gcc, r-devel-windows-ix86+x86_64, r-patched-linux-x86_64, r-patched-solaris-sparc, r-patched-solaris-x86, r-release-linux-x86_64, r-release-osx-x86_64-mavericks, r-release-windows-ix86+x86_64

Version: 1.0.5
Flags: --no-stop-on-test-error
Check: R code for possible problems
Result: NOTE
    toJavaMatrix2D: no visible global function definition for ‘is’
    Undefined global functions or variables:
     is
    Consider adding
     importFrom("methods", "is")
    to your NAMESPACE file (and ensure that your DESCRIPTION Imports field
    contains 'methods').
Flavors: r-devel-linux-x86_64-fedora-clang, r-devel-linux-x86_64-fedora-gcc, r-devel-macos-x86_64-clang