CRAN Package Check Results for Package extracat

Last updated on 2014-09-03 03:50:27.

Flavor Version Tinstall Tcheck Ttotal Status Flags
r-devel-linux-x86_64-debian-clang 1.7-0 6.02 67.23 73.24 NOTE
r-devel-linux-x86_64-debian-gcc 1.7-0 10.68 64.95 75.64 NOTE
r-devel-linux-x86_64-fedora-clang 1.7-0 152.44 NOTE
r-devel-linux-x86_64-fedora-gcc 1.7-0 143.35 NOTE
r-devel-osx-x86_64-clang 1.7-0 117.46 NOTE
r-devel-windows-ix86+x86_64 1.7-0 21.00 129.00 150.00 NOTE
r-patched-linux-x86_64 1.7-0 8.67 73.04 81.70 OK
r-patched-solaris-sparc 1.7-0 902.40 OK
r-patched-solaris-x86 1.7-0 193.90 OK
r-release-linux-ix86 1.7-0 9.90 86.50 96.40 OK
r-release-linux-x86_64 1.7-0 10.48 72.29 82.77 OK
r-release-osx-x86_64-mavericks 1.7-0 OK
r-release-osx-x86_64-snowleopard 1.7-0 OK
r-release-windows-ix86+x86_64 1.7-0 22.00 132.00 154.00 OK
r-oldrel-windows-ix86+x86_64 1.7-0 18.00 146.00 164.00 OK

Check Details

Version: 1.7-0
Check: R code for possible problems
Result: NOTE
    caclust: no visible global function definition for ‘ca’
    casort: no visible global function definition for ‘ca’
    cpcp.default: no visible global function definition for ‘iset.new’
    cpcp.default: no visible global function definition for ‘ipcp’
    cpcp.default: no visible global function definition for
     ‘iplot.location’
    cpcp.default: no visible global function definition for ‘iplot.cur’
    cpcp.default: no visible global function definition for ‘iplot.size’
    groupbox2d: no visible global function definition for ‘ginv’
    listen: no visible global function definition for ‘ievent.wait’
    listen: no visible global function definition for ‘iset.sel.changed’
    resort: no visible global function definition for ‘iset’
    resort: no visible global function definition for ‘iset.cur’
    resort: no visible global function definition for ‘iset.selected’
    resort: no visible global function definition for ‘ivar.update’
    resort: no visible global function definition for ‘iset.updateVars’
    rmb.formula: no visible global function definition for ‘polr’
    treeclass: no visible global function definition for ‘hcluster’
    tspsort: no visible global function definition for ‘ca’
Flavors: r-devel-linux-x86_64-debian-clang, r-devel-linux-x86_64-debian-gcc, r-devel-linux-x86_64-fedora-clang, r-devel-linux-x86_64-fedora-gcc, r-devel-osx-x86_64-clang, r-devel-windows-ix86+x86_64