CRAN Package Check Results for Package extracat

Last updated on 2017-06-28 18:46:45.

Flavor Version Tinstall Tcheck Ttotal Status Flags
r-devel-linux-x86_64-debian-clang 1.7-4 9.99 72.99 82.98 NOTE
r-devel-linux-x86_64-debian-gcc 1.7-4 9.13 68.20 77.33 NOTE
r-devel-linux-x86_64-fedora-clang 1.7-4 147.83 NOTE
r-devel-linux-x86_64-fedora-gcc 1.7-4 141.29 NOTE
r-devel-windows-ix86+x86_64 1.7-4 21.00 152.00 173.00 OK
r-patched-linux-x86_64 1.7-4 8.66 69.82 78.48 NOTE
r-patched-solaris-sparc 1.7-4 890.40 OK
r-patched-solaris-x86 1.7-4 188.10 OK
r-release-linux-x86_64 1.7-4 8.96 69.13 78.08 NOTE
r-release-windows-ix86+x86_64 1.7-4 20.00 212.00 232.00 OK
r-release-osx-x86_64 1.7-4 OK
r-oldrel-windows-ix86+x86_64 1.7-4 29.00 170.00 199.00 OK
r-oldrel-osx-x86_64 1.7-4 OK

Additional issues

rchk

Check Details

Version: 1.7-4
Check: compiled code
Result: NOTE
    File ‘extracat/libs/extracat.so’:
     Found no calls to: ‘R_registerRoutines’, ‘R_useDynamicSymbols’
    
    It is good practice to register native routines and to disable symbol
    search.
    
    See ‘Writing portable packages’ in the ‘Writing R Extensions’ manual.
Flavors: r-devel-linux-x86_64-debian-clang, r-devel-linux-x86_64-debian-gcc, r-devel-linux-x86_64-fedora-clang, r-devel-linux-x86_64-fedora-gcc, r-patched-linux-x86_64, r-release-linux-x86_64