CRAN Package Check Results for Package extracat

Last updated on 2016-02-09 10:47:53.

Flavor Version Tinstall Tcheck Ttotal Status Flags
r-devel-linux-x86_64-debian-gcc 1.7-4 8.13 60.21 68.34 OK
r-devel-linux-x86_64-fedora-clang 1.7-4 129.16 OK
r-devel-linux-x86_64-fedora-gcc 1.7-4 131.04 OK
r-devel-osx-x86_64-clang 1.7-4 138.59 OK
r-devel-windows-ix86+x86_64 1.7-4 27.00 116.00 143.00 OK
r-patched-linux-x86_64 1.7-4 8.39 63.33 71.72 OK
r-patched-solaris-sparc 1.7-4 813.60 OK
r-patched-solaris-x86 1.7-4 168.50 OK
r-release-linux-x86_64 1.7-4 8.44 61.99 70.43 WARN
r-release-osx-x86_64-mavericks 1.7-4 OK
r-release-windows-ix86+x86_64 1.7-4 25.00 120.00 145.00 OK
r-oldrel-windows-ix86+x86_64 1.7-4 34.00 162.00 196.00 WARN

Check Details

Version: 1.7-4
Check: whether package can be installed
Result: WARN
    Found the following significant warnings:
     Warning: replacing previous import by ‘ggplot2::unit’ when loading ‘extracat’
     Warning: replacing previous import by ‘ggplot2::arrow’ when loading ‘extracat’
     Warning: replacing previous import by ‘scales::alpha’ when loading ‘extracat’
Flavor: r-release-linux-x86_64

Version: 1.7-4
Check: whether package can be installed
Result: WARN
    Found the following significant warnings:
     Warning: replacing previous import by 'ggplot2::arrow' when loading 'extracat'
     Warning: replacing previous import by 'ggplot2::unit' when loading 'extracat'
     Warning: replacing previous import by 'scales::alpha' when loading 'extracat'
Flavor: r-oldrel-windows-ix86+x86_64