CRAN Package Check Results for Package extracat

Last updated on 2017-10-17 19:47:51.

Flavor Version Tinstall Tcheck Ttotal Status Flags
r-devel-linux-x86_64-debian-clang 1.7-4 8.27 75.13 83.39 NOTE
r-devel-linux-x86_64-debian-gcc 1.7-4 9.77 74.89 84.65 NOTE
r-devel-linux-x86_64-fedora-clang 1.7-4 148.16 NOTE
r-devel-linux-x86_64-fedora-gcc 1.7-4 149.00 NOTE
r-devel-windows-ix86+x86_64 1.7-4 20.00 150.00 170.00 OK
r-patched-linux-x86_64 1.7-4 9.11 69.20 78.31 NOTE
r-patched-solaris-x86 1.7-4 193.70 OK
r-release-linux-x86_64 1.7-4 8.71 70.15 78.86 NOTE
r-release-windows-ix86+x86_64 1.7-4 35.00 210.00 245.00 OK
r-release-osx-x86_64 1.7-4 OK
r-oldrel-windows-ix86+x86_64 1.7-4 27.00 179.00 206.00 OK
r-oldrel-osx-x86_64 1.7-4 OK

Additional issues

rchk

Check Details

Version: 1.7-4
Check: compiled code
Result: NOTE
    File ‘extracat/libs/extracat.so’:
     Found no calls to: ‘R_registerRoutines’, ‘R_useDynamicSymbols’
    
    It is good practice to register native routines and to disable symbol
    search.
    
    See ‘Writing portable packages’ in the ‘Writing R Extensions’ manual.
Flavors: r-devel-linux-x86_64-debian-clang, r-devel-linux-x86_64-debian-gcc, r-devel-linux-x86_64-fedora-clang, r-devel-linux-x86_64-fedora-gcc, r-patched-linux-x86_64, r-release-linux-x86_64