CRAN Package Check Results for Package extracat

Last updated on 2015-03-04 06:48:22.

Flavor Version Tinstall Tcheck Ttotal Status Flags
r-devel-linux-x86_64-debian-clang 1.7-1 6.04 57.94 63.98 NOTE
r-devel-linux-x86_64-debian-gcc 1.7-1 7.40 56.87 64.28 NOTE
r-devel-linux-x86_64-fedora-clang 1.7-1 124.65 NOTE
r-devel-linux-x86_64-fedora-gcc 1.7-1 121.43 NOTE
r-devel-osx-x86_64-clang 1.7-1 107.19 NOTE
r-devel-windows-ix86+x86_64 1.7-1 19.00 111.00 130.00 NOTE
r-patched-linux-x86_64 1.7-1 8.66 68.74 77.40 OK
r-patched-solaris-sparc 1.7-1 882.60 OK
r-patched-solaris-x86 1.7-1 188.40 OK
r-release-linux-ix86 1.7-1 9.37 81.10 90.47 OK
r-release-linux-x86_64 1.7-1 8.69 70.00 78.70 OK
r-release-osx-x86_64-mavericks 1.7-1 OK
r-release-osx-x86_64-snowleopard 1.7-1 OK
r-release-windows-ix86+x86_64 1.7-1 33.00 187.00 220.00 OK
r-oldrel-windows-ix86+x86_64 1.7-0 20.00 153.00 173.00 OK

Check Details

Version: 1.7-1
Check: DESCRIPTION meta-information
Result: NOTE
    Malformed Description field: should contain one or more complete sentences.
Flavors: r-devel-linux-x86_64-debian-clang, r-devel-linux-x86_64-debian-gcc, r-devel-linux-x86_64-fedora-clang, r-devel-linux-x86_64-fedora-gcc, r-devel-osx-x86_64-clang, r-devel-windows-ix86+x86_64