CRAN Package Check Results for Package extracat

Last updated on 2017-12-15 04:47:16 CET.

Flavor Version Tinstall Tcheck Ttotal Status Flags
r-devel-linux-x86_64-debian-clang 1.7-4 10.64 68.50 79.14 FAIL
r-devel-linux-x86_64-debian-gcc 1.7-4 10.15 91.23 101.38 NOTE
r-devel-linux-x86_64-fedora-clang 1.7-4 135.10 NOTE
r-devel-linux-x86_64-fedora-gcc 1.7-4 134.12 NOTE
r-devel-windows-ix86+x86_64 1.7-4 21.00 146.00 167.00 OK
r-patched-linux-x86_64 1.7-4 10.33 116.57 126.90 NOTE
r-patched-solaris-x86 1.7-4 185.50 OK
r-release-linux-x86_64 1.7-4 12.04 118.00 130.04 NOTE
r-release-windows-ix86+x86_64 1.7-4 20.00 141.00 161.00 OK
r-release-osx-x86_64 1.7-4 OK
r-oldrel-windows-ix86+x86_64 1.7-4 20.00 187.00 207.00 OK
r-oldrel-osx-x86_64 1.7-4 OK

Additional issues

rchk

Check Details

Version: 1.7-4
Check: pragmas in C/C++ headers and code
Result: FAIL
    
Flavor: r-devel-linux-x86_64-debian-clang

Version: 1.7-4
Check: compiled code
Result: NOTE
    File ‘extracat/libs/extracat.so’:
     Found no calls to: ‘R_registerRoutines’, ‘R_useDynamicSymbols’
    
    It is good practice to register native routines and to disable symbol
    search.
    
    See ‘Writing portable packages’ in the ‘Writing R Extensions’ manual.
Flavors: r-devel-linux-x86_64-debian-gcc, r-devel-linux-x86_64-fedora-clang, r-devel-linux-x86_64-fedora-gcc, r-patched-linux-x86_64, r-release-linux-x86_64