CRAN Package Check Results for Package extracat

Last updated on 2014-08-27 22:47:10.

Flavor Version Tinstall Tcheck Ttotal Status Flags
r-devel-linux-x86_64-debian-clang 1.7-0 5.94 67.56 73.51 NOTE
r-devel-linux-x86_64-debian-gcc 1.7-0 8.38 65.71 74.08 NOTE
r-devel-linux-x86_64-fedora-clang 1.7-0 151.01 NOTE
r-devel-linux-x86_64-fedora-gcc 1.7-0 143.12 NOTE
r-devel-osx-x86_64-clang 1.7-0 117.09 NOTE
r-devel-windows-ix86+x86_64 1.7-0 19.00 128.00 147.00 NOTE
r-patched-linux-x86_64 1.7-0 8.73 69.66 78.39 OK
r-patched-solaris-sparc 1.7-0 902.40 OK
r-patched-solaris-x86 1.7-0 194.20 OK
r-release-linux-ix86 1.7-0 9.87 85.94 95.81 OK
r-release-linux-x86_64 1.7-0 8.56 70.07 78.63 OK
r-release-osx-x86_64-mavericks 1.7-0 OK
r-release-osx-x86_64-snowleopard 1.7-0 OK
r-release-windows-ix86+x86_64 1.7-0 20.00 143.00 163.00 OK
r-oldrel-windows-ix86+x86_64 1.7-0 20.00 138.00 158.00 OK

Check Details

Version: 1.7-0
Check: R code for possible problems
Result: NOTE
    caclust: no visible global function definition for ‘ca’
    casort: no visible global function definition for ‘ca’
    cpcp.default: no visible global function definition for ‘iset.new’
    cpcp.default: no visible global function definition for ‘ipcp’
    cpcp.default: no visible global function definition for
     ‘iplot.location’
    cpcp.default: no visible global function definition for ‘iplot.cur’
    cpcp.default: no visible global function definition for ‘iplot.size’
    groupbox2d: no visible global function definition for ‘ginv’
    listen: no visible global function definition for ‘ievent.wait’
    listen: no visible global function definition for ‘iset.sel.changed’
    resort: no visible global function definition for ‘iset’
    resort: no visible global function definition for ‘iset.cur’
    resort: no visible global function definition for ‘iset.selected’
    resort: no visible global function definition for ‘ivar.update’
    resort: no visible global function definition for ‘iset.updateVars’
    rmb.formula: no visible global function definition for ‘polr’
    treeclass: no visible global function definition for ‘hcluster’
    tspsort: no visible global function definition for ‘ca’
Flavors: r-devel-linux-x86_64-debian-clang, r-devel-linux-x86_64-debian-gcc, r-devel-linux-x86_64-fedora-clang, r-devel-linux-x86_64-fedora-gcc, r-devel-osx-x86_64-clang, r-devel-windows-ix86+x86_64