CRAN Package Check Results for Package extracat

Last updated on 2015-06-30 11:48:15.

Flavor Version Tinstall Tcheck Ttotal Status Flags
r-devel-linux-x86_64-debian-clang 1.7-1 5.94 56.06 61.99 NOTE
r-devel-linux-x86_64-debian-gcc 1.7-1 7.90 55.47 63.37 NOTE
r-devel-linux-x86_64-fedora-clang 1.7-1 123.02 NOTE
r-devel-linux-x86_64-fedora-gcc 1.7-1 115.42 NOTE
r-devel-osx-x86_64-clang 1.7-1 112.04 NOTE
r-devel-windows-ix86+x86_64 1.7-1 20.00 117.00 137.00 NOTE
r-patched-linux-x86_64 1.7-1 7.82 56.04 63.86 NOTE
r-patched-solaris-sparc 1.7-1 771.00 NOTE
r-patched-solaris-x86 1.7-1 165.70 NOTE
r-release-linux-x86_64 1.7-1 7.71 58.71 66.42 NOTE
r-release-osx-x86_64-mavericks 1.7-1 NOTE
r-release-windows-ix86+x86_64 1.7-1 29.00 110.00 139.00 NOTE
r-oldrel-windows-ix86+x86_64 1.7-1 22.00 138.00 160.00 OK

Check Details

Version: 1.7-1
Check: DESCRIPTION meta-information
Result: NOTE
    Malformed Description field: should contain one or more complete sentences.
Flavors: r-devel-linux-x86_64-debian-clang, r-devel-linux-x86_64-debian-gcc, r-devel-linux-x86_64-fedora-clang, r-devel-linux-x86_64-fedora-gcc, r-devel-osx-x86_64-clang, r-devel-windows-ix86+x86_64, r-patched-linux-x86_64, r-patched-solaris-sparc, r-patched-solaris-x86, r-release-linux-x86_64, r-release-osx-x86_64-mavericks, r-release-windows-ix86+x86_64

Version: 1.7-1
Check: R code for possible problems
Result: NOTE
    BCImat: no visible global function definition for ‘combn’
    BCImat : <anonymous>: no visible global function definition for
     ‘na.omit’
    WBCImat: no visible global function definition for ‘combn’
    WBCImat : <anonymous>: no visible global function definition for
     ‘xtabs’
    ahist: no visible global function definition for ‘hist’
    allpairs : <anonymous>: no visible global function definition for
     ‘combn’
    approx.dcor: no visible global function definition for ‘quantile’
    arsim : <anonymous>: no visible global function definition for
     ‘rmultinom’
    arsim: no visible global function definition for ‘runif’
    arsim: no visible global function definition for ‘rmultinom’
    barysortXD: no visible global function definition for ‘xtabs’
    bgtext: no visible global function definition for ‘strwidth’
    bgtext: no visible global function definition for ‘strheight’
    bgtext: no visible global function definition for ‘text’
    binary.bci: no visible global function definition for ‘combn’
    binary.bci: no visible global function definition for ‘xtabs’
    boxplot2g: no visible binding for global variable ‘loess’
    boxplot2g: no visible global function definition for ‘rainbow’
    caclust: no visible global function definition for ‘dist’
    caclust: no visible global function definition for ‘as.dist’
    caclust: no visible global function definition for ‘hclust’
    caclust: no visible global function definition for ‘xtabs’
    casort: no visible global function definition for ‘install.packages’
    cfluctile: no visible global function definition for ‘hsv’
    cfluctile: no visible global function definition for ‘rgb’
    chidist: no visible global function definition for ‘dist’
    cmat: no visible global function definition for ‘na.omit’
    cmat: no visible global function definition for ‘runif’
    cmat: no visible global function definition for ‘quantile’
    cmat: no visible global function definition for ‘xtabs’
    cpcp.default: no visible global function definition for
     ‘install.packages’
    cpcp.default: no visible global function definition for ‘runif’
    cpcp.default: no visible global function definition for ‘na.omit’
    csvd: no visible global function definition for ‘xtabs’
    dcorMVdata: no visible global function definition for ‘dist’
    dcorMVtable: no visible global function definition for ‘dist’
    dcorOld: no visible global function definition for ‘dist’
    dcov2: no visible global function definition for ‘dist’
    dendro: no visible global function definition for ‘tail’
    dendro: no visible global function definition for ‘dist’
    dendro: no visible global function definition for ‘hclust’
    dendro: no visible global function definition for ‘cutree’
    dendro : <anonymous>: no visible global function definition for ‘grey’
    distcor: no visible global function definition for ‘xtabs’
    facetshade: no visible global function definition for ‘terms’
    fluctile: no visible global function definition for ‘hsv’
    fluctile: no visible global function definition for ‘tail’
    fluctile: no visible global function definition for ‘xtabs’
    fluctile: no visible global function definition for ‘rgb’
    getcolors: no visible binding for global variable ‘rainbow’
    getcolors: no visible global function definition for ‘rainbow’
    gridfluc: no visible global function definition for ‘hsv’
    groupbox2d: no visible global function definition for ‘cov’
    groupbox2d : <anonymous>: no visible global function definition for
     ‘quantile’
    groupbox2d : <anonymous>: no visible global function definition for
     ‘predict’
    hexpie: no visible global function definition for ‘hsv’
    hexpie : <anonymous>: no visible global function definition for
     ‘rmultinom’
    innerval: no visible global function definition for ‘na.omit’
    innerval: no visible global function definition for ‘median’
    innerval: no visible global function definition for ‘quantile’
    innerval: no visible global function definition for ‘optimize’
    optME : <anonymous>: no visible global function definition for ‘dist’
    optME: no visible global function definition for ‘xtabs’
    optile.default: no visible global function definition for ‘xtabs’
    optile.default: no visible global function definition for ‘ftable’
    qBCI.data.matrix : <anonymous>: no visible global function definition
     for ‘quantile’
    qBCI.data.matrix: no visible global function definition for ‘xtabs’
    qBCI.default: no visible global function definition for ‘quantile’
    qbin: no visible global function definition for ‘quantile’
    rmb.formula: no visible global function definition for ‘hsv’
    rmb.formula: no visible global function definition for ‘as.formula’
    rmb.formula: no visible global function definition for ‘terms’
    rmb.formula: no visible global function definition for ‘na.omit’
    rmb.formula: no visible global function definition for ‘ftable’
    rmb.formula: no visible global function definition for ‘predict’
    rmb.formula: no visible global function definition for ‘anova’
    rmb.formula: no visible global function definition for ‘glm’
    rmb.formula: no visible global function definition for ‘xtabs’
    rmb.formula: no visible global function definition for ‘pchisq’
    rmb.formula : <anonymous>: no visible global function definition for
     ‘col2rgb’
    rmb.formula : <anonymous>: no visible global function definition for
     ‘rgb’
    rmb.formula : <anonymous>: no visible binding for global variable
     ‘pnorm’
    rmb.formula : <anonymous>: no visible global function definition for
     ‘hsv’
    rmb.formula: no visible global function definition for ‘qnorm’
    rmb.formula: no visible global function definition for ‘rgb’
    rmb.ftable: no visible global function definition for ‘as.formula’
    rmb.glm: no visible global function definition for ‘terms’
    rmb.glm: no visible global function definition for ‘update’
    rmb.table: no visible global function definition for ‘as.formula’
    rmbmat : <anonymous> : <anonymous>: no visible global function
     definition for ‘as.formula’
    rmbmat : <anonymous> : <anonymous>: no visible global function
     definition for ‘hsv’
    rmca: no visible global function definition for ‘xtabs’
    scpcp: no visible global function definition for ‘par’
    scpcp: no visible global function definition for ‘text’
    scpcp: no visible global function definition for ‘mtext’
    scpcpBETA: no visible global function definition for ‘par’
    scpcpBETA: no visible global function definition for ‘text’
    scpcpBETA: no visible global function definition for ‘mtext’
    stepclass: no visible global function definition for ‘ftable’
    steptile: no visible global function definition for ‘xtabs’
    steptileOLD: no visible global function definition for ‘xtabs’
    steptileopt: no visible global function definition for ‘xtabs’
    steptileopt: no visible global function definition for ‘as.formula’
    steptileopt: no visible global function definition for ‘ftable’
    subtable: no visible global function definition for ‘xtabs’
    subtree: no visible global function definition for ‘new’
    tfluctile: no visible global function definition for ‘hsv’
    tfluctile: no visible global function definition for ‘xtabs’
    treeclass: no visible global function definition for ‘dist’
    treeclass: no visible global function definition for ‘hclust’
    treeclass: no visible global function definition for ‘xtabs’
    tspsort: no visible global function definition for ‘install.packages’
    tspsort: no visible global function definition for ‘xtabs’
    visid: no visible global function definition for ‘col2rgb’
    visid: no visible global function definition for ‘xtabs’
    visid: no visible binding for global variable ‘weighted.mean’
    visid: no visible global function definition for ‘cor’
    visid: no visible global function definition for ‘hclust’
    visid: no visible global function definition for ‘as.dist’
    wdcor.data.frame: no visible global function definition for ‘na.omit’
Flavors: r-devel-linux-x86_64-debian-clang, r-devel-linux-x86_64-debian-gcc, r-devel-windows-ix86+x86_64