CRAN Package Check Results for Package extracat

Last updated on 2018-05-21 10:49:58 CEST.

Flavor Version Tinstall Tcheck Ttotal Status Flags
r-devel-linux-x86_64-debian-clang 1.7-4 20.97 94.58 115.55 NOTE
r-devel-linux-x86_64-debian-gcc 1.7-4 18.50 78.77 97.27 WARN
r-devel-linux-x86_64-fedora-clang 1.7-4 150.19 NOTE
r-devel-linux-x86_64-fedora-gcc 1.7-4 151.37 WARN
r-devel-windows-ix86+x86_64 1.7-4 33.00 139.00 172.00 WARN
r-patched-linux-x86_64 1.7-4 21.94 97.67 119.61 WARN
r-patched-solaris-x86 1.7-4 201.20 OK
r-release-linux-x86_64 1.7-4 23.06 97.71 120.77 WARN
r-release-windows-ix86+x86_64 1.7-4 39.00 189.00 228.00 WARN
r-release-osx-x86_64 1.7-4 OK
r-oldrel-windows-ix86+x86_64 1.7-4 21.00 145.00 166.00 OK
r-oldrel-osx-x86_64 1.7-4 OK

Check Details

Version: 1.7-4
Check: compiled code
Result: NOTE
    File ‘extracat/libs/extracat.so’:
     Found no calls to: ‘R_registerRoutines’, ‘R_useDynamicSymbols’
    
    It is good practice to register native routines and to disable symbol
    search.
    
    See ‘Writing portable packages’ in the ‘Writing R Extensions’ manual.
Flavors: r-devel-linux-x86_64-debian-clang, r-devel-linux-x86_64-debian-gcc, r-devel-linux-x86_64-fedora-clang, r-devel-linux-x86_64-fedora-gcc, r-patched-linux-x86_64, r-release-linux-x86_64

Version: 1.7-4
Check: whether package can be installed
Result: WARN
    Found the following significant warnings:
     optile.c:3122:26: warning: suggest parentheses around comparison in operand of ‘&’ [-Wparentheses]
     optile.c:3127:26: warning: suggest parentheses around comparison in operand of ‘&’ [-Wparentheses]
     optile.c:3189:16: warning: suggest parentheses around comparison in operand of ‘&’ [-Wparentheses]
     optile.c:3192:16: warning: suggest parentheses around comparison in operand of ‘&’ [-Wparentheses]
     optile.c:3340:28: warning: suggest parentheses around comparison in operand of ‘&’ [-Wparentheses]
     optile.c:3353:28: warning: suggest parentheses around comparison in operand of ‘&’ [-Wparentheses]
     optile.c:3408:16: warning: suggest parentheses around comparison in operand of ‘&’ [-Wparentheses]
     optile.c:3411:16: warning: suggest parentheses around comparison in operand of ‘&’ [-Wparentheses]
Flavors: r-devel-linux-x86_64-debian-gcc, r-devel-linux-x86_64-fedora-gcc, r-devel-windows-ix86+x86_64, r-patched-linux-x86_64, r-release-linux-x86_64, r-release-windows-ix86+x86_64