CRAN Package Check Results for Package extracat

Last updated on 2014-04-25 09:52:13.

Flavor Version Tinstall Tcheck Ttotal Status Flags
r-devel-linux-x86_64-debian-clang 1.6-4 6.26 65.16 71.42 OK
r-devel-linux-x86_64-debian-gcc 1.6-4 8.46 66.15 74.61 OK
r-devel-linux-x86_64-fedora-clang 1.6-4 137.75 OK
r-devel-linux-x86_64-fedora-gcc 1.6-4 136.85 OK
r-devel-osx-x86_64-clang 1.6-4 110.85 OK
r-devel-osx-x86_64-gcc 1.6-4 ERROR
r-devel-windows-ix86+x86_64 1.6-4 16.00 109.00 125.00 OK
r-patched-linux-x86_64 1.6-4 8.57 64.29 72.86 OK
r-patched-solaris-sparc 1.6-4 796.50 OK
r-patched-solaris-x86 1.6-4 177.60 OK
r-release-linux-ix86 1.6-4 13.00 104.00 117.00 OK
r-release-linux-x86_64 1.6-4 8.32 64.65 72.97 OK
r-release-osx-x86_64-mavericks 1.6-4 WARN
r-release-osx-x86_64-snowleopard 1.6-4 OK
r-release-windows-ix86+x86_64 1.6-4 18.00 114.00 132.00 OK
r-oldrel-windows-ix86+x86_64 1.6-4 19.00 129.00 148.00 OK

Memtest notes: UBSAN valgrind

Check Details

Version: 1.6-4
Check: package dependencies
Result: ERROR
    Packages required but not available: ‘scales’ ‘ggplot2’ ‘TSP’
    
    See the information on DESCRIPTION files in the chapter ‘Creating R
    packages’ of the ‘Writing R Extensions’ manual.
Flavor: r-devel-osx-x86_64-gcc

Version: 1.6-4
Check: PDF version of manual
Result: WARNING
    LaTeX errors when creating PDF version.
    This typically indicates Rd problems.
    LaTeX errors found:
    ! LaTeX Error: File `upquote.sty' not found.
    
    Type X to quit or <RETURN> to proceed,
    or enter new name. (Default extension: sty)
    
    483b5dc/Rd2.tex:8: ==> Fatal error occurred, no output PDF file produced!
Flavor: r-release-osx-x86_64-mavericks