CRAN Package Check Results for Package extracat

Last updated on 2017-08-17 09:46:55.

Flavor Version Tinstall Tcheck Ttotal Status Flags
r-devel-linux-x86_64-debian-clang 1.7-4 9.93 74.72 84.65 NOTE
r-devel-linux-x86_64-debian-gcc 1.7-4 9.66 67.91 77.57 NOTE
r-devel-linux-x86_64-fedora-clang 1.7-4 144.58 NOTE
r-devel-linux-x86_64-fedora-gcc 1.7-4 144.29 NOTE
r-devel-windows-ix86+x86_64 1.7-4 20.00 158.00 178.00 OK
r-patched-linux-x86_64 1.7-4 8.72 69.83 78.55 NOTE
r-patched-solaris-x86 1.7-4 191.80 OK
r-release-linux-x86_64 1.7-4 9.06 69.41 78.47 NOTE
r-release-windows-ix86+x86_64 1.7-4 21.00 141.00 162.00 OK
r-release-osx-x86_64 1.7-4 OK
r-oldrel-windows-ix86+x86_64 1.7-4 21.00 133.00 154.00 OK
r-oldrel-osx-x86_64 1.7-4 OK

Additional issues

rchk

Check Details

Version: 1.7-4
Check: compiled code
Result: NOTE
    File ‘extracat/libs/extracat.so’:
     Found no calls to: ‘R_registerRoutines’, ‘R_useDynamicSymbols’
    
    It is good practice to register native routines and to disable symbol
    search.
    
    See ‘Writing portable packages’ in the ‘Writing R Extensions’ manual.
Flavors: r-devel-linux-x86_64-debian-clang, r-devel-linux-x86_64-debian-gcc, r-devel-linux-x86_64-fedora-clang, r-devel-linux-x86_64-fedora-gcc, r-patched-linux-x86_64, r-release-linux-x86_64