CRAN Package Check Results for Package extracat

Last updated on 2017-04-30 23:51:27.

Flavor Version Tinstall Tcheck Ttotal Status Flags
r-devel-linux-x86_64-debian-clang 1.7-4 9.95 72.29 82.24 NOTE
r-devel-linux-x86_64-debian-gcc 1.7-4 8.57 68.67 77.24 NOTE
r-devel-linux-x86_64-fedora-clang 1.7-4 148.33 NOTE --no-stop-on-test-error
r-devel-linux-x86_64-fedora-gcc 1.7-4 139.72 NOTE --no-stop-on-test-error
r-devel-windows-ix86+x86_64 1.7-4 23.00 209.00 232.00 OK
r-patched-linux-x86_64 1.7-4 8.36 67.96 76.32 NOTE
r-patched-solaris-sparc 1.7-4 890.40 OK
r-patched-solaris-x86 1.7-4 188.80 OK
r-release-linux-x86_64 1.7-4 8.35 69.45 77.80 NOTE
r-release-windows-ix86+x86_64 1.7-4 31.00 210.00 241.00 OK
r-release-osx-x86_64 1.7-4 OK
r-oldrel-windows-ix86+x86_64 1.7-4 28.00 182.00 210.00 OK
r-oldrel-osx-x86_64 1.7-4 OK

Check Details

Version: 1.7-4
Check: compiled code
Result: NOTE
    File ‘extracat/libs/extracat.so’:
     Found no calls to: ‘R_registerRoutines’, ‘R_useDynamicSymbols’
    
    It is good practice to register native routines and to disable symbol
    search.
    
    See ‘Writing portable packages’ in the ‘Writing R Extensions’ manual.
Flavors: r-devel-linux-x86_64-debian-clang, r-devel-linux-x86_64-debian-gcc, r-patched-linux-x86_64, r-release-linux-x86_64

Version: 1.7-4
Flags: --no-stop-on-test-error
Check: compiled code
Result: NOTE
    File ‘extracat/libs/extracat.so’:
     Found no calls to: ‘R_registerRoutines’, ‘R_useDynamicSymbols’
    
    It is good practice to register native routines and to disable symbol
    search.
    
    See ‘Writing portable packages’ in the ‘Writing R Extensions’ manual.
Flavors: r-devel-linux-x86_64-fedora-clang, r-devel-linux-x86_64-fedora-gcc