CRAN Package Check Results for Package extrafont

Last updated on 2018-04-27 04:50:28 CEST.

Flavor Version Tinstall Tcheck Ttotal Status Flags
r-devel-linux-x86_64-debian-clang 0.17 1.25 15.77 17.02 NOTE
r-devel-linux-x86_64-debian-gcc 0.17 0.82 14.11 14.93 NOTE
r-devel-linux-x86_64-fedora-clang 0.17 22.43 NOTE
r-devel-linux-x86_64-fedora-gcc 0.17 21.06 NOTE
r-devel-windows-ix86+x86_64 0.17 3.00 31.00 34.00 NOTE
r-patched-linux-x86_64 0.17 1.07 17.37 18.44 NOTE
r-patched-solaris-x86 0.17 35.20 NOTE
r-release-linux-x86_64 0.17 1.40 17.40 18.80 NOTE
r-release-windows-ix86+x86_64 0.17 3.00 31.00 34.00 NOTE
r-release-osx-x86_64 0.17 NOTE
r-oldrel-windows-ix86+x86_64 0.17 5.00 35.00 40.00 NOTE
r-oldrel-osx-x86_64 0.17 NOTE

Check Details

Version: 0.17
Check: R code for possible problems
Result: NOTE
    font_install: no visible global function definition for
     ‘installed.packages’
    font_install: no visible global function definition for
     ‘install.packages’
    fonttable_add: no visible global function definition for ‘write.csv’
    Undefined global functions or variables:
     install.packages installed.packages write.csv
    Consider adding
     importFrom("utils", "install.packages", "installed.packages",
     "write.csv")
    to your NAMESPACE file.
Flavors: r-devel-linux-x86_64-debian-clang, r-devel-linux-x86_64-debian-gcc, r-devel-linux-x86_64-fedora-clang, r-devel-linux-x86_64-fedora-gcc, r-devel-windows-ix86+x86_64, r-patched-linux-x86_64, r-patched-solaris-x86, r-release-linux-x86_64, r-release-windows-ix86+x86_64, r-release-osx-x86_64, r-oldrel-windows-ix86+x86_64, r-oldrel-osx-x86_64