CRAN Package Check Results for Package extrafont

Last updated on 2017-01-18 20:50:04.

Flavor Version Tinstall Tcheck Ttotal Status Flags
r-devel-linux-x86_64-debian-clang 0.17 0.74 12.48 13.23 NOTE
r-devel-linux-x86_64-debian-gcc 0.17 0.71 12.27 12.99 NOTE
r-devel-linux-x86_64-fedora-clang 0.17 21.82 NOTE --no-stop-on-test-error
r-devel-linux-x86_64-fedora-gcc 0.17 20.83 NOTE --no-stop-on-test-error
r-devel-macos-x86_64-clang 0.17 19.47 NOTE --no-stop-on-test-error
r-devel-windows-ix86+x86_64 0.17 4.00 30.00 34.00 NOTE
r-patched-linux-x86_64 0.17 0.56 9.48 10.04 NOTE
r-patched-solaris-sparc 0.17 112.70 NOTE
r-patched-solaris-x86 0.17 24.60 NOTE
r-release-linux-x86_64 0.17 0.56 9.59 10.15 NOTE
r-release-osx-x86_64-mavericks 0.17 NOTE
r-release-windows-ix86+x86_64 0.17 2.00 26.00 28.00 NOTE
r-oldrel-windows-ix86+x86_64 0.17 3.00 23.00 26.00 OK

Check Details

Version: 0.17
Check: R code for possible problems
Result: NOTE
    font_install: no visible global function definition for
     ‘installed.packages’
    font_install: no visible global function definition for
     ‘install.packages’
    fonttable_add: no visible global function definition for ‘write.csv’
    Undefined global functions or variables:
     install.packages installed.packages write.csv
    Consider adding
     importFrom("utils", "install.packages", "installed.packages",
     "write.csv")
    to your NAMESPACE file.
Flavors: r-devel-linux-x86_64-debian-clang, r-devel-linux-x86_64-debian-gcc, r-devel-windows-ix86+x86_64, r-patched-linux-x86_64, r-patched-solaris-sparc, r-patched-solaris-x86, r-release-linux-x86_64, r-release-osx-x86_64-mavericks, r-release-windows-ix86+x86_64

Version: 0.17
Flags: --no-stop-on-test-error
Check: R code for possible problems
Result: NOTE
    font_install: no visible global function definition for
     ‘installed.packages’
    font_install: no visible global function definition for
     ‘install.packages’
    fonttable_add: no visible global function definition for ‘write.csv’
    Undefined global functions or variables:
     install.packages installed.packages write.csv
    Consider adding
     importFrom("utils", "install.packages", "installed.packages",
     "write.csv")
    to your NAMESPACE file.
Flavors: r-devel-linux-x86_64-fedora-clang, r-devel-linux-x86_64-fedora-gcc, r-devel-macos-x86_64-clang