CRAN Package Check Results for Package extrafont

Last updated on 2016-02-09 16:46:55.

Flavor Version Tinstall Tcheck Ttotal Status Flags
r-devel-linux-x86_64-debian-gcc 0.17 0.55 8.73 9.28 NOTE
r-devel-linux-x86_64-fedora-clang 0.17 16.66 NOTE
r-devel-linux-x86_64-fedora-gcc 0.17 16.28 NOTE
r-devel-osx-x86_64-clang 0.17 19.98 NOTE
r-devel-windows-ix86+x86_64 0.17 3.00 20.00 23.00 NOTE
r-patched-linux-x86_64 0.17 0.60 9.89 10.49 OK
r-patched-solaris-sparc 0.17 104.90 OK
r-patched-solaris-x86 0.17 24.20 OK
r-release-linux-x86_64 0.17 0.61 9.69 10.30 OK
r-release-osx-x86_64-mavericks 0.17 OK
r-release-windows-ix86+x86_64 0.17 2.00 19.00 21.00 OK
r-oldrel-windows-ix86+x86_64 0.17 4.00 21.00 25.00 OK

Check Details

Version: 0.17
Check: R code for possible problems
Result: NOTE
    font_install: no visible global function definition for
     ‘installed.packages’
    font_install: no visible global function definition for
     ‘install.packages’
    fonttable_add: no visible global function definition for ‘write.csv’
    Undefined global functions or variables:
     install.packages installed.packages write.csv
    Consider adding
     importFrom("utils", "install.packages", "installed.packages",
     "write.csv")
    to your NAMESPACE file.
Flavors: r-devel-linux-x86_64-debian-gcc, r-devel-linux-x86_64-fedora-clang, r-devel-linux-x86_64-fedora-gcc, r-devel-osx-x86_64-clang, r-devel-windows-ix86+x86_64