CRAN Package Check Results for Package extrafont

Last updated on 2016-09-28 03:47:03.

Flavor Version Tinstall Tcheck Ttotal Status Flags
r-devel-linux-x86_64-debian-clang 0.17 0.57 9.60 10.17 NOTE
r-devel-linux-x86_64-debian-gcc 0.17 0.64 9.95 10.59 NOTE
r-devel-linux-x86_64-fedora-clang 0.17 17.07 NOTE
r-devel-linux-x86_64-fedora-gcc 0.17 17.98 NOTE
r-devel-macos-x86_64-clang 0.17 15.54 NOTE
r-devel-windows-ix86+x86_64 0.17 5.00 37.00 42.00 NOTE
r-patched-linux-x86_64 0.17 0.69 9.65 10.34 NOTE
r-patched-solaris-sparc 0.17 109.00 NOTE
r-patched-solaris-x86 0.17 24.00 NOTE
r-release-linux-x86_64 0.17 0.57 9.75 10.33 NOTE
r-release-osx-x86_64-mavericks 0.17 NOTE
r-release-windows-ix86+x86_64 0.17 2.00 26.00 28.00 NOTE
r-oldrel-windows-ix86+x86_64 0.17 5.00 36.00 41.00 OK

Check Details

Version: 0.17
Check: R code for possible problems
Result: NOTE
    font_install: no visible global function definition for
     ‘installed.packages’
    font_install: no visible global function definition for
     ‘install.packages’
    fonttable_add: no visible global function definition for ‘write.csv’
    Undefined global functions or variables:
     install.packages installed.packages write.csv
    Consider adding
     importFrom("utils", "install.packages", "installed.packages",
     "write.csv")
    to your NAMESPACE file.
Flavors: r-devel-linux-x86_64-debian-clang, r-devel-linux-x86_64-debian-gcc, r-devel-linux-x86_64-fedora-clang, r-devel-linux-x86_64-fedora-gcc, r-devel-macos-x86_64-clang, r-devel-windows-ix86+x86_64, r-patched-linux-x86_64, r-patched-solaris-sparc, r-patched-solaris-x86, r-release-linux-x86_64, r-release-osx-x86_64-mavericks, r-release-windows-ix86+x86_64