CRAN Package Check Results for Package extrafont

Last updated on 2015-07-06 06:46:39.

Flavor Version Tinstall Tcheck Ttotal Status Flags
r-devel-linux-x86_64-debian-clang 0.17 0.62 8.75 9.37 NOTE
r-devel-linux-x86_64-debian-gcc 0.17 0.54 9.14 9.68 NOTE
r-devel-linux-x86_64-fedora-clang 0.17 17.25 NOTE
r-devel-linux-x86_64-fedora-gcc 0.17 17.42 NOTE
r-devel-osx-x86_64-clang 0.17 19.07 OK
r-devel-windows-ix86+x86_64 0.17 2.00 16.00 18.00 NOTE
r-patched-linux-x86_64 0.17 0.56 9.17 9.73 OK
r-patched-solaris-sparc 0.17 119.00 OK
r-patched-solaris-x86 0.17 28.30 OK
r-release-linux-x86_64 0.17 0.57 9.51 10.08 OK
r-release-osx-x86_64-mavericks 0.17 OK
r-release-windows-ix86+x86_64 0.17 3.00 18.00 21.00 OK
r-oldrel-windows-ix86+x86_64 0.17 4.00 21.00 25.00 OK

Check Details

Version: 0.17
Check: R code for possible problems
Result: NOTE
    font_install: no visible global function definition for
     ‘installed.packages’
    font_install: no visible global function definition for
     ‘install.packages’
    fonttable_add: no visible global function definition for ‘write.csv’
    Undefined global functions or variables:
     install.packages installed.packages write.csv
Flavors: r-devel-linux-x86_64-debian-clang, r-devel-linux-x86_64-debian-gcc, r-devel-linux-x86_64-fedora-clang, r-devel-linux-x86_64-fedora-gcc, r-devel-windows-ix86+x86_64