CRAN Package Check Results for Package extrafont

Last updated on 2014-04-24 23:48:02.

Flavor Version Tinstall Tcheck Ttotal Status Flags
r-devel-linux-x86_64-debian-clang 0.16 0.70 10.81 11.51 OK
r-devel-linux-x86_64-debian-gcc 0.16 0.65 10.78 11.43 OK
r-devel-linux-x86_64-fedora-clang 0.16 21.25 OK
r-devel-linux-x86_64-fedora-gcc 0.16 20.90 OK
r-devel-osx-x86_64-clang 0.16 23.07 OK
r-devel-osx-x86_64-gcc 0.16 OK
r-devel-windows-ix86+x86_64 0.16 3.00 18.00 21.00 OK
r-patched-linux-x86_64 0.16 0.66 10.39 11.05 OK
r-patched-solaris-sparc 0.16 114.10 OK
r-patched-solaris-x86 0.16 32.10 OK
r-release-linux-ix86 0.16 1.00 23.00 24.00 OK
r-release-linux-x86_64 0.16 0.75 10.90 11.65 OK
r-release-osx-x86_64-mavericks 0.16 WARN
r-release-windows-ix86+x86_64 0.16 4.00 25.00 29.00 OK
r-oldrel-windows-ix86+x86_64 0.16 3.00 21.00 24.00 OK

Check Details

Version: 0.16
Check: PDF version of manual
Result: WARNING
    LaTeX errors when creating PDF version.
    This typically indicates Rd problems.
    LaTeX errors found:
    ! LaTeX Error: File `upquote.sty' not found.
    
    Type X to quit or <RETURN> to proceed,
    or enter new name. (Default extension: sty)
    
    37bc980/Rd2.tex:8: ==> Fatal error occurred, no output PDF file produced!
Flavor: r-release-osx-x86_64-mavericks