CRAN Package Check Results for Package extrafont

Last updated on 2015-09-04 05:46:46.

Flavor Version Tinstall Tcheck Ttotal Status Flags
r-devel-linux-x86_64-debian-clang 0.17 0.54 8.89 9.43 NOTE
r-devel-linux-x86_64-debian-gcc 0.17 0.57 9.44 10.00 NOTE
r-devel-linux-x86_64-fedora-clang 0.17 17.85 NOTE
r-devel-linux-x86_64-fedora-gcc 0.17 17.56 NOTE
r-devel-osx-x86_64-clang 0.17 18.62 OK
r-devel-windows-ix86+x86_64 0.17 2.00 28.00 30.00 NOTE
r-patched-linux-x86_64 0.17 0.64 9.43 10.06 OK
r-patched-solaris-sparc 0.17 125.00 OK
r-patched-solaris-x86 0.17 28.30 OK
r-release-linux-x86_64 0.17 0.64 9.84 10.48 OK
r-release-osx-x86_64-mavericks 0.17 OK
r-release-windows-ix86+x86_64 0.17 4.00 22.00 26.00 OK
r-oldrel-windows-ix86+x86_64 0.17 4.00 21.00 25.00 OK

Check Details

Version: 0.17
Check: R code for possible problems
Result: NOTE
    font_install: no visible global function definition for
     ‘installed.packages’
    font_install: no visible global function definition for
     ‘install.packages’
    fonttable_add: no visible global function definition for ‘write.csv’
    Undefined global functions or variables:
     install.packages installed.packages write.csv
    Consider adding
     importFrom("utils", "install.packages", "installed.packages",
     "write.csv")
    to your NAMESPACE.
Flavors: r-devel-linux-x86_64-debian-clang, r-devel-linux-x86_64-debian-gcc, r-devel-linux-x86_64-fedora-clang, r-devel-linux-x86_64-fedora-gcc, r-devel-windows-ix86+x86_64