CRAN Package Check Results for Package extrafont

Last updated on 2017-10-18 23:47:44.

Flavor Version Tinstall Tcheck Ttotal Status Flags
r-devel-linux-x86_64-debian-clang 0.17 0.88 14.21 15.09 NOTE
r-devel-linux-x86_64-debian-gcc 0.17 0.75 14.05 14.80 NOTE
r-devel-linux-x86_64-fedora-clang 0.17 23.33 NOTE
r-devel-linux-x86_64-fedora-gcc 0.17 22.34 NOTE
r-devel-windows-ix86+x86_64 0.17 3.00 28.00 31.00 NOTE
r-patched-linux-x86_64 0.17 0.85 12.88 13.73 NOTE
r-patched-solaris-x86 0.17 32.50 NOTE
r-release-linux-x86_64 0.17 0.73 12.78 13.51 NOTE
r-release-windows-ix86+x86_64 0.17 2.00 28.00 30.00 NOTE
r-release-osx-x86_64 0.17 NOTE
r-oldrel-windows-ix86+x86_64 0.17 2.00 26.00 28.00 NOTE
r-oldrel-osx-x86_64 0.17 NOTE

Check Details

Version: 0.17
Check: R code for possible problems
Result: NOTE
    font_install: no visible global function definition for
     ‘installed.packages’
    font_install: no visible global function definition for
     ‘install.packages’
    fonttable_add: no visible global function definition for ‘write.csv’
    Undefined global functions or variables:
     install.packages installed.packages write.csv
    Consider adding
     importFrom("utils", "install.packages", "installed.packages",
     "write.csv")
    to your NAMESPACE file.
Flavors: r-devel-linux-x86_64-debian-clang, r-devel-linux-x86_64-debian-gcc, r-devel-linux-x86_64-fedora-clang, r-devel-linux-x86_64-fedora-gcc, r-devel-windows-ix86+x86_64, r-patched-linux-x86_64, r-patched-solaris-x86, r-release-linux-x86_64, r-release-windows-ix86+x86_64, r-release-osx-x86_64, r-oldrel-windows-ix86+x86_64, r-oldrel-osx-x86_64