CRAN Package Check Results for Package extrafont

Last updated on 2017-04-27 10:48:20.

Flavor Version Tinstall Tcheck Ttotal Status Flags
r-devel-linux-x86_64-debian-clang 0.17 0.72 13.61 14.32 NOTE
r-devel-linux-x86_64-debian-gcc 0.17 0.70 12.76 13.46 NOTE
r-devel-linux-x86_64-fedora-clang 0.17 22.26 NOTE --no-stop-on-test-error
r-devel-linux-x86_64-fedora-gcc 0.17 21.10 NOTE --no-stop-on-test-error
r-devel-windows-ix86+x86_64 0.17 5.00 28.00 33.00 NOTE
r-patched-linux-x86_64 0.17 0.83 12.86 13.69 NOTE
r-patched-solaris-sparc 0.17 135.20 NOTE
r-patched-solaris-x86 0.17 31.90 NOTE
r-release-linux-x86_64 0.17 0.75 12.83 13.58 NOTE
r-release-windows-ix86+x86_64 0.17 3.00 30.00 33.00 NOTE
r-release-osx-x86_64 0.17 NOTE
r-oldrel-windows-ix86+x86_64 0.17 2.00 26.00 28.00 NOTE
r-oldrel-osx-x86_64 0.17 NOTE

Check Details

Version: 0.17
Check: R code for possible problems
Result: NOTE
    font_install: no visible global function definition for
     ‘installed.packages’
    font_install: no visible global function definition for
     ‘install.packages’
    fonttable_add: no visible global function definition for ‘write.csv’
    Undefined global functions or variables:
     install.packages installed.packages write.csv
    Consider adding
     importFrom("utils", "install.packages", "installed.packages",
     "write.csv")
    to your NAMESPACE file.
Flavors: r-devel-linux-x86_64-debian-clang, r-devel-linux-x86_64-debian-gcc, r-devel-windows-ix86+x86_64, r-patched-linux-x86_64, r-patched-solaris-sparc, r-patched-solaris-x86, r-release-linux-x86_64, r-release-windows-ix86+x86_64, r-release-osx-x86_64, r-oldrel-windows-ix86+x86_64, r-oldrel-osx-x86_64

Version: 0.17
Flags: --no-stop-on-test-error
Check: R code for possible problems
Result: NOTE
    font_install: no visible global function definition for
     ‘installed.packages’
    font_install: no visible global function definition for
     ‘install.packages’
    fonttable_add: no visible global function definition for ‘write.csv’
    Undefined global functions or variables:
     install.packages installed.packages write.csv
    Consider adding
     importFrom("utils", "install.packages", "installed.packages",
     "write.csv")
    to your NAMESPACE file.
Flavors: r-devel-linux-x86_64-fedora-clang, r-devel-linux-x86_64-fedora-gcc