CRAN Package Check Results for Package extrafont

Last updated on 2017-08-18 17:47:41.

Flavor Version Tinstall Tcheck Ttotal Status Flags
r-devel-linux-x86_64-debian-clang 0.17 0.79 14.39 15.18 NOTE
r-devel-linux-x86_64-debian-gcc 0.17 0.73 12.80 13.53 NOTE
r-devel-linux-x86_64-fedora-clang 0.17 22.98 NOTE
r-devel-linux-x86_64-fedora-gcc 0.17 22.51 NOTE
r-devel-windows-ix86+x86_64 0.17 4.00 37.00 41.00 NOTE
r-patched-linux-x86_64 0.17 0.75 12.81 13.57 NOTE
r-patched-solaris-x86 0.17 31.80 NOTE
r-release-linux-x86_64 0.17 0.71 12.93 13.64 NOTE
r-release-windows-ix86+x86_64 0.17 2.00 28.00 30.00 NOTE
r-release-osx-x86_64 0.17 NOTE
r-oldrel-windows-ix86+x86_64 0.17 2.00 26.00 28.00 NOTE
r-oldrel-osx-x86_64 0.17 NOTE

Check Details

Version: 0.17
Check: R code for possible problems
Result: NOTE
    font_install: no visible global function definition for
     ‘installed.packages’
    font_install: no visible global function definition for
     ‘install.packages’
    fonttable_add: no visible global function definition for ‘write.csv’
    Undefined global functions or variables:
     install.packages installed.packages write.csv
    Consider adding
     importFrom("utils", "install.packages", "installed.packages",
     "write.csv")
    to your NAMESPACE file.
Flavors: r-devel-linux-x86_64-debian-clang, r-devel-linux-x86_64-debian-gcc, r-devel-linux-x86_64-fedora-clang, r-devel-linux-x86_64-fedora-gcc, r-devel-windows-ix86+x86_64, r-patched-linux-x86_64, r-patched-solaris-x86, r-release-linux-x86_64, r-release-windows-ix86+x86_64, r-release-osx-x86_64, r-oldrel-windows-ix86+x86_64, r-oldrel-osx-x86_64