CRAN Package Check Results for Package extrafont

Last updated on 2020-09-26 00:50:10 CEST.

Flavor Version Tinstall Tcheck Ttotal Status Flags
r-devel-linux-x86_64-debian-clang 0.17 2.61 20.64 23.25 NOTE
r-devel-linux-x86_64-debian-gcc 0.17 1.83 16.66 18.49 NOTE
r-devel-linux-x86_64-fedora-clang 0.17 37.64 NOTE
r-devel-linux-x86_64-fedora-gcc 0.17 27.82 NOTE
r-devel-windows-ix86+x86_64 0.17 5.00 32.00 37.00 NOTE
r-patched-linux-x86_64 0.17 2.44 20.64 23.08 NOTE
r-patched-solaris-x86 0.17 41.10 NOTE
r-release-linux-x86_64 0.17 2.41 20.11 22.52 NOTE
r-release-macos-x86_64 0.17 NOTE
r-release-windows-ix86+x86_64 0.17 5.00 33.00 38.00 NOTE
r-oldrel-macos-x86_64 0.17 NOTE
r-oldrel-windows-ix86+x86_64 0.17 11.00 45.00 56.00 NOTE

Check Details

Version: 0.17
Check: R code for possible problems
Result: NOTE
    font_install: no visible global function definition for
     'installed.packages'
    font_install: no visible global function definition for
     'install.packages'
    fonttable_add: no visible global function definition for 'write.csv'
    Undefined global functions or variables:
     install.packages installed.packages write.csv
    Consider adding
     importFrom("utils", "install.packages", "installed.packages",
     "write.csv")
    to your NAMESPACE file.
Flavors: r-devel-linux-x86_64-debian-clang, r-devel-linux-x86_64-debian-gcc, r-devel-linux-x86_64-fedora-clang, r-devel-linux-x86_64-fedora-gcc, r-devel-windows-ix86+x86_64, r-patched-linux-x86_64, r-patched-solaris-x86, r-release-linux-x86_64, r-release-macos-x86_64, r-release-windows-ix86+x86_64, r-oldrel-macos-x86_64, r-oldrel-windows-ix86+x86_64