CRAN Package Check Results for Package extrafont

Last updated on 2016-07-24 09:47:46.

Flavor Version Tinstall Tcheck Ttotal Status Flags
r-devel-linux-x86_64-debian-clang 0.17 0.91 11.90 12.81 NOTE
r-devel-linux-x86_64-debian-gcc 0.17 0.85 11.91 12.76 NOTE
r-devel-linux-x86_64-fedora-clang 0.17 16.49 NOTE
r-devel-linux-x86_64-fedora-gcc 0.17 15.34 NOTE
r-devel-osx-x86_64-clang 0.17 15.62 NOTE
r-devel-windows-ix86+x86_64 0.17 2.00 25.00 27.00 NOTE
r-patched-linux-x86_64 0.17 0.92 11.07 11.99 NOTE
r-patched-solaris-sparc 0.17 109.00 NOTE
r-patched-solaris-x86 0.17 24.40 NOTE
r-release-linux-x86_64 0.17 0.96 11.45 12.41 NOTE
r-release-osx-x86_64-mavericks 0.17 NOTE
r-release-windows-ix86+x86_64 0.17 3.00 30.00 33.00 NOTE
r-oldrel-windows-ix86+x86_64 0.17 5.00 36.00 41.00 OK

Check Details

Version: 0.17
Check: R code for possible problems
Result: NOTE
    font_install: no visible global function definition for
     ‘installed.packages’
    font_install: no visible global function definition for
     ‘install.packages’
    fonttable_add: no visible global function definition for ‘write.csv’
    Undefined global functions or variables:
     install.packages installed.packages write.csv
    Consider adding
     importFrom("utils", "install.packages", "installed.packages",
     "write.csv")
    to your NAMESPACE file.
Flavors: r-devel-linux-x86_64-debian-clang, r-devel-linux-x86_64-debian-gcc, r-devel-linux-x86_64-fedora-clang, r-devel-linux-x86_64-fedora-gcc, r-devel-osx-x86_64-clang, r-devel-windows-ix86+x86_64, r-patched-linux-x86_64, r-patched-solaris-sparc, r-patched-solaris-x86, r-release-linux-x86_64, r-release-osx-x86_64-mavericks, r-release-windows-ix86+x86_64