CRAN Package Check Results for Package extrafont

Last updated on 2015-08-01 14:50:52.

Flavor Version Tinstall Tcheck Ttotal Status Flags
r-devel-linux-x86_64-debian-clang 0.17 0.58 9.36 9.94 NOTE
r-devel-linux-x86_64-debian-gcc 0.17 0.55 8.87 9.42 NOTE
r-devel-linux-x86_64-fedora-clang 0.17 18.11 NOTE
r-devel-linux-x86_64-fedora-gcc 0.17 17.36 NOTE
r-devel-osx-x86_64-clang 0.17 18.64 OK
r-devel-windows-ix86+x86_64 0.17 2.00 21.00 23.00 NOTE
r-patched-linux-x86_64 0.17 0.68 9.40 10.08 OK
r-patched-solaris-sparc 0.17 125.00 OK
r-patched-solaris-x86 0.17 28.00 OK
r-release-linux-x86_64 0.17 0.57 9.26 9.83 OK
r-release-osx-x86_64-mavericks 0.17 OK
r-release-windows-ix86+x86_64 0.17 3.00 18.00 21.00 OK
r-oldrel-windows-ix86+x86_64 0.17 4.00 21.00 25.00 OK

Check Details

Version: 0.17
Check: R code for possible problems
Result: NOTE
    font_install: no visible global function definition for
     ‘installed.packages’
    font_install: no visible global function definition for
     ‘install.packages’
    fonttable_add: no visible global function definition for ‘write.csv’
    Undefined global functions or variables:
     install.packages installed.packages write.csv
    Consider adding
     importFrom("utils", "install.packages", "installed.packages",
     "write.csv")
    to your NAMESPACE.
Flavors: r-devel-linux-x86_64-debian-clang, r-devel-linux-x86_64-debian-gcc, r-devel-linux-x86_64-fedora-clang, r-devel-linux-x86_64-fedora-gcc, r-devel-windows-ix86+x86_64