CRAN Package Check Results for Package extremevalues

Last updated on 2016-08-27 19:47:19.

Flavor Version Tinstall Tcheck Ttotal Status Flags
r-devel-linux-x86_64-debian-clang 2.3.2 1.90 27.57 29.48 OK
r-devel-linux-x86_64-debian-gcc 2.3.2 2.37 33.93 36.30 OK
r-devel-linux-x86_64-fedora-clang 2.3.2 49.56 OK
r-devel-linux-x86_64-fedora-gcc 2.3.2 46.95 OK
r-devel-osx-x86_64-clang 2.3.2 42.23 OK
r-devel-windows-ix86+x86_64 2.3.2 8.00 45.00 53.00 OK
r-patched-linux-x86_64 2.3.2 2.10 27.01 29.11 OK
r-patched-solaris-sparc 2.3.2 291.70 OK
r-patched-solaris-x86 2.3.2 66.10 OK
r-release-linux-x86_64 2.3.2 2.04 30.36 32.40 OK
r-release-osx-x86_64-mavericks 2.3.2 WARN
r-release-windows-ix86+x86_64 2.3.2 9.00 50.00 59.00 OK
r-oldrel-windows-ix86+x86_64 2.3.2 7.00 61.00 68.00 OK

Check Details

Version: 2.3.2
Check: dependencies in R code
Result: NOTE
    Invalid MIT-MAGIC-COOKIE-1 key
Flavor: r-release-osx-x86_64-mavericks

Version: 2.3.2
Check: S3 generic/method consistency
Result: WARN
    Invalid MIT-MAGIC-COOKIE-1 key
    See section ‘Generic functions and methods’ in the ‘Writing R
    Extensions’ manual.
Flavor: r-release-osx-x86_64-mavericks

Version: 2.3.2
Check: replacement functions
Result: WARN
    Invalid MIT-MAGIC-COOKIE-1 key
    The argument of a replacement function which corresponds to the right
    hand side must be named ‘value’.
Flavor: r-release-osx-x86_64-mavericks

Version: 2.3.2
Check: foreign function calls
Result: NOTE
    Invalid MIT-MAGIC-COOKIE-1 key
    See chapter ‘System and foreign language interfaces’ in the ‘Writing R
    Extensions’ manual.
Flavor: r-release-osx-x86_64-mavericks

Version: 2.3.2
Check: R code for possible problems
Result: NOTE
    Invalid MIT-MAGIC-COOKIE-1 key
Flavor: r-release-osx-x86_64-mavericks

Version: 2.3.2
Check: for missing documentation entries
Result: WARN
    Invalid MIT-MAGIC-COOKIE-1 key
    All user-level objects in a package should have documentation entries.
    See chapter ‘Writing R documentation files’ in the ‘Writing R
    Extensions’ manual.
Flavor: r-release-osx-x86_64-mavericks

Version: 2.3.2
Check: for code/documentation mismatches
Result: WARN
    Invalid MIT-MAGIC-COOKIE-1 key
    Invalid MIT-MAGIC-COOKIE-1 key
    Invalid MIT-MAGIC-COOKIE-1 key
Flavor: r-release-osx-x86_64-mavericks

Version: 2.3.2
Check: Rd \usage sections
Result: NOTE
    Invalid MIT-MAGIC-COOKIE-1 key
    The \usage entries for S3 methods should use the \method markup and not
    their full name.
    See chapter ‘Writing R documentation files’ in the ‘Writing R
    Extensions’ manual.
Flavor: r-release-osx-x86_64-mavericks