CRAN Package Check Results for Package extremevalues

Last updated on 2014-11-24 19:50:22.

Flavor Version Tinstall Tcheck Ttotal Status Flags
r-devel-linux-x86_64-debian-clang 2.2 0.66 11.33 11.99 NOTE
r-devel-linux-x86_64-debian-gcc 2.2 0.63 11.28 11.91 NOTE
r-devel-linux-x86_64-fedora-clang 2.2 24.16 NOTE
r-devel-linux-x86_64-fedora-gcc 2.2 22.76 NOTE
r-devel-osx-x86_64-clang 2.2 26.09 NOTE
r-devel-windows-ix86+x86_64 2.2 2.00 19.00 21.00 NOTE
r-patched-linux-x86_64 2.2 0.67 11.56 12.23 NOTE
r-patched-solaris-sparc 2.2 132.10 NOTE
r-patched-solaris-x86 2.2 32.00 NOTE
r-release-linux-ix86 2.2 0.94 16.54 17.48 NOTE
r-release-linux-x86_64 2.2 0.64 11.56 12.20 NOTE
r-release-osx-x86_64-mavericks 2.2 OK
r-release-windows-ix86+x86_64 2.2 3.00 28.00 31.00 NOTE
r-oldrel-windows-ix86+x86_64 2.2 3.00 22.00 25.00 OK

Check Details

Version: 2.2
Check: top-level files
Result: NOTE
    Non-standard file/directory found at top level:
     ‘listOfChanges.txt’
Flavors: r-devel-linux-x86_64-debian-clang, r-devel-linux-x86_64-debian-gcc, r-devel-linux-x86_64-fedora-clang, r-devel-linux-x86_64-fedora-gcc, r-patched-linux-x86_64, r-release-linux-x86_64

Version: 2.2
Check: R code for possible problems
Result: NOTE
    evGui : updatePlot: no visible global function definition for ‘svalue’
    evGui : updatePlot: no visible global function definition for
     ‘gmessage’
    evGui : updatePlot: no visible global function definition for
     ‘svalue<-’
    evGui : updatePlot: no visible global function definition for
     ‘enabled<-’
    evGui: no visible global function definition for ‘gwindow’
    evGui: no visible global function definition for ‘gframe’
    evGui: no visible global function definition for ‘glayout’
    evGui: no visible global function definition for ‘gcombobox’
    evGui: no visible global function definition for ‘gslider’
    evGui: no visible global function definition for ‘gspinbutton’
    evGui: no visible global function definition for ‘gcheckbox’
    evGui : showScript: no visible global function definition for ‘svalue’
    evGui : showScript: no visible global function definition for ‘gtext’
    evGui : showScript: no visible global function definition for ‘gwindow’
    evGui: no visible global function definition for ‘gbutton’
Flavors: r-devel-linux-x86_64-debian-clang, r-devel-linux-x86_64-debian-gcc, r-devel-linux-x86_64-fedora-clang, r-devel-linux-x86_64-fedora-gcc, r-devel-osx-x86_64-clang, r-devel-windows-ix86+x86_64, r-patched-linux-x86_64, r-patched-solaris-sparc, r-patched-solaris-x86, r-release-linux-ix86, r-release-linux-x86_64, r-release-windows-ix86+x86_64

Version: 2.2
Check: Rd line widths
Result: NOTE
    Rd file 'getOutliers.Rd':
     \usage lines wider than 90 characters:
     getOutliersII(y, alpha=c(0.05, 0.05), FLim=c(0.1, 0.9), distribution="normal", returnResiduals=TRUE)
    
    These lines will be truncated in the PDF manual.
Flavors: r-devel-linux-x86_64-debian-clang, r-devel-linux-x86_64-debian-gcc, r-devel-linux-x86_64-fedora-clang, r-devel-linux-x86_64-fedora-gcc, r-patched-linux-x86_64, r-release-linux-x86_64