CRAN Package Check Results for Package extremevalues

Last updated on 2015-03-29 11:51:14.

Flavor Version Tinstall Tcheck Ttotal Status Flags
r-devel-linux-x86_64-debian-clang 2.3.0 2.08 25.56 27.64 NOTE
r-devel-linux-x86_64-debian-gcc 2.3.0 2.13 25.41 27.54 NOTE
r-devel-linux-x86_64-fedora-clang 2.3.0 55.97 NOTE
r-devel-linux-x86_64-fedora-gcc 2.3.0 53.63 NOTE
r-devel-osx-x86_64-clang 2.3.0 59.03 NOTE
r-prerel-windows-ix86+x86_64 2.3.0 9.00 39.00 48.00 NOTE
r-prerel-linux-x86_64 2.3.0 2.25 24.75 27.00 NOTE
r-prerel-solaris-sparc 2.3.0 327.50 NOTE
r-prerel-solaris-x86 2.3.0 75.40 NOTE
r-release-linux-x86_64 2.3.0 2.20 28.97 31.16 OK
r-release-osx-x86_64-mavericks 2.3.0 OK
r-release-osx-x86_64-snowleopard 2.3.0 OK
r-release-windows-ix86+x86_64 2.3.0 10.00 46.00 56.00 OK
r-oldrel-windows-ix86+x86_64 2.3.0 6.00 39.00 45.00 OK

Check Details

Version: 2.3.0
Check: DESCRIPTION meta-information
Result: NOTE
    Malformed Description field: should contain one or more complete sentences.
Flavors: r-devel-linux-x86_64-debian-clang, r-devel-linux-x86_64-debian-gcc, r-devel-linux-x86_64-fedora-clang, r-devel-linux-x86_64-fedora-gcc, r-devel-osx-x86_64-clang, r-prerel-windows-ix86+x86_64, r-prerel-linux-x86_64, r-prerel-solaris-sparc, r-prerel-solaris-x86