CRAN Package Check Results for Package extremevalues

Last updated on 2014-09-02 20:48:49.

Flavor Version Tinstall Tcheck Ttotal Status Flags
r-devel-linux-x86_64-debian-clang 2.2 0.56 10.14 10.70 NOTE
r-devel-linux-x86_64-debian-gcc 2.2 0.55 10.73 11.28 NOTE
r-devel-linux-x86_64-fedora-clang 2.2 23.89 NOTE
r-devel-linux-x86_64-fedora-gcc 2.2 22.66 NOTE
r-devel-osx-x86_64-clang 2.2 23.26 NOTE
r-devel-windows-ix86+x86_64 2.2 2.00 17.00 19.00 NOTE
r-patched-linux-x86_64 2.2 0.73 11.62 12.35 OK
r-patched-solaris-sparc 2.2 146.80 OK
r-patched-solaris-x86 2.2 36.70 OK
r-release-linux-ix86 2.2 0.91 18.62 19.53 OK
r-release-linux-x86_64 2.2 0.60 11.62 12.22 OK
r-release-osx-x86_64-mavericks 2.2 OK
r-release-windows-ix86+x86_64 2.2 3.00 23.00 26.00 OK
r-oldrel-windows-ix86+x86_64 2.2 3.00 22.00 25.00 OK

Check Details

Version: 2.2
Check: R code for possible problems
Result: NOTE
    evGui : updatePlot: no visible global function definition for ‘svalue’
    evGui : updatePlot: no visible global function definition for
     ‘gmessage’
    evGui : updatePlot: no visible global function definition for
     ‘svalue<-’
    evGui : updatePlot: no visible global function definition for
     ‘enabled<-’
    evGui: no visible global function definition for ‘gwindow’
    evGui: no visible global function definition for ‘gframe’
    evGui: no visible global function definition for ‘glayout’
    evGui: no visible global function definition for ‘gcombobox’
    evGui: no visible global function definition for ‘gslider’
    evGui: no visible global function definition for ‘gspinbutton’
    evGui: no visible global function definition for ‘gcheckbox’
    evGui : showScript: no visible global function definition for ‘svalue’
    evGui : showScript: no visible global function definition for ‘gtext’
    evGui : showScript: no visible global function definition for ‘gwindow’
    evGui: no visible global function definition for ‘gbutton’
Flavors: r-devel-linux-x86_64-debian-clang, r-devel-linux-x86_64-debian-gcc, r-devel-linux-x86_64-fedora-clang, r-devel-linux-x86_64-fedora-gcc, r-devel-osx-x86_64-clang, r-devel-windows-ix86+x86_64

Version: 2.2
Check: top-level files
Result: NOTE
    Non-standard file/directory found at top level:
     ‘listOfChanges.txt’
Flavors: r-devel-linux-x86_64-fedora-clang, r-devel-linux-x86_64-fedora-gcc

Version: 2.2
Check: Rd line widths
Result: NOTE
    Rd file 'getOutliers.Rd':
     \usage lines wider than 90 characters:
     getOutliersII(y, alpha=c(0.05, 0.05), FLim=c(0.1, 0.9), distribution="normal", returnResiduals=TRUE)
    
    These lines will be truncated in the PDF manual.
Flavors: r-devel-linux-x86_64-fedora-clang, r-devel-linux-x86_64-fedora-gcc