CRAN Package Check Results for Package extremevalues

Last updated on 2015-04-28 12:47:22.

Flavor Version Tinstall Tcheck Ttotal Status Flags
r-devel-linux-x86_64-debian-clang 2.3.0 1.88 26.14 28.02 NOTE
r-devel-linux-x86_64-debian-gcc 2.3.0 1.88 25.84 27.72 NOTE
r-devel-linux-x86_64-fedora-clang 2.3.0 56.51 NOTE
r-devel-linux-x86_64-fedora-gcc 2.3.0 53.60 NOTE
r-devel-osx-x86_64-clang 2.3.0 53.67 NOTE
r-devel-windows-ix86+x86_64 2.3.0 6.00 42.00 48.00 NOTE
r-patched-linux-x86_64 2.3.0 1.86 26.05 27.91 NOTE
r-patched-solaris-sparc 2.3.0 327.50 NOTE
r-patched-solaris-x86 2.3.0 78.20 NOTE
r-release-linux-x86_64 2.3.0 2.38 25.10 27.48 NOTE
r-release-osx-x86_64-mavericks 2.3.0 NOTE
r-release-osx-x86_64-snowleopard 2.3.0 NOTE
r-release-windows-ix86+x86_64 2.3.0 4.00 44.00 48.00 NOTE
r-oldrel-windows-ix86+x86_64 2.3.0 10.00 46.00 56.00 OK

Check Details

Version: 2.3.0
Check: DESCRIPTION meta-information
Result: NOTE
    Malformed Description field: should contain one or more complete sentences.
Flavors: r-devel-linux-x86_64-debian-clang, r-devel-linux-x86_64-debian-gcc, r-devel-linux-x86_64-fedora-clang, r-devel-linux-x86_64-fedora-gcc, r-devel-osx-x86_64-clang, r-devel-windows-ix86+x86_64, r-patched-linux-x86_64, r-patched-solaris-sparc, r-patched-solaris-x86, r-release-linux-x86_64, r-release-osx-x86_64-mavericks, r-release-osx-x86_64-snowleopard, r-release-windows-ix86+x86_64