CRAN Package Check Results for Package extremevalues

Last updated on 2015-05-26 04:46:56.

Flavor Version Tinstall Tcheck Ttotal Status Flags
r-devel-linux-x86_64-debian-clang 2.3.0 1.84 26.03 27.87 NOTE
r-devel-linux-x86_64-debian-gcc 2.3.0 1.84 25.38 27.22 NOTE
r-devel-linux-x86_64-fedora-clang 2.3.0 55.89 NOTE
r-devel-linux-x86_64-fedora-gcc 2.3.0 52.69 NOTE
r-devel-osx-x86_64-clang 2.3.0 54.18 NOTE
r-devel-windows-ix86+x86_64 2.3.0 6.00 40.00 46.00 NOTE
r-patched-linux-x86_64 2.3.0 1.98 25.24 27.22 NOTE
r-patched-solaris-sparc 2.3.0 335.20 NOTE
r-patched-solaris-x86 2.3.0 76.70 NOTE
r-release-linux-x86_64 2.3.0 2.03 25.72 27.75 NOTE
r-release-osx-x86_64-mavericks 2.3.0 NOTE
r-release-osx-x86_64-snowleopard 2.3.0 NOTE
r-release-windows-ix86+x86_64 2.3.0 4.00 44.00 48.00 NOTE
r-oldrel-windows-ix86+x86_64 2.3.0 10.00 46.00 56.00 OK

Check Details

Version: 2.3.0
Check: DESCRIPTION meta-information
Result: NOTE
    Malformed Description field: should contain one or more complete sentences.
Flavors: r-devel-linux-x86_64-debian-clang, r-devel-linux-x86_64-debian-gcc, r-devel-linux-x86_64-fedora-clang, r-devel-linux-x86_64-fedora-gcc, r-devel-osx-x86_64-clang, r-devel-windows-ix86+x86_64, r-patched-linux-x86_64, r-patched-solaris-sparc, r-patched-solaris-x86, r-release-linux-x86_64, r-release-osx-x86_64-mavericks, r-release-osx-x86_64-snowleopard, r-release-windows-ix86+x86_64