CRAN Package Check Results for Package extremevalues

Last updated on 2016-07-28 05:50:10.

Flavor Version Tinstall Tcheck Ttotal Status Flags
r-devel-linux-x86_64-debian-clang 2.3.2 2.02 32.69 34.71 OK
r-devel-linux-x86_64-debian-gcc 2.3.2 2.53 32.91 35.44 OK
r-devel-linux-x86_64-fedora-clang 2.3.2 50.21 OK
r-devel-linux-x86_64-fedora-gcc 2.3.2 45.54 OK
r-devel-osx-x86_64-clang 2.3.2 41.72 OK
r-devel-windows-ix86+x86_64 2.3.2 8.00 61.00 69.00 OK
r-patched-linux-x86_64 2.3.2 2.96 31.39 34.35 OK
r-patched-solaris-sparc 2.3.2 291.70 OK
r-patched-solaris-x86 2.3.2 65.50 OK
r-release-linux-x86_64 2.3.2 2.74 32.27 35.00 OK
r-release-osx-x86_64-mavericks 2.3.2 WARN
r-release-windows-ix86+x86_64 2.3.2 7.00 59.00 66.00 OK
r-oldrel-windows-ix86+x86_64 2.3.2 8.00 62.00 70.00 OK

Check Details

Version: 2.3.2
Check: dependencies in R code
Result: NOTE
    Invalid MIT-MAGIC-COOKIE-1 key
Flavor: r-release-osx-x86_64-mavericks

Version: 2.3.2
Check: S3 generic/method consistency
Result: WARN
    Invalid MIT-MAGIC-COOKIE-1 key
    See section ‘Generic functions and methods’ in the ‘Writing R
    Extensions’ manual.
Flavor: r-release-osx-x86_64-mavericks

Version: 2.3.2
Check: replacement functions
Result: WARN
    Invalid MIT-MAGIC-COOKIE-1 key
    The argument of a replacement function which corresponds to the right
    hand side must be named ‘value’.
Flavor: r-release-osx-x86_64-mavericks

Version: 2.3.2
Check: foreign function calls
Result: NOTE
    Invalid MIT-MAGIC-COOKIE-1 key
    See chapter ‘System and foreign language interfaces’ in the ‘Writing R
    Extensions’ manual.
Flavor: r-release-osx-x86_64-mavericks

Version: 2.3.2
Check: R code for possible problems
Result: NOTE
    Invalid MIT-MAGIC-COOKIE-1 key
Flavor: r-release-osx-x86_64-mavericks

Version: 2.3.2
Check: for missing documentation entries
Result: WARN
    Invalid MIT-MAGIC-COOKIE-1 key
    All user-level objects in a package should have documentation entries.
    See chapter ‘Writing R documentation files’ in the ‘Writing R
    Extensions’ manual.
Flavor: r-release-osx-x86_64-mavericks

Version: 2.3.2
Check: for code/documentation mismatches
Result: WARN
    Invalid MIT-MAGIC-COOKIE-1 key
    Invalid MIT-MAGIC-COOKIE-1 key
    Invalid MIT-MAGIC-COOKIE-1 key
Flavor: r-release-osx-x86_64-mavericks

Version: 2.3.2
Check: Rd \usage sections
Result: NOTE
    Invalid MIT-MAGIC-COOKIE-1 key
    The \usage entries for S3 methods should use the \method markup and not
    their full name.
    See chapter ‘Writing R documentation files’ in the ‘Writing R
    Extensions’ manual.
Flavor: r-release-osx-x86_64-mavericks