CRAN Package Check Results for Package extremevalues

Last updated on 2017-05-27 01:46:46.

Flavor Version Tinstall Tcheck Ttotal Status Flags
r-devel-linux-x86_64-debian-clang 2.3.2 2.08 31.23 33.30 OK
r-devel-linux-x86_64-debian-gcc 2.3.2 2.30 30.20 32.50 OK
r-devel-linux-x86_64-fedora-clang 2.3.2 54.12 OK
r-devel-linux-x86_64-fedora-gcc 2.3.2 51.75 OK
r-devel-windows-ix86+x86_64 2.3.2 5.00 56.00 61.00 OK
r-patched-linux-x86_64 2.3.2 2.35 34.57 36.91 OK
r-patched-solaris-sparc 2.3.2 321.50 OK
r-patched-solaris-x86 2.3.2 75.90 OK
r-release-linux-x86_64 2.3.2 1.89 28.85 30.74 OK
r-release-windows-ix86+x86_64 2.3.2 6.00 88.00 94.00 OK
r-release-osx-x86_64 2.3.2 OK
r-oldrel-windows-ix86+x86_64 2.3.2 8.00 46.00 54.00 OK
r-oldrel-osx-x86_64 2.3.2 WARN

Check Details

Version: 2.3.2
Check: dependencies in R code
Result: NOTE
    Invalid MIT-MAGIC-COOKIE-1 key
Flavor: r-oldrel-osx-x86_64

Version: 2.3.2
Check: S3 generic/method consistency
Result: WARN
    Invalid MIT-MAGIC-COOKIE-1 key
    See section ‘Generic functions and methods’ in the ‘Writing R
    Extensions’ manual.
Flavor: r-oldrel-osx-x86_64

Version: 2.3.2
Check: replacement functions
Result: WARN
    Invalid MIT-MAGIC-COOKIE-1 key
    The argument of a replacement function which corresponds to the right
    hand side must be named ‘value’.
Flavor: r-oldrel-osx-x86_64

Version: 2.3.2
Check: foreign function calls
Result: NOTE
    Invalid MIT-MAGIC-COOKIE-1 key
    See chapter ‘System and foreign language interfaces’ in the ‘Writing R
    Extensions’ manual.
Flavor: r-oldrel-osx-x86_64

Version: 2.3.2
Check: R code for possible problems
Result: NOTE
    Invalid MIT-MAGIC-COOKIE-1 key
Flavor: r-oldrel-osx-x86_64

Version: 2.3.2
Check: for missing documentation entries
Result: WARN
    Invalid MIT-MAGIC-COOKIE-1 key
    All user-level objects in a package should have documentation entries.
    See chapter ‘Writing R documentation files’ in the ‘Writing R
    Extensions’ manual.
Flavor: r-oldrel-osx-x86_64

Version: 2.3.2
Check: for code/documentation mismatches
Result: WARN
    Invalid MIT-MAGIC-COOKIE-1 key
    Invalid MIT-MAGIC-COOKIE-1 key
    Invalid MIT-MAGIC-COOKIE-1 key
Flavor: r-oldrel-osx-x86_64

Version: 2.3.2
Check: Rd \usage sections
Result: NOTE
    Invalid MIT-MAGIC-COOKIE-1 key
    The \usage entries for S3 methods should use the \method markup and not
    their full name.
    See chapter ‘Writing R documentation files’ in the ‘Writing R
    Extensions’ manual.
Flavor: r-oldrel-osx-x86_64