CRAN Package Check Results for Package extremevalues

Last updated on 2014-04-24 21:47:40.

Flavor Version Tinstall Tcheck Ttotal Status Flags
r-devel-linux-x86_64-debian-clang 2.2 0.63 11.93 12.56 OK
r-devel-linux-x86_64-debian-gcc 2.2 0.62 11.96 12.59 OK
r-devel-linux-x86_64-fedora-clang 2.2 26.25 NOTE
r-devel-linux-x86_64-fedora-gcc 2.2 24.76 NOTE
r-devel-osx-x86_64-clang 2.2 25.15 OK
r-devel-osx-x86_64-gcc 2.2 OK
r-devel-windows-ix86+x86_64 2.2 2.00 20.00 22.00 OK
r-patched-linux-x86_64 2.2 0.62 12.00 12.63 OK
r-patched-solaris-sparc 2.2 137.80 OK
r-patched-solaris-x86 2.2 36.30 OK
r-release-linux-ix86 2.2 1.00 26.00 27.00 OK
r-release-linux-x86_64 2.2 0.62 12.41 13.03 OK
r-release-osx-x86_64-mavericks 2.2 WARN
r-release-windows-ix86+x86_64 2.2 4.00 27.00 31.00 OK
r-oldrel-windows-ix86+x86_64 2.2 2.00 20.00 22.00 OK

Check Details

Version: 2.2
Check: top-level files
Result: NOTE
    Non-standard file/directory found at top level:
     ‘listOfChanges.txt’
Flavors: r-devel-linux-x86_64-fedora-clang, r-devel-linux-x86_64-fedora-gcc

Version: 2.2
Check: Rd line widths
Result: NOTE
    Rd file 'getOutliers.Rd':
     \usage lines wider than 90 characters:
     getOutliersII(y, alpha=c(0.05, 0.05), FLim=c(0.1, 0.9), distribution="normal", returnResiduals=TRUE)
    
    These lines will be truncated in the PDF manual.
Flavors: r-devel-linux-x86_64-fedora-clang, r-devel-linux-x86_64-fedora-gcc

Version: 2.2
Check: PDF version of manual
Result: WARNING
    LaTeX errors when creating PDF version.
    This typically indicates Rd problems.
    LaTeX errors found:
    ! LaTeX Error: File `upquote.sty' not found.
    
    Type X to quit or <RETURN> to proceed,
    or enter new name. (Default extension: sty)
    
    9bdf4bb/Rd2.tex:8: ==> Fatal error occurred, no output PDF file produced!
Flavor: r-release-osx-x86_64-mavericks