CRAN Package Check Results for Package extremevalues

Last updated on 2014-07-24 21:48:42.

Flavor Version Tinstall Tcheck Ttotal Status Flags
r-devel-linux-x86_64-debian-clang 2.2 0.58 11.45 12.03 OK
r-devel-linux-x86_64-debian-gcc 2.2 0.58 11.48 12.06 OK
r-devel-linux-x86_64-fedora-clang 2.2 27.10 NOTE
r-devel-linux-x86_64-fedora-gcc 2.2 24.87 NOTE
r-devel-osx-x86_64-clang 2.2 26.48 OK
r-devel-windows-ix86+x86_64 2.2 2.00 21.00 23.00 OK
r-patched-linux-x86_64 2.2 0.57 11.55 12.12 OK
r-patched-solaris-sparc 2.2 137.80 OK
r-patched-solaris-x86 2.2 36.40 OK
r-release-linux-ix86 2.2 0.91 18.62 19.53 OK
r-release-linux-x86_64 2.2 0.60 11.98 12.58 OK
r-release-osx-x86_64-mavericks 2.2 OK
r-release-windows-ix86+x86_64 2.2 2.00 18.00 20.00 OK
r-oldrel-windows-ix86+x86_64 2.2 2.00 19.00 21.00 OK

Check Details

Version: 2.2
Check: top-level files
Result: NOTE
    Non-standard file/directory found at top level:
     ‘listOfChanges.txt’
Flavors: r-devel-linux-x86_64-fedora-clang, r-devel-linux-x86_64-fedora-gcc

Version: 2.2
Check: Rd line widths
Result: NOTE
    Rd file 'getOutliers.Rd':
     \usage lines wider than 90 characters:
     getOutliersII(y, alpha=c(0.05, 0.05), FLim=c(0.1, 0.9), distribution="normal", returnResiduals=TRUE)
    
    These lines will be truncated in the PDF manual.
Flavors: r-devel-linux-x86_64-fedora-clang, r-devel-linux-x86_64-fedora-gcc