CRAN Package Check Results for Package extremevalues

Last updated on 2017-01-16 22:55:01.

Flavor Version Tinstall Tcheck Ttotal Status Flags
r-devel-linux-x86_64-debian-clang 2.3.2 1.99 29.39 31.38 OK
r-devel-linux-x86_64-debian-gcc 2.3.2 1.96 28.95 30.91 OK
r-devel-linux-x86_64-fedora-clang 2.3.2 54.08 OK --no-stop-on-test-error
r-devel-linux-x86_64-fedora-gcc 2.3.2 52.58 OK --no-stop-on-test-error
r-devel-macos-x86_64-clang 2.3.2 44.62 OK --no-stop-on-test-error
r-devel-windows-ix86+x86_64 2.3.2 10.00 53.00 63.00 OK
r-patched-linux-x86_64 2.3.2 2.02 25.51 27.54 OK
r-patched-solaris-sparc 2.3.2 294.40 OK
r-patched-solaris-x86 2.3.2 66.10 OK
r-release-linux-x86_64 2.3.2 1.93 26.70 28.63 OK
r-release-osx-x86_64-mavericks 2.3.2 WARN
r-release-windows-ix86+x86_64 2.3.2 8.00 94.00 102.00 OK
r-oldrel-windows-ix86+x86_64 2.3.2 7.00 66.00 73.00 OK

Check Details

Version: 2.3.2
Check: dependencies in R code
Result: NOTE
    Invalid MIT-MAGIC-COOKIE-1 key
Flavor: r-release-osx-x86_64-mavericks

Version: 2.3.2
Check: S3 generic/method consistency
Result: WARN
    Invalid MIT-MAGIC-COOKIE-1 key
    See section ‘Generic functions and methods’ in the ‘Writing R
    Extensions’ manual.
Flavor: r-release-osx-x86_64-mavericks

Version: 2.3.2
Check: replacement functions
Result: WARN
    Invalid MIT-MAGIC-COOKIE-1 key
    The argument of a replacement function which corresponds to the right
    hand side must be named ‘value’.
Flavor: r-release-osx-x86_64-mavericks

Version: 2.3.2
Check: foreign function calls
Result: NOTE
    Invalid MIT-MAGIC-COOKIE-1 key
    See chapter ‘System and foreign language interfaces’ in the ‘Writing R
    Extensions’ manual.
Flavor: r-release-osx-x86_64-mavericks

Version: 2.3.2
Check: R code for possible problems
Result: NOTE
    Invalid MIT-MAGIC-COOKIE-1 key
Flavor: r-release-osx-x86_64-mavericks

Version: 2.3.2
Check: for missing documentation entries
Result: WARN
    Invalid MIT-MAGIC-COOKIE-1 key
    All user-level objects in a package should have documentation entries.
    See chapter ‘Writing R documentation files’ in the ‘Writing R
    Extensions’ manual.
Flavor: r-release-osx-x86_64-mavericks

Version: 2.3.2
Check: for code/documentation mismatches
Result: WARN
    Invalid MIT-MAGIC-COOKIE-1 key
    Invalid MIT-MAGIC-COOKIE-1 key
    Invalid MIT-MAGIC-COOKIE-1 key
Flavor: r-release-osx-x86_64-mavericks

Version: 2.3.2
Check: Rd \usage sections
Result: NOTE
    Invalid MIT-MAGIC-COOKIE-1 key
    The \usage entries for S3 methods should use the \method markup and not
    their full name.
    See chapter ‘Writing R documentation files’ in the ‘Writing R
    Extensions’ manual.
Flavor: r-release-osx-x86_64-mavericks