CRAN Package Check Results for Package extremevalues

Last updated on 2015-07-06 19:47:33.

Flavor Version Tinstall Tcheck Ttotal Status Flags
r-devel-linux-x86_64-debian-clang 2.3.0 1.93 25.45 27.38 NOTE
r-devel-linux-x86_64-debian-gcc 2.3.0 1.97 24.56 26.52 NOTE
r-devel-linux-x86_64-fedora-clang 2.3.0 54.05 NOTE
r-devel-linux-x86_64-fedora-gcc 2.3.0 53.83 NOTE
r-devel-osx-x86_64-clang 2.3.0 49.93 NOTE
r-devel-windows-ix86+x86_64 2.3.0 6.00 38.00 44.00 NOTE
r-patched-linux-x86_64 2.3.0 1.84 24.76 26.60 NOTE
r-patched-solaris-sparc 2.3.0 335.20 NOTE
r-patched-solaris-x86 2.3.0 77.20 NOTE
r-release-linux-x86_64 2.3.0 1.91 25.06 26.97 NOTE
r-release-osx-x86_64-mavericks 2.3.0 NOTE
r-release-windows-ix86+x86_64 2.3.0 5.00 41.00 46.00 NOTE
r-oldrel-windows-ix86+x86_64 2.3.0 10.00 46.00 56.00 OK

Check Details

Version: 2.3.0
Check: DESCRIPTION meta-information
Result: NOTE
    Malformed Description field: should contain one or more complete sentences.
Flavors: r-devel-linux-x86_64-debian-clang, r-devel-linux-x86_64-debian-gcc, r-devel-linux-x86_64-fedora-clang, r-devel-linux-x86_64-fedora-gcc, r-devel-osx-x86_64-clang, r-devel-windows-ix86+x86_64, r-patched-linux-x86_64, r-patched-solaris-sparc, r-patched-solaris-x86, r-release-linux-x86_64, r-release-osx-x86_64-mavericks, r-release-windows-ix86+x86_64

Version: 2.3.0
Check: R code for possible problems
Result: NOTE
    fitExponential: no visible global function definition for ‘var’
    fitLognormal: no visible global function definition for ‘var’
    fitNormal: no visible global function definition for ‘var’
    fitPareto: no visible global function definition for ‘var’
    fitWeibull: no visible global function definition for ‘var’
    getOutliersI: no visible global function definition for ‘tail’
    getOutliersII: no visible global function definition for ‘tail’
    getOutliersII: no visible global function definition for ‘head’
    invErf: no visible global function definition for ‘qnorm’
    plotMethodII: no visible global function definition for ‘plot’
    plotMethodII: no visible global function definition for ‘abline’
    plotMethodII: no visible global function definition for ‘rect’
    plotMethodII: no visible global function definition for ‘points’
    qqFitPlot: no visible global function definition for ‘head’
    qqFitPlot: no visible global function definition for ‘plot’
    qqFitPlot: no visible global function definition for ‘points’
    qqFitPlot: no visible global function definition for ‘abline’
    qqLognormalLimit: no visible global function definition for ‘qlnorm’
    qqNormalLimit: no visible global function definition for ‘qnorm’
    qqWeibullLimit: no visible global function definition for ‘qweibull’
    rpareto: no visible global function definition for ‘runif’
    Undefined global functions or variables:
     abline head plot points qlnorm qnorm qweibull rect runif tail var
Flavors: r-devel-linux-x86_64-debian-clang, r-devel-linux-x86_64-debian-gcc, r-devel-linux-x86_64-fedora-clang, r-devel-linux-x86_64-fedora-gcc, r-devel-windows-ix86+x86_64