CRAN Package Check Results for Package eyedata

Last updated on 2022-08-09 03:52:59 CEST.

Flavor Version Tinstall Tcheck Ttotal Status Flags
r-devel-linux-x86_64-debian-clang 0.1.0 3.49 26.36 29.85 OK
r-devel-linux-x86_64-debian-gcc 0.1.0 3.83 21.05 24.88 OK
r-devel-linux-x86_64-fedora-clang 0.1.0 50.56 NOTE
r-devel-linux-x86_64-fedora-gcc 0.1.0 47.65 NOTE
r-devel-windows-x86_64 0.1.0 12.00 54.00 66.00 OK
r-patched-linux-x86_64 0.1.0 4.25 25.82 30.07 OK
r-release-linux-x86_64 0.1.0 OK
r-release-macos-arm64 0.1.0 19.00 NOTE
r-release-macos-x86_64 0.1.0 30.00 NOTE
r-release-windows-x86_64 0.1.0 11.00 51.00 62.00 OK
r-oldrel-macos-arm64 0.1.0 24.00 NOTE
r-oldrel-macos-x86_64 0.1.0 29.00 NOTE
r-oldrel-windows-ix86+x86_64 0.1.0 11.00 43.00 54.00 OK

Check Details

Version: 0.1.0
Check: dependencies in R code
Result: NOTE
    Namespace in Imports field not imported from: ‘dplyr’
     All declared Imports should be used.
Flavors: r-devel-linux-x86_64-fedora-clang, r-devel-linux-x86_64-fedora-gcc, r-release-macos-arm64, r-release-macos-x86_64, r-oldrel-macos-arm64, r-oldrel-macos-x86_64