CRAN Package Check Results for Package eyetrackingR

Last updated on 2022-01-20 11:50:55 CET.

Flavor Version Tinstall Tcheck Ttotal Status Flags
r-devel-linux-x86_64-debian-clang 0.2.0 OK
r-devel-linux-x86_64-debian-gcc 0.2.0 6.43 362.45 368.88 OK
r-devel-linux-x86_64-fedora-clang 0.2.0 585.87 NOTE
r-devel-linux-x86_64-fedora-gcc 0.2.0 626.23 NOTE
r-devel-windows-x86_64-new-UL 0.2.0 143.00 495.00 638.00 NOTE
r-devel-windows-x86_64-new-TK 0.2.0 NOTE
r-patched-linux-x86_64 0.2.0 6.20 503.76 509.96 OK
r-release-linux-x86_64 0.2.0 6.22 507.79 514.01 OK
r-release-macos-arm64 0.2.0 NOTE
r-release-macos-x86_64 0.2.0 NOTE
r-release-windows-ix86+x86_64 0.2.0 19.00 592.00 611.00 NOTE
r-oldrel-macos-x86_64 0.2.0 NOTE
r-oldrel-windows-ix86+x86_64 0.2.0 18.00 603.00 621.00 NOTE

Check Details

Version: 0.2.0
Check: dependencies in R code
Result: NOTE
    Namespace in Imports field not imported from: ‘rlang’
     All declared Imports should be used.
Flavors: r-devel-linux-x86_64-fedora-clang, r-devel-linux-x86_64-fedora-gcc, r-devel-windows-x86_64-new-TK, r-release-macos-arm64, r-release-macos-x86_64, r-oldrel-macos-x86_64

Version: 0.2.0
Check: package dependencies
Result: NOTE
    Package suggested but not available for checking: 'doMC'
Flavors: r-devel-windows-x86_64-new-UL, r-devel-windows-x86_64-new-TK, r-release-windows-ix86+x86_64, r-oldrel-windows-ix86+x86_64