CRAN Package Check Results for Package ez

Last updated on 2014-04-24 07:52:27.

Flavor Version Tinstall Tcheck Ttotal Status Flags
r-devel-linux-x86_64-debian-clang 4.2-2 8.58 87.82 96.40 OK
r-devel-linux-x86_64-debian-gcc 4.2-2 8.77 88.54 97.30 OK
r-devel-linux-x86_64-fedora-clang 4.2-2 211.37 OK
r-devel-linux-x86_64-fedora-gcc 4.2-2 203.45 OK
r-devel-osx-x86_64-clang 4.2-2 157.60 OK
r-devel-osx-x86_64-gcc 4.2-2 ERROR
r-devel-windows-ix86+x86_64 4.2-2 16.00 121.00 137.00 OK
r-patched-linux-x86_64 4.2-2 8.82 87.43 96.25 OK
r-patched-solaris-sparc 4.2-2 1070.60 OK
r-patched-solaris-x86 4.2-2 245.30 OK
r-release-linux-ix86 4.2-2 12.00 134.00 146.00 OK
r-release-linux-x86_64 4.2-2 8.42 89.59 98.02 OK
r-release-osx-x86_64-mavericks 4.2-2 OK
r-release-osx-x86_64-snowleopard 4.2-2 OK
r-release-windows-ix86+x86_64 4.2-2 18.00 121.00 139.00 OK
r-oldrel-windows-ix86+x86_64 4.2-2 20.00 116.00 136.00 OK

Check Details

Version: 4.2-2
Check: package dependencies
Result: ERROR
    Packages required but not available: ‘car’ ‘ggplot2’ ‘scales’
    
    See the information on DESCRIPTION files in the chapter ‘Creating R
    packages’ of the ‘Writing R Extensions’ manual.
Flavor: r-devel-osx-x86_64-gcc