CRAN Package Check Results for Package ez

Last updated on 2015-03-27 05:47:42.

Flavor Version Tinstall Tcheck Ttotal Status Flags
r-devel-linux-x86_64-debian-clang 4.2-2 6.19 71.12 77.31 NOTE
r-devel-linux-x86_64-debian-gcc 4.2-2 5.56 64.58 70.14 NOTE
r-devel-linux-x86_64-fedora-clang 4.2-2 148.94 NOTE
r-devel-linux-x86_64-fedora-gcc 4.2-2 139.56 NOTE
r-devel-osx-x86_64-clang 4.2-2 131.16 NOTE
r-prerel-windows-ix86+x86_64 4.2-2 16.00 92.00 108.00 NOTE
r-prerel-linux-x86_64 4.2-2 6.07 66.64 72.70 NOTE
r-prerel-solaris-sparc 4.2-2 910.50 NOTE
r-prerel-solaris-x86 4.2-2 180.30 NOTE
r-release-linux-x86_64 4.2-2 10.12 90.12 100.24 OK
r-release-osx-x86_64-mavericks 4.2-2 OK
r-release-osx-x86_64-snowleopard 4.2-2 OK
r-release-windows-ix86+x86_64 4.2-2 22.00 150.00 172.00 OK
r-oldrel-windows-ix86+x86_64 4.2-2 19.00 136.00 155.00 OK

Check Details

Version: 4.2-2
Check: DESCRIPTION meta-information
Result: NOTE
    Malformed Title field: should not end in a period.
Flavors: r-devel-linux-x86_64-debian-clang, r-devel-linux-x86_64-debian-gcc, r-devel-linux-x86_64-fedora-clang, r-devel-linux-x86_64-fedora-gcc, r-devel-osx-x86_64-clang, r-prerel-windows-ix86+x86_64, r-prerel-linux-x86_64, r-prerel-solaris-sparc, r-prerel-solaris-x86