CRAN Package Check Results for Package ez

Last updated on 2015-08-03 21:47:19.

Flavor Version Tinstall Tcheck Ttotal Status Flags
r-devel-linux-x86_64-debian-clang 4.2-2 6.16 74.88 81.04 NOTE
r-devel-linux-x86_64-debian-gcc 4.2-2 5.68 65.38 71.05 NOTE
r-devel-linux-x86_64-fedora-clang 4.2-2 150.29 NOTE
r-devel-linux-x86_64-fedora-gcc 4.2-2 143.58 NOTE
r-devel-osx-x86_64-clang 4.2-2 120.57 NOTE
r-devel-windows-ix86+x86_64 4.2-2 15.00 110.00 125.00 NOTE
r-patched-linux-x86_64 4.2-2 5.81 68.58 74.40 NOTE
r-patched-solaris-sparc 4.2-2 904.40 NOTE
r-patched-solaris-x86 4.2-2 196.70 NOTE
r-release-linux-x86_64 4.2-2 7.08 68.22 75.30 NOTE
r-release-osx-x86_64-mavericks 4.2-2 NOTE
r-release-windows-ix86+x86_64 4.2-2 19.00 111.00 130.00 NOTE
r-oldrel-windows-ix86+x86_64 4.2-2 27.00 158.00 185.00 OK

Check Details

Version: 4.2-2
Check: DESCRIPTION meta-information
Result: NOTE
    Malformed Title field: should not end in a period.
Flavors: r-devel-linux-x86_64-debian-clang, r-devel-linux-x86_64-debian-gcc, r-devel-linux-x86_64-fedora-clang, r-devel-linux-x86_64-fedora-gcc, r-devel-osx-x86_64-clang, r-devel-windows-ix86+x86_64, r-patched-linux-x86_64, r-patched-solaris-sparc, r-patched-solaris-x86, r-release-linux-x86_64, r-release-osx-x86_64-mavericks, r-release-windows-ix86+x86_64

Version: 4.2-2
Check: R code for possible problems
Result: NOTE
    ezANOVA_aov: no visible global function definition for ‘aov’
    ezANOVA_aov: no visible global function definition for ‘formula’
    ezANOVA_get_wide_lm: no visible global function definition for ‘lm’
    ezANOVA_levene: no visible global function definition for ‘model.frame’
    ezANOVA_levene: no visible binding for global variable ‘median’
    ezANOVA_levene: no visible global function definition for ‘anova’
    ezANOVA_levene: no visible global function definition for ‘lm’
    ezANOVA_main: no visible global function definition for ‘contrasts<-’
    ezANOVA_main: no visible global function definition for ‘fitted’
    ezANOVA_main: no visible global function definition for ‘coef’
    ezANOVA_summary : mauchly: no visible global function definition for
     ‘pchisq’
    ezANOVA_summary: no visible global function definition for ‘pf’
    ezBoot: no visible binding for global variable ‘gaussian’
    ezBoot: no visible global function definition for ‘model.matrix’
    ezBoot: no visible global function definition for ‘terms’
    ezCor: no visible global function definition for ‘sd’
    ezCor: no visible global function definition for ‘cor’
    ezCor: no visible global function definition for ‘cor.test’
    ezCor : <anonymous>: no visible global function definition for
     ‘density’
    ezCor: no visible global function definition for ‘installed.packages’
    ezDesign: no visible global function definition for
     ‘installed.packages’
    ezMixed: no visible binding for global variable ‘gaussian’
    ezMixed: no visible binding for global variable ‘AIC’
    ezMixed: no visible global function definition for ‘terms’
    ezMixed : process_term: no visible global function definition for
     ‘flush.console’
    ezMixed : process_term : convert_to_gam_formula: no visible global
     function definition for ‘terms’
    ezMixed : process_term : make_formula_pretty: no visible global
     function definition for ‘terms’
    ezMixed : process_term : do_fit: no visible binding for global variable
     ‘gaussian’
    ezPerm: no visible global function definition for ‘terms’
    ezPerm_aov: no visible global function definition for ‘aov’
    ezPerm_aov: no visible global function definition for ‘formula’
    ezPlot2: no visible global function definition for ‘quantile’
    ezPlot2 : <anonymous>: no visible global function definition for
     ‘quantile’
    ezPredict: no visible global function definition for ‘contrasts<-’
    ezPredict: no visible global function definition for ‘contrasts’
    ezPredict: no visible global function definition for ‘terms’
    ezPredict: no visible global function definition for ‘model.matrix’
    ezPredict: no visible global function definition for ‘vcov’
    ezPredict: no visible global function definition for ‘coef’
    ezStats: no visible global function definition for ‘qt’
    ezStats : <anonymous>: no visible global function definition for ‘sd’
    Undefined global functions or variables:
     AIC anova aov coef contrasts contrasts<- cor cor.test density fitted
     flush.console formula gaussian installed.packages lm median
     model.frame model.matrix pchisq pf qt quantile sd terms vcov
    Consider adding
     importFrom("stats", "AIC", "anova", "aov", "coef", "contrasts",
     "contrasts<-", "cor", "cor.test", "density", "fitted",
     "formula", "gaussian", "lm", "median", "model.frame",
     "model.matrix", "pchisq", "pf", "qt", "quantile", "sd",
     "terms", "vcov")
     importFrom("utils", "flush.console", "installed.packages")
    to your NAMESPACE.
Flavors: r-devel-linux-x86_64-debian-clang, r-devel-linux-x86_64-debian-gcc, r-devel-linux-x86_64-fedora-clang, r-devel-linux-x86_64-fedora-gcc, r-devel-windows-ix86+x86_64