CRAN Package Check Results for Package ez

Last updated on 2015-05-05 10:49:07.

Flavor Version Tinstall Tcheck Ttotal Status Flags
r-devel-linux-x86_64-debian-clang 4.2-2 5.90 68.39 74.29 NOTE
r-devel-linux-x86_64-debian-gcc 4.2-2 5.74 65.83 71.57 NOTE
r-devel-linux-x86_64-fedora-clang 4.2-2 151.50 NOTE
r-devel-linux-x86_64-fedora-gcc 4.2-2 146.70 NOTE
r-devel-osx-x86_64-clang 4.2-2 121.79 NOTE
r-devel-windows-ix86+x86_64 4.2-2 17.00 108.00 125.00 NOTE
r-patched-linux-x86_64 4.2-2 5.85 68.88 74.73 NOTE
r-patched-solaris-sparc 4.2-2 910.50 NOTE
r-patched-solaris-x86 4.2-2 188.50 NOTE
r-release-linux-x86_64 4.2-2 6.12 67.29 73.41 NOTE
r-release-osx-x86_64-mavericks 4.2-2 NOTE
r-release-osx-x86_64-snowleopard 4.2-2 ERROR
r-release-windows-ix86+x86_64 4.2-2 21.00 142.00 163.00 NOTE
r-oldrel-windows-ix86+x86_64 4.2-2 26.00 192.00 218.00 OK

Check Details

Version: 4.2-2
Check: DESCRIPTION meta-information
Result: NOTE
    Malformed Title field: should not end in a period.
Flavors: r-devel-linux-x86_64-debian-clang, r-devel-linux-x86_64-debian-gcc, r-devel-linux-x86_64-fedora-clang, r-devel-linux-x86_64-fedora-gcc, r-devel-osx-x86_64-clang, r-devel-windows-ix86+x86_64, r-patched-linux-x86_64, r-patched-solaris-sparc, r-patched-solaris-x86, r-release-linux-x86_64, r-release-osx-x86_64-mavericks, r-release-windows-ix86+x86_64

Version: 4.2-2
Check: package dependencies
Result: ERROR
    Packages required but not available: ‘car’ ‘ggplot2’ ‘scales’
    
    See section ‘The DESCRIPTION file’ in the ‘Writing R Extensions’
    manual.
Flavor: r-release-osx-x86_64-snowleopard