Last updated on 2022-08-07 19:55:08 CEST.
Flavor | Version | Tinstall | Tcheck | Ttotal | Status | Flags |
---|---|---|---|---|---|---|
r-devel-linux-x86_64-debian-clang | 0.2.4 | 2.68 | 44.01 | 46.69 | NOTE | |
r-devel-linux-x86_64-debian-gcc | 0.2.4 | 2.21 | 33.13 | 35.34 | NOTE | |
r-devel-linux-x86_64-fedora-clang | 0.2.4 | 69.03 | NOTE | |||
r-devel-linux-x86_64-fedora-gcc | 0.2.4 | 65.06 | NOTE | |||
r-devel-windows-x86_64 | 0.2.4 | 18.00 | 77.00 | 95.00 | NOTE | |
r-patched-linux-x86_64 | 0.2.4 | 2.82 | 41.85 | 44.67 | NOTE | |
r-release-linux-x86_64 | 0.2.4 | 2.43 | 41.67 | 44.10 | NOTE | |
r-release-macos-arm64 | 0.2.4 | 24.00 | NOTE | |||
r-release-macos-x86_64 | 0.2.4 | 42.00 | NOTE | |||
r-release-windows-x86_64 | 0.2.4 | 22.00 | 75.00 | 97.00 | NOTE | |
r-oldrel-macos-arm64 | 0.2.4 | 23.00 | NOTE | |||
r-oldrel-macos-x86_64 | 0.2.4 | 38.00 | NOTE | |||
r-oldrel-windows-ix86+x86_64 | 0.2.4 | 7.00 | 74.00 | 81.00 | NOTE |
Version: 0.2.4
Check: LazyData
Result: NOTE
'LazyData' is specified without a 'data' directory
Flavors: r-devel-linux-x86_64-debian-clang, r-devel-linux-x86_64-debian-gcc, r-devel-linux-x86_64-fedora-clang, r-devel-linux-x86_64-fedora-gcc, r-devel-windows-x86_64, r-patched-linux-x86_64, r-release-linux-x86_64, r-release-macos-arm64, r-release-macos-x86_64, r-release-windows-x86_64, r-oldrel-macos-arm64, r-oldrel-macos-x86_64, r-oldrel-windows-ix86+x86_64