CRAN Package Check Results for Package ezsim

Last updated on 2015-03-30 08:49:56.

Flavor Version Tinstall Tcheck Ttotal Status Flags
r-devel-linux-x86_64-debian-clang 0.5.5 1.34 46.20 47.54 NOTE
r-devel-linux-x86_64-debian-gcc 0.5.5 1.40 45.10 46.50 NOTE
r-devel-linux-x86_64-fedora-clang 0.5.5 97.29 NOTE
r-devel-linux-x86_64-fedora-gcc 0.5.5 96.57 NOTE
r-devel-osx-x86_64-clang 0.5.5 92.77 NOTE
r-prerel-windows-ix86+x86_64 0.5.5 4.00 72.00 76.00 NOTE
r-prerel-linux-x86_64 0.5.5 1.29 45.38 46.67 NOTE
r-prerel-solaris-sparc 0.5.5 586.90 NOTE
r-prerel-solaris-x86 0.5.5 109.40 NOTE
r-release-linux-x86_64 0.5.5 2.40 60.21 62.60 OK
r-release-osx-x86_64-mavericks 0.5.5 OK
r-release-osx-x86_64-snowleopard 0.5.5 OK
r-release-windows-ix86+x86_64 0.5.5 9.00 100.00 109.00 OK
r-oldrel-windows-ix86+x86_64 0.5.5 9.00 98.00 107.00 OK

Check Details

Version: 0.5.5
Check: DESCRIPTION meta-information
Result: NOTE
    Malformed Description field: should contain one or more complete sentences.
Flavors: r-devel-linux-x86_64-debian-clang, r-devel-linux-x86_64-debian-gcc, r-devel-linux-x86_64-fedora-clang, r-devel-linux-x86_64-fedora-gcc, r-devel-osx-x86_64-clang, r-prerel-windows-ix86+x86_64, r-prerel-linux-x86_64, r-prerel-solaris-sparc, r-prerel-solaris-x86