CRAN Package Check Results for Package ezsim

Last updated on 2014-10-26 07:50:00.

Flavor Version Tinstall Tcheck Ttotal Status Flags
r-devel-linux-x86_64-debian-clang 0.5.5 2.12 57.83 59.95 OK
r-devel-linux-x86_64-debian-gcc 0.5.5 2.04 54.26 56.30 OK
r-devel-linux-x86_64-fedora-clang 0.5.5 124.69 OK
r-devel-linux-x86_64-fedora-gcc 0.5.5 112.02 OK
r-devel-osx-x86_64-clang 0.5.5 100.57 OK
r-devel-windows-ix86+x86_64 0.5.5 7.00 80.00 87.00 OK
r-patched-linux-x86_64 0.5.5 2.95 58.00 60.94 OK
r-patched-solaris-sparc 0.5.5 679.10 OK
r-patched-solaris-x86 0.5.5 139.60 OK
r-release-linux-ix86 0.5.5 2.74 75.14 77.88 OK
r-release-linux-x86_64 0.5.5 2.32 61.50 63.82 OK
r-release-osx-x86_64-mavericks 0.5.5 NOTE
r-release-osx-x86_64-snowleopard 0.5.5 OK
r-release-windows-ix86+x86_64 0.5.5 8.00 92.00 100.00 OK
r-oldrel-windows-ix86+x86_64 0.5.5 8.00 93.00 101.00 OK

Check Details

Version: 0.5.5
Check: re-building of vignette outputs
Result: NOTE
    Error in re-building vignettes:
     ...
    Error in texi2dvi(file = file, pdf = TRUE, clean = clean, quiet = quiet, :
     Running 'texi2dvi' on 'vignette.tex' failed.
    LaTeX errors:
    ! LaTeX Error: File `fullpage.sty' not found.
    
    Type X to quit or <RETURN> to proceed,
    or enter new name. (Default extension: sty)
    
    est/ezsim/vignettes/vignette.tex:5: ==> Fatal error occurred, no output PDF fi
    le produced!
    Calls: buildVignettes -> texi2pdf -> texi2dvi
    Execution halted
Flavor: r-release-osx-x86_64-mavericks