CRAN Package Check Results for Package ezsim

Last updated on 2014-09-18 17:46:48.

Flavor Version Tinstall Tcheck Ttotal Status Flags
r-devel-linux-x86_64-debian-clang 0.5.5 2.13 56.18 58.31 OK
r-devel-linux-x86_64-debian-gcc 0.5.5 2.65 53.81 56.46 OK
r-devel-linux-x86_64-fedora-clang 0.5.5 121.79 OK
r-devel-linux-x86_64-fedora-gcc 0.5.5 114.87 OK
r-devel-osx-x86_64-clang 0.5.5 101.48 OK
r-devel-windows-ix86+x86_64 0.5.5 9.00 89.00 98.00 OK
r-patched-linux-x86_64 0.5.5 2.82 58.94 61.75 OK
r-patched-solaris-sparc 0.5.5 679.10 OK
r-patched-solaris-x86 0.5.5 138.10 OK
r-release-linux-ix86 0.5.5 2.70 72.95 75.65 OK
r-release-linux-x86_64 0.5.5 2.15 59.35 61.50 OK
r-release-osx-x86_64-mavericks 0.5.5 NOTE
r-release-osx-x86_64-snowleopard 0.5.5 OK
r-release-windows-ix86+x86_64 0.5.5 9.00 94.00 103.00 OK
r-oldrel-windows-ix86+x86_64 0.5.5 7.00 94.00 101.00 OK

Check Details

Version: 0.5.5
Check: re-building of vignette outputs
Result: NOTE
    Error in re-building vignettes:
     ...
    Error in texi2dvi(file = file, pdf = TRUE, clean = clean, quiet = quiet, :
     Running 'texi2dvi' on 'vignette.tex' failed.
    LaTeX errors:
    ! LaTeX Error: File `fullpage.sty' not found.
    
    Type X to quit or <RETURN> to proceed,
    or enter new name. (Default extension: sty)
    
    est/ezsim/vignettes/vignette.tex:5: ==> Fatal error occurred, no output PDF fi
    le produced!
    Calls: buildVignettes -> texi2pdf -> texi2dvi
    Execution halted
Flavor: r-release-osx-x86_64-mavericks