CRAN Package Check Results for Package ezsim

Last updated on 2014-12-19 20:48:14.

Flavor Version Tinstall Tcheck Ttotal Status Flags
r-devel-linux-x86_64-debian-clang 0.5.5 2.06 54.50 56.56 OK
r-devel-linux-x86_64-debian-gcc 0.5.5 2.00 52.94 54.93 OK
r-devel-linux-x86_64-fedora-clang 0.5.5 120.34 OK
r-devel-linux-x86_64-fedora-gcc 0.5.5 111.28 OK
r-devel-osx-x86_64-clang 0.5.5 100.42 OK
r-devel-windows-ix86+x86_64 0.5.5 8.00 83.00 91.00 OK
r-patched-linux-x86_64 0.5.5 2.16 58.12 60.28 OK
r-patched-solaris-sparc 0.5.5 679.10 OK
r-patched-solaris-x86 0.5.5 141.50 OK
r-release-linux-ix86 0.5.5 2.59 68.73 71.32 OK
r-release-linux-x86_64 0.5.5 2.04 59.41 61.45 OK
r-release-osx-x86_64-mavericks 0.5.5 NOTE
r-release-osx-x86_64-snowleopard 0.5.5 OK
r-release-windows-ix86+x86_64 0.5.5 8.00 93.00 101.00 OK
r-oldrel-windows-ix86+x86_64 0.5.5 10.00 96.00 106.00 OK

Check Details

Version: 0.5.5
Check: re-building of vignette outputs
Result: NOTE
    Error in re-building vignettes:
     ...
    Error in texi2dvi(file = file, pdf = TRUE, clean = clean, quiet = quiet, :
     Running 'texi2dvi' on 'vignette.tex' failed.
    LaTeX errors:
    ! LaTeX Error: File `fullpage.sty' not found.
    
    Type X to quit or <RETURN> to proceed,
    or enter new name. (Default extension: sty)
    
    est/ezsim/vignettes/vignette.tex:5: ==> Fatal error occurred, no output PDF fi
    le produced!
    Calls: buildVignettes -> texi2pdf -> texi2dvi
    Execution halted
Flavor: r-release-osx-x86_64-mavericks