CRAN Package Check Results for Package ezsim

Last updated on 2017-03-27 21:48:40.

Flavor Version Tinstall Tcheck Ttotal Status Flags
r-devel-linux-x86_64-debian-clang 0.5.5 1.34 38.94 40.29 NOTE
r-devel-linux-x86_64-debian-gcc 0.5.5 1.38 40.33 41.72 NOTE
r-devel-linux-x86_64-fedora-clang 0.5.5 78.38 NOTE --no-stop-on-test-error
r-devel-linux-x86_64-fedora-gcc 0.5.5 75.39 NOTE --no-stop-on-test-error
r-devel-macos-x86_64-clang 0.5.5 61.04 NOTE --no-stop-on-test-error
r-devel-windows-ix86+x86_64 0.5.5 6.00 69.00 75.00 NOTE
r-patched-linux-x86_64 0.5.5 1.40 38.31 39.71 NOTE
r-patched-solaris-sparc 0.5.5 429.70 NOTE
r-patched-solaris-x86 0.5.5 95.80 NOTE
r-release-linux-x86_64 0.5.5 1.41 33.43 34.84 NOTE
r-release-osx-x86_64-mavericks 0.5.5 NOTE
r-release-windows-ix86+x86_64 0.5.5 8.00 68.00 76.00 NOTE
r-oldrel-windows-ix86+x86_64 0.5.5 5.00 83.00 88.00 NOTE

Check Details

Version: 0.5.5
Check: DESCRIPTION meta-information
Result: NOTE
    Malformed Description field: should contain one or more complete sentences.
    BugReports field is not a suitable URL but contains an email address
     which will be used as from R 3.4.0
Flavors: r-devel-linux-x86_64-debian-clang, r-devel-linux-x86_64-debian-gcc, r-devel-windows-ix86+x86_64, r-patched-linux-x86_64, r-patched-solaris-sparc, r-patched-solaris-x86

Version: 0.5.5
Check: R code for possible problems
Result: NOTE
    createFormula: no visible global function definition for ‘tail’
    createFormula: no visible global function definition for ‘head’
    createFormula: no visible global function definition for ‘as.formula’
    ezsim: no visible global function definition for ‘runif’
    plot.ezsim: no visible global function definition for ‘quantile’
    plot.ezsim: no visible global function definition for ‘head’
    plot.ezsim: no visible global function definition for ‘tail’
    plot.ezsim: no visible global function definition for ‘plot’
    plot.ezsim: no visible binding for global variable ‘dnorm’
    plot.ezsim: no visible binding for global variable ‘pdf’
    plot.ezsim: no visible global function definition for ‘dev.off’
    plot.ezsim : <anonymous>: no visible global function definition for
     ‘dev.new’
    plot.summary.ezsim: no visible global function definition for ‘head’
    plot.summary.ezsim: no visible global function definition for ‘tail’
    plot.summary.ezsim: no visible binding for global variable ‘pdf’
    plot.summary.ezsim: no visible global function definition for ‘dev.off’
    plot.summary.ezsim : <anonymous>: no visible global function definition
     for ‘dev.new’
    Undefined global functions or variables:
     as.formula dev.new dev.off dnorm head pdf plot quantile runif tail
    Consider adding
     importFrom("grDevices", "dev.new", "dev.off", "pdf")
     importFrom("graphics", "plot")
     importFrom("stats", "as.formula", "dnorm", "quantile", "runif")
     importFrom("utils", "head", "tail")
    to your NAMESPACE file.
Flavors: r-devel-linux-x86_64-debian-clang, r-devel-linux-x86_64-debian-gcc, r-devel-windows-ix86+x86_64, r-patched-linux-x86_64, r-patched-solaris-sparc, r-patched-solaris-x86, r-release-linux-x86_64, r-release-osx-x86_64-mavericks, r-release-windows-ix86+x86_64

Version: 0.5.5
Flags: --no-stop-on-test-error
Check: DESCRIPTION meta-information
Result: NOTE
    Malformed Description field: should contain one or more complete sentences.
    BugReports field is not a suitable URL but contains an email address
     which will be used as from R 3.4.0
Flavors: r-devel-linux-x86_64-fedora-clang, r-devel-linux-x86_64-fedora-gcc, r-devel-macos-x86_64-clang

Version: 0.5.5
Flags: --no-stop-on-test-error
Check: R code for possible problems
Result: NOTE
    createFormula: no visible global function definition for ‘tail’
    createFormula: no visible global function definition for ‘head’
    createFormula: no visible global function definition for ‘as.formula’
    ezsim: no visible global function definition for ‘runif’
    plot.ezsim: no visible global function definition for ‘quantile’
    plot.ezsim: no visible global function definition for ‘head’
    plot.ezsim: no visible global function definition for ‘tail’
    plot.ezsim: no visible global function definition for ‘plot’
    plot.ezsim: no visible binding for global variable ‘dnorm’
    plot.ezsim: no visible binding for global variable ‘pdf’
    plot.ezsim: no visible global function definition for ‘dev.off’
    plot.ezsim : <anonymous>: no visible global function definition for
     ‘dev.new’
    plot.summary.ezsim: no visible global function definition for ‘head’
    plot.summary.ezsim: no visible global function definition for ‘tail’
    plot.summary.ezsim: no visible binding for global variable ‘pdf’
    plot.summary.ezsim: no visible global function definition for ‘dev.off’
    plot.summary.ezsim : <anonymous>: no visible global function definition
     for ‘dev.new’
    Undefined global functions or variables:
     as.formula dev.new dev.off dnorm head pdf plot quantile runif tail
    Consider adding
     importFrom("grDevices", "dev.new", "dev.off", "pdf")
     importFrom("graphics", "plot")
     importFrom("stats", "as.formula", "dnorm", "quantile", "runif")
     importFrom("utils", "head", "tail")
    to your NAMESPACE file.
Flavors: r-devel-linux-x86_64-fedora-clang, r-devel-linux-x86_64-fedora-gcc, r-devel-macos-x86_64-clang

Version: 0.5.5
Check: DESCRIPTION meta-information
Result: NOTE
    Malformed Description field: should contain one or more complete sentences.
Flavors: r-release-linux-x86_64, r-release-osx-x86_64-mavericks, r-release-windows-ix86+x86_64, r-oldrel-windows-ix86+x86_64