CRAN Package Check Results for Package ezsim

Last updated on 2014-08-23 08:51:32.

Flavor Version Tinstall Tcheck Ttotal Status Flags
r-devel-linux-x86_64-debian-clang 0.5.5 2.02 54.48 56.50 OK
r-devel-linux-x86_64-debian-gcc 0.5.5 1.96 54.68 56.64 OK
r-devel-linux-x86_64-fedora-clang 0.5.5 123.12 OK
r-devel-linux-x86_64-fedora-gcc 0.5.5 114.08 OK
r-devel-osx-x86_64-clang 0.5.5 100.82 OK
r-devel-windows-ix86+x86_64 0.5.5 7.00 87.00 94.00 OK
r-patched-linux-x86_64 0.5.5 2.72 57.70 60.42 OK
r-patched-solaris-sparc 0.5.5 679.10 OK
r-patched-solaris-x86 0.5.5 142.20 OK
r-release-linux-ix86 0.5.5 2.68 71.14 73.82 OK
r-release-linux-x86_64 0.5.5 2.80 58.32 61.12 OK
r-release-osx-x86_64-mavericks 0.5.5 NOTE
r-release-osx-x86_64-snowleopard 0.5.5 OK
r-release-windows-ix86+x86_64 0.5.5 8.00 97.00 105.00 OK
r-oldrel-windows-ix86+x86_64 0.5.5 8.00 99.00 107.00 OK

Check Details

Version: 0.5.5
Check: re-building of vignette outputs
Result: NOTE
    Error in re-building vignettes:
     ...
    Error in texi2dvi(file = file, pdf = TRUE, clean = clean, quiet = quiet, :
     Running 'texi2dvi' on 'vignette.tex' failed.
    LaTeX errors:
    ! LaTeX Error: File `fullpage.sty' not found.
    
    Type X to quit or <RETURN> to proceed,
    or enter new name. (Default extension: sty)
    
    est/ezsim/vignettes/vignette.tex:5: ==> Fatal error occurred, no output PDF fi
    le produced!
    Calls: buildVignettes -> texi2pdf -> texi2dvi
    Execution halted
Flavor: r-release-osx-x86_64-mavericks