CRAN Package Check Results for Package ezsim

Last updated on 2014-04-20 03:47:27.

Flavor Version Tinstall Tcheck Ttotal Status Flags
r-devel-linux-x86_64-debian-clang 0.5.3 2.13 27.82 29.96 NOTE
r-devel-linux-x86_64-debian-gcc 0.5.3 2.34 26.88 29.22 NOTE
r-devel-linux-x86_64-fedora-clang 0.5.3 63.02 NOTE
r-devel-linux-x86_64-fedora-gcc 0.5.3 58.14 NOTE
r-devel-macosx-x86_64-clang 0.5.3 56.02 NOTE
r-devel-macosx-x86_64-gcc 0.5.3 ERROR
r-devel-windows-ix86+x86_64 0.5.3 9.00 43.00 52.00 NOTE
r-patched-linux-x86_64 0.5.3 2.26 28.03 30.29 NOTE
r-patched-solaris-sparc 0.5.3 311.00 NOTE
r-patched-solaris-x86 0.5.3 76.90 NOTE
r-release-linux-ix86 NOTE
r-release-linux-x86_64 0.5.3 2.10 27.27 29.37 NOTE
r-release-macosx-x86_64 0.5.3 NOTE
r-release-windows-ix86+x86_64 0.5.3 12.00 46.00 58.00 NOTE
r-oldrel-windows-ix86+x86_64 0.5.3 10.00 97.00 107.00 NOTE

Check Details

Version: 0.5.3
Check: package dependencies
Result: NOTE
    Depends: includes the non-default packages:
     ‘foreach’ ‘ggplot2’ ‘reshape’ ‘plyr’ ‘parallel’ ‘Jmisc’ ‘digest’
    Adding so many packages to the search path is excessive and importing
    selectively is preferable.
Flavors: r-devel-linux-x86_64-debian-clang, r-devel-linux-x86_64-debian-gcc, r-devel-linux-x86_64-fedora-clang, r-devel-linux-x86_64-fedora-gcc, r-devel-macosx-x86_64-clang, r-devel-windows-ix86+x86_64, r-patched-linux-x86_64, r-patched-solaris-sparc, r-patched-solaris-x86, r-release-linux-ix86, r-release-linux-x86_64, r-release-macosx-x86_64, r-release-windows-ix86+x86_64

Version: 0.5.3
Check: dependencies in R code
Result: NOTE
    Packages in Depends field not imported from:
     ‘Jmisc’ ‘digest’ ‘foreach’ ‘ggplot2’ ‘plyr’ ‘reshape’
     These packages need to be imported from (in the NAMESPACE file)
     for when this namespace is loaded but not attached.
    ':::' calls which should be '::':
     ‘Jmisc:::addCol’ ‘Jmisc:::evalFunctionOnList’
     ‘Jmisc:::label_both_parsed_recode’ ‘Jmisc:::recode’
     See the note in ?`:::` about the use of this operator.
    See the information on DESCRIPTION files in the chapter ‘Creating R
    packages’ of the ‘Writing R Extensions’ manual.
Flavors: r-devel-linux-x86_64-debian-clang, r-devel-linux-x86_64-debian-gcc, r-devel-linux-x86_64-fedora-clang, r-devel-linux-x86_64-fedora-gcc, r-devel-macosx-x86_64-clang, r-devel-windows-ix86+x86_64, r-patched-linux-x86_64, r-patched-solaris-sparc, r-patched-solaris-x86, r-release-linux-ix86, r-release-linux-x86_64, r-release-windows-ix86+x86_64, r-oldrel-windows-ix86+x86_64

Version: 0.5.3
Check: R code for possible problems
Result: NOTE
    Found an obsolete/platform-specific call in the following functions:
     ‘plot.ezsim’ ‘plot.summary.ezsim’
    Found the platform-specific device:
     ‘x11’
    dev.new() is the preferred way to open a new device, in the unlikely
    event one is needed.
Flavors: r-devel-linux-x86_64-debian-clang, r-devel-linux-x86_64-debian-gcc, r-devel-linux-x86_64-fedora-clang, r-devel-linux-x86_64-fedora-gcc, r-devel-macosx-x86_64-clang, r-patched-linux-x86_64, r-patched-solaris-sparc, r-patched-solaris-x86, r-release-linux-ix86, r-release-linux-x86_64

Version: 0.5.3
Check: for old-style vignette sources
Result: NOTE
    Vignette sources only in ‘inst/doc’:
     ‘vignette.Rnw’
    A ‘vignettes’ directory is required as from R 3.1.0
    and these will not be indexed nor checked
Flavors: r-devel-linux-x86_64-debian-clang, r-devel-linux-x86_64-debian-gcc, r-devel-linux-x86_64-fedora-clang, r-devel-linux-x86_64-fedora-gcc, r-devel-macosx-x86_64-clang, r-devel-windows-ix86+x86_64, r-patched-linux-x86_64, r-patched-solaris-sparc, r-patched-solaris-x86, r-release-linux-ix86, r-release-linux-x86_64, r-release-macosx-x86_64, r-release-windows-ix86+x86_64

Version: 0.5.3
Check: Rd line widths
Result: NOTE
    Rd file 'ezsim.Rd':
     \examples lines wider than 100 characters:
     ## Test whether an ezsim object is valid. Print the result of the test and dont return the name of estimator.
     summary(ezsim_basic,stat=c("q25","median","q75"),Q025=quantile(value_of_estimator,0.025),Q975=quantile(value_of_estimator,0.975),subset ... [TRUNCATED]
     plot(ezsim_basic,"density",subset=list(estimator="mean_hat",sigma=3),parameters_priority="n",benchmark=dnorm)
     plot(ezsim_basic,"density",subset=list(estimator="mean_hat",mu=0),parameters_priority="n" ,benchmark=dnorm)
     display_name = c(beta_hat='hat(beta)',es='sigma[e]^2',xs='sigma[x]^2',sd_beta_hat='hat(sigma)[hat(beta)]'),
    
    Rd file 'plot.ezsim.Rd':
     \examples lines wider than 100 characters:
     plot(ezsim_basic,"density",subset=list(estimator="mean_hat",sigma=3),parameters_priority="n",benchmark=dnorm)
     plot(ezsim_basic,"density",subset=list(estimator="mean_hat",mu=0),parameters_priority="n" ,benchmark=dnorm)
     display_name = c(beta_hat='hat(beta)',es='sigma[e]^2',xs='sigma[x]^2',sd_beta_hat='hat(sigma)[hat(beta)]'),
    
    Rd file 'summary.ezsim.Rd':
     \examples lines wider than 100 characters:
     summary(ezsim_basic,stat=c("q25","median","q75"),Q025=quantile(value_of_estimator,0.025),Q975=quantile(value_of_estimator,0.975),subset ... [TRUNCATED]
    
    These lines will be truncated in the PDF manual.
Flavors: r-devel-linux-x86_64-fedora-clang, r-devel-linux-x86_64-fedora-gcc

Version: 0.5.3
Check: package dependencies
Result: ERROR
    Package required but not available: ‘ggplot2’
    
    Depends: includes the non-default packages:
     ‘foreach’ ‘ggplot2’ ‘reshape’ ‘plyr’ ‘parallel’ ‘Jmisc’ ‘digest’
    Adding so many packages to the search path is excessive and importing
    selectively is preferable.
    
    See the information on DESCRIPTION files in the chapter ‘Creating R
    packages’ of the ‘Writing R Extensions’ manual.
Flavor: r-devel-macosx-x86_64-gcc

Version: 0.5.3
Check: for old-style vignette sources
Result: NOTE
    Vignette sources only in 'inst/doc':
     'vignette.Rnw'
    A 'vignettes' directory will be required as from R 3.1.0
Flavor: r-oldrel-windows-ix86+x86_64