CRAN Package Check Results for Package ezsim

Last updated on 2014-07-31 23:47:09.

Flavor Version Tinstall Tcheck Ttotal Status Flags
r-devel-linux-x86_64-debian-clang 0.5.5 2.06 57.40 59.46 OK
r-devel-linux-x86_64-debian-gcc 0.5.5 2.08 57.19 59.27 OK
r-devel-linux-x86_64-fedora-clang 0.5.5 131.02 OK
r-devel-linux-x86_64-fedora-gcc 0.5.5 125.13 OK
r-devel-osx-x86_64-clang 0.5.5 104.74 OK
r-devel-windows-ix86+x86_64 0.5.5 8.00 91.00 99.00 OK
r-patched-linux-x86_64 0.5.5 2.56 58.82 61.38 OK
r-patched-solaris-sparc 0.5.5 679.10 OK
r-patched-solaris-x86 0.5.5 143.90 OK
r-release-linux-ix86 0.5.5 2.71 70.08 72.79 OK
r-release-linux-x86_64 0.5.5 2.41 58.22 60.63 OK
r-release-osx-x86_64-mavericks 0.5.5 NOTE
r-release-osx-x86_64-snowleopard 0.5.5 OK
r-release-windows-ix86+x86_64 0.5.5 12.00 131.00 143.00 OK
r-oldrel-windows-ix86+x86_64 0.5.5 10.00 134.00 144.00 OK

Check Details

Version: 0.5.5
Check: re-building of vignette outputs
Result: NOTE
    Error in re-building vignettes:
     ...
    Error in texi2dvi(file = file, pdf = TRUE, clean = clean, quiet = quiet, :
     Running 'texi2dvi' on 'vignette.tex' failed.
    LaTeX errors:
    ! LaTeX Error: File `fullpage.sty' not found.
    
    Type X to quit or <RETURN> to proceed,
    or enter new name. (Default extension: sty)
    
    est/ezsim/vignettes/vignette.tex:5: ==> Fatal error occurred, no output PDF fi
    le produced!
    Calls: buildVignettes -> texi2pdf -> texi2dvi
    Execution halted
Flavor: r-release-osx-x86_64-mavericks