CRAN Package Check Results for Package ezsim

Last updated on 2015-04-21 03:49:26.

Flavor Version Tinstall Tcheck Ttotal Status Flags
r-devel-linux-x86_64-debian-clang 0.5.5 1.46 46.80 48.26 NOTE
r-devel-linux-x86_64-debian-gcc 0.5.5 1.26 45.27 46.52 NOTE
r-devel-linux-x86_64-fedora-clang 0.5.5 97.43 NOTE
r-devel-linux-x86_64-fedora-gcc 0.5.5 93.24 NOTE
r-devel-osx-x86_64-clang 0.5.5 84.39 NOTE
r-devel-windows-ix86+x86_64 0.5.5 8.00 73.00 81.00 NOTE
r-patched-linux-x86_64 0.5.5 1.66 47.52 49.18 NOTE
r-patched-solaris-sparc 0.5.5 586.90 NOTE
r-patched-solaris-x86 0.5.5 109.90 NOTE
r-release-linux-x86_64 0.5.5 1.42 45.63 47.05 NOTE
r-release-osx-x86_64-mavericks 0.5.5 NOTE
r-release-osx-x86_64-snowleopard 0.5.5 ERROR
r-release-windows-ix86+x86_64 0.5.5 3.00 64.00 67.00 NOTE
r-oldrel-windows-ix86+x86_64 0.5.5 10.00 87.00 97.00 OK

Check Details

Version: 0.5.5
Check: DESCRIPTION meta-information
Result: NOTE
    Malformed Description field: should contain one or more complete sentences.
Flavors: r-devel-linux-x86_64-debian-clang, r-devel-linux-x86_64-debian-gcc, r-devel-linux-x86_64-fedora-clang, r-devel-linux-x86_64-fedora-gcc, r-devel-osx-x86_64-clang, r-devel-windows-ix86+x86_64, r-patched-linux-x86_64, r-patched-solaris-sparc, r-patched-solaris-x86, r-release-linux-x86_64, r-release-osx-x86_64-mavericks, r-release-windows-ix86+x86_64

Version: 0.5.5
Check: package dependencies
Result: ERROR
    Package required but not available: ‘ggplot2’
    
    See section ‘The DESCRIPTION file’ in the ‘Writing R Extensions’
    manual.
Flavor: r-release-osx-x86_64-snowleopard