CRAN Package Check Results for Package fANCOVA

Last updated on 2015-04-18 10:00:09.

Flavor Version Tinstall Tcheck Ttotal Status Flags
r-devel-linux-x86_64-debian-clang 0.5-1 0.64 28.91 29.55 NOTE
r-devel-linux-x86_64-debian-gcc 0.5-1 0.68 27.73 28.41 NOTE
r-devel-linux-x86_64-fedora-clang 0.5-1 55.46 NOTE
r-devel-linux-x86_64-fedora-gcc 0.5-1 53.52 NOTE
r-devel-osx-x86_64-clang 0.5-1 50.12 NOTE
r-prerel-windows-ix86+x86_64 0.5-1 4.00 43.00 47.00 NOTE
r-prerel-linux-x86_64 0.5-1 0.57 28.42 28.99 NOTE
r-prerel-solaris-sparc 0.5-1 364.00 NOTE
r-prerel-solaris-x86 0.5-1 64.90 NOTE
r-release-linux-x86_64 0.5-1 0.76 27.76 28.52 NOTE
r-release-osx-x86_64-mavericks 0.5-1 NOTE
r-release-windows-ix86+x86_64 0.5-1 4.00 48.00 52.00 NOTE
r-oldrel-windows-ix86+x86_64 0.5-1 2.00 47.00 49.00 NOTE

Check Details

Version: 0.5-1
Check: top-level files
Result: NOTE
    File
     LICENSE
    is not mentioned in the DESCRIPTION file.
Flavors: r-devel-linux-x86_64-debian-clang, r-devel-linux-x86_64-debian-gcc, r-devel-linux-x86_64-fedora-clang, r-devel-linux-x86_64-fedora-gcc, r-devel-osx-x86_64-clang, r-prerel-windows-ix86+x86_64, r-prerel-linux-x86_64, r-prerel-solaris-sparc, r-prerel-solaris-x86, r-release-linux-x86_64, r-release-osx-x86_64-mavericks, r-release-windows-ix86+x86_64, r-oldrel-windows-ix86+x86_64

Version: 0.5-1
Check: R code for possible problems
Result: NOTE
    File ‘fANCOVA/R/onload.R’:
     .onLoad calls:
     packageStartupMessage("fANCOVA 0.5-1 loaded")
    
    See section ‘Good practice’ in '?.onAttach'.
Flavors: r-devel-linux-x86_64-debian-clang, r-devel-linux-x86_64-debian-gcc, r-devel-linux-x86_64-fedora-clang, r-devel-linux-x86_64-fedora-gcc, r-devel-osx-x86_64-clang, r-prerel-windows-ix86+x86_64, r-prerel-linux-x86_64, r-prerel-solaris-sparc, r-prerel-solaris-x86, r-release-linux-x86_64, r-release-osx-x86_64-mavericks, r-release-windows-ix86+x86_64

Version: 0.5-1
Check: Rd \usage sections
Result: NOTE
    S3 methods shown with full name in documentation object 'plot.fANCOVA':
     ‘plot.fANCOVA’
    
    The \usage entries for S3 methods should use the \method markup and not
    their full name.
    See chapter ‘Writing R documentation files’ in the ‘Writing R
    Extensions’ manual.
Flavors: r-devel-linux-x86_64-debian-clang, r-devel-linux-x86_64-debian-gcc, r-devel-linux-x86_64-fedora-clang, r-devel-linux-x86_64-fedora-gcc, r-devel-osx-x86_64-clang, r-prerel-windows-ix86+x86_64, r-prerel-linux-x86_64, r-prerel-solaris-sparc, r-prerel-solaris-x86, r-release-linux-x86_64, r-release-windows-ix86+x86_64

Version: 0.5-1
Check: Rd \usage sections
Result: NOTE
    S3 methods shown with full name in documentation object 'plot.fANCOVA':
     ‘plot.fANCOVA’
    
    The \usage entries for S3 methods should use the \method markup and not
    their full name.
    See the chapter ‘Writing R documentation files’ in the ‘Writing R
    Extensions’ manual.
Flavors: r-release-osx-x86_64-mavericks, r-oldrel-windows-ix86+x86_64