CRAN Package Check Results for Package fANCOVA

Last updated on 2014-11-27 08:47:00.

Flavor Version Tinstall Tcheck Ttotal Status Flags
r-devel-linux-x86_64-debian-clang 0.5-1 0.65 28.83 29.48 NOTE
r-devel-linux-x86_64-debian-gcc 0.5-1 0.59 28.37 28.96 NOTE
r-devel-linux-x86_64-fedora-clang 0.5-1 59.65 NOTE
r-devel-linux-x86_64-fedora-gcc 0.5-1 67.27 NOTE
r-devel-osx-x86_64-clang 0.5-1 53.79 NOTE
r-devel-windows-ix86+x86_64 0.5-1 2.00 43.00 45.00 NOTE
r-patched-linux-x86_64 0.5-1 0.66 31.74 32.40 NOTE
r-patched-solaris-sparc 0.5-1 346.40 NOTE
r-patched-solaris-x86 0.5-1 71.30 NOTE
r-release-linux-ix86 0.5-1 1.14 37.87 39.01 NOTE
r-release-linux-x86_64 0.5-1 0.62 29.54 30.17 NOTE
r-release-osx-x86_64-mavericks 0.5-1 NOTE
r-release-windows-ix86+x86_64 0.5-1 2.00 63.00 65.00 NOTE
r-oldrel-windows-ix86+x86_64 0.5-1 2.00 47.00 49.00 NOTE

Check Details

Version: 0.5-1
Check: top-level files
Result: NOTE
    File
     LICENSE
    is not mentioned in the DESCRIPTION file.
Flavors: r-devel-linux-x86_64-debian-clang, r-devel-linux-x86_64-debian-gcc, r-devel-linux-x86_64-fedora-clang, r-devel-linux-x86_64-fedora-gcc, r-devel-osx-x86_64-clang, r-devel-windows-ix86+x86_64, r-patched-linux-x86_64, r-patched-solaris-sparc, r-patched-solaris-x86, r-release-linux-ix86, r-release-linux-x86_64, r-release-osx-x86_64-mavericks, r-release-windows-ix86+x86_64, r-oldrel-windows-ix86+x86_64

Version: 0.5-1
Check: R code for possible problems
Result: NOTE
    File ‘fANCOVA/R/onload.R’:
     .onLoad calls:
     packageStartupMessage("fANCOVA 0.5-1 loaded")
    
    See section ‘Good practice’ in '?.onAttach'.
Flavors: r-devel-linux-x86_64-debian-clang, r-devel-linux-x86_64-debian-gcc, r-devel-linux-x86_64-fedora-clang, r-devel-linux-x86_64-fedora-gcc, r-devel-osx-x86_64-clang, r-devel-windows-ix86+x86_64, r-patched-linux-x86_64, r-patched-solaris-sparc, r-patched-solaris-x86, r-release-linux-ix86, r-release-linux-x86_64, r-release-windows-ix86+x86_64

Version: 0.5-1
Check: Rd \usage sections
Result: NOTE
    S3 methods shown with full name in documentation object 'plot.fANCOVA':
     ‘plot.fANCOVA’
    
    The \usage entries for S3 methods should use the \method markup and not
    their full name.
    See the chapter ‘Writing R documentation files’ in the ‘Writing R
    Extensions’ manual.
Flavors: r-devel-linux-x86_64-debian-clang, r-devel-linux-x86_64-debian-gcc, r-devel-linux-x86_64-fedora-clang, r-devel-linux-x86_64-fedora-gcc, r-devel-osx-x86_64-clang, r-devel-windows-ix86+x86_64, r-patched-linux-x86_64, r-patched-solaris-sparc, r-patched-solaris-x86, r-release-linux-ix86, r-release-linux-x86_64, r-release-osx-x86_64-mavericks, r-release-windows-ix86+x86_64, r-oldrel-windows-ix86+x86_64