CRAN Package Check Results for Package fANCOVA

Last updated on 2015-07-03 23:47:32.

Flavor Version Tinstall Tcheck Ttotal Status Flags
r-devel-linux-x86_64-debian-clang 0.5-1 0.60 27.54 28.14 NOTE
r-devel-linux-x86_64-debian-gcc 0.5-1 0.66 27.43 28.09 NOTE
r-devel-linux-x86_64-fedora-clang 0.5-1 53.29 NOTE
r-devel-linux-x86_64-fedora-gcc 0.5-1 53.51 NOTE
r-devel-osx-x86_64-clang 0.5-1 49.68 NOTE
r-devel-windows-ix86+x86_64 0.5-1 4.00 49.00 53.00 NOTE
r-patched-linux-x86_64 0.5-1 0.65 27.32 27.98 NOTE
r-patched-solaris-sparc 0.5-1 360.50 NOTE
r-patched-solaris-x86 0.5-1 65.40 NOTE
r-release-linux-x86_64 0.5-1 0.66 27.41 28.06 NOTE
r-release-osx-x86_64-mavericks 0.5-1 NOTE
r-release-windows-ix86+x86_64 0.5-1 3.00 42.00 45.00 NOTE
r-oldrel-windows-ix86+x86_64 0.5-1 4.00 48.00 52.00 NOTE

Check Details

Version: 0.5-1
Check: top-level files
Result: NOTE
    File
     LICENSE
    is not mentioned in the DESCRIPTION file.
Flavors: r-devel-linux-x86_64-debian-clang, r-devel-linux-x86_64-debian-gcc, r-devel-linux-x86_64-fedora-clang, r-devel-linux-x86_64-fedora-gcc, r-devel-osx-x86_64-clang, r-devel-windows-ix86+x86_64, r-patched-linux-x86_64, r-patched-solaris-sparc, r-patched-solaris-x86, r-release-linux-x86_64, r-release-osx-x86_64-mavericks, r-release-windows-ix86+x86_64, r-oldrel-windows-ix86+x86_64

Version: 0.5-1
Check: R code for possible problems
Result: NOTE
    File ‘fANCOVA/R/onload.R’:
     .onLoad calls:
     packageStartupMessage("fANCOVA 0.5-1 loaded")
    
    See section ‘Good practice’ in '?.onAttach'.
    
    T.L2.default : opt.span : fn: no visible global function definition for
     ‘update’
    T.L2.default : opt.span: no visible global function definition for
     ‘optimize’
    T.L2.default : loc.fit.sub : opt.span.sub : fn: no visible global
     function definition for ‘update’
    T.L2.default : loc.fit.sub : opt.span.sub: no visible global function
     definition for ‘optimize’
    T.L2.default : loc.fit.sub: no visible global function definition for
     ‘loess’
    T.L2.default: no visible global function definition for ‘loess’
    T.L2.default: no visible global function definition for ‘runif’
    T.L2.default : <anonymous>: no visible global function definition for
     ‘predict’
    T.L2.default : T.L2.boot1 : loc.fit.sub0: no visible global function
     definition for ‘loess’
    T.L2.default : T.L2.boot1 : <anonymous>: no visible global function
     definition for ‘predict’
    T.L2.default : T.L2.boot2 : loc.fit.sub0: no visible global function
     definition for ‘loess’
    T.L2.default : T.L2.boot2 : <anonymous>: no visible global function
     definition for ‘predict’
    T.aov.default : opt.span : fn: no visible global function definition
     for ‘update’
    T.aov.default : opt.span: no visible global function definition for
     ‘optimize’
    T.aov.default : loc.fit.sub : opt.span.sub : fn: no visible global
     function definition for ‘update’
    T.aov.default : loc.fit.sub : opt.span.sub: no visible global function
     definition for ‘optimize’
    T.aov.default : loc.fit.sub: no visible global function definition for
     ‘loess’
    T.aov.default: no visible global function definition for ‘loess’
    T.aov.default : T.aov.boot1: no visible global function definition for
     ‘loess’
    T.aov.default : T.aov.boot1 : loc.fit.sub0: no visible global function
     definition for ‘loess’
    T.aov.default : T.aov.boot2: no visible global function definition for
     ‘loess’
    T.aov.default : T.aov.boot2 : loc.fit.sub0: no visible global function
     definition for ‘loess’
    T.var.default : opt.span : fn: no visible global function definition
     for ‘update’
    T.var.default : opt.span: no visible global function definition for
     ‘optimize’
    T.var.default : loc.fit.sub : opt.span.sub : fn: no visible global
     function definition for ‘update’
    T.var.default : loc.fit.sub : opt.span.sub: no visible global function
     definition for ‘optimize’
    T.var.default : loc.fit.sub: no visible global function definition for
     ‘loess’
    T.var.default: no visible global function definition for ‘loess’
    T.var.default : T.var.boot1: no visible global function definition for
     ‘loess’
    T.var.default : T.var.boot1 : loc.fit.sub0: no visible global function
     definition for ‘loess’
    T.var.default : T.var.boot2: no visible global function definition for
     ‘loess’
    T.var.default : T.var.boot2 : loc.fit.sub0: no visible global function
     definition for ‘loess’
    loess.ancova : opt.span : fn: no visible global function definition for
     ‘update’
    loess.ancova : opt.span: no visible global function definition for
     ‘optimize’
    loess.ancova : loc.hatmat1 : ploess1: no visible global function
     definition for ‘predict’
    loess.ancova : loc.hatmat1 : ploess1: no visible global function
     definition for ‘loess’
    loess.ancova : loc.hatmat2 : ploess2: no visible global function
     definition for ‘predict’
    loess.ancova : loc.hatmat2 : ploess2: no visible global function
     definition for ‘loess’
    loess.ancova: no visible global function definition for ‘lm’
    loess.ancova: no visible global function definition for ‘model.matrix’
    loess.ancova: no visible global function definition for ‘loess’
    loess.ancova: no visible global function definition for ‘coefficients’
    loess.ancova: no visible global function definition for ‘predict’
    loess.ancova: no visible global function definition for ‘matplot’
    loess.ancova: no visible global function definition for ‘points’
    loess.ancova: no visible global function definition for ‘legend’
    loess.ancova: no visible global function definition for ‘persp’
    loess.as : opt.span : fn: no visible global function definition for
     ‘update’
    loess.as : opt.span: no visible global function definition for
     ‘optimize’
    loess.as: no visible global function definition for ‘loess’
    loess.as: no visible global function definition for ‘predict’
    loess.as: no visible global function definition for ‘lines’
    loess.as: no visible global function definition for ‘persp’
    plot.fANCOVA: no visible global function definition for ‘plot’
    plot.fANCOVA: no visible global function definition for ‘density’
    plot.fANCOVA: no visible global function definition for ‘legend’
    plot.fANCOVA : <anonymous>: no visible global function definition for
     ‘predict’
    plot.fANCOVA: no visible global function definition for ‘matplot’
    wild.boot: no visible global function definition for ‘rbinom’
    wild.boot : <anonymous>: no visible global function definition for
     ‘rbinom’
    Undefined global functions or variables:
     coefficients density legend lines lm loess matplot model.matrix
     optimize persp plot points predict rbinom runif update
Flavors: r-devel-linux-x86_64-debian-clang, r-devel-linux-x86_64-debian-gcc, r-devel-linux-x86_64-fedora-clang, r-devel-linux-x86_64-fedora-gcc

Version: 0.5-1
Check: Rd \usage sections
Result: NOTE
    S3 methods shown with full name in documentation object 'plot.fANCOVA':
     ‘plot.fANCOVA’
    
    The \usage entries for S3 methods should use the \method markup and not
    their full name.
    See chapter ‘Writing R documentation files’ in the ‘Writing R
    Extensions’ manual.
Flavors: r-devel-linux-x86_64-debian-clang, r-devel-linux-x86_64-debian-gcc, r-devel-linux-x86_64-fedora-clang, r-devel-linux-x86_64-fedora-gcc, r-devel-osx-x86_64-clang, r-devel-windows-ix86+x86_64, r-patched-linux-x86_64, r-patched-solaris-sparc, r-patched-solaris-x86, r-release-linux-x86_64, r-release-osx-x86_64-mavericks, r-release-windows-ix86+x86_64, r-oldrel-windows-ix86+x86_64

Version: 0.5-1
Check: R code for possible problems
Result: NOTE
    File ‘fANCOVA/R/onload.R’:
     .onLoad calls:
     packageStartupMessage("fANCOVA 0.5-1 loaded")
    
    See section ‘Good practice’ in '?.onAttach'.
Flavors: r-devel-osx-x86_64-clang, r-devel-windows-ix86+x86_64, r-patched-linux-x86_64, r-patched-solaris-sparc, r-patched-solaris-x86, r-release-linux-x86_64, r-release-osx-x86_64-mavericks, r-release-windows-ix86+x86_64, r-oldrel-windows-ix86+x86_64