CRAN Package Check Results for Package fANCOVA

Last updated on 2014-07-25 03:49:45.

Flavor Version Tinstall Tcheck Ttotal Status Flags
r-devel-linux-x86_64-debian-clang 0.5-1 0.56 30.12 30.68 NOTE
r-devel-linux-x86_64-debian-gcc 0.5-1 0.56 29.21 29.78 NOTE
r-devel-linux-x86_64-fedora-clang 0.5-1 63.92 NOTE
r-devel-linux-x86_64-fedora-gcc 0.5-1 60.26 NOTE
r-devel-osx-x86_64-clang 0.5-1 53.08 NOTE
r-devel-windows-ix86+x86_64 0.5-1 2.00 46.00 48.00 NOTE
r-patched-linux-x86_64 0.5-1 0.57 29.15 29.72 NOTE
r-patched-solaris-sparc 0.5-1 355.80 NOTE
r-patched-solaris-x86 0.5-1 69.90 NOTE
r-release-linux-ix86 0.5-1 0.88 39.16 40.04 NOTE
r-release-linux-x86_64 0.5-1 0.58 29.60 30.18 NOTE
r-release-osx-x86_64-mavericks 0.5-1 NOTE
r-release-windows-ix86+x86_64 0.5-1 3.00 66.00 69.00 NOTE
r-oldrel-windows-ix86+x86_64 0.5-1 2.00 47.00 49.00 NOTE

Check Details

Version: 0.5-1
Check: top-level files
Result: NOTE
    File
     LICENSE
    is not mentioned in the DESCRIPTION file.
Flavors: r-devel-linux-x86_64-debian-clang, r-devel-linux-x86_64-debian-gcc, r-devel-linux-x86_64-fedora-clang, r-devel-linux-x86_64-fedora-gcc, r-devel-osx-x86_64-clang, r-devel-windows-ix86+x86_64, r-patched-linux-x86_64, r-patched-solaris-sparc, r-patched-solaris-x86, r-release-linux-ix86, r-release-linux-x86_64, r-release-osx-x86_64-mavericks, r-release-windows-ix86+x86_64, r-oldrel-windows-ix86+x86_64

Version: 0.5-1
Check: Rd \usage sections
Result: NOTE
    S3 methods shown with full name in documentation object 'plot.fANCOVA':
     ‘plot.fANCOVA’
    
    The \usage entries for S3 methods should use the \method markup and not
    their full name.
    See the chapter ‘Writing R documentation files’ in the ‘Writing R
    Extensions’ manual.
Flavors: r-devel-linux-x86_64-debian-clang, r-devel-linux-x86_64-debian-gcc, r-devel-linux-x86_64-fedora-clang, r-devel-linux-x86_64-fedora-gcc, r-devel-osx-x86_64-clang, r-devel-windows-ix86+x86_64, r-patched-linux-x86_64, r-patched-solaris-sparc, r-patched-solaris-x86, r-release-linux-ix86, r-release-linux-x86_64, r-release-osx-x86_64-mavericks, r-release-windows-ix86+x86_64, r-oldrel-windows-ix86+x86_64