CRAN Package Check Results for Package fANCOVA

Last updated on 2015-02-28 05:47:59.

Flavor Version Tinstall Tcheck Ttotal Status Flags
r-devel-linux-x86_64-debian-clang 0.5-1 0.65 28.21 28.86 NOTE
r-devel-linux-x86_64-debian-gcc 0.5-1 0.68 28.07 28.76 NOTE
r-devel-linux-x86_64-fedora-clang 0.5-1 56.30 NOTE
r-devel-linux-x86_64-fedora-gcc 0.5-1 53.22 NOTE
r-devel-osx-x86_64-clang 0.5-1 51.44 NOTE
r-devel-windows-ix86+x86_64 0.5-1 4.00 45.00 49.00 NOTE
r-patched-linux-x86_64 0.5-1 0.79 30.35 31.14 NOTE
r-patched-solaris-sparc 0.5-1 397.90 NOTE
r-release-linux-ix86 0.5-1 0.91 39.32 40.23 NOTE
r-release-linux-x86_64 0.5-1 0.61 30.49 31.10 NOTE
r-release-osx-x86_64-mavericks 0.5-1 NOTE
r-release-windows-ix86+x86_64 0.5-1 2.00 63.00 65.00 NOTE
r-oldrel-windows-ix86+x86_64 0.5-1 2.00 47.00 49.00 NOTE

Check Details

Version: 0.5-1
Check: top-level files
Result: NOTE
    File
     LICENSE
    is not mentioned in the DESCRIPTION file.
Flavors: r-devel-linux-x86_64-debian-clang, r-devel-linux-x86_64-debian-gcc, r-devel-linux-x86_64-fedora-clang, r-devel-linux-x86_64-fedora-gcc, r-devel-osx-x86_64-clang, r-devel-windows-ix86+x86_64, r-patched-linux-x86_64, r-patched-solaris-sparc, r-release-linux-ix86, r-release-linux-x86_64, r-release-osx-x86_64-mavericks, r-release-windows-ix86+x86_64, r-oldrel-windows-ix86+x86_64

Version: 0.5-1
Check: R code for possible problems
Result: NOTE
    File ‘fANCOVA/R/onload.R’:
     .onLoad calls:
     packageStartupMessage("fANCOVA 0.5-1 loaded")
    
    See section ‘Good practice’ in '?.onAttach'.
Flavors: r-devel-linux-x86_64-debian-clang, r-devel-linux-x86_64-debian-gcc, r-devel-linux-x86_64-fedora-clang, r-devel-linux-x86_64-fedora-gcc, r-devel-osx-x86_64-clang, r-devel-windows-ix86+x86_64, r-patched-linux-x86_64, r-patched-solaris-sparc, r-release-linux-ix86, r-release-linux-x86_64, r-release-osx-x86_64-mavericks, r-release-windows-ix86+x86_64

Version: 0.5-1
Check: Rd \usage sections
Result: NOTE
    S3 methods shown with full name in documentation object 'plot.fANCOVA':
     ‘plot.fANCOVA’
    
    The \usage entries for S3 methods should use the \method markup and not
    their full name.
    See chapter ‘Writing R documentation files’ in the ‘Writing R
    Extensions’ manual.
Flavors: r-devel-linux-x86_64-debian-clang, r-devel-linux-x86_64-debian-gcc, r-devel-linux-x86_64-fedora-clang, r-devel-linux-x86_64-fedora-gcc, r-devel-osx-x86_64-clang, r-devel-windows-ix86+x86_64, r-patched-linux-x86_64, r-patched-solaris-sparc

Version: 0.5-1
Check: Rd \usage sections
Result: NOTE
    S3 methods shown with full name in documentation object 'plot.fANCOVA':
     ‘plot.fANCOVA’
    
    The \usage entries for S3 methods should use the \method markup and not
    their full name.
    See the chapter ‘Writing R documentation files’ in the ‘Writing R
    Extensions’ manual.
Flavors: r-release-linux-ix86, r-release-linux-x86_64, r-release-osx-x86_64-mavericks, r-release-windows-ix86+x86_64, r-oldrel-windows-ix86+x86_64