CRAN Package Check Results for Package fANCOVA

Last updated on 2015-01-31 04:47:53.

Flavor Version Tinstall Tcheck Ttotal Status Flags
r-devel-linux-x86_64-debian-clang 0.5-1 0.60 27.67 28.28 NOTE
r-devel-linux-x86_64-debian-gcc 0.5-1 0.62 27.60 28.22 NOTE
r-devel-linux-x86_64-fedora-clang 0.5-1 60.65 NOTE
r-devel-linux-x86_64-fedora-gcc 0.5-1 58.36 NOTE
r-devel-osx-x86_64-clang 0.5-1 53.80 NOTE
r-devel-windows-ix86+x86_64 0.5-1 3.00 45.00 48.00 NOTE
r-patched-linux-x86_64 0.5-1 0.68 29.59 30.26 NOTE
r-patched-solaris-sparc 0.5-1 374.80 NOTE
r-patched-solaris-x86 0.5-1 71.70 NOTE
r-release-linux-ix86 0.5-1 0.92 38.08 39.00 NOTE
r-release-linux-x86_64 0.5-1 0.63 30.86 31.50 NOTE
r-release-osx-x86_64-mavericks 0.5-1 NOTE
r-release-windows-ix86+x86_64 0.5-1 2.00 63.00 65.00 NOTE
r-oldrel-windows-ix86+x86_64 0.5-1 2.00 47.00 49.00 NOTE

Check Details

Version: 0.5-1
Check: top-level files
Result: NOTE
    File
     LICENSE
    is not mentioned in the DESCRIPTION file.
Flavors: r-devel-linux-x86_64-debian-clang, r-devel-linux-x86_64-debian-gcc, r-devel-linux-x86_64-fedora-clang, r-devel-linux-x86_64-fedora-gcc, r-devel-osx-x86_64-clang, r-devel-windows-ix86+x86_64, r-patched-linux-x86_64, r-patched-solaris-sparc, r-patched-solaris-x86, r-release-linux-ix86, r-release-linux-x86_64, r-release-osx-x86_64-mavericks, r-release-windows-ix86+x86_64, r-oldrel-windows-ix86+x86_64

Version: 0.5-1
Check: R code for possible problems
Result: NOTE
    File ‘fANCOVA/R/onload.R’:
     .onLoad calls:
     packageStartupMessage("fANCOVA 0.5-1 loaded")
    
    See section ‘Good practice’ in '?.onAttach'.
Flavors: r-devel-linux-x86_64-debian-clang, r-devel-linux-x86_64-debian-gcc, r-devel-linux-x86_64-fedora-clang, r-devel-linux-x86_64-fedora-gcc, r-devel-osx-x86_64-clang, r-devel-windows-ix86+x86_64, r-patched-linux-x86_64, r-patched-solaris-sparc, r-patched-solaris-x86, r-release-linux-ix86, r-release-linux-x86_64, r-release-osx-x86_64-mavericks, r-release-windows-ix86+x86_64

Version: 0.5-1
Check: Rd \usage sections
Result: NOTE
    S3 methods shown with full name in documentation object 'plot.fANCOVA':
     ‘plot.fANCOVA’
    
    The \usage entries for S3 methods should use the \method markup and not
    their full name.
    See chapter ‘Writing R documentation files’ in the ‘Writing R
    Extensions’ manual.
Flavors: r-devel-linux-x86_64-debian-clang, r-devel-linux-x86_64-debian-gcc, r-devel-linux-x86_64-fedora-clang, r-devel-linux-x86_64-fedora-gcc, r-devel-osx-x86_64-clang, r-devel-windows-ix86+x86_64

Version: 0.5-1
Check: Rd \usage sections
Result: NOTE
    S3 methods shown with full name in documentation object 'plot.fANCOVA':
     ‘plot.fANCOVA’
    
    The \usage entries for S3 methods should use the \method markup and not
    their full name.
    See the chapter ‘Writing R documentation files’ in the ‘Writing R
    Extensions’ manual.
Flavors: r-patched-linux-x86_64, r-patched-solaris-sparc, r-patched-solaris-x86, r-release-linux-ix86, r-release-linux-x86_64, r-release-osx-x86_64-mavericks, r-release-windows-ix86+x86_64, r-oldrel-windows-ix86+x86_64