CRAN Package Check Results for Package fArma

Last updated on 2015-03-30 00:48:18.

Flavor Version Tinstall Tcheck Ttotal Status Flags
r-devel-linux-x86_64-debian-clang 3010.79 3.78 37.88 41.66 NOTE
r-devel-linux-x86_64-debian-gcc 3010.79 4.01 35.22 39.23 NOTE
r-devel-linux-x86_64-fedora-clang 3010.79 79.97 NOTE
r-devel-linux-x86_64-fedora-gcc 3010.79 77.49 NOTE
r-devel-osx-x86_64-clang 3010.79 75.73 NOTE
r-prerel-windows-ix86+x86_64 3010.79 13.00 74.00 87.00 NOTE
r-prerel-linux-x86_64 3010.79 3.82 34.87 38.69 NOTE
r-prerel-solaris-sparc 3010.79 476.50 NOTE
r-prerel-solaris-x86 3010.79 94.70 NOTE
r-release-linux-x86_64 3010.79 4.42 44.14 48.56 NOTE
r-release-osx-x86_64-mavericks 3010.79 NOTE
r-release-osx-x86_64-snowleopard 3010.79 OK
r-release-windows-ix86+x86_64 3010.79 14.00 85.00 99.00 NOTE
r-oldrel-windows-ix86+x86_64 3010.79 13.00 86.00 99.00 NOTE

Check Details

Version: 3010.79
Check: DESCRIPTION meta-information
Result: NOTE
    Malformed Description field: should contain one or more complete sentences.
Flavors: r-devel-linux-x86_64-debian-clang, r-devel-linux-x86_64-debian-gcc, r-devel-linux-x86_64-fedora-clang, r-devel-linux-x86_64-fedora-gcc, r-devel-osx-x86_64-clang, r-prerel-windows-ix86+x86_64, r-prerel-linux-x86_64, r-prerel-solaris-sparc, r-prerel-solaris-x86

Version: 3010.79
Check: dependencies in R code
Result: NOTE
    ':::' call which should be '::': ‘fBasics:::.sliderMenu’
     See the note in ?`:::` about the use of this operator.
Flavors: r-devel-linux-x86_64-debian-clang, r-devel-linux-x86_64-debian-gcc, r-devel-linux-x86_64-fedora-clang, r-devel-linux-x86_64-fedora-gcc, r-devel-osx-x86_64-clang, r-prerel-windows-ix86+x86_64, r-prerel-linux-x86_64, r-prerel-solaris-sparc, r-prerel-solaris-x86, r-release-linux-x86_64, r-release-windows-ix86+x86_64

Version: 3010.79
Check: S3 generic/method consistency
Result: NOTE
    Found the following apparent S3 methods exported but not registered:
     .plot.arma.1 .plot.arma.2 .plot.arma.3 .plot.arma.4
    See section ‘Registering S3 methods’ in the ‘Writing R Extensions’
    manual.
Flavors: r-devel-linux-x86_64-debian-clang, r-devel-linux-x86_64-debian-gcc, r-devel-linux-x86_64-fedora-clang, r-devel-linux-x86_64-fedora-gcc, r-devel-osx-x86_64-clang, r-prerel-linux-x86_64

Version: 3010.79
Check: line endings in Makefiles
Result: NOTE
    Found the following Makefile(s) without a final LF:
     inst/unitTests/Makefile
    Some ‘make’ programs ignore lines not ending in LF.
Flavors: r-devel-linux-x86_64-debian-clang, r-devel-linux-x86_64-debian-gcc, r-devel-linux-x86_64-fedora-clang, r-devel-linux-x86_64-fedora-gcc, r-devel-osx-x86_64-clang, r-prerel-windows-ix86+x86_64, r-prerel-linux-x86_64, r-prerel-solaris-sparc, r-prerel-solaris-x86, r-release-linux-x86_64, r-release-osx-x86_64-mavericks, r-release-windows-ix86+x86_64

Version: 3010.79
Check: dependencies in R code
Result: NOTE
    ':::' call which should be '::': ‘fBasics:::.sliderMenu’
     See the note in ?`:::` about the use of this operator.
    See the information on DESCRIPTION files in the chapter ‘Creating R
    packages’ of the ‘Writing R Extensions’ manual.
Flavors: r-release-osx-x86_64-mavericks, r-oldrel-windows-ix86+x86_64