CRAN Package Check Results for Package fArma

Last updated on 2014-08-27 10:47:47.

Flavor Version Tinstall Tcheck Ttotal Status Flags
r-devel-linux-x86_64-debian-clang 3010.79 4.57 44.19 48.76 NOTE
r-devel-linux-x86_64-debian-gcc 3010.79 4.46 42.75 47.21 NOTE
r-devel-linux-x86_64-fedora-clang 3010.79 103.79 NOTE
r-devel-linux-x86_64-fedora-gcc 3010.79 100.58 NOTE
r-devel-osx-x86_64-clang 3010.79 81.93 NOTE
r-devel-windows-ix86+x86_64 3010.79 14.00 80.00 94.00 NOTE
r-patched-linux-x86_64 3010.79 4.66 45.01 49.67 NOTE
r-patched-solaris-sparc 3010.79 598.20 NOTE
r-patched-solaris-x86 3010.79 128.00 NOTE
r-release-linux-ix86 3010.79 5.91 56.25 62.16 NOTE
r-release-linux-x86_64 3010.79 4.82 48.89 53.71 NOTE
r-release-osx-x86_64-mavericks 3010.79 NOTE
r-release-osx-x86_64-snowleopard 3010.79 OK
r-release-windows-ix86+x86_64 3010.79 13.00 88.00 101.00 NOTE
r-oldrel-windows-ix86+x86_64 3010.79 15.00 85.00 100.00 NOTE

Check Details

Version: 3010.79
Check: dependencies in R code
Result: NOTE
    ':::' call which should be '::': ‘fBasics:::.sliderMenu’
     See the note in ?`:::` about the use of this operator.
    See the information on DESCRIPTION files in the chapter ‘Creating R
    packages’ of the ‘Writing R Extensions’ manual.
Flavors: r-devel-linux-x86_64-debian-clang, r-devel-linux-x86_64-debian-gcc, r-devel-linux-x86_64-fedora-clang, r-devel-linux-x86_64-fedora-gcc, r-devel-osx-x86_64-clang, r-devel-windows-ix86+x86_64, r-patched-linux-x86_64, r-patched-solaris-sparc, r-patched-solaris-x86, r-release-linux-ix86, r-release-linux-x86_64, r-release-osx-x86_64-mavericks, r-release-windows-ix86+x86_64, r-oldrel-windows-ix86+x86_64