CRAN Package Check Results for Package fArma

Last updated on 2014-10-25 21:46:27.

Flavor Version Tinstall Tcheck Ttotal Status Flags
r-devel-linux-x86_64-debian-clang 3010.79 4.39 43.89 48.28 NOTE
r-devel-linux-x86_64-debian-gcc 3010.79 4.32 43.23 47.55 NOTE
r-devel-linux-x86_64-fedora-clang 3010.79 102.55 NOTE
r-devel-linux-x86_64-fedora-gcc 3010.79 96.68 NOTE
r-devel-osx-x86_64-clang 3010.79 87.25 NOTE
r-devel-windows-ix86+x86_64 3010.79 13.00 77.00 90.00 NOTE
r-patched-linux-x86_64 3010.79 4.56 45.23 49.78 NOTE
r-patched-solaris-sparc 3010.79 598.20 NOTE
r-patched-solaris-x86 3010.79 124.30 NOTE
r-release-linux-ix86 3010.79 5.92 57.11 63.04 NOTE
r-release-linux-x86_64 3010.79 4.58 46.54 51.12 NOTE
r-release-osx-x86_64-mavericks 3010.79 NOTE
r-release-osx-x86_64-snowleopard 3010.79 OK
r-release-windows-ix86+x86_64 3010.79 14.00 84.00 98.00 NOTE
r-oldrel-windows-ix86+x86_64 3010.79 18.00 82.00 100.00 NOTE

Check Details

Version: 3010.79
Check: dependencies in R code
Result: NOTE
    ':::' call which should be '::': ‘fBasics:::.sliderMenu’
     See the note in ?`:::` about the use of this operator.
    See the information on DESCRIPTION files in the chapter ‘Creating R
    packages’ of the ‘Writing R Extensions’ manual.
Flavors: r-devel-linux-x86_64-debian-clang, r-devel-linux-x86_64-debian-gcc, r-devel-linux-x86_64-fedora-clang, r-devel-linux-x86_64-fedora-gcc, r-devel-osx-x86_64-clang, r-devel-windows-ix86+x86_64, r-patched-linux-x86_64, r-patched-solaris-sparc, r-patched-solaris-x86, r-release-linux-ix86, r-release-linux-x86_64, r-release-osx-x86_64-mavericks, r-release-windows-ix86+x86_64, r-oldrel-windows-ix86+x86_64