CRAN Package Check Results for Package fArma

Last updated on 2014-07-31 08:47:00.

Flavor Version Tinstall Tcheck Ttotal Status Flags
r-devel-linux-x86_64-debian-clang 3010.79 4.50 47.84 52.34 NOTE
r-devel-linux-x86_64-debian-gcc 3010.79 4.71 45.05 49.76 NOTE
r-devel-linux-x86_64-fedora-clang 3010.79 108.35 NOTE
r-devel-linux-x86_64-fedora-gcc 3010.79 101.05 NOTE
r-devel-osx-x86_64-clang 3010.79 86.62 NOTE
r-devel-windows-ix86+x86_64 3010.79 13.00 82.00 95.00 NOTE
r-patched-linux-x86_64 3010.79 4.65 46.22 50.87 NOTE
r-patched-solaris-sparc 3010.79 598.20 NOTE
r-patched-solaris-x86 3010.79 129.60 NOTE
r-release-linux-ix86 3010.79 5.86 55.88 61.74 NOTE
r-release-linux-x86_64 3010.79 4.75 45.82 50.57 NOTE
r-release-osx-x86_64-mavericks 3010.79 NOTE
r-release-osx-x86_64-snowleopard 3010.79 OK
r-release-windows-ix86+x86_64 3010.79 21.00 120.00 141.00 NOTE
r-oldrel-windows-ix86+x86_64 3010.79 20.00 117.00 137.00 NOTE

Check Details

Version: 3010.79
Check: dependencies in R code
Result: NOTE
    ':::' call which should be '::': fBasics:::.sliderMenu
     See the note in ?`:::` about the use of this operator.
    See the information on DESCRIPTION files in the chapter Creating R
    packages of the Writing R Extensions manual.
Flavors: r-devel-linux-x86_64-debian-clang, r-devel-linux-x86_64-debian-gcc, r-devel-linux-x86_64-fedora-clang, r-devel-linux-x86_64-fedora-gcc, r-devel-osx-x86_64-clang, r-devel-windows-ix86+x86_64, r-patched-linux-x86_64, r-patched-solaris-sparc, r-patched-solaris-x86, r-release-linux-ix86, r-release-linux-x86_64, r-release-osx-x86_64-mavericks, r-release-windows-ix86+x86_64, r-oldrel-windows-ix86+x86_64