CRAN Package Check Results for Package fArma

Last updated on 2015-07-01 03:47:27.

Flavor Version Tinstall Tcheck Ttotal Status Flags
r-devel-linux-x86_64-debian-clang 3010.79 3.83 38.17 42.00 NOTE
r-devel-linux-x86_64-debian-gcc 3010.79 4.34 36.04 40.39 NOTE
r-devel-linux-x86_64-fedora-clang 3010.79 78.52 NOTE
r-devel-linux-x86_64-fedora-gcc 3010.79 72.37 NOTE
r-devel-osx-x86_64-clang 3010.79 69.82 NOTE
r-devel-windows-ix86+x86_64 3010.79 18.00 67.00 85.00 NOTE
r-patched-linux-x86_64 3010.79 3.93 34.84 38.78 NOTE
r-patched-solaris-sparc 3010.79 479.10 NOTE
r-patched-solaris-x86 3010.79 97.90 NOTE
r-release-linux-x86_64 3010.79 4.40 35.91 40.31 NOTE
r-release-osx-x86_64-mavericks 3010.79 NOTE
r-release-windows-ix86+x86_64 3010.79 17.00 71.00 88.00 NOTE
r-oldrel-windows-ix86+x86_64 3010.79 14.00 84.00 98.00 NOTE

Check Details

Version: 3010.79
Check: DESCRIPTION meta-information
Result: NOTE
    Malformed Description field: should contain one or more complete sentences.
Flavors: r-devel-linux-x86_64-debian-clang, r-devel-linux-x86_64-debian-gcc, r-devel-linux-x86_64-fedora-clang, r-devel-linux-x86_64-fedora-gcc, r-devel-osx-x86_64-clang, r-devel-windows-ix86+x86_64, r-patched-linux-x86_64, r-patched-solaris-sparc, r-patched-solaris-x86, r-release-linux-x86_64, r-release-osx-x86_64-mavericks, r-release-windows-ix86+x86_64

Version: 3010.79
Check: dependencies in R code
Result: NOTE
    ':::' call which should be '::': ‘fBasics:::.sliderMenu’
     See the note in ?`:::` about the use of this operator.
Flavors: r-devel-linux-x86_64-debian-clang, r-devel-linux-x86_64-debian-gcc, r-devel-linux-x86_64-fedora-clang, r-devel-linux-x86_64-fedora-gcc, r-devel-osx-x86_64-clang, r-devel-windows-ix86+x86_64, r-patched-linux-x86_64, r-patched-solaris-sparc, r-patched-solaris-x86, r-release-linux-x86_64, r-release-osx-x86_64-mavericks, r-release-windows-ix86+x86_64, r-oldrel-windows-ix86+x86_64

Version: 3010.79
Check: S3 generic/method consistency
Result: NOTE
    Found the following apparent S3 methods exported but not registered:
     .plot.arma.1 .plot.arma.2 .plot.arma.3 .plot.arma.4
    See section ‘Registering S3 methods’ in the ‘Writing R Extensions’
    manual.
Flavors: r-devel-linux-x86_64-debian-clang, r-devel-linux-x86_64-debian-gcc, r-devel-linux-x86_64-fedora-clang, r-devel-linux-x86_64-fedora-gcc, r-devel-osx-x86_64-clang, r-patched-linux-x86_64, r-patched-solaris-sparc, r-patched-solaris-x86, r-release-linux-x86_64

Version: 3010.79
Check: R code for possible problems
Result: NOTE
    .arFit: no visible global function definition for ‘ar’
    .arPredict: no visible global function definition for ‘predict’
    .arimaFit: no visible global function definition for ‘arima’
    .arimaPredict: no visible global function definition for ‘predict’
    .convol: no visible global function definition for ‘fft’
    .fbmSim.chol: no visible global function definition for ‘rnorm’
    .fbmSim.chol: no visible global function definition for ‘grid’
    .fbmSim.circ: no visible global function definition for ‘fft’
    .fbmSim.circ: no visible global function definition for ‘rnorm’
    .fbmSim.circ: no visible global function definition for ‘grid’
    .fbmSim.lev: no visible global function definition for ‘rnorm’
    .fbmSim.lev: no visible global function definition for ‘grid’
    .fbmSim.mvn: no visible global function definition for ‘rnorm’
    .fbmSim.mvn: no visible global function definition for ‘grid’
    .fbmSim.wave: no visible global function definition for ‘rnorm’
    .fbmSim.wave: no visible global function definition for ‘grid’
    .fbmSlider : refresh.code: no visible global function definition for
     ‘par’
    .fgnSim.beran: no visible global function definition for ‘rnorm’
    .fgnSim.beran: no visible global function definition for ‘fft’
    .fgnSim.durbin: no visible global function definition for ‘rnorm’
    .fgnSim.paxson: no visible global function definition for ‘rexp’
    .fgnSim.paxson: no visible global function definition for ‘runif’
    .fgnSim.paxson: no visible global function definition for ‘fft’
    .fgnSim.paxson: no visible global function definition for ‘var’
    .fgnSlider : refresh.code: no visible global function definition for
     ‘par’
    .fgnSlider : refresh.code: no visible global function definition for
     ‘grid’
    .fgnSlider : refresh.code: no visible global function definition for
     ‘title’
    .gkFARIMA0: no visible global function definition for ‘fft’
    .gkFGN0: no visible global function definition for ‘fft’
    .modelSeries: no visible global function definition for ‘as.formula’
    .modelSeries: no visible global function definition for ‘model.frame’
    .multArmaPlot: no visible global function definition for ‘menu’
    .plot.arma.1: no visible global function definition for ‘grid’
    .plot.arma.2: no visible global function definition for ‘acf’
    .plot.arma.2: no visible binding for global variable ‘na.pass’
    .plot.arma.2: no visible global function definition for ‘grid’
    .plot.arma.3: no visible global function definition for ‘qqnorm’
    .plot.arma.3: no visible global function definition for ‘qqline’
    .plot.arma.3: no visible global function definition for ‘grid’
    .plot.arma.4: no visible global function definition for ‘Box.test’
    .plot.arma.4: no visible global function definition for ‘grid’
    .simFARIMA0: no visible global function definition for ‘rnorm’
    .simFARIMA0: no visible global function definition for ‘fft’
    .simFGN0: no visible global function definition for ‘rnorm’
    .simFGN0: no visible global function definition for ‘fft’
    absvalFit: no visible global function definition for ‘lsfit’
    absvalFit: no visible global function definition for ‘ls.print’
    aggvarFit: no visible global function definition for ‘var’
    aggvarFit: no visible global function definition for ‘lsfit’
    aggvarFit: no visible global function definition for ‘ls.print’
    armaFit: no visible global function definition for ‘as.formula’
    armaRoots: no visible global function definition for ‘title’
    armaSim: no visible binding for global variable ‘rnorm’
    armaSim: no visible global function definition for ‘ts’
    armaSim: no visible global function definition for ‘diffinv’
    armaSim: no visible global function definition for ‘rnorm’
    armaTrueacf: no visible global function definition for ‘ARMAacf’
    boxperFit: no visible global function definition for ‘fft’
    boxperFit: no visible global function definition for ‘lsfit’
    boxperFit: no visible global function definition for ‘ls.print’
    diffvarFit: no visible global function definition for ‘lsfit’
    diffvarFit: no visible global function definition for ‘ls.print’
    farimaSim: no visible binding for global variable ‘rnorm’
    farimaSim: no visible global function definition for ‘rnorm’
    farimaStatsSlider : refresh.code: no visible global function definition
     for ‘par’
    farimaStatsSlider : refresh.code: no visible global function definition
     for ‘title’
    farimaStatsSlider : refresh.code: no visible global function definition
     for ‘grid’
    fgnStatsSlider : refresh.code: no visible global function definition
     for ‘par’
    fgnStatsSlider : refresh.code: no visible global function definition
     for ‘title’
    fgnStatsSlider : refresh.code: no visible global function definition
     for ‘grid’
    higuchiFit: no visible global function definition for ‘lsfit’
    higuchiFit: no visible global function definition for ‘ls.print’
    hurstSlider : refresh.code: no visible global function definition for
     ‘par’
    hurstSlider : refresh.code: no visible global function definition for
     ‘mtext’
    pengFit: no visible global function definition for ‘lm.fit’
    pengFit: no visible global function definition for ‘var’
    pengFit: no visible global function definition for ‘lsfit’
    pengFit: no visible global function definition for ‘ls.print’
    perFit: no visible global function definition for ‘fft’
    perFit: no visible global function definition for ‘lsfit’
    perFit: no visible global function definition for ‘ls.print’
    predict.fARMA: no visible global function definition for ‘qnorm’
    predict.fARMA: no visible global function definition for ‘heat.colors’
    predict.fARMA: no visible global function definition for ‘ts’
    predict.fARMA: no visible global function definition for ‘tsp’
    predict.fARMA: no visible global function definition for ‘title’
    predict.fARMA: no visible global function definition for ‘palette’
    predict.fARMA: no visible global function definition for ‘polygon’
    predict.fARMA: no visible global function definition for ‘grid’
    rsFit: no visible global function definition for ‘lsfit’
    rsFit: no visible global function definition for ‘ls.print’
    summary.fARMA: no visible global function definition for ‘var’
    summary.fARMA: no visible global function definition for ‘pnorm’
    summary.fARMA: no visible global function definition for ‘printCoefmat’
    waveletFit: no visible global function definition for ‘lsfit’
    waveletFit: no visible global function definition for ‘ls.print’
    show,fHURST: no visible global function definition for ‘capture.output’
    show,fHURST: no visible global function definition for ‘title’
    show,fHURST: no visible global function definition for ‘grid’
Flavors: r-devel-linux-x86_64-debian-clang, r-devel-linux-x86_64-debian-gcc, r-devel-linux-x86_64-fedora-clang, r-devel-linux-x86_64-fedora-gcc, r-devel-windows-ix86+x86_64

Version: 3010.79
Check: line endings in Makefiles
Result: NOTE
    Found the following Makefile(s) without a final LF:
     inst/unitTests/Makefile
    Some ‘make’ programs ignore lines not ending in LF.
Flavors: r-devel-linux-x86_64-debian-clang, r-devel-linux-x86_64-debian-gcc, r-devel-linux-x86_64-fedora-clang, r-devel-linux-x86_64-fedora-gcc, r-devel-osx-x86_64-clang, r-devel-windows-ix86+x86_64, r-patched-linux-x86_64, r-patched-solaris-sparc, r-patched-solaris-x86, r-release-linux-x86_64, r-release-osx-x86_64-mavericks, r-release-windows-ix86+x86_64, r-oldrel-windows-ix86+x86_64