CRAN Package Check Results for Package fArma

Last updated on 2014-04-23 12:48:17.

Flavor Version Tinstall Tcheck Ttotal Status Flags
r-devel-linux-x86_64-debian-clang 3010.79 4.70 47.60 52.30 NOTE
r-devel-linux-x86_64-debian-gcc 3010.79 4.76 47.72 52.48 NOTE
r-devel-linux-x86_64-fedora-clang 3010.79 107.60 NOTE
r-devel-linux-x86_64-fedora-gcc 3010.79 104.60 NOTE
r-devel-osx-x86_64-clang 3010.79 82.67 NOTE
r-devel-osx-x86_64-gcc 3010.79 NOTE
r-devel-windows-ix86+x86_64 3010.79 13.00 81.00 94.00 NOTE
r-patched-linux-x86_64 3010.79 4.59 47.29 51.88 NOTE
r-patched-solaris-sparc 3010.79 589.70 NOTE
r-patched-solaris-x86 3010.79 131.00 NOTE
r-release-linux-ix86 3010.79 8.00 75.00 83.00 NOTE
r-release-linux-x86_64 3010.79 4.80 49.42 54.23 NOTE
r-release-osx-x86_64-mavericks 3010.79 WARN
r-release-osx-x86_64-snowleopard 3010.79 OK
r-release-windows-ix86+x86_64 3010.79 13.00 91.00 104.00 NOTE
r-oldrel-windows-ix86+x86_64 3010.79 14.00 97.00 111.00 NOTE

Check Details

Version: 3010.79
Check: dependencies in R code
Result: NOTE
    ':::' call which should be '::': ‘fBasics:::.sliderMenu’
     See the note in ?`:::` about the use of this operator.
    See the information on DESCRIPTION files in the chapter ‘Creating R
    packages’ of the ‘Writing R Extensions’ manual.
Flavors: r-devel-linux-x86_64-debian-clang, r-devel-linux-x86_64-debian-gcc, r-devel-linux-x86_64-fedora-clang, r-devel-linux-x86_64-fedora-gcc, r-devel-osx-x86_64-clang, r-devel-osx-x86_64-gcc, r-devel-windows-ix86+x86_64, r-patched-linux-x86_64, r-patched-solaris-sparc, r-patched-solaris-x86, r-release-linux-ix86, r-release-linux-x86_64, r-release-osx-x86_64-mavericks, r-release-windows-ix86+x86_64, r-oldrel-windows-ix86+x86_64

Version: 3010.79
Check: PDF version of manual
Result: WARNING
    LaTeX errors when creating PDF version.
    This typically indicates Rd problems.
    LaTeX errors found:
    ! LaTeX Error: File `upquote.sty' not found.
    
    Type X to quit or <RETURN> to proceed,
    or enter new name. (Default extension: sty)
    
    27ff1d9/Rd2.tex:8: ==> Fatal error occurred, no output PDF file produced!
Flavor: r-release-osx-x86_64-mavericks