CRAN Package Check Results for Package fArma

Last updated on 2014-11-28 07:47:07.

Flavor Version Tinstall Tcheck Ttotal Status Flags
r-devel-linux-x86_64-debian-clang 3010.79 4.52 44.29 48.81 NOTE
r-devel-linux-x86_64-debian-gcc 3010.79 4.28 42.05 46.34 NOTE
r-devel-linux-x86_64-fedora-clang 3010.79 101.40 NOTE
r-devel-linux-x86_64-fedora-gcc 3010.79 112.88 NOTE
r-devel-osx-x86_64-clang 3010.79 84.90 NOTE
r-devel-windows-ix86+x86_64 3010.79 12.00 79.00 91.00 NOTE
r-patched-linux-x86_64 3010.79 4.50 43.10 47.60 NOTE
r-patched-solaris-sparc 3010.79 598.20 NOTE
r-patched-solaris-x86 3010.79 122.50 NOTE
r-release-linux-ix86 3010.79 5.59 51.52 57.10 NOTE
r-release-linux-x86_64 3010.79 4.51 43.46 47.96 NOTE
r-release-osx-x86_64-mavericks 3010.79 NOTE
r-release-osx-x86_64-snowleopard 3010.79 OK
r-release-windows-ix86+x86_64 3010.79 12.00 82.00 94.00 NOTE
r-oldrel-windows-ix86+x86_64 3010.79 13.00 78.00 91.00 NOTE

Check Details

Version: 3010.79
Check: dependencies in R code
Result: NOTE
    ':::' call which should be '::': ‘fBasics:::.sliderMenu’
     See the note in ?`:::` about the use of this operator.
    See the information on DESCRIPTION files in the chapter ‘Creating R
    packages’ of the ‘Writing R Extensions’ manual.
Flavors: r-devel-linux-x86_64-debian-clang, r-devel-linux-x86_64-debian-gcc, r-devel-linux-x86_64-fedora-clang, r-devel-linux-x86_64-fedora-gcc, r-devel-osx-x86_64-clang, r-devel-windows-ix86+x86_64, r-patched-linux-x86_64, r-patched-solaris-sparc, r-patched-solaris-x86, r-release-linux-ix86, r-release-linux-x86_64, r-release-osx-x86_64-mavericks, r-release-windows-ix86+x86_64, r-oldrel-windows-ix86+x86_64