CRAN Package Check Results for Package fArma

Last updated on 2014-12-21 11:46:33.

Flavor Version Tinstall Tcheck Ttotal Status Flags
r-devel-linux-x86_64-debian-clang 3010.79 4.37 42.52 46.89 NOTE
r-devel-linux-x86_64-debian-gcc 3010.79 4.50 40.43 44.94 NOTE
r-devel-linux-x86_64-fedora-clang 3010.79 102.00 NOTE
r-devel-linux-x86_64-fedora-gcc 3010.79 88.60 NOTE
r-devel-osx-x86_64-clang 3010.79 84.62 NOTE
r-devel-windows-ix86+x86_64 3010.79 14.00 79.00 93.00 NOTE
r-patched-linux-x86_64 3010.79 4.45 43.28 47.73 NOTE
r-patched-solaris-sparc 3010.79 598.20 NOTE
r-patched-solaris-x86 3010.79 121.20 NOTE
r-release-linux-ix86 3010.79 5.52 51.44 56.97 NOTE
r-release-linux-x86_64 3010.79 4.50 43.79 48.29 NOTE
r-release-osx-x86_64-mavericks 3010.79 NOTE
r-release-osx-x86_64-snowleopard 3010.79 OK
r-release-windows-ix86+x86_64 3010.79 14.00 82.00 96.00 NOTE
r-oldrel-windows-ix86+x86_64 3010.79 15.00 81.00 96.00 NOTE

Check Details

Version: 3010.79
Check: dependencies in R code
Result: NOTE
    ':::' call which should be '::': ‘fBasics:::.sliderMenu’
     See the note in ?`:::` about the use of this operator.
    See the information on DESCRIPTION files in the chapter ‘Creating R
    packages’ of the ‘Writing R Extensions’ manual.
Flavors: r-devel-linux-x86_64-debian-clang, r-devel-linux-x86_64-debian-gcc, r-devel-linux-x86_64-fedora-clang, r-devel-linux-x86_64-fedora-gcc, r-devel-osx-x86_64-clang, r-devel-windows-ix86+x86_64, r-patched-linux-x86_64, r-patched-solaris-sparc, r-patched-solaris-x86, r-release-linux-ix86, r-release-linux-x86_64, r-release-osx-x86_64-mavericks, r-release-windows-ix86+x86_64, r-oldrel-windows-ix86+x86_64