CRAN Package Check Results for Package fArma

Last updated on 2018-01-17 03:49:07 CET.

Flavor Version Tinstall Tcheck Ttotal Status Flags
r-devel-linux-x86_64-debian-clang 3042.81 4.40 63.71 68.11 NOTE
r-devel-linux-x86_64-debian-gcc 3042.81 4.23 49.98 54.21 NOTE
r-devel-linux-x86_64-fedora-clang 3042.81 78.32 NOTE
r-devel-linux-x86_64-fedora-gcc 3042.81 77.44 NOTE
r-devel-windows-ix86+x86_64 3042.81 23.00 105.00 128.00 OK
r-patched-linux-x86_64 3042.81 4.90 63.76 68.66 NOTE
r-patched-solaris-x86 3042.81 108.30 NOTE
r-release-linux-x86_64 3042.81 5.91 63.34 69.25 NOTE
r-release-windows-ix86+x86_64 3042.81 18.00 127.00 145.00 OK
r-release-osx-x86_64 3042.81 OK
r-oldrel-windows-ix86+x86_64 3042.81 18.00 108.00 126.00 OK
r-oldrel-osx-x86_64 3042.81 OK

Check Details

Version: 3042.81
Check: S3 generic/method consistency
Result: NOTE
    Found the following apparent S3 methods exported but not registered:
     .plot.arma.1 .plot.arma.2 .plot.arma.3 .plot.arma.4
    See section ‘Registering S3 methods’ in the ‘Writing R Extensions’
    manual.
Flavors: r-devel-linux-x86_64-debian-clang, r-devel-linux-x86_64-debian-gcc, r-devel-linux-x86_64-fedora-clang, r-devel-linux-x86_64-fedora-gcc, r-patched-linux-x86_64, r-patched-solaris-x86, r-release-linux-x86_64

Version: 3042.81
Check: compiled code
Result: NOTE
    File ‘fArma/libs/fArma.so’:
     Found no calls to: ‘R_registerRoutines’, ‘R_useDynamicSymbols’
    
    It is good practice to register native routines and to disable symbol
    search.
    
    See ‘Writing portable packages’ in the ‘Writing R Extensions’ manual.
Flavors: r-devel-linux-x86_64-debian-clang, r-devel-linux-x86_64-debian-gcc, r-devel-linux-x86_64-fedora-clang, r-devel-linux-x86_64-fedora-gcc, r-patched-linux-x86_64, r-release-linux-x86_64