CRAN Package Check Results for Package fArma

Last updated on 2015-01-27 21:47:54.

Flavor Version Tinstall Tcheck Ttotal Status Flags
r-devel-linux-x86_64-debian-clang 3010.79 4.23 39.80 44.03 NOTE
r-devel-linux-x86_64-debian-gcc 3010.79 4.23 39.49 43.72 NOTE
r-devel-linux-x86_64-fedora-clang 3010.79 99.76 NOTE
r-devel-linux-x86_64-fedora-gcc 3010.79 94.62 NOTE
r-devel-osx-x86_64-clang 3010.79 83.63 NOTE
r-devel-windows-ix86+x86_64 3010.79 14.00 74.00 88.00 NOTE
r-patched-linux-x86_64 3010.79 4.42 42.84 47.26 NOTE
r-patched-solaris-sparc 3010.79 604.20 NOTE
r-patched-solaris-x86 3010.79 121.80 NOTE
r-release-linux-ix86 3010.79 5.54 51.60 57.13 NOTE
r-release-linux-x86_64 3010.79 4.60 43.79 48.39 NOTE
r-release-osx-x86_64-mavericks 3010.79 NOTE
r-release-osx-x86_64-snowleopard 3010.79 OK
r-release-windows-ix86+x86_64 3010.79 16.00 88.00 104.00 NOTE
r-oldrel-windows-ix86+x86_64 3010.79 14.00 83.00 97.00 NOTE

Check Details

Version: 3010.79
Check: dependencies in R code
Result: NOTE
    ':::' call which should be '::': ‘fBasics:::.sliderMenu’
     See the note in ?`:::` about the use of this operator.
Flavors: r-devel-linux-x86_64-debian-clang, r-devel-linux-x86_64-debian-gcc, r-devel-linux-x86_64-fedora-clang, r-devel-linux-x86_64-fedora-gcc, r-devel-osx-x86_64-clang, r-devel-windows-ix86+x86_64

Version: 3010.79
Check: S3 generic/method consistency
Result: NOTE
    Found the following apparent S3 methods exported but not registered:
     .plot.arma.1 .plot.arma.2 .plot.arma.3 .plot.arma.4
    See section ‘Registering S3 methods’ in the ‘Writing R Extensions’
    manual.
Flavors: r-devel-linux-x86_64-debian-clang, r-devel-linux-x86_64-debian-gcc, r-devel-linux-x86_64-fedora-clang, r-devel-linux-x86_64-fedora-gcc, r-devel-osx-x86_64-clang

Version: 3010.79
Check: line endings in Makefiles
Result: NOTE
    Found the following Makefile(s) without a final LF:
     inst/unitTests/Makefile
    Some ‘make’ programs ignore lines not ending in LF.
Flavors: r-devel-linux-x86_64-debian-clang, r-devel-linux-x86_64-debian-gcc, r-devel-linux-x86_64-fedora-clang, r-devel-linux-x86_64-fedora-gcc, r-devel-osx-x86_64-clang, r-devel-windows-ix86+x86_64, r-patched-linux-x86_64, r-patched-solaris-sparc, r-patched-solaris-x86, r-release-osx-x86_64-mavericks

Version: 3010.79
Check: dependencies in R code
Result: NOTE
    ':::' call which should be '::': ‘fBasics:::.sliderMenu’
     See the note in ?`:::` about the use of this operator.
    See the information on DESCRIPTION files in the chapter ‘Creating R
    packages’ of the ‘Writing R Extensions’ manual.
Flavors: r-patched-linux-x86_64, r-patched-solaris-sparc, r-patched-solaris-x86, r-release-linux-ix86, r-release-linux-x86_64, r-release-osx-x86_64-mavericks, r-release-windows-ix86+x86_64, r-oldrel-windows-ix86+x86_64