CRAN Package Check Results for Package fAsianOptions

Last updated on 2014-08-23 16:46:24.

Flavor Version Tinstall Tcheck Ttotal Status Flags
r-devel-linux-x86_64-debian-clang 3010.79 5.00 43.19 48.20 OK
r-devel-linux-x86_64-debian-gcc 3010.79 4.96 42.02 46.98 OK
r-devel-linux-x86_64-fedora-clang 3010.79 102.31 OK
r-devel-linux-x86_64-fedora-gcc 3010.79 98.18 OK
r-devel-osx-x86_64-clang 3010.79 82.83 OK
r-devel-windows-ix86+x86_64 3010.79 13.00 77.00 90.00 OK
r-patched-linux-x86_64 3010.79 5.08 45.90 50.98 OK
r-patched-solaris-sparc 3010.79 587.00 OK
r-patched-solaris-x86 3010.79 124.20 OK
r-release-linux-ix86 3010.79 6.90 54.29 61.19 OK
r-release-linux-x86_64 3010.79 5.14 44.27 49.41 OK
r-release-osx-x86_64-mavericks 3010.79 OK
r-release-osx-x86_64-snowleopard 3010.79 ERROR
r-release-windows-ix86+x86_64 3010.79 17.00 89.00 106.00 OK
r-oldrel-windows-ix86+x86_64 3010.79 15.00 88.00 103.00 OK

Check Details

Version: 3010.79
Check: whether package can be installed
Result: ERROR
    Installation failed.
Flavor: r-release-osx-x86_64-snowleopard