CRAN Package Check Results for Package fAsianOptions

Last updated on 2014-07-24 09:49:35.

Flavor Version Tinstall Tcheck Ttotal Status Flags
r-devel-linux-x86_64-debian-clang 3010.79 5.08 45.24 50.32 OK
r-devel-linux-x86_64-debian-gcc 3010.79 5.00 42.63 47.62 OK
r-devel-linux-x86_64-fedora-clang 3010.79 106.15 OK
r-devel-linux-x86_64-fedora-gcc 3010.79 105.45 OK
r-devel-osx-x86_64-clang 3010.79 84.19 OK
r-devel-windows-ix86+x86_64 3010.79 13.00 83.00 96.00 OK
r-patched-linux-x86_64 3010.79 5.20 43.26 48.46 OK
r-patched-solaris-sparc 3010.79 574.10 OK
r-patched-solaris-x86 3010.79 122.80 OK
r-release-linux-ix86 3010.79 6.92 54.19 61.11 OK
r-release-linux-x86_64 3010.79 5.15 45.19 50.34 OK
r-release-osx-x86_64-mavericks 3010.79 OK
r-release-osx-x86_64-snowleopard 3010.79 ERROR
r-release-windows-ix86+x86_64 3010.79 15.00 84.00 99.00 OK
r-oldrel-windows-ix86+x86_64 3010.79 17.00 83.00 100.00 OK

Check Details

Version: 3010.79
Check: whether package can be installed
Result: ERROR
    Installation failed.
    See ‘/Volumes/XT3/Builds/R-dev-web/QA/Simon/packages/snowleopard-x86_64/results/3.1/fAsianOptions.Rcheck/00install.out’ for details.
Flavor: r-release-osx-x86_64-snowleopard