CRAN Package Check Results for Package fAsianOptions

Last updated on 2015-03-30 23:47:44.

Flavor Version Tinstall Tcheck Ttotal Status Flags
r-devel-linux-x86_64-debian-clang 3010.79 4.32 34.42 38.74 NOTE
r-devel-linux-x86_64-debian-gcc 3010.79 4.20 34.30 38.50 NOTE
r-devel-linux-x86_64-fedora-clang 3010.79 77.23 NOTE
r-devel-linux-x86_64-fedora-gcc 3010.79 74.51 NOTE
r-devel-osx-x86_64-clang 3010.79 73.81 NOTE
r-prerel-windows-ix86+x86_64 3010.79 14.00 73.00 87.00 NOTE
r-prerel-linux-x86_64 3010.79 4.19 33.48 37.67 NOTE
r-prerel-solaris-sparc 3010.79 465.50 NOTE
r-prerel-solaris-x86 3010.79 92.30 NOTE
r-release-linux-x86_64 3010.79 5.22 41.64 46.86 NOTE
r-release-osx-x86_64-mavericks 3010.79 NOTE
r-release-osx-x86_64-snowleopard 3010.79 ERROR
r-release-windows-ix86+x86_64 3010.79 15.00 92.00 107.00 NOTE
r-oldrel-windows-ix86+x86_64 3010.79 16.00 85.00 101.00 OK

Check Details

Version: 3010.79
Check: DESCRIPTION meta-information
Result: NOTE
    Malformed Description field: should contain one or more complete sentences.
Flavors: r-devel-linux-x86_64-debian-clang, r-devel-linux-x86_64-debian-gcc, r-devel-linux-x86_64-fedora-clang, r-devel-linux-x86_64-fedora-gcc, r-devel-osx-x86_64-clang, r-prerel-windows-ix86+x86_64, r-prerel-linux-x86_64, r-prerel-solaris-sparc, r-prerel-solaris-x86

Version: 3010.79
Check: line endings in Makefiles
Result: NOTE
    Found the following Makefile(s) without a final LF:
     inst/unitTests/Makefile
    Some ‘make’ programs ignore lines not ending in LF.
Flavors: r-devel-linux-x86_64-debian-clang, r-devel-linux-x86_64-debian-gcc, r-devel-linux-x86_64-fedora-clang, r-devel-linux-x86_64-fedora-gcc, r-devel-osx-x86_64-clang, r-prerel-windows-ix86+x86_64, r-prerel-linux-x86_64, r-prerel-solaris-sparc, r-prerel-solaris-x86, r-release-linux-x86_64, r-release-osx-x86_64-mavericks, r-release-windows-ix86+x86_64

Version: 3010.79
Check: whether package can be installed
Result: ERROR
    Installation failed.
Flavor: r-release-osx-x86_64-snowleopard