CRAN Package Check Results for Package fAsianOptions

Last updated on 2014-09-03 05:47:41.

Flavor Version Tinstall Tcheck Ttotal Status Flags
r-devel-linux-x86_64-debian-clang 3010.79 5.10 42.79 47.89 OK
r-devel-linux-x86_64-debian-gcc 3010.79 4.88 41.00 45.88 OK
r-devel-linux-x86_64-fedora-clang 3010.79 102.62 OK
r-devel-linux-x86_64-fedora-gcc 3010.79 95.74 OK
r-devel-osx-x86_64-clang 3010.79 80.67 OK
r-devel-windows-ix86+x86_64 3010.79 15.00 85.00 100.00 OK
r-patched-linux-x86_64 3010.79 5.10 45.28 50.38 OK
r-patched-solaris-sparc 3010.79 587.00 OK
r-patched-solaris-x86 3010.79 122.80 OK
r-release-linux-ix86 3010.79 6.89 54.47 61.36 OK
r-release-linux-x86_64 3010.79 5.35 44.00 49.36 OK
r-release-osx-x86_64-mavericks 3010.79 OK
r-release-osx-x86_64-snowleopard 3010.79 ERROR
r-release-windows-ix86+x86_64 3010.79 15.00 82.00 97.00 OK
r-oldrel-windows-ix86+x86_64 3010.79 15.00 85.00 100.00 OK

Check Details

Version: 3010.79
Check: whether package can be installed
Result: ERROR
    Installation failed.
Flavor: r-release-osx-x86_64-snowleopard