CRAN Package Check Results for Package fAsianOptions

Last updated on 2016-12-08 15:48:18.

Flavor Version Tinstall Tcheck Ttotal Status Flags
r-devel-linux-x86_64-debian-clang 3010.79 4.45 36.41 40.87 WARN
r-devel-linux-x86_64-debian-gcc 3010.79 4.85 36.01 40.86 WARN
r-devel-linux-x86_64-fedora-clang 3010.79 81.38 WARN --no-stop-on-test-error
r-devel-linux-x86_64-fedora-gcc 3010.79 76.11 WARN --no-stop-on-test-error
r-devel-macos-x86_64-clang 3010.79 58.95 WARN --no-stop-on-test-error
r-devel-windows-ix86+x86_64 3010.79 17.00 78.00 95.00 WARN
r-patched-linux-x86_64 3010.79 4.14 32.48 36.61 NOTE
r-patched-solaris-sparc 3010.79 423.40 NOTE
r-patched-solaris-x86 3010.79 82.70 NOTE
r-release-linux-x86_64 3010.79 4.45 33.05 37.50 NOTE
r-release-osx-x86_64-mavericks 3010.79 NOTE
r-release-windows-ix86+x86_64 3010.79 14.00 101.00 115.00 NOTE
r-oldrel-windows-ix86+x86_64 3010.79 18.00 80.00 98.00 NOTE

Check Details

Version: 3010.79
Check: whether package can be installed
Result: WARN
    Found the following significant warnings:
     Warning: GNU Extension: Nonstandard type declaration REAL*8 at (1)
     Warning: ‘i’ is used uninitialized in this function [-Wuninitialized]
Flavors: r-devel-linux-x86_64-debian-clang, r-devel-linux-x86_64-debian-gcc

Version: 3010.79
Check: DESCRIPTION meta-information
Result: NOTE
    Malformed Description field: should contain one or more complete sentences.
Flavors: r-devel-linux-x86_64-debian-clang, r-devel-linux-x86_64-debian-gcc, r-devel-windows-ix86+x86_64, r-patched-linux-x86_64, r-patched-solaris-sparc, r-patched-solaris-x86, r-release-linux-x86_64, r-release-osx-x86_64-mavericks, r-release-windows-ix86+x86_64, r-oldrel-windows-ix86+x86_64

Version: 3010.79
Check: R code for possible problems
Result: NOTE
    .gxuEBM: no visible global function definition for ‘pnorm’
    .gxuEBM: no visible global function definition for ‘dnorm’
    .thetaEBM: no visible global function definition for ‘integrate’
    CurranThompsonAsianOption: no visible global function definition for
     ‘integrate’
    CurranThompsonAsianOption : f: no visible global function definition
     for ‘pnorm’
    CurranThompsonAsianOption: no visible global function definition for
     ‘pnorm’
    GemanYorAsianOption: no visible global function definition for
     ‘integrate’
    LinetzkyAsianOption: no visible global function definition for
     ‘integrate’
    LinetzkyAsianOption: no visible global function definition for ‘pgamma’
    MomentMatchedAsianDensity: no visible global function definition for
     ‘dlnorm’
    MomentMatchedAsianOption: no visible global function definition for
     ‘pnorm’
    MomentMatchedAsianOption: no visible global function definition for
     ‘pgamma’
    RogerShiThompsonAsianOption : gamma.star : func: no visible global
     function definition for ‘integrate’
    RogerShiThompsonAsianOption : gamma.star: no visible global function
     definition for ‘uniroot’
    RogerShiThompsonAsianOption : f: no visible global function definition
     for ‘pnorm’
    RogerShiThompsonAsianOption: no visible global function definition for
     ‘integrate’
    RogerShiThompsonAsianOption: no visible global function definition for
     ‘pnorm’
    ThompsonAsianOption : fmu: no visible global function definition for
     ‘integrate’
    ThompsonAsianOption : fw: no visible global function definition for
     ‘dnorm’
    ThompsonAsianOption : fw: no visible global function definition for
     ‘pnorm’
    ThompsonAsianOption : fv: no visible global function definition for
     ‘integrate’
    ThompsonAsianOption: no visible global function definition for
     ‘integrate’
    ZhangApproximateAsianOption: no visible global function definition for
     ‘pnorm’
    d2EBM: no visible global function definition for ‘integrate’
    dEBM: no visible global function definition for ‘integrate’
    dgam: no visible global function definition for ‘dgamma’
    djohnson: no visible global function definition for ‘dnorm’
    dlognorm: no visible global function definition for ‘dlnorm’
    drgam: no visible global function definition for ‘dgamma’
    erf: no visible global function definition for ‘pnorm’
    igamma: no visible global function definition for ‘pgamma’
    pEBM: no visible global function definition for ‘integrate’
    pgam: no visible global function definition for ‘pgamma’
    pjohnson: no visible global function definition for ‘pnorm’
    plognorm: no visible global function definition for ‘plnorm’
    prgam: no visible global function definition for ‘pgamma’
    Undefined global functions or variables:
     dgamma dlnorm dnorm integrate pgamma plnorm pnorm uniroot
    Consider adding
     importFrom("stats", "dgamma", "dlnorm", "dnorm", "integrate", "pgamma",
     "plnorm", "pnorm", "uniroot")
    to your NAMESPACE file.
Flavors: r-devel-linux-x86_64-debian-clang, r-devel-linux-x86_64-debian-gcc, r-devel-windows-ix86+x86_64, r-patched-linux-x86_64, r-patched-solaris-sparc, r-patched-solaris-x86, r-release-linux-x86_64, r-release-osx-x86_64-mavericks, r-release-windows-ix86+x86_64

Version: 3010.79
Check: line endings in Makefiles
Result: NOTE
    Found the following Makefile(s) without a final LF:
     inst/unitTests/Makefile
    Some ‘make’ programs ignore lines not ending in LF.
Flavors: r-devel-linux-x86_64-debian-clang, r-devel-linux-x86_64-debian-gcc, r-devel-windows-ix86+x86_64, r-patched-linux-x86_64, r-patched-solaris-sparc, r-patched-solaris-x86, r-release-linux-x86_64, r-release-osx-x86_64-mavericks, r-release-windows-ix86+x86_64, r-oldrel-windows-ix86+x86_64

Version: 3010.79
Flags: --no-stop-on-test-error
Check: whether package can be installed
Result: WARN
    Found the following significant warnings:
     Warning: GNU Extension: Nonstandard type declaration REAL*8 at (1)
     Warning: ‘i’ is used uninitialized in this function [-Wuninitialized]
Flavors: r-devel-linux-x86_64-fedora-clang, r-devel-linux-x86_64-fedora-gcc, r-devel-macos-x86_64-clang

Version: 3010.79
Flags: --no-stop-on-test-error
Check: DESCRIPTION meta-information
Result: NOTE
    Malformed Description field: should contain one or more complete sentences.
Flavors: r-devel-linux-x86_64-fedora-clang, r-devel-linux-x86_64-fedora-gcc, r-devel-macos-x86_64-clang

Version: 3010.79
Flags: --no-stop-on-test-error
Check: R code for possible problems
Result: NOTE
    .gxuEBM: no visible global function definition for ‘pnorm’
    .gxuEBM: no visible global function definition for ‘dnorm’
    .thetaEBM: no visible global function definition for ‘integrate’
    CurranThompsonAsianOption: no visible global function definition for
     ‘integrate’
    CurranThompsonAsianOption : f: no visible global function definition
     for ‘pnorm’
    CurranThompsonAsianOption: no visible global function definition for
     ‘pnorm’
    GemanYorAsianOption: no visible global function definition for
     ‘integrate’
    LinetzkyAsianOption: no visible global function definition for
     ‘integrate’
    LinetzkyAsianOption: no visible global function definition for ‘pgamma’
    MomentMatchedAsianDensity: no visible global function definition for
     ‘dlnorm’
    MomentMatchedAsianOption: no visible global function definition for
     ‘pnorm’
    MomentMatchedAsianOption: no visible global function definition for
     ‘pgamma’
    RogerShiThompsonAsianOption : gamma.star : func: no visible global
     function definition for ‘integrate’
    RogerShiThompsonAsianOption : gamma.star: no visible global function
     definition for ‘uniroot’
    RogerShiThompsonAsianOption : f: no visible global function definition
     for ‘pnorm’
    RogerShiThompsonAsianOption: no visible global function definition for
     ‘integrate’
    RogerShiThompsonAsianOption: no visible global function definition for
     ‘pnorm’
    ThompsonAsianOption : fmu: no visible global function definition for
     ‘integrate’
    ThompsonAsianOption : fw: no visible global function definition for
     ‘dnorm’
    ThompsonAsianOption : fw: no visible global function definition for
     ‘pnorm’
    ThompsonAsianOption : fv: no visible global function definition for
     ‘integrate’
    ThompsonAsianOption: no visible global function definition for
     ‘integrate’
    ZhangApproximateAsianOption: no visible global function definition for
     ‘pnorm’
    d2EBM: no visible global function definition for ‘integrate’
    dEBM: no visible global function definition for ‘integrate’
    dgam: no visible global function definition for ‘dgamma’
    djohnson: no visible global function definition for ‘dnorm’
    dlognorm: no visible global function definition for ‘dlnorm’
    drgam: no visible global function definition for ‘dgamma’
    erf: no visible global function definition for ‘pnorm’
    igamma: no visible global function definition for ‘pgamma’
    pEBM: no visible global function definition for ‘integrate’
    pgam: no visible global function definition for ‘pgamma’
    pjohnson: no visible global function definition for ‘pnorm’
    plognorm: no visible global function definition for ‘plnorm’
    prgam: no visible global function definition for ‘pgamma’
    Undefined global functions or variables:
     dgamma dlnorm dnorm integrate pgamma plnorm pnorm uniroot
    Consider adding
     importFrom("stats", "dgamma", "dlnorm", "dnorm", "integrate", "pgamma",
     "plnorm", "pnorm", "uniroot")
    to your NAMESPACE file.
Flavors: r-devel-linux-x86_64-fedora-clang, r-devel-linux-x86_64-fedora-gcc, r-devel-macos-x86_64-clang

Version: 3010.79
Flags: --no-stop-on-test-error
Check: line endings in Makefiles
Result: NOTE
    Found the following Makefile(s) without a final LF:
     inst/unitTests/Makefile
    Some ‘make’ programs ignore lines not ending in LF.
Flavors: r-devel-linux-x86_64-fedora-clang, r-devel-linux-x86_64-fedora-gcc, r-devel-macos-x86_64-clang

Version: 3010.79
Check: whether package can be installed
Result: WARN
    Found the following significant warnings:
     Warning: GNU Extension: Nonstandard type declaration REAL*8 at (1)
Flavor: r-devel-windows-ix86+x86_64