CRAN Package Check Results for Package fAsianOptions

Last updated on 2014-11-28 19:51:17.

Flavor Version Tinstall Tcheck Ttotal Status Flags
r-devel-linux-x86_64-debian-clang 3010.79 4.86 41.30 46.16 OK
r-devel-linux-x86_64-debian-gcc 3010.79 4.78 40.06 44.84 OK
r-devel-linux-x86_64-fedora-clang 3010.79 98.53 OK
r-devel-linux-x86_64-fedora-gcc 3010.79 110.67 OK
r-devel-osx-x86_64-clang 3010.79 83.40 OK
r-devel-windows-ix86+x86_64 3010.79 15.00 77.00 92.00 OK
r-patched-linux-x86_64 3010.79 5.04 42.47 47.51 OK
r-patched-solaris-sparc 3010.79 587.00 OK
r-patched-solaris-x86 3010.79 119.70 OK
r-release-linux-ix86 3010.79 6.40 49.94 56.34 OK
r-release-linux-x86_64 3010.79 5.15 42.21 47.36 OK
r-release-osx-x86_64-mavericks 3010.79 OK
r-release-osx-x86_64-snowleopard 3010.79 ERROR
r-release-windows-ix86+x86_64 3010.79 16.00 85.00 101.00 OK
r-oldrel-windows-ix86+x86_64 3010.79 16.00 81.00 97.00 OK

Check Details

Version: 3010.79
Check: whether package can be installed
Result: ERROR
    Installation failed.
Flavor: r-release-osx-x86_64-snowleopard