CRAN Package Check Results for Package fAsianOptions

Last updated on 2014-12-22 23:48:45.

Flavor Version Tinstall Tcheck Ttotal Status Flags
r-devel-linux-x86_64-debian-clang 3010.79 5.04 41.38 46.42 OK
r-devel-linux-x86_64-debian-gcc 3010.79 4.75 39.72 44.47 OK
r-devel-linux-x86_64-fedora-clang 3010.79 98.97 OK
r-devel-linux-x86_64-fedora-gcc 3010.79 93.55 OK
r-devel-osx-x86_64-clang 3010.79 84.34 OK
r-devel-windows-ix86+x86_64 3010.79 15.00 83.00 98.00 OK
r-patched-linux-x86_64 3010.79 5.39 41.67 47.06 OK
r-patched-solaris-sparc 3010.79 575.10 OK
r-patched-solaris-x86 3010.79 120.80 OK
r-release-linux-ix86 3010.79 6.38 49.94 56.32 OK
r-release-linux-x86_64 3010.79 5.02 41.71 46.73 OK
r-release-osx-x86_64-mavericks 3010.79 OK
r-release-osx-x86_64-snowleopard 3010.79 ERROR
r-release-windows-ix86+x86_64 3010.79 15.00 86.00 101.00 OK
r-oldrel-windows-ix86+x86_64 3010.79 16.00 82.00 98.00 OK

Check Details

Version: 3010.79
Check: whether package can be installed
Result: ERROR
    Installation failed.
Flavor: r-release-osx-x86_64-snowleopard