CRAN Package Check Results for Package fAsianOptions

Last updated on 2015-04-25 03:47:42.

Flavor Version Tinstall Tcheck Ttotal Status Flags
r-devel-linux-x86_64-debian-clang 3010.79 4.38 34.52 38.91 NOTE
r-devel-linux-x86_64-debian-gcc 3010.79 4.31 33.60 37.92 NOTE
r-devel-linux-x86_64-fedora-clang 3010.79 77.68 NOTE
r-devel-linux-x86_64-fedora-gcc 3010.79 74.84 NOTE
r-devel-osx-x86_64-clang 3010.79 66.31 NOTE
r-devel-windows-ix86+x86_64 3010.79 14.00 73.00 87.00 NOTE
r-patched-linux-x86_64 3010.79 4.30 35.24 39.54 NOTE
r-patched-solaris-sparc 3010.79 465.50 NOTE
r-patched-solaris-x86 3010.79 94.40 NOTE
r-release-linux-x86_64 3010.79 4.40 33.64 38.04 NOTE
r-release-osx-x86_64-mavericks 3010.79 NOTE
r-release-osx-x86_64-snowleopard 3010.79 NOTE
r-release-windows-ix86+x86_64 3010.79 14.00 70.00 84.00 NOTE
r-oldrel-windows-ix86+x86_64 3010.79 13.00 80.00 93.00 NOTE

Check Details

Version: 3010.79
Check: DESCRIPTION meta-information
Result: NOTE
    Malformed Description field: should contain one or more complete sentences.
Flavors: r-devel-windows-ix86+x86_64, r-patched-linux-x86_64, r-release-windows-ix86+x86_64

Version: 3010.79
Check: line endings in Makefiles
Result: NOTE
    Found the following Makefile(s) without a final LF:
     inst/unitTests/Makefile
    Some 'make' programs ignore lines not ending in LF.
Flavors: r-devel-windows-ix86+x86_64, r-patched-linux-x86_64, r-release-windows-ix86+x86_64, r-oldrel-windows-ix86+x86_64