CRAN Package Check Results for Package fAsianOptions

Last updated on 2014-04-24 09:49:00.

Flavor Version Tinstall Tcheck Ttotal Status Flags
r-devel-linux-x86_64-debian-clang 3010.79 5.64 46.25 51.89 OK
r-devel-linux-x86_64-debian-gcc 3010.79 5.32 45.71 51.03 OK
r-devel-linux-x86_64-fedora-clang 3010.79 106.59 OK
r-devel-linux-x86_64-fedora-gcc 3010.79 102.02 OK
r-devel-osx-x86_64-clang 3010.79 79.85 OK
r-devel-osx-x86_64-gcc 3010.79 OK
r-devel-windows-ix86+x86_64 3010.79 14.00 84.00 98.00 OK
r-patched-linux-x86_64 3010.79 5.29 45.58 50.87 OK
r-patched-solaris-sparc 3010.79 574.10 OK
r-patched-solaris-x86 3010.79 126.20 OK
r-release-linux-ix86 3010.79 9.00 72.00 81.00 OK
r-release-linux-x86_64 3010.79 5.47 47.35 52.82 OK
r-release-osx-x86_64-mavericks 3010.79 WARN
r-release-osx-x86_64-snowleopard 3010.79 ERROR
r-release-windows-ix86+x86_64 3010.79 15.00 85.00 100.00 OK
r-oldrel-windows-ix86+x86_64 3010.79 14.00 87.00 101.00 OK

Check Details

Version: 3010.79
Check: PDF version of manual
Result: WARNING
    LaTeX errors when creating PDF version.
    This typically indicates Rd problems.
    LaTeX errors found:
    ! LaTeX Error: File `upquote.sty' not found.
    
    Type X to quit or <RETURN> to proceed,
    or enter new name. (Default extension: sty)
    
    5d8eb6/Rd2.tex:8: ==> Fatal error occurred, no output PDF file produced!
Flavor: r-release-osx-x86_64-mavericks

Version: 3010.79
Check: whether package can be installed
Result: ERROR
    Installation failed.
    See ‘/Volumes/XT3/Builds/R-dev-web/QA/Simon/packages/snowleopard-x86_64/results/3.1/fAsianOptions.Rcheck/00install.out’ for details.
Flavor: r-release-osx-x86_64-snowleopard