CRAN Package Check Results for Package fAsianOptions

Last updated on 2015-01-27 21:47:54.

Flavor Version Tinstall Tcheck Ttotal Status Flags
r-devel-linux-x86_64-debian-clang 3010.79 4.72 38.02 42.74 NOTE
r-devel-linux-x86_64-debian-gcc 3010.79 4.67 39.17 43.84 NOTE
r-devel-linux-x86_64-fedora-clang 3010.79 98.43 NOTE
r-devel-linux-x86_64-fedora-gcc 3010.79 95.06 NOTE
r-devel-osx-x86_64-clang 3010.79 83.32 NOTE
r-devel-windows-ix86+x86_64 3010.79 14.00 74.00 88.00 NOTE
r-patched-linux-x86_64 3010.79 5.93 41.67 47.60 NOTE
r-patched-solaris-sparc 3010.79 602.60 NOTE
r-patched-solaris-x86 3010.79 121.00 NOTE
r-release-linux-ix86 3010.79 6.36 50.14 56.50 OK
r-release-linux-x86_64 3010.79 5.04 43.17 48.20 OK
r-release-osx-x86_64-mavericks 3010.79 NOTE
r-release-osx-x86_64-snowleopard 3010.79 ERROR
r-release-windows-ix86+x86_64 3010.79 16.00 85.00 101.00 OK
r-oldrel-windows-ix86+x86_64 3010.79 15.00 87.00 102.00 OK

Check Details

Version: 3010.79
Check: line endings in Makefiles
Result: NOTE
    Found the following Makefile(s) without a final LF:
     inst/unitTests/Makefile
    Some ‘make’ programs ignore lines not ending in LF.
Flavors: r-devel-linux-x86_64-debian-clang, r-devel-linux-x86_64-debian-gcc, r-devel-linux-x86_64-fedora-clang, r-devel-linux-x86_64-fedora-gcc, r-devel-osx-x86_64-clang, r-devel-windows-ix86+x86_64, r-patched-linux-x86_64, r-patched-solaris-sparc, r-patched-solaris-x86, r-release-osx-x86_64-mavericks

Version: 3010.79
Check: whether package can be installed
Result: ERROR
    Installation failed.
Flavor: r-release-osx-x86_64-snowleopard