CRAN Package Check Results for Package fAsianOptions

Last updated on 2016-06-29 05:48:32.

Flavor Version Tinstall Tcheck Ttotal Status Flags
r-devel-linux-x86_64-debian-gcc 3010.79 4.88 35.57 40.45 NOTE
r-devel-linux-x86_64-fedora-clang 3010.79 68.26 NOTE
r-devel-linux-x86_64-fedora-gcc 3010.79 63.64 NOTE
r-devel-osx-x86_64-clang 3010.79 55.50 NOTE
r-devel-windows-ix86+x86_64 3010.79 13.00 71.00 84.00 NOTE
r-patched-linux-x86_64 3010.79 4.49 33.68 38.17 NOTE
r-patched-solaris-sparc 3010.79 423.40 NOTE
r-patched-solaris-x86 3010.79 83.80 NOTE
r-release-linux-x86_64 3010.79 4.28 32.52 36.80 NOTE
r-release-osx-x86_64-mavericks 3010.79 NOTE
r-release-windows-ix86+x86_64 3010.79 18.00 111.00 129.00 NOTE
r-oldrel-windows-ix86+x86_64 3010.79 18.00 76.00 94.00 NOTE

Check Details

Version: 3010.79
Check: DESCRIPTION meta-information
Result: NOTE
    Malformed Description field: should contain one or more complete sentences.
Flavors: r-devel-linux-x86_64-debian-gcc, r-devel-linux-x86_64-fedora-clang, r-devel-linux-x86_64-fedora-gcc, r-devel-osx-x86_64-clang, r-devel-windows-ix86+x86_64, r-patched-linux-x86_64, r-patched-solaris-sparc, r-patched-solaris-x86, r-release-linux-x86_64, r-release-osx-x86_64-mavericks, r-release-windows-ix86+x86_64, r-oldrel-windows-ix86+x86_64

Version: 3010.79
Check: R code for possible problems
Result: NOTE
    .gxuEBM: no visible global function definition for ‘pnorm’
    .gxuEBM: no visible global function definition for ‘dnorm’
    .thetaEBM: no visible global function definition for ‘integrate’
    CurranThompsonAsianOption: no visible global function definition for
     ‘integrate’
    CurranThompsonAsianOption : f: no visible global function definition
     for ‘pnorm’
    CurranThompsonAsianOption: no visible global function definition for
     ‘pnorm’
    GemanYorAsianOption: no visible global function definition for
     ‘integrate’
    LinetzkyAsianOption: no visible global function definition for
     ‘integrate’
    LinetzkyAsianOption: no visible global function definition for ‘pgamma’
    MomentMatchedAsianDensity: no visible global function definition for
     ‘dlnorm’
    MomentMatchedAsianOption: no visible global function definition for
     ‘pnorm’
    MomentMatchedAsianOption: no visible global function definition for
     ‘pgamma’
    RogerShiThompsonAsianOption : gamma.star : func: no visible global
     function definition for ‘integrate’
    RogerShiThompsonAsianOption : gamma.star: no visible global function
     definition for ‘uniroot’
    RogerShiThompsonAsianOption : f: no visible global function definition
     for ‘pnorm’
    RogerShiThompsonAsianOption: no visible global function definition for
     ‘integrate’
    RogerShiThompsonAsianOption: no visible global function definition for
     ‘pnorm’
    ThompsonAsianOption : fmu: no visible global function definition for
     ‘integrate’
    ThompsonAsianOption : fw: no visible global function definition for
     ‘dnorm’
    ThompsonAsianOption : fw: no visible global function definition for
     ‘pnorm’
    ThompsonAsianOption : fv: no visible global function definition for
     ‘integrate’
    ThompsonAsianOption: no visible global function definition for
     ‘integrate’
    ZhangApproximateAsianOption: no visible global function definition for
     ‘pnorm’
    d2EBM: no visible global function definition for ‘integrate’
    dEBM: no visible global function definition for ‘integrate’
    dgam: no visible global function definition for ‘dgamma’
    djohnson: no visible global function definition for ‘dnorm’
    dlognorm: no visible global function definition for ‘dlnorm’
    drgam: no visible global function definition for ‘dgamma’
    erf: no visible global function definition for ‘pnorm’
    igamma: no visible global function definition for ‘pgamma’
    pEBM: no visible global function definition for ‘integrate’
    pgam: no visible global function definition for ‘pgamma’
    pjohnson: no visible global function definition for ‘pnorm’
    plognorm: no visible global function definition for ‘plnorm’
    prgam: no visible global function definition for ‘pgamma’
    Undefined global functions or variables:
     dgamma dlnorm dnorm integrate pgamma plnorm pnorm uniroot
    Consider adding
     importFrom("stats", "dgamma", "dlnorm", "dnorm", "integrate", "pgamma",
     "plnorm", "pnorm", "uniroot")
    to your NAMESPACE file.
Flavors: r-devel-linux-x86_64-debian-gcc, r-devel-linux-x86_64-fedora-clang, r-devel-linux-x86_64-fedora-gcc, r-devel-osx-x86_64-clang, r-devel-windows-ix86+x86_64, r-patched-linux-x86_64, r-patched-solaris-sparc, r-patched-solaris-x86, r-release-linux-x86_64, r-release-osx-x86_64-mavericks, r-release-windows-ix86+x86_64

Version: 3010.79
Check: line endings in Makefiles
Result: NOTE
    Found the following Makefile(s) without a final LF:
     inst/unitTests/Makefile
    Some ‘make’ programs ignore lines not ending in LF.
Flavors: r-devel-linux-x86_64-debian-gcc, r-devel-linux-x86_64-fedora-clang, r-devel-linux-x86_64-fedora-gcc, r-devel-osx-x86_64-clang, r-devel-windows-ix86+x86_64, r-patched-linux-x86_64, r-patched-solaris-sparc, r-patched-solaris-x86, r-release-linux-x86_64, r-release-osx-x86_64-mavericks, r-release-windows-ix86+x86_64, r-oldrel-windows-ix86+x86_64