CRAN Package Check Results for Package fAsianOptions

Last updated on 2015-05-27 09:47:50.

Flavor Version Tinstall Tcheck Ttotal Status Flags
r-devel-linux-x86_64-debian-clang 3010.79 4.26 35.60 39.87 NOTE
r-devel-linux-x86_64-debian-gcc 3010.79 4.40 34.14 38.54 NOTE
r-devel-linux-x86_64-fedora-clang 3010.79 76.65 NOTE
r-devel-linux-x86_64-fedora-gcc 3010.79 73.85 NOTE
r-devel-osx-x86_64-clang 3010.79 66.12 NOTE
r-devel-windows-ix86+x86_64 3010.79 14.00 68.00 82.00 NOTE
r-patched-linux-x86_64 3010.79 4.31 33.86 38.17 NOTE
r-patched-solaris-sparc 3010.79 474.80 NOTE
r-patched-solaris-x86 3010.79 95.00 NOTE
r-release-linux-x86_64 3010.79 4.24 35.27 39.51 NOTE
r-release-osx-x86_64-mavericks 3010.79 NOTE
r-release-osx-x86_64-snowleopard 3010.79 NOTE
r-release-windows-ix86+x86_64 3010.79 13.00 71.00 84.00 NOTE
r-oldrel-windows-ix86+x86_64 3010.79 17.00 104.00 121.00 NOTE

Check Details

Version: 3010.79
Check: DESCRIPTION meta-information
Result: NOTE
    Malformed Description field: should contain one or more complete sentences.
Flavors: r-devel-linux-x86_64-debian-clang, r-devel-linux-x86_64-debian-gcc, r-devel-linux-x86_64-fedora-clang, r-devel-linux-x86_64-fedora-gcc, r-devel-osx-x86_64-clang, r-devel-windows-ix86+x86_64, r-patched-linux-x86_64, r-patched-solaris-sparc, r-patched-solaris-x86, r-release-linux-x86_64, r-release-osx-x86_64-mavericks, r-release-osx-x86_64-snowleopard, r-release-windows-ix86+x86_64

Version: 3010.79
Check: line endings in Makefiles
Result: NOTE
    Found the following Makefile(s) without a final LF:
     inst/unitTests/Makefile
    Some ‘make’ programs ignore lines not ending in LF.
Flavors: r-devel-linux-x86_64-debian-clang, r-devel-linux-x86_64-debian-gcc, r-devel-linux-x86_64-fedora-clang, r-devel-linux-x86_64-fedora-gcc, r-devel-osx-x86_64-clang, r-devel-windows-ix86+x86_64, r-patched-linux-x86_64, r-patched-solaris-sparc, r-patched-solaris-x86, r-release-linux-x86_64, r-release-osx-x86_64-mavericks, r-release-osx-x86_64-snowleopard, r-release-windows-ix86+x86_64, r-oldrel-windows-ix86+x86_64