CRAN Package Check Results for Package fAsianOptions

Last updated on 2018-01-16 23:48:46 CET.

Flavor Version Tinstall Tcheck Ttotal Status Flags
r-devel-linux-x86_64-debian-clang 3042.82 5.78 56.24 62.02 NOTE
r-devel-linux-x86_64-debian-gcc 3042.82 4.96 44.30 49.26 NOTE
r-devel-linux-x86_64-fedora-clang 3042.82 70.14 NOTE
r-devel-linux-x86_64-fedora-gcc 3042.82 69.45 NOTE
r-devel-windows-ix86+x86_64 3042.82 26.00 94.00 120.00 OK
r-patched-linux-x86_64 3042.82 5.64 57.68 63.32 WARN
r-patched-solaris-x86 3042.82 102.50 OK
r-release-linux-x86_64 3042.82 5.88 57.67 63.55 WARN
r-release-windows-ix86+x86_64 3042.82 20.00 116.00 136.00 OK
r-release-osx-x86_64 3042.82 OK
r-oldrel-windows-ix86+x86_64 3042.82 20.00 107.00 127.00 OK
r-oldrel-osx-x86_64 3042.82 OK

Check Details

Version: 3042.82
Check: compiled code
Result: NOTE
    File ‘fAsianOptions/libs/fAsianOptions.so’:
     Found no calls to: ‘R_registerRoutines’, ‘R_useDynamicSymbols’
    
    It is good practice to register native routines and to disable symbol
    search.
    
    See ‘Writing portable packages’ in the ‘Writing R Extensions’ manual.
Flavors: r-devel-linux-x86_64-debian-clang, r-devel-linux-x86_64-debian-gcc, r-devel-linux-x86_64-fedora-clang, r-devel-linux-x86_64-fedora-gcc, r-patched-linux-x86_64, r-release-linux-x86_64

Version: 3042.82
Check: whether package can be installed
Result: WARN
    Found the following significant warnings:
     Warning: ‘i’ is used uninitialized in this function [-Wuninitialized]
Flavors: r-patched-linux-x86_64, r-release-linux-x86_64