CRAN Package Check Results for Package fAssets

Last updated on 2022-01-28 23:49:04 CET.

Flavor Version Tinstall Tcheck Ttotal Status Flags
r-devel-linux-x86_64-debian-clang 3042.84 11.32 92.53 103.85 NOTE
r-devel-linux-x86_64-debian-gcc 3042.84 9.05 70.23 79.28 NOTE
r-devel-linux-x86_64-fedora-clang 3042.84 135.65 NOTE
r-devel-linux-x86_64-fedora-gcc 3042.84 118.56 NOTE
r-devel-windows-x86_64-new-UL 3042.84 57.00 112.00 169.00 NOTE
r-devel-windows-x86_64-new-TK 3042.84 NOTE
r-patched-linux-x86_64 3042.84 10.87 87.70 98.57 NOTE
r-release-linux-x86_64 3042.84 10.31 86.82 97.13 NOTE
r-release-macos-arm64 3042.84 NOTE
r-release-macos-x86_64 3042.84 NOTE
r-release-windows-ix86+x86_64 3042.84 22.00 102.00 124.00 NOTE
r-oldrel-macos-x86_64 3042.84 OK
r-oldrel-windows-ix86+x86_64 3042.84 21.00 96.00 117.00 OK

Check Details

Version: 3042.84
Check: LazyData
Result: NOTE
     'LazyData' is specified without a 'data' directory
Flavors: r-devel-linux-x86_64-debian-clang, r-devel-linux-x86_64-debian-gcc, r-devel-linux-x86_64-fedora-clang, r-devel-linux-x86_64-fedora-gcc, r-devel-windows-x86_64-new-UL, r-devel-windows-x86_64-new-TK, r-patched-linux-x86_64, r-release-linux-x86_64, r-release-macos-arm64, r-release-macos-x86_64, r-release-windows-ix86+x86_64