CRAN Package Check Results for Package fAssets

Last updated on 2014-07-25 17:48:00.

Flavor Version Tinstall Tcheck Ttotal Status Flags
r-devel-linux-x86_64-debian-clang 3003.81 3.87 53.44 57.31 NOTE
r-devel-linux-x86_64-debian-gcc 3003.81 3.69 52.94 56.63 NOTE
r-devel-linux-x86_64-fedora-clang 3003.81 131.27 NOTE
r-devel-linux-x86_64-fedora-gcc 3003.81 118.92 NOTE
r-devel-osx-x86_64-clang 3003.81 101.14 NOTE
r-devel-windows-ix86+x86_64 3003.81 11.00 74.00 85.00 NOTE
r-patched-linux-x86_64 3003.81 3.66 52.82 56.48 NOTE
r-patched-solaris-sparc 3003.81 649.60 NOTE
r-patched-solaris-x86 3003.81 145.70 NOTE
r-release-linux-ix86 3003.81 4.74 66.23 70.96 NOTE
r-release-linux-x86_64 3003.81 3.80 54.50 58.30 NOTE
r-release-osx-x86_64-mavericks 3003.81 ERROR
r-release-osx-x86_64-snowleopard 3003.81 NOTE
r-release-windows-ix86+x86_64 3003.81 12.00 83.00 95.00 NOTE
r-oldrel-windows-ix86+x86_64 3003.81 13.00 80.00 93.00 OK

Check Details

Version: 3003.81
Check: package dependencies
Result: NOTE
    Depends: includes the non-default packages:
     ‘MASS’ ‘timeDate’ ‘timeSeries’ ‘fBasics’ ‘fCopulae’ ‘sn’ ‘robustbase’
     ‘ecodist’ ‘energy’ ‘mvnormtest’
    Adding so many packages to the search path is excessive and importing
    selectively is preferable.
Flavors: r-devel-linux-x86_64-debian-clang, r-devel-linux-x86_64-debian-gcc, r-devel-linux-x86_64-fedora-clang, r-devel-linux-x86_64-fedora-gcc, r-devel-osx-x86_64-clang, r-devel-windows-ix86+x86_64, r-patched-linux-x86_64, r-patched-solaris-sparc, r-patched-solaris-x86, r-release-linux-ix86, r-release-linux-x86_64, r-release-osx-x86_64-snowleopard, r-release-windows-ix86+x86_64

Version: 3003.81
Check: package dependencies
Result: ERROR
    Package required but not available: ‘fCopulae’
    
    Depends: includes the non-default packages:
     ‘MASS’ ‘timeDate’ ‘timeSeries’ ‘fBasics’ ‘fCopulae’ ‘sn’ ‘robustbase’
     ‘ecodist’ ‘energy’ ‘mvnormtest’
    Adding so many packages to the search path is excessive and importing
    selectively is preferable.
    
    See the information on DESCRIPTION files in the chapter ‘Creating R
    packages’ of the ‘Writing R Extensions’ manual.
Flavor: r-release-osx-x86_64-mavericks