CRAN Package Check Results for Package fAssets

Last updated on 2014-04-16 23:46:56.

Flavor Version Tinstall Tcheck Ttotal Status Flags
r-devel-linux-x86_64-debian-clang 3003.81 3.96 57.07 61.03 NOTE
r-devel-linux-x86_64-debian-gcc 3003.81 4.27 56.75 61.02 NOTE
r-devel-linux-x86_64-fedora-clang 3003.81 130.46 NOTE
r-devel-linux-x86_64-fedora-gcc 3003.81 122.24 NOTE
r-devel-macosx-x86_64-clang 3003.81 108.79 NOTE
r-devel-macosx-x86_64-gcc 3003.81 ERROR
r-devel-windows-ix86+x86_64 3003.81 13.00 80.00 93.00 NOTE
r-patched-linux-x86_64 3003.81 4.19 57.14 61.32 NOTE
r-patched-solaris-sparc 3003.81 649.60 NOTE
r-patched-solaris-x86 3003.81 149.90 NOTE
r-release-linux-ix86 3003.81 8.00 93.00 101.00 NOTE
r-release-linux-x86_64 3003.81 3.93 56.98 60.91 NOTE
r-release-macosx-x86_64 3003.81 NOTE
r-release-windows-ix86+x86_64 3003.81 11.00 86.00 97.00 NOTE
r-oldrel-windows-ix86+x86_64 3003.81 14.00 76.00 90.00 OK

Check Details

Version: 3003.81
Check: package dependencies
Result: NOTE
    Depends: includes the non-default packages:
     ‘MASS’ ‘timeDate’ ‘timeSeries’ ‘fBasics’ ‘fCopulae’ ‘sn’ ‘robustbase’
     ‘ecodist’ ‘energy’ ‘mvnormtest’
    Adding so many packages to the search path is excessive and importing
    selectively is preferable.
Flavors: r-devel-linux-x86_64-debian-clang, r-devel-linux-x86_64-debian-gcc, r-devel-linux-x86_64-fedora-clang, r-devel-linux-x86_64-fedora-gcc, r-devel-macosx-x86_64-clang, r-devel-windows-ix86+x86_64, r-patched-linux-x86_64, r-patched-solaris-sparc, r-patched-solaris-x86, r-release-linux-ix86, r-release-linux-x86_64, r-release-macosx-x86_64, r-release-windows-ix86+x86_64

Version: 3003.81
Check: package dependencies
Result: ERROR
    Packages required but not available: ‘fCopulae’ ‘robustbase’
    
    Depends: includes the non-default packages:
     ‘MASS’ ‘timeDate’ ‘timeSeries’ ‘fBasics’ ‘fCopulae’ ‘sn’ ‘robustbase’
     ‘ecodist’ ‘energy’ ‘mvnormtest’
    Adding so many packages to the search path is excessive and importing
    selectively is preferable.
    
    See the information on DESCRIPTION files in the chapter ‘Creating R
    packages’ of the ‘Writing R Extensions’ manual.
Flavor: r-devel-macosx-x86_64-gcc