CRAN Package Check Results for Package fAssets

Last updated on 2014-10-31 06:47:17.

Flavor Version Tinstall Tcheck Ttotal Status Flags
r-devel-linux-x86_64-debian-clang 3011.82 3.12 45.65 48.77 WARN
r-devel-linux-x86_64-debian-gcc 3011.83 3.34 46.99 50.33 OK
r-devel-linux-x86_64-fedora-clang 3011.83 79.99 OK
r-devel-linux-x86_64-fedora-gcc 3011.83 79.52 OK
r-devel-osx-x86_64-clang 3011.83 51.87 OK
r-devel-windows-ix86+x86_64 3011.83 9.00 73.00 82.00 OK
r-patched-linux-x86_64 3011.82 3.26 46.40 49.66 OK
r-patched-solaris-sparc 3011.83 619.40 OK
r-patched-solaris-x86 3011.83 133.90 OK
r-release-linux-ix86 3011.82 4.24 59.28 63.52 OK
r-release-linux-x86_64 3011.82 3.46 49.27 52.74 OK
r-release-osx-x86_64-mavericks 3011.83 OK
r-release-osx-x86_64-snowleopard 3011.82 OK
r-release-windows-ix86+x86_64 3011.83 11.00 79.00 90.00 OK
r-oldrel-windows-ix86+x86_64 3011.82 9.00 66.00 75.00 OK

Check Details

Version: 3011.82
Check: whether package can be installed
Result: WARN
    Found the following significant warnings:
     Warning: replacing previous import by ‘sn::vech’ when loading ‘fAssets’
Flavor: r-devel-linux-x86_64-debian-clang