CRAN Package Check Results for Package fBasics

Last updated on 2014-07-26 11:52:19.

Flavor Version Tinstall Tcheck Ttotal Status Flags
r-devel-linux-x86_64-debian-clang 3010.86 4.88 106.92 111.80 NOTE
r-devel-linux-x86_64-debian-gcc 3010.86 4.93 105.30 110.22 NOTE
r-devel-linux-x86_64-fedora-clang 3010.86 234.40 NOTE
r-devel-linux-x86_64-fedora-gcc 3010.86 211.66 NOTE
r-devel-osx-x86_64-clang 3010.86 179.67 NOTE
r-devel-windows-ix86+x86_64 3010.86 15.00 165.00 180.00 NOTE
r-patched-linux-x86_64 3010.86 5.14 109.07 114.21 NOTE
r-patched-solaris-sparc 3010.86 1232.40 NOTE
r-patched-solaris-x86 3010.86 204.40 ERROR
r-release-linux-ix86 3010.86 6.36 124.69 131.04 NOTE
r-release-linux-x86_64 3010.86 5.01 112.26 117.27 NOTE
r-release-osx-x86_64-mavericks 3010.86 NOTE
r-release-windows-ix86+x86_64 3010.86 14.00 174.00 188.00 NOTE
r-oldrel-windows-ix86+x86_64 3010.86 15.00 169.00 184.00 NOTE

Check Details

Version: 3010.86
Check: dependencies in R code
Result: NOTE
    Namespace in Imports field not imported from: ‘gss’
     All declared Imports should be used.
    Unexported objects imported by ':::' calls:
     ‘akima:::interpp.new’ ‘akima:::interpp.old’
     See the note in ?`:::` about the use of this operator.
    There are ::: calls to the package's namespace in its code. A package
     almost never needs to use ::: for its own objects:
     ‘.unirootNA’
    See the information on DESCRIPTION files in the chapter ‘Creating R
    packages’ of the ‘Writing R Extensions’ manual.
Flavors: r-devel-linux-x86_64-debian-clang, r-devel-linux-x86_64-debian-gcc, r-devel-linux-x86_64-fedora-clang, r-devel-linux-x86_64-fedora-gcc, r-devel-osx-x86_64-clang, r-devel-windows-ix86+x86_64, r-patched-linux-x86_64, r-patched-solaris-sparc, r-patched-solaris-x86, r-release-linux-ix86, r-release-linux-x86_64, r-release-osx-x86_64-mavericks, r-release-windows-ix86+x86_64, r-oldrel-windows-ix86+x86_64

Version: 3010.86
Check: examples
Result: ERROR
    Running examples in ‘fBasics-Ex.R’ failed
    The error most likely occurred in:
    
    > ### Name: akimaInterp
    > ### Title: Bivariate Spline Interpolation
    > ### Aliases: akimaInterp akimaInterpp
    > ### Keywords: programming
    >
    > ### ** Examples
    >
    > ## akimaInterp -
    > # Akima Interpolation:
    > if (require(akima)) {
    + set.seed(1953)
    + x = runif(999) - 0.5
    + y = runif(999) - 0.5
    + z = cos(2*pi*(x^2+y^2))
    + ans = akimaInterp(x, y, z, gridPoints = 41, extrap = FALSE)
    + persp(ans, theta = -40, phi = 30, col = "steelblue",
    + xlab = "x", ylab = "y", zlab = "z")
    + contour(ans)
    + }
    Loading required package: akima
    Warning in min(x) : no non-missing arguments to min; returning Inf
    Warning in max(x) : no non-missing arguments to max; returning -Inf
    Error in persp.default(ans, theta = -40, phi = 30, col = "steelblue", :
     invalid 'z' limits
    Calls: persp -> persp.default
    Execution halted
Flavor: r-patched-solaris-x86