CRAN Package Check Results for Package fBasics

Last updated on 2015-04-26 10:48:09.

Flavor Version Tinstall Tcheck Ttotal Status Flags
r-devel-linux-x86_64-debian-clang 3011.87 4.22 99.50 103.72 NOTE
r-devel-linux-x86_64-debian-gcc 3011.87 4.38 96.24 100.62 NOTE
r-devel-linux-x86_64-fedora-clang 3011.87 187.08 NOTE
r-devel-linux-x86_64-fedora-gcc 3011.87 168.38 NOTE
r-devel-osx-x86_64-clang 3011.87 148.56 NOTE
r-devel-windows-ix86+x86_64 3011.87 15.00 169.00 184.00 NOTE
r-patched-linux-x86_64 3011.87 4.24 96.04 100.28 NOTE
r-patched-solaris-sparc 3011.87 1098.30 NOTE
r-patched-solaris-x86 3011.87 201.20 ERROR
r-release-linux-x86_64 3011.87 4.23 96.58 100.80 NOTE
r-release-osx-x86_64-mavericks 3011.87 NOTE
r-release-osx-x86_64-snowleopard 3011.87 NOTE
r-release-windows-ix86+x86_64 3011.87 16.00 156.00 172.00 NOTE
r-oldrel-windows-ix86+x86_64 3011.87 12.00 152.00 164.00 NOTE

Check Details

Version: 3011.87
Check: dependencies in R code
Result: NOTE
    'library' or 'require' calls in package code:
     ‘akima’ ‘spatial’ ‘tcltk’
     Please use :: or requireNamespace() instead.
     See section 'Suggested packages' in the 'Writing R Extensions' manual.
Flavors: r-devel-linux-x86_64-fedora-clang, r-devel-linux-x86_64-fedora-gcc, r-devel-osx-x86_64-clang, r-devel-windows-ix86+x86_64, r-release-osx-x86_64-mavericks, r-release-windows-ix86+x86_64, r-oldrel-windows-ix86+x86_64

Version: 3011.87
Check: S3 generic/method consistency
Result: NOTE
    Found the following apparent S3 methods exported but not registered:
     .plot.histogram .print.ssd .summary.gel .summary.gmm getModel.default
     print.control stdev.default termPlot.default volatility.default
    See section ‘Registering S3 methods’ in the ‘Writing R Extensions’
    manual.
Flavors: r-devel-linux-x86_64-fedora-clang, r-devel-linux-x86_64-fedora-gcc, r-devel-osx-x86_64-clang