CRAN Package Check Results for Package fBasics

Last updated on 2015-05-24 08:48:29.

Flavor Version Tinstall Tcheck Ttotal Status Flags
r-devel-linux-x86_64-debian-clang 3011.87 4.15 97.19 101.34 NOTE
r-devel-linux-x86_64-debian-gcc 3011.87 4.22 95.20 99.42 NOTE
r-devel-linux-x86_64-fedora-clang 3011.87 182.48 NOTE
r-devel-linux-x86_64-fedora-gcc 3011.87 164.84 NOTE
r-devel-osx-x86_64-clang 3011.87 148.77 NOTE
r-devel-windows-ix86+x86_64 3011.87 14.00 162.00 176.00 NOTE
r-patched-linux-x86_64 3011.87 4.16 98.54 102.70 NOTE
r-patched-solaris-sparc 3011.87 1095.30 NOTE
r-patched-solaris-x86 3011.87 198.30 ERROR
r-release-linux-x86_64 3011.87 4.49 96.12 100.62 NOTE
r-release-osx-x86_64-mavericks 3011.87 NOTE
r-release-osx-x86_64-snowleopard 3011.87 NOTE
r-release-windows-ix86+x86_64 3011.87 14.00 156.00 170.00 NOTE
r-oldrel-windows-ix86+x86_64 3011.87 18.00 194.00 212.00 NOTE

Check Details

Version: 3011.87
Check: dependencies in R code
Result: NOTE
    'library' or 'require' calls in package code:
     ‘akima’ ‘spatial’ ‘tcltk’
     Please use :: or requireNamespace() instead.
     See section 'Suggested packages' in the 'Writing R Extensions' manual.
Flavors: r-devel-linux-x86_64-debian-clang, r-devel-linux-x86_64-debian-gcc, r-devel-linux-x86_64-fedora-clang, r-devel-linux-x86_64-fedora-gcc, r-devel-osx-x86_64-clang, r-devel-windows-ix86+x86_64, r-patched-linux-x86_64, r-patched-solaris-sparc, r-patched-solaris-x86, r-release-linux-x86_64, r-release-osx-x86_64-mavericks, r-release-osx-x86_64-snowleopard, r-release-windows-ix86+x86_64, r-oldrel-windows-ix86+x86_64

Version: 3011.87
Check: S3 generic/method consistency
Result: NOTE
    Found the following apparent S3 methods exported but not registered:
     .plot.histogram .print.ssd .summary.gel .summary.gmm getModel.default
     print.control stdev.default termPlot.default volatility.default
    See section ‘Registering S3 methods’ in the ‘Writing R Extensions’
    manual.
Flavors: r-devel-linux-x86_64-debian-clang, r-devel-linux-x86_64-debian-gcc, r-devel-linux-x86_64-fedora-clang, r-devel-linux-x86_64-fedora-gcc, r-devel-osx-x86_64-clang, r-patched-linux-x86_64, r-patched-solaris-sparc, r-patched-solaris-x86, r-release-linux-x86_64

Version: 3011.87
Check: examples
Result: ERROR
    Running examples in ‘fBasics-Ex.R’ failed
    The error most likely occurred in:
    
    > ### Name: akimaInterp
    > ### Title: Bivariate Spline Interpolation
    > ### Aliases: akimaInterp akimaInterpp
    > ### Keywords: programming
    >
    > ### ** Examples
    >
    > ## akimaInterp -
    > # Akima Interpolation:
    > if (require(akima)) {
    + set.seed(1953)
    + x = runif(999) - 0.5
    + y = runif(999) - 0.5
    + z = cos(2*pi*(x^2+y^2))
    + ans = akimaInterp(x, y, z, gridPoints = 41, extrap = FALSE)
    + persp(ans, theta = -40, phi = 30, col = "steelblue",
    + xlab = "x", ylab = "y", zlab = "z")
    + contour(ans)
    + }
    Loading required package: akima
    Warning in min(x) : no non-missing arguments to min; returning Inf
    Warning in max(x) : no non-missing arguments to max; returning -Inf
    Error in persp.default(ans, theta = -40, phi = 30, col = "steelblue", :
     invalid 'z' limits
    Calls: persp -> persp.default
    Execution halted
Flavor: r-patched-solaris-x86