CRAN Package Check Results for Package fBasics

Last updated on 2014-04-23 12:48:18.

Flavor Version Tinstall Tcheck Ttotal Status Flags
r-devel-linux-x86_64-debian-clang 3010.86 5.31 112.64 117.94 NOTE
r-devel-linux-x86_64-debian-gcc 3010.86 5.40 111.40 116.79 NOTE
r-devel-linux-x86_64-fedora-clang 3010.86 234.00 NOTE
r-devel-linux-x86_64-fedora-gcc 3010.86 214.66 NOTE
r-devel-osx-x86_64-clang 3010.86 168.44 NOTE
r-devel-osx-x86_64-gcc 3010.86 NOTE
r-devel-windows-ix86+x86_64 3010.86 14.00 166.00 180.00 NOTE
r-patched-linux-x86_64 3010.86 5.14 112.98 118.12 NOTE
r-patched-solaris-sparc 3010.86 1232.40 NOTE
r-patched-solaris-x86 3010.86 207.60 ERROR
r-release-linux-ix86 3010.86 9.00 166.00 175.00 NOTE
r-release-linux-x86_64 3010.86 5.22 113.28 118.50 NOTE
r-release-osx-x86_64-mavericks 3010.86 WARN
r-release-windows-ix86+x86_64 3010.86 14.00 174.00 188.00 NOTE
r-oldrel-windows-ix86+x86_64 3010.86 16.00 178.00 194.00 NOTE

Check Details

Version: 3010.86
Check: dependencies in R code
Result: NOTE
    Namespace in Imports field not imported from: ‘gss’
     All declared Imports should be used.
    Unexported objects imported by ':::' calls:
     ‘akima:::interpp.new’ ‘akima:::interpp.old’
     See the note in ?`:::` about the use of this operator.
    There are ::: calls to the package's namespace in its code. A package
     almost never needs to use ::: for its own objects:
     ‘.unirootNA’
    See the information on DESCRIPTION files in the chapter ‘Creating R
    packages’ of the ‘Writing R Extensions’ manual.
Flavors: r-devel-linux-x86_64-debian-clang, r-devel-linux-x86_64-debian-gcc, r-devel-linux-x86_64-fedora-clang, r-devel-linux-x86_64-fedora-gcc, r-devel-osx-x86_64-clang, r-devel-osx-x86_64-gcc, r-devel-windows-ix86+x86_64, r-patched-linux-x86_64, r-patched-solaris-sparc, r-patched-solaris-x86, r-release-linux-ix86, r-release-linux-x86_64, r-release-osx-x86_64-mavericks, r-release-windows-ix86+x86_64, r-oldrel-windows-ix86+x86_64

Version: 3010.86
Check: examples
Result: ERROR
    Running examples in ‘fBasics-Ex.R’ failed
    The error most likely occurred in:
    
    > ### Name: akimaInterp
    > ### Title: Bivariate Spline Interpolation
    > ### Aliases: akimaInterp akimaInterpp
    > ### Keywords: programming
    >
    > ### ** Examples
    >
    > ## akimaInterp -
    > # Akima Interpolation:
    > if (require(akima)) {
    + set.seed(1953)
    + x = runif(999) - 0.5
    + y = runif(999) - 0.5
    + z = cos(2*pi*(x^2+y^2))
    + ans = akimaInterp(x, y, z, gridPoints = 41, extrap = FALSE)
    + persp(ans, theta = -40, phi = 30, col = "steelblue",
    + xlab = "x", ylab = "y", zlab = "z")
    + contour(ans)
    + }
    Loading required package: akima
    Warning in min(x) : no non-missing arguments to min; returning Inf
    Warning in max(x) : no non-missing arguments to max; returning -Inf
    Error in persp.default(ans, theta = -40, phi = 30, col = "steelblue", :
     invalid 'z' limits
    Calls: persp -> persp.default
    Execution halted
Flavor: r-patched-solaris-x86

Version: 3010.86
Check: PDF version of manual
Result: WARNING
    LaTeX errors when creating PDF version.
    This typically indicates Rd problems.
    LaTeX errors found:
    ! LaTeX Error: File `upquote.sty' not found.
    
    Type X to quit or <RETURN> to proceed,
    or enter new name. (Default extension: sty)
    
    fc48739/Rd2.tex:8: ==> Fatal error occurred, no output PDF file produced!
Flavor: r-release-osx-x86_64-mavericks