CRAN Package Check Results for Package fBasics

Last updated on 2014-10-24 19:47:39.

Flavor Version Tinstall Tcheck Ttotal Status Flags
r-devel-linux-x86_64-debian-clang 3010.86 4.90 107.35 112.25 NOTE
r-devel-linux-x86_64-debian-gcc 3010.86 4.72 107.43 112.15 NOTE
r-devel-linux-x86_64-fedora-clang 3010.86 223.00 NOTE
r-devel-linux-x86_64-fedora-gcc 3010.86 206.53 NOTE
r-devel-osx-x86_64-clang 3010.86 178.86 NOTE
r-devel-windows-ix86+x86_64 3010.86 16.00 155.00 171.00 NOTE
r-patched-linux-x86_64 3010.86 5.12 109.73 114.84 NOTE
r-patched-solaris-sparc 3010.86 1249.80 NOTE
r-patched-solaris-x86 3010.86 195.90 ERROR
r-release-linux-ix86 3010.86 6.42 127.03 133.44 NOTE
r-release-linux-x86_64 3010.86 5.29 116.60 121.89 NOTE
r-release-osx-x86_64-mavericks 3010.86 NOTE
r-release-windows-ix86+x86_64 3010.86 15.00 166.00 181.00 NOTE
r-oldrel-windows-ix86+x86_64 3010.86 14.00 174.00 188.00 NOTE

Check Details

Version: 3010.86
Check: dependencies in R code
Result: NOTE
    Namespace in Imports field not imported from: ‘gss’
     All declared Imports should be used.
    Unexported objects imported by ':::' calls:
     ‘akima:::interpp.new’ ‘akima:::interpp.old’
     See the note in ?`:::` about the use of this operator.
    There are ::: calls to the package's namespace in its code. A package
     almost never needs to use ::: for its own objects:
     ‘.unirootNA’
    See the information on DESCRIPTION files in the chapter ‘Creating R
    packages’ of the ‘Writing R Extensions’ manual.
Flavors: r-devel-linux-x86_64-debian-clang, r-devel-linux-x86_64-debian-gcc, r-devel-linux-x86_64-fedora-clang, r-devel-linux-x86_64-fedora-gcc, r-devel-osx-x86_64-clang, r-devel-windows-ix86+x86_64, r-patched-linux-x86_64, r-patched-solaris-sparc, r-patched-solaris-x86, r-release-linux-ix86, r-release-linux-x86_64, r-release-osx-x86_64-mavericks, r-release-windows-ix86+x86_64, r-oldrel-windows-ix86+x86_64

Version: 3010.86
Check: R code for possible problems
Result: NOTE
    .runitTest: no visible global function definition for ‘defineTestSuite’
    .runitTest: no visible global function definition for ‘runTestSuite’
    .runitTest: no visible global function definition for
     ‘printTextProtocol’
    .runitTest: no visible global function definition for
     ‘printHTMLProtocol’
    .runitTest: no visible global function definition for ‘getErrors’
    .sliderMenu: no visible global function definition for ‘tclvalue’
    .sliderMenu: no visible global function definition for ‘tktoplevel’
    .sliderMenu: no visible global function definition for ‘tkwm.title’
    .sliderMenu: no visible global function definition for ‘tkpack’
    .sliderMenu: no visible global function definition for ‘tkframe’
    .sliderMenu: no visible global function definition for ‘tklabel’
    .sliderMenu: no visible global function definition for ‘tkscale’
    .sliderMenu: no visible global function definition for ‘tkgrid’
    .sliderMenu: no visible global function definition for ‘tkbutton’
    .sliderMenu : <anonymous>: no visible global function definition for
     ‘tkdestroy’
    .tdSliderMenu: no visible global function definition for ‘tclvalue’
    .tdSliderMenu: no visible global function definition for ‘tktoplevel’
    .tdSliderMenu: no visible global function definition for ‘tkwm.title’
    .tdSliderMenu: no visible global function definition for
     ‘tkwm.geometry’
    .tdSliderMenu: no visible global function definition for ‘tkpack’
    .tdSliderMenu: no visible global function definition for ‘tkframe’
    .tdSliderMenu : quitCMD: no visible global function definition for
     ‘tkdestroy’
    .tdSliderMenu: no visible global function definition for ‘tkbutton’
    .tdSliderMenu: no visible global function definition for ‘tklabel’
    .tdSliderMenu: no visible global function definition for ‘tkscale’
    .tdSliderMenu: no visible global function definition for ‘tkconfigure’
    akimaInterp: no visible global function definition for ‘interp.new’
    krigeInterp: no visible global function definition for ‘surf.gls’
    krigeInterp: no visible binding for global variable ‘expcov’
    krigeInterp: no visible global function definition for ‘prmat’
    linearInterp: no visible global function definition for ‘interp.old’
Flavors: r-devel-linux-x86_64-debian-clang, r-devel-linux-x86_64-debian-gcc, r-devel-linux-x86_64-fedora-clang, r-devel-linux-x86_64-fedora-gcc, r-devel-osx-x86_64-clang, r-devel-windows-ix86+x86_64, r-patched-linux-x86_64, r-patched-solaris-sparc, r-patched-solaris-x86

Version: 3010.86
Check: examples
Result: ERROR
    Running examples in ‘fBasics-Ex.R’ failed
    The error most likely occurred in:
    
    > ### Name: akimaInterp
    > ### Title: Bivariate Spline Interpolation
    > ### Aliases: akimaInterp akimaInterpp
    > ### Keywords: programming
    >
    > ### ** Examples
    >
    > ## akimaInterp -
    > # Akima Interpolation:
    > if (require(akima)) {
    + set.seed(1953)
    + x = runif(999) - 0.5
    + y = runif(999) - 0.5
    + z = cos(2*pi*(x^2+y^2))
    + ans = akimaInterp(x, y, z, gridPoints = 41, extrap = FALSE)
    + persp(ans, theta = -40, phi = 30, col = "steelblue",
    + xlab = "x", ylab = "y", zlab = "z")
    + contour(ans)
    + }
    Loading required package: akima
    Warning in min(x) : no non-missing arguments to min; returning Inf
    Warning in max(x) : no non-missing arguments to max; returning -Inf
    Error in persp.default(ans, theta = -40, phi = 30, col = "steelblue", :
     invalid 'z' limits
    Calls: persp -> persp.default
    Execution halted
Flavor: r-patched-solaris-x86