CRAN Package Check Results for Package fBasics

Last updated on 2015-01-27 17:53:16.

Flavor Version Tinstall Tcheck Ttotal Status Flags
r-devel-linux-x86_64-debian-clang 3011.87 4.69 101.23 105.92 NOTE
r-devel-linux-x86_64-debian-gcc 3011.87 4.66 100.48 105.14 NOTE
r-devel-linux-x86_64-fedora-clang 3011.87 208.91 NOTE
r-devel-linux-x86_64-fedora-gcc 3011.87 190.24 NOTE
r-devel-osx-x86_64-clang 3011.87 170.04 NOTE
r-devel-windows-ix86+x86_64 3011.87 14.00 155.00 169.00 NOTE
r-patched-linux-x86_64 3011.87 5.06 103.58 108.65 OK
r-patched-solaris-sparc 3011.87 1205.80 OK
r-patched-solaris-x86 3011.87 185.10 ERROR
r-release-linux-ix86 3011.87 6.39 113.72 120.11 OK
r-release-linux-x86_64 3011.87 5.39 106.27 111.66 OK
r-release-osx-x86_64-mavericks 3011.87 OK
r-release-osx-x86_64-snowleopard 3011.87 OK
r-release-windows-ix86+x86_64 3011.87 16.00 174.00 190.00 OK
r-oldrel-windows-ix86+x86_64 3011.87 17.00 161.00 178.00 OK

Check Details

Version: 3011.87
Check: dependencies in R code
Result: NOTE
    'library' or 'require' calls in package code:
     ‘akima’ ‘spatial’ ‘tcltk’
     Please use :: or requireNamespace() instead.
     See section 'Suggested packages' in the 'Writing R Extensions' manual.
Flavors: r-devel-linux-x86_64-debian-clang, r-devel-linux-x86_64-debian-gcc, r-devel-linux-x86_64-fedora-clang, r-devel-linux-x86_64-fedora-gcc, r-devel-osx-x86_64-clang, r-devel-windows-ix86+x86_64

Version: 3011.87
Check: S3 generic/method consistency
Result: NOTE
    Found the following apparent S3 methods exported but not registered:
     .plot.histogram .print.ssd .summary.gel .summary.gmm getModel.default
     stdev.default termPlot.default volatility.default print.control
    See section ‘Registering S3 methods’ in the ‘Writing R Extensions’
    manual.
Flavors: r-devel-linux-x86_64-debian-gcc, r-devel-linux-x86_64-fedora-clang, r-devel-linux-x86_64-fedora-gcc, r-devel-osx-x86_64-clang

Version: 3011.87
Check: examples
Result: ERROR
    Running examples in ‘fBasics-Ex.R’ failed
    The error most likely occurred in:
    
    > ### Name: akimaInterp
    > ### Title: Bivariate Spline Interpolation
    > ### Aliases: akimaInterp akimaInterpp
    > ### Keywords: programming
    >
    > ### ** Examples
    >
    > ## akimaInterp -
    > # Akima Interpolation:
    > if (require(akima)) {
    + set.seed(1953)
    + x = runif(999) - 0.5
    + y = runif(999) - 0.5
    + z = cos(2*pi*(x^2+y^2))
    + ans = akimaInterp(x, y, z, gridPoints = 41, extrap = FALSE)
    + persp(ans, theta = -40, phi = 30, col = "steelblue",
    + xlab = "x", ylab = "y", zlab = "z")
    + contour(ans)
    + }
    Loading required package: akima
    Warning in min(x) : no non-missing arguments to min; returning Inf
    Warning in max(x) : no non-missing arguments to max; returning -Inf
    Error in persp.default(ans, theta = -40, phi = 30, col = "steelblue", :
     invalid 'z' limits
    Calls: persp -> persp.default
    Execution halted
Flavor: r-patched-solaris-x86