CRAN Package Check Results for Package fBasics

Last updated on 2014-12-18 23:47:48.

Flavor Version Tinstall Tcheck Ttotal Status Flags
r-devel-linux-x86_64-debian-clang 3011.87 5.14 104.80 109.94 OK
r-devel-linux-x86_64-debian-gcc 3011.87 4.89 105.58 110.47 OK
r-devel-linux-x86_64-fedora-clang 3011.87 213.31 OK
r-devel-linux-x86_64-fedora-gcc 3011.87 177.20 OK
r-devel-osx-x86_64-clang 3011.87 173.14 OK
r-devel-windows-ix86+x86_64 3011.87 16.00 165.00 181.00 OK
r-patched-linux-x86_64 3011.87 5.45 105.52 110.97 OK
r-patched-solaris-sparc 3011.87 1119.70 OK
r-patched-solaris-x86 3011.87 185.30 ERROR
r-release-linux-ix86 3011.87 6.42 113.79 120.21 OK
r-release-linux-x86_64 3011.87 5.62 105.01 110.64 OK
r-release-osx-x86_64-mavericks 3011.87 OK
r-release-osx-x86_64-snowleopard 3011.87 OK
r-release-windows-ix86+x86_64 3011.87 17.00 170.00 187.00 OK
r-oldrel-windows-ix86+x86_64 3011.87 17.00 167.00 184.00 OK

Check Details

Version: 3011.87
Check: examples
Result: ERROR
    Running examples in ‘fBasics-Ex.R’ failed
    The error most likely occurred in:
    
    > ### Name: akimaInterp
    > ### Title: Bivariate Spline Interpolation
    > ### Aliases: akimaInterp akimaInterpp
    > ### Keywords: programming
    >
    > ### ** Examples
    >
    > ## akimaInterp -
    > # Akima Interpolation:
    > if (require(akima)) {
    + set.seed(1953)
    + x = runif(999) - 0.5
    + y = runif(999) - 0.5
    + z = cos(2*pi*(x^2+y^2))
    + ans = akimaInterp(x, y, z, gridPoints = 41, extrap = FALSE)
    + persp(ans, theta = -40, phi = 30, col = "steelblue",
    + xlab = "x", ylab = "y", zlab = "z")
    + contour(ans)
    + }
    Loading required package: akima
    Warning in min(x) : no non-missing arguments to min; returning Inf
    Warning in max(x) : no non-missing arguments to max; returning -Inf
    Error in persp.default(ans, theta = -40, phi = 30, col = "steelblue", :
     invalid 'z' limits
    Calls: persp -> persp.default
    Execution halted
Flavor: r-patched-solaris-x86