CRAN Package Check Results for Package fBasics

Last updated on 2017-11-24 22:51:05 CET.

Flavor Version Tinstall Tcheck Ttotal Status Flags
r-devel-linux-x86_64-debian-clang 3042.89 5.73 532.25 537.98 NOTE
r-devel-linux-x86_64-debian-gcc 3042.89 5.30 403.12 408.42 NOTE
r-devel-linux-x86_64-fedora-clang 3042.89 440.60 NOTE
r-devel-linux-x86_64-fedora-gcc 3042.89 370.65 NOTE
r-devel-windows-ix86+x86_64 3042.89 17.00 310.00 327.00 OK
r-patched-linux-x86_64 3042.89 5.96 328.31 334.27 NOTE
r-patched-solaris-x86 3042.89 325.30 OK
r-release-linux-x86_64 3042.89 6.38 323.76 330.14 NOTE
r-release-windows-ix86+x86_64 3042.89 15.00 330.00 345.00 OK
r-release-osx-x86_64 3042.89 OK
r-oldrel-windows-ix86+x86_64 3042.89 12.00 199.00 211.00 OK
r-oldrel-osx-x86_64 3042.89 OK

Check Details

Version: 3042.89
Check: compiled code
Result: NOTE
    File ‘fBasics/libs/fBasics.so’:
     Found no calls to: ‘R_registerRoutines’, ‘R_useDynamicSymbols’
    
    It is good practice to register native routines and to disable symbol
    search.
    
    See ‘Writing portable packages’ in the ‘Writing R Extensions’ manual.
Flavors: r-devel-linux-x86_64-debian-clang, r-devel-linux-x86_64-debian-gcc, r-devel-linux-x86_64-fedora-clang, r-devel-linux-x86_64-fedora-gcc, r-patched-linux-x86_64, r-release-linux-x86_64