CRAN Package Check Results for Package fBasics

Last updated on 2014-11-01 13:49:49.

Flavor Version Tinstall Tcheck Ttotal Status Flags
r-devel-linux-x86_64-debian-clang 3011.87 5.04 104.51 109.56 OK
r-devel-linux-x86_64-debian-gcc 3011.87 5.15 100.88 106.02 OK
r-devel-linux-x86_64-fedora-clang 3011.87 212.45 OK
r-devel-linux-x86_64-fedora-gcc 3011.87 169.43 OK
r-devel-osx-x86_64-clang 3011.87 119.30 OK
r-devel-windows-ix86+x86_64 3011.87 16.00 150.00 166.00 OK
r-patched-linux-x86_64 3011.87 5.18 106.14 111.32 OK
r-patched-solaris-sparc 3011.87 1119.70 OK
r-patched-solaris-x86 3011.87 164.80 ERROR
r-release-linux-ix86 3010.86 6.42 127.03 133.44 NOTE
r-release-linux-x86_64 3010.86 5.29 116.60 121.89 NOTE
r-release-osx-x86_64-mavericks 3011.87 OK
r-release-osx-x86_64-snowleopard 3011.87 OK
r-release-windows-ix86+x86_64 3011.87 13.00 234.00 247.00 OK
r-oldrel-windows-ix86+x86_64 3011.87 14.00 160.00 174.00 OK

Check Details

Version: 3011.87
Check: examples
Result: ERROR
    Running examples in ‘fBasics-Ex.R’ failed
    The error most likely occurred in:
    
    > ### Name: akimaInterp
    > ### Title: Bivariate Spline Interpolation
    > ### Aliases: akimaInterp akimaInterpp
    > ### Keywords: programming
    >
    > ### ** Examples
    >
    > ## akimaInterp -
    > # Akima Interpolation:
    > if (require(akima)) {
    + set.seed(1953)
    + x = runif(999) - 0.5
    + y = runif(999) - 0.5
    + z = cos(2*pi*(x^2+y^2))
    + ans = akimaInterp(x, y, z, gridPoints = 41, extrap = FALSE)
    + persp(ans, theta = -40, phi = 30, col = "steelblue",
    + xlab = "x", ylab = "y", zlab = "z")
    + contour(ans)
    + }
    Loading required package: akima
    Warning in min(x) : no non-missing arguments to min; returning Inf
    Warning in max(x) : no non-missing arguments to max; returning -Inf
    Error in persp.default(ans, theta = -40, phi = 30, col = "steelblue", :
     invalid 'z' limits
    Calls: persp -> persp.default
    Execution halted
Flavor: r-patched-solaris-x86

Version: 3010.86
Check: dependencies in R code
Result: NOTE
    Namespace in Imports field not imported from: ‘gss’
     All declared Imports should be used.
    Unexported objects imported by ':::' calls:
     ‘akima:::interpp.new’ ‘akima:::interpp.old’
     See the note in ?`:::` about the use of this operator.
    There are ::: calls to the package's namespace in its code. A package
     almost never needs to use ::: for its own objects:
     ‘.unirootNA’
    See the information on DESCRIPTION files in the chapter ‘Creating R
    packages’ of the ‘Writing R Extensions’ manual.
Flavors: r-release-linux-ix86, r-release-linux-x86_64