CRAN Package Check Results for Package fBasics

Last updated on 2022-01-27 04:05:21 CET.

Flavor Version Tinstall Tcheck Ttotal Status Flags
r-devel-linux-x86_64-debian-clang 3042.89.1 74.16 182.74 256.90 OK
r-devel-linux-x86_64-debian-gcc 3042.89.1 61.65 137.78 199.43 OK
r-devel-linux-x86_64-fedora-clang 3042.89.1 316.67 NOTE
r-devel-linux-x86_64-fedora-gcc 3042.89.1 284.64 NOTE
r-devel-windows-x86_64-new-UL 3042.89.1 225.00 193.00 418.00 OK
r-devel-windows-x86_64-new-TK 3042.89.1 OK
r-patched-linux-x86_64 3042.89.1 75.71 174.79 250.50 OK
r-release-linux-x86_64 3042.89.1 71.58 176.00 247.58 OK
r-release-macos-arm64 3042.89.1 OK
r-release-macos-x86_64 3042.89.1 OK
r-release-windows-ix86+x86_64 3042.89.1 111.00 242.00 353.00 OK
r-oldrel-macos-x86_64 3042.89.1 OK
r-oldrel-windows-ix86+x86_64 3042.89.1 110.00 237.00 347.00 OK

Check Details

Version: 3042.89.1
Check: compiled code
Result: NOTE
    File ‘fBasics/libs/fBasics.so’:
     Found no calls to: ‘R_registerRoutines’, ‘R_useDynamicSymbols’
    
    It is good practice to register native routines and to disable symbol
    search.
    
    See ‘Writing portable packages’ in the ‘Writing R Extensions’ manual.
Flavors: r-devel-linux-x86_64-fedora-clang, r-devel-linux-x86_64-fedora-gcc