CRAN Package Check Results for Package fBasics

Last updated on 2015-03-02 19:52:13.

Flavor Version Tinstall Tcheck Ttotal Status Flags
r-devel-linux-x86_64-debian-clang 3011.87 4.24 97.46 101.70 NOTE
r-devel-linux-x86_64-debian-gcc 3011.87 4.26 94.42 98.68 NOTE
r-devel-linux-x86_64-fedora-clang 3011.87 187.70 NOTE
r-devel-linux-x86_64-fedora-gcc 3011.87 164.92 NOTE
r-devel-osx-x86_64-clang 3011.87 154.26 NOTE
r-devel-windows-ix86+x86_64 3011.87 24.00 206.00 230.00 NOTE
r-patched-linux-x86_64 3011.87 5.44 107.66 113.09 NOTE
r-patched-solaris-sparc 3011.87 1228.70 NOTE
r-patched-solaris-x86 3011.87 186.00 ERROR
r-release-linux-ix86 3011.87 6.34 118.35 124.69 OK
r-release-linux-x86_64 3011.87 5.48 107.98 113.46 OK
r-release-osx-x86_64-mavericks 3011.87 OK
r-release-osx-x86_64-snowleopard 3011.87 OK
r-release-windows-ix86+x86_64 3011.87 31.00 235.00 266.00 OK
r-oldrel-windows-ix86+x86_64 3011.87 16.00 167.00 183.00 OK

Check Details

Version: 3011.87
Check: dependencies in R code
Result: NOTE
    'library' or 'require' calls in package code:
     ‘akima’ ‘spatial’ ‘tcltk’
     Please use :: or requireNamespace() instead.
     See section 'Suggested packages' in the 'Writing R Extensions' manual.
Flavors: r-devel-linux-x86_64-debian-clang, r-devel-linux-x86_64-debian-gcc, r-devel-linux-x86_64-fedora-clang, r-devel-linux-x86_64-fedora-gcc, r-devel-osx-x86_64-clang, r-devel-windows-ix86+x86_64, r-patched-linux-x86_64, r-patched-solaris-sparc, r-patched-solaris-x86

Version: 3011.87
Check: S3 generic/method consistency
Result: NOTE
    Found the following apparent S3 methods exported but not registered:
     .plot.histogram .print.ssd .summary.gel .summary.gmm getModel.default
     print.control stdev.default termPlot.default volatility.default
    See section ‘Registering S3 methods’ in the ‘Writing R Extensions’
    manual.
Flavors: r-devel-linux-x86_64-debian-clang, r-devel-linux-x86_64-debian-gcc, r-devel-linux-x86_64-fedora-clang, r-devel-linux-x86_64-fedora-gcc, r-devel-osx-x86_64-clang

Version: 3011.87
Check: examples
Result: ERROR
    Running examples in ‘fBasics-Ex.R’ failed
    The error most likely occurred in:
    
    > ### Name: akimaInterp
    > ### Title: Bivariate Spline Interpolation
    > ### Aliases: akimaInterp akimaInterpp
    > ### Keywords: programming
    >
    > ### ** Examples
    >
    > ## akimaInterp -
    > # Akima Interpolation:
    > if (require(akima)) {
    + set.seed(1953)
    + x = runif(999) - 0.5
    + y = runif(999) - 0.5
    + z = cos(2*pi*(x^2+y^2))
    + ans = akimaInterp(x, y, z, gridPoints = 41, extrap = FALSE)
    + persp(ans, theta = -40, phi = 30, col = "steelblue",
    + xlab = "x", ylab = "y", zlab = "z")
    + contour(ans)
    + }
    Loading required package: akima
    Warning in min(x) : no non-missing arguments to min; returning Inf
    Warning in max(x) : no non-missing arguments to max; returning -Inf
    Error in persp.default(ans, theta = -40, phi = 30, col = "steelblue", :
     invalid 'z' limits
    Calls: persp -> persp.default
    Execution halted
Flavor: r-patched-solaris-x86