CRAN Package Check Results for Package fBasics

Last updated on 2018-02-23 14:49:22 CET.

Flavor Version Tinstall Tcheck Ttotal Status Flags
r-devel-linux-x86_64-debian-clang 3042.89 168.31 153.25 321.56 NOTE
r-devel-linux-x86_64-debian-gcc 3042.89 139.70 122.68 262.38 NOTE
r-devel-linux-x86_64-fedora-clang 3042.89 454.56 NOTE
r-devel-linux-x86_64-fedora-gcc 3042.89 407.22 NOTE
r-devel-windows-ix86+x86_64 3042.89 238.00 236.00 474.00 OK
r-patched-linux-x86_64 3042.89 5.76 235.57 241.33 NOTE
r-patched-solaris-x86 3042.89 329.50 OK
r-release-linux-x86_64 3042.89 5.74 236.74 242.48 NOTE
r-release-windows-ix86+x86_64 3042.89 14.00 407.00 421.00 OK
r-release-osx-x86_64 3042.89 OK
r-oldrel-windows-ix86+x86_64 3042.89 15.00 195.00 210.00 OK
r-oldrel-osx-x86_64 3042.89 OK

Check Details

Version: 3042.89
Check: compiled code
Result: NOTE
    File ‘fBasics/libs/fBasics.so’:
     Found no calls to: ‘R_registerRoutines’, ‘R_useDynamicSymbols’
    
    It is good practice to register native routines and to disable symbol
    search.
    
    See ‘Writing portable packages’ in the ‘Writing R Extensions’ manual.
Flavors: r-devel-linux-x86_64-debian-clang, r-devel-linux-x86_64-debian-gcc, r-devel-linux-x86_64-fedora-clang, r-devel-linux-x86_64-fedora-gcc, r-patched-linux-x86_64, r-release-linux-x86_64