CRAN Package Check Results for Package fBasics

Last updated on 2015-07-05 08:47:15.

Flavor Version Tinstall Tcheck Ttotal Status Flags
r-devel-linux-x86_64-debian-clang 3011.87 4.20 96.98 101.18 NOTE
r-devel-linux-x86_64-debian-gcc 3011.87 4.51 96.26 100.77 NOTE
r-devel-linux-x86_64-fedora-clang 3011.87 180.29 NOTE
r-devel-linux-x86_64-fedora-gcc 3011.87 164.09 NOTE
r-devel-osx-x86_64-clang 3011.87 145.45 NOTE
r-devel-windows-ix86+x86_64 3011.87 14.00 156.00 170.00 NOTE
r-patched-linux-x86_64 3011.87 4.26 97.03 101.28 NOTE
r-patched-solaris-sparc 3011.87 1095.30 NOTE
r-patched-solaris-x86 3011.87 198.70 ERROR
r-release-linux-x86_64 3011.87 4.27 96.20 100.47 NOTE
r-release-osx-x86_64-mavericks 3011.87 NOTE
r-release-windows-ix86+x86_64 3011.87 21.00 169.00 190.00 NOTE
r-oldrel-windows-ix86+x86_64 3011.87 26.00 178.00 204.00 NOTE

Check Details

Version: 3011.87
Check: dependencies in R code
Result: NOTE
    'library' or 'require' calls in package code:
     ‘akima’ ‘spatial’ ‘tcltk’
     Please use :: or requireNamespace() instead.
     See section 'Suggested packages' in the 'Writing R Extensions' manual.
Flavors: r-devel-linux-x86_64-debian-clang, r-devel-linux-x86_64-debian-gcc, r-devel-linux-x86_64-fedora-clang, r-devel-linux-x86_64-fedora-gcc, r-devel-osx-x86_64-clang, r-devel-windows-ix86+x86_64, r-patched-linux-x86_64, r-patched-solaris-sparc, r-patched-solaris-x86, r-release-linux-x86_64, r-release-osx-x86_64-mavericks, r-release-windows-ix86+x86_64, r-oldrel-windows-ix86+x86_64

Version: 3011.87
Check: S3 generic/method consistency
Result: NOTE
    Found the following apparent S3 methods exported but not registered:
     .plot.histogram .print.ssd .summary.gel .summary.gmm getModel.default
     print.control stdev.default termPlot.default volatility.default
    See section ‘Registering S3 methods’ in the ‘Writing R Extensions’
    manual.
Flavors: r-devel-linux-x86_64-debian-clang, r-devel-linux-x86_64-debian-gcc, r-devel-linux-x86_64-fedora-clang, r-devel-linux-x86_64-fedora-gcc, r-devel-osx-x86_64-clang, r-patched-linux-x86_64, r-patched-solaris-sparc, r-patched-solaris-x86, r-release-linux-x86_64

Version: 3011.87
Check: R code for possible problems
Result: NOTE
    .HAC: no visible global function definition for ‘ar’
    .acfPlot: no visible global function definition for ‘acf’
    .ansari2Test: no visible global function definition for ‘ansari.test’
    .ansariTest: no visible global function definition for ‘new’
    .asRGB: no visible global function definition for ‘col2rgb’
    .bartlett2Test: no visible global function definition for ‘pchisq’
    .bartlett2Test: no visible global function definition for ‘new’
    .blue2greenPalette: no visible global function definition for ‘rgb’
    .blue2redPalette: no visible global function definition for ‘rgb’
    .blue2yellowPalette: no visible global function definition for ‘rgb’
    .bwAndrews2 : fitAR1: no visible global function definition for ‘ar’
    .bwAndrews2 : fitARMA11: no visible global function definition for
     ‘arima’
    .bwNeweyWest2: no visible global function definition for ‘ar’
    .ccfPlot: no visible global function definition for ‘acf’
    .circlesPlot: no visible global function definition for ‘symbols’
    .circlesPlot: no visible global function definition for ‘grid’
    .cnvrt.coords: no visible global function definition for ‘xy.coords’
    .cnvrt.coords: no visible global function definition for ‘par’
    .contourPlot: no visible global function definition for ‘contour’
    .cyan2magentaPalette: no visible global function definition for ‘rgb’
    .distCheck: no visible global function definition for ‘integrate’
    .distCheck: no visible global function definition for ‘sd’
    .distCheck: no visible global function definition for ‘var’
    .distFitPlot: no visible global function definition for ‘density’
    .distFitPlot: no visible global function definition for ‘title’
    .distStandardErrors: no visible global function definition for ‘pnorm’
    .firePlot: no visible global function definition for ‘panel.smooth’
    .firePlot: no visible global function definition for ‘rug’
    .firePlot: no visible global function definition for ‘par’
    .firePlot: no visible global function definition for ‘layout’
    .firePlot: no visible global function definition for ‘hist’
    .firePlot: no visible global function definition for ‘barplot’
    .fligner2Test : <anonymous>: no visible global function definition for
     ‘median’
    .fligner2Test: no visible global function definition for ‘qnorm’
    .fligner2Test: no visible global function definition for ‘var’
    .fligner2Test: no visible global function definition for ‘pchisq’
    .fligner2Test: no visible global function definition for ‘new’
    .gel: no visible global function definition for ‘is’
    .gel : thetf: no visible global function definition for ‘optim’
    .gel : thetf: no visible global function definition for ‘optimize’
    .gel: no visible global function definition for ‘optim’
    .gel: no visible global function definition for ‘optimize’
    .gel: no visible global function definition for ‘constrOptim’
    .gel : Gf: no visible global function definition for ‘numericDeriv’
    .get_dat: no visible global function definition for ‘model.response’
    .get_dat: no visible global function definition for ‘model.matrix’
    .ghMuMomentsIntegrated: no visible global function definition for
     ‘integrate’
    .ghRawMomentsIntegrated: no visible global function definition for
     ‘integrate’
    .gldFit.gof: no visible global function definition for ‘sd’
    .gldFit.gof: no visible global function definition for ‘nlminb’
    .gldFit.gof: no visible global function definition for ‘density’
    .gldFit.gof: no visible global function definition for ‘new’
    .gldFit.hist: no visible global function definition for ‘sd’
    .gldFit.hist: no visible global function definition for ‘hist’
    .gldFit.hist: no visible global function definition for ‘nlminb’
    .gldFit.hist: no visible global function definition for ‘density’
    .gldFit.hist: no visible global function definition for ‘new’
    .gldFit.mle: no visible global function definition for ‘sd’
    .gldFit.mle: no visible global function definition for ‘nlminb’
    .gldFit.mle: no visible global function definition for ‘density’
    .gldFit.mle: no visible global function definition for ‘new’
    .gldFit.mps: no visible global function definition for ‘sd’
    .gldFit.mps: no visible binding for global variable ‘median’
    .gldFit.mps : typeFun: no visible global function definition for ‘var’
    .gldFit.mps: no visible global function definition for ‘nlminb’
    .gldFit.mps: no visible global function definition for ‘density’
    .gldFit.mps: no visible global function definition for ‘new’
    .gldFit.rob: no visible global function definition for ‘sd’
    .gldFit.rob: no visible global function definition for ‘nlminb’
    .gldFit.rob: no visible global function definition for ‘density’
    .gldFit.rob: no visible global function definition for ‘new’
    .gmm: no visible global function definition for ‘is’
    .gmm : Gf: no visible global function definition for ‘numericDeriv’
    .gmm: no visible global function definition for ‘optim’
    .gmm: no visible global function definition for ‘optimize’
    .green2redPalette: no visible global function definition for ‘rgb’
    .heavisideSlider : refresh.code: no visible global function definition
     for ‘par’
    .heavisideSlider : refresh.code: no visible global function definition
     for ‘title’
    .heavisideSlider : refresh.code: no visible global function definition
     for ‘grid’
    .histStack: no visible global function definition for ‘hist’
    .histStack: no visible global function definition for ‘barplot’
    .histStack: no visible global function definition for ‘axis’
    .jb.test: no visible global function definition for ‘pchisq’
    .jbPlot: no visible global function definition for ‘persp’
    .jbTable: no visible global function definition for ‘qchisq’
    .kurtosis.test: no visible global function definition for
     ‘complete.cases’
    .kurtosis.test: no visible global function definition for ‘pnorm’
    .kw2Test: no visible global function definition for ‘var’
    .kw2Test: no visible global function definition for ‘pchisq’
    .kw2Test: no visible global function definition for ‘new’
    .lintest: no visible global function definition for ‘pchisq’
    .lmacfPlot: no visible global function definition for ‘acf’
    .lmacfPlot: no visible global function definition for ‘qnorm’
    .lmacfPlot: no visible global function definition for ‘lsfit’
    .lmacfPlot: no visible global function definition for ‘mtext’
    .lmacfPlot: no visible global function definition for ‘grid’
    .logpdfPlot: no visible global function definition for ‘hist’
    .logpdfPlot: no visible global function definition for ‘par’
    .logpdfPlot: no visible global function definition for ‘mtext’
    .logpdfPlot: no visible global function definition for ‘dnorm’
    .logpdfPlot: no visible global function definition for ‘var’
    .logpdfPlot: no visible global function definition for ‘grid’
    .maxddStats : QP: no visible global function definition for ‘spline’
    .maxddStats : QN: no visible global function definition for ‘spline’
    .mleStableFit: no visible global function definition for ‘nlminb’
    .mleStableFit: no visible global function definition for ‘new’
    .moodTest: no visible global function definition for ‘pnorm’
    .moodTest: no visible global function definition for ‘new’
    .mrlPlot: no visible global function definition for ‘var’
    .mrlPlot: no visible global function definition for ‘qnorm’
    .mrlPlot: no visible global function definition for ‘grid’
    .mrlPlot: no visible global function definition for ‘mtext’
    .nigFit.gmm: no visible global function definition for ‘sd’
    .nigFit.gmm: no visible global function definition for ‘density’
    .nigFit.gmm: no visible global function definition for ‘new’
    .nigFit.mle: no visible global function definition for ‘sd’
    .nigFit.mle: no visible global function definition for ‘nlminb’
    .nigFit.mle: no visible global function definition for ‘new’
    .nigFit.mps: no visible global function definition for ‘sd’
    .nigFit.mps: no visible global function definition for ‘nlminb’
    .nigFit.mps: no visible global function definition for ‘density’
    .nigFit.mps: no visible global function definition for ‘new’
    .nigFit.vmps: no visible global function definition for ‘sd’
    .nigFit.vmps : obj: no visible global function definition for ‘var’
    .nigFit.vmps: no visible global function definition for ‘nlminb’
    .nigFit.vmps: no visible global function definition for ‘density’
    .nigFit.vmps: no visible global function definition for ‘new’
    .normFit: no visible global function definition for ‘qnorm’
    .normFit: no visible global function definition for ‘par’
    .normFit: no visible global function definition for ‘density’
    .normFit: no visible global function definition for ‘dnorm’
    .normFit: no visible global function definition for ‘grid’
    .normFit: no visible global function definition for ‘new’
    .omnibus.test: no visible global function definition for
     ‘complete.cases’
    .omnibus.test: no visible global function definition for ‘pchisq’
    .pacfPlot: no visible global function definition for ‘pacf’
    .perspPlot: no visible global function definition for ‘persp’
    .perspPlot: no visible global function definition for ‘par’
    .phiStable: no visible global function definition for ‘contour’
    .phyp1: no visible global function definition for ‘integrate’
    .pjb: no visible global function definition for ‘pchisq’
    .plot.histogram: no visible global function definition for ‘plot.new’
    .plot.histogram: no visible global function definition for
     ‘plot.window’
    .plot.histogram: no visible global function definition for ‘axis’
    .plot.histogram: no visible global function definition for ‘rect’
    .plot.histogram: no visible global function definition for ‘text’
    .purple2greenPalette: no visible global function definition for ‘rgb’
    .qStableFit: no visible global function definition for ‘contour’
    .qStableFit: no visible global function definition for ‘contourLines’
    .qStableFit: no visible global function definition for ‘approx’
    .qStableFit: no visible global function definition for ‘new’
    .qjb: no visible global function definition for ‘var’
    .qjb: no visible global function definition for ‘qchisq’
    .qqgaussPlot: no visible global function definition for ‘var’
    .qqgaussPlot: no visible global function definition for ‘qqnorm’
    .qqgaussPlot: no visible global function definition for ‘qqline’
    .qqgaussPlot: no visible global function definition for ‘grid’
    .residualsPlot: no visible global function definition for ‘rug’
    .residualsPlot: no visible global function definition for ‘grid’
    .responsesPlot: no visible global function definition for ‘rug’
    .responsesPlot: no visible global function definition for ‘grid’
    .rghyp: no visible global function definition for ‘rnorm’
    .rgigjd: no visible global function definition for ‘uniroot’
    .rgigjd: no visible global function definition for ‘runif’
    .rgigjd1: no visible global function definition for ‘uniroot’
    .rgigjd1: no visible global function definition for ‘runif’
    .rgld: no visible global function definition for ‘runif’
    .rhyperb: no visible global function definition for ‘runif’
    .rhyperb: no visible global function definition for ‘rexp’
    .skewness.test: no visible global function definition for
     ‘complete.cases’
    .skewness.test: no visible global function definition for ‘pnorm’
    .stablePlot: no visible global function definition for ‘par’
    .stablePlot: no visible global function definition for ‘density’
    .stablePlot: no visible global function definition for ‘title’
    .stablePlot: no visible global function definition for ‘grid’
    .stylizedFactsGUI : stylizedFactsRefreshCode: no visible global
     function definition for ‘par’
    .subPlot: no visible global function definition for ‘par’
    .subPlot: no visible global function definition for ‘locator’
    .subPlot: no visible global function definition for ‘xy.coords’
    .subStars: no visible global function definition for ‘rainbow’
    .subStars: no visible global function definition for ‘par’
    .subStars: no visible global function definition for ‘polygon’
    .subStars: no visible global function definition for ‘text’
    .summary.gel: no visible global function definition for ‘pchisq’
    .summary.gel: no visible global function definition for ‘pnorm’
    .summary.gel: no visible global function definition for ‘qnorm’
    .summary.gmm: no visible global function definition for ‘pnorm’
    .summary.gmm: no visible global function definition for ‘pchisq’
    .summary.gmm: no visible global function definition for ‘qnorm’
    .tTest: no visible global function definition for ‘t.test’
    .tTest: no visible global function definition for ‘var’
    .tTest: no visible global function definition for ‘new’
    .unirootNA: no visible global function definition for ‘uniroot’
    .varfTest: no visible global function definition for ‘var’
    .varfTest: no visible global function definition for ‘pf’
    .varfTest: no visible global function definition for ‘qf’
    .varfTest: no visible global function definition for ‘new’
    .varpieDemo: no visible global function definition for ‘par’
    .varpieDemo: no visible global function definition for ‘runif’
    .varpieDemo: no visible global function definition for ‘heat.colors’
    .varpiePlot: no visible global function definition for ‘pie’
    .varpiePlot: no visible global function definition for
     ‘as.graphicsAnnot’
    .varpiePlot: no visible global function definition for ‘plot.new’
    .varpiePlot: no visible global function definition for ‘par’
    .varpiePlot: no visible global function definition for ‘plot.window’
    .varpiePlot: no visible global function definition for ‘rainbow’
    .varpiePlot: no visible global function definition for ‘polygon’
    .varpiePlot: no visible global function definition for ‘title’
    .xrug: no visible global function definition for ‘rug’
    .yrug: no visible global function definition for ‘rug’
    acfPlot: no visible global function definition for ‘acf’
    adTest: no visible global function definition for ‘residuals’
    adTest: no visible global function definition for ‘var’
    adTest: no visible global function definition for ‘pnorm’
    adTest: no visible global function definition for ‘new’
    basicStats : cl.vals: no visible global function definition for ‘var’
    basicStats : cl.vals: no visible global function definition for ‘qt’
    basicStats: no visible global function definition for ‘median’
    basicStats: no visible global function definition for ‘var’
    boxL: no visible global function definition for ‘box’
    boxPercentilePlot: no visible global function definition for ‘median’
    boxPercentilePlot: no visible global function definition for ‘approx’
    boxPercentilePlot: no visible global function definition for ‘polygon’
    boxPercentilePlot: no visible global function definition for ‘axis’
    boxPlot: no visible global function definition for ‘boxplot’
    box_: no visible global function definition for ‘box’
    characterTable: no visible global function definition for ‘par’
    characterTable: no visible global function definition for ‘text’
    cmPalette: no visible global function definition for ‘cm.colors’
    colorLocator: no visible global function definition for ‘matplot’
    colorLocator: no visible global function definition for ‘colors’
    colorLocator: no visible global function definition for ‘axis’
    colorMatrix: no visible global function definition for ‘colors’
    colorTable: no visible global function definition for ‘text’
    copyright: no visible global function definition for ‘mtext’
    copyright: no visible global function definition for ‘par’
    cvmTest: no visible global function definition for ‘residuals’
    cvmTest: no visible global function definition for ‘pnorm’
    cvmTest: no visible global function definition for ‘var’
    cvmTest: no visible global function definition for ‘new’
    dagoTest: no visible global function definition for ‘residuals’
    dagoTest: no visible global function definition for ‘new’
    densityPlot: no visible global function definition for ‘density’
    densityPlot: no visible global function definition for ‘dnorm’
    densityPlot: no visible global function definition for ‘mtext’
    distCheck: no visible global function definition for ‘integrate’
    distCheck: no visible global function definition for ‘sd’
    distCheck: no visible global function definition for ‘var’
    divPalette: no visible global function definition for ‘col2rgb’
    divPalette: no visible global function definition for ‘spline’
    focusPalette: no visible global function definition for ‘col2rgb’
    focusPalette: no visible global function definition for ‘spline’
    getArgs: no visible global function definition for ‘getMethod’
    getDescription: no visible global function definition for ‘slot’
    getModel.default: no visible global function definition for ‘slot’
    getSlot: no visible global function definition for ‘slot’
    getTitle: no visible global function definition for ‘slot’
    ghFit: no visible global function definition for ‘sd’
    ghFit: no visible global function definition for ‘nlminb’
    ghFit: no visible global function definition for ‘density’
    ghFit: no visible global function definition for ‘new’
    ghMode: no visible global function definition for ‘optimize’
    ghSlider : refresh.code: no visible global function definition for
     ‘par’
    ghSlider : refresh.code: no visible global function definition for
     ‘title’
    ghtFit: no visible global function definition for ‘sd’
    ghtFit: no visible global function definition for ‘nlminb’
    ghtFit: no visible global function definition for ‘density’
    ghtFit: no visible global function definition for ‘new’
    ghtMode: no visible global function definition for ‘optimize’
    gldMode: no visible global function definition for ‘optimize’
    greyPalette: no visible global function definition for ‘gray.colors’
    heatPalette: no visible global function definition for ‘heat.colors’
    hgrid: no visible global function definition for ‘grid’
    histPlot: no visible global function definition for ‘hist’
    histPlot: no visible global function definition for ‘box’
    histPlot: no visible global function definition for ‘dnorm’
    histPlot: no visible global function definition for ‘mtext’
    hypFit: no visible global function definition for ‘sd’
    hypFit: no visible global function definition for ‘nlminb’
    hypFit: no visible global function definition for ‘density’
    hypFit: no visible global function definition for ‘new’
    hypSlider : refresh.code: no visible global function definition for
     ‘par’
    hypSlider : refresh.code: no visible global function definition for
     ‘title’
    interactivePlot : multPlot : selectivePlot : askPlot: no visible global
     function definition for ‘menu’
    interactivePlot : multPlot: no visible global function definition for
     ‘menu’
    jarqueberaTest: no visible global function definition for ‘residuals’
    jarqueberaTest: no visible global function definition for ‘pchisq’
    jarqueberaTest: no visible global function definition for ‘new’
    jbTest: no visible global function definition for ‘residuals’
    jbTest: no visible global function definition for ‘new’
    kendallTest: no visible global function definition for ‘cor.test’
    kendallTest: no visible global function definition for ‘new’
    ks2Test: no visible global function definition for ‘ks.test’
    ks2Test: no visible global function definition for ‘new’
    ksnormTest: no visible global function definition for ‘residuals’
    ksnormTest: no visible global function definition for ‘ks.test’
    ksnormTest: no visible global function definition for ‘new’
    lacfPlot: no visible global function definition for ‘cor’
    lacfPlot: no visible global function definition for ‘mtext’
    lacfPlot: no visible global function definition for ‘grid’
    lillieTest: no visible global function definition for ‘residuals’
    lillieTest: no visible global function definition for ‘pnorm’
    lillieTest: no visible global function definition for ‘var’
    lillieTest: no visible global function definition for ‘new’
    logDensityPlot: no visible global function definition for ‘density’
    logDensityPlot: no visible global function definition for ‘hist’
    logDensityPlot: no visible global function definition for ‘dnorm’
    logDensityPlot: no visible global function definition for ‘sd’
    monoPalette: no visible global function definition for ‘col2rgb’
    monoPalette: no visible global function definition for ‘spline’
    nFit: no visible global function definition for ‘qnorm’
    nFit: no visible global function definition for ‘par’
    nFit: no visible global function definition for ‘density’
    nFit: no visible global function definition for ‘dnorm’
    nFit: no visible global function definition for ‘grid’
    nFit: no visible global function definition for ‘new’
    nigMode: no visible global function definition for ‘optimize’
    nigSlider : refresh.code: no visible global function definition for
     ‘par’
    nigSlider : refresh.code: no visible global function definition for
     ‘title’
    normIQR: no visible global function definition for ‘qnorm’
    normKURT: no visible global function definition for ‘qnorm’
    normMED: no visible global function definition for ‘qnorm’
    normSKEW: no visible global function definition for ‘qnorm’
    normalTest: no visible global function definition for ‘residuals’
    pacfPlot: no visible global function definition for ‘pacf’
    pchiTest: no visible global function definition for ‘residuals’
    pchiTest: no visible global function definition for ‘pnorm’
    pchiTest: no visible global function definition for ‘var’
    pchiTest: no visible global function definition for ‘pchisq’
    pchiTest: no visible global function definition for ‘new’
    pearsonTest: no visible global function definition for ‘cor.test’
    pearsonTest: no visible global function definition for ‘new’
    pgh: no visible global function definition for ‘integrate’
    pght: no visible global function definition for ‘integrate’
    pnig: no visible global function definition for ‘integrate’
    psght: no visible global function definition for ‘integrate’
    qqghtPlot: no visible global function definition for ‘ppoints’
    qqghtPlot: no visible global function definition for ‘lsfit’
    qqgldPlot: no visible global function definition for ‘ppoints’
    qqgldPlot: no visible global function definition for ‘lsfit’
    qqnigPlot: no visible global function definition for ‘ppoints’
    qqnigPlot: no visible global function definition for ‘lsfit’
    qqnormPlot: no visible global function definition for ‘var’
    qqnormPlot: no visible global function definition for ‘ppoints’
    qqnormPlot: no visible global function definition for ‘qnorm’
    qqnormPlot: no visible global function definition for ‘sd’
    qualiPalette: no visible global function definition for ‘col2rgb’
    qualiPalette: no visible global function definition for ‘spline’
    rainbowPalette: no visible global function definition for ‘rainbow’
    returnSeriesGUI : returnSeriesRefreshCode: no visible global function
     definition for ‘par’
    rmaxdd: no visible global function definition for ‘rnorm’
    rnig: no visible global function definition for ‘rnorm’
    rnig: no visible global function definition for ‘runif’
    rnorm.lcg: no visible global function definition for ‘qnorm’
    rssd: no visible global function definition for ‘runif’
    rt.lcg: no visible global function definition for ‘qt’
    scalinglawPlot: no visible global function definition for ‘lsfit’
    scalinglawPlot: no visible global function definition for ‘grid’
    seqPalette: no visible global function definition for ‘col2rgb’
    seqPalette: no visible global function definition for ‘spline’
    sfTest: no visible global function definition for ‘residuals’
    sfTest: no visible global function definition for ‘qnorm’
    sfTest: no visible global function definition for ‘ppoints’
    sfTest: no visible global function definition for ‘cor’
    sfTest: no visible global function definition for ‘pnorm’
    sfTest: no visible global function definition for ‘new’
    sghFit: no visible global function definition for ‘sd’
    sghFit: no visible global function definition for ‘nlminb’
    sghFit: no visible global function definition for ‘var’
    sghFit: no visible global function definition for ‘density’
    sghFit: no visible global function definition for ‘new’
    shapiroTest: no visible global function definition for ‘residuals’
    shapiroTest: no visible global function definition for ‘shapiro.test’
    shapiroTest: no visible global function definition for ‘new’
    spearmanTest: no visible global function definition for ‘cor.test’
    spearmanTest: no visible global function definition for ‘new’
    stableSlider : refresh.code: no visible global function definition for
     ‘par’
    stableSlider : refresh.code: no visible global function definition for
     ‘text’
    stableSlider : refresh.code: no visible global function definition for
     ‘axis’
    symbolTable: no visible global function definition for ‘par’
    symbolTable: no visible global function definition for ‘text’
    tFit : obj: no visible global function definition for ‘dt’
    tFit: no visible global function definition for ‘nlm’
    tFit: no visible global function definition for ‘qt’
    tFit: no visible global function definition for ‘par’
    tFit: no visible global function definition for ‘density’
    tFit: no visible global function definition for ‘dt’
    tFit: no visible global function definition for ‘grid’
    tFit: no visible global function definition for ‘new’
    teffectPlot: no visible global function definition for ‘var’
    teffectPlot: no visible global function definition for ‘acf’
    teffectPlot: no visible global function definition for ‘mtext’
    teffectPlot: no visible global function definition for ‘grid’
    terrainPalette: no visible global function definition for
     ‘terrain.colors’
    timPalette: no visible global function definition for ‘col2rgb’
    timPalette: no visible global function definition for ‘spline’
    timPalette: no visible global function definition for ‘rgb’
    topoPalette: no visible global function definition for ‘topo.colors’
    vgrid: no visible global function definition for ‘grid’
    Undefined global functions or variables:
     acf ansari.test approx ar arima as.graphicsAnnot axis barplot box
     boxplot cm.colors col2rgb colors complete.cases constrOptim contour
     contourLines cor cor.test density dnorm dt getMethod gray.colors grid
     heat.colors hist integrate is ks.test layout locator lsfit matplot
     median menu model.matrix model.response mtext new nlm nlminb
     numericDeriv optim optimize pacf panel.smooth par pchisq persp pf pie
     plot.new plot.window pnorm polygon ppoints qchisq qf qnorm qqline
     qqnorm qt rainbow rect residuals rexp rgb rnorm rug runif sd
     shapiro.test slot spline symbols t.test terrain.colors text title
     topo.colors uniroot var xy.coords
Flavors: r-devel-linux-x86_64-debian-clang, r-devel-linux-x86_64-debian-gcc, r-devel-linux-x86_64-fedora-clang, r-devel-linux-x86_64-fedora-gcc, r-devel-windows-ix86+x86_64

Version: 3011.87
Check: examples
Result: ERROR
    Running examples in ‘fBasics-Ex.R’ failed
    The error most likely occurred in:
    
    > ### Name: akimaInterp
    > ### Title: Bivariate Spline Interpolation
    > ### Aliases: akimaInterp akimaInterpp
    > ### Keywords: programming
    >
    > ### ** Examples
    >
    > ## akimaInterp -
    > # Akima Interpolation:
    > if (require(akima)) {
    + set.seed(1953)
    + x = runif(999) - 0.5
    + y = runif(999) - 0.5
    + z = cos(2*pi*(x^2+y^2))
    + ans = akimaInterp(x, y, z, gridPoints = 41, extrap = FALSE)
    + persp(ans, theta = -40, phi = 30, col = "steelblue",
    + xlab = "x", ylab = "y", zlab = "z")
    + contour(ans)
    + }
    Loading required package: akima
    Warning in min(x) : no non-missing arguments to min; returning Inf
    Warning in max(x) : no non-missing arguments to max; returning -Inf
    Error in persp.default(ans, theta = -40, phi = 30, col = "steelblue", :
     invalid 'z' limits
    Calls: persp -> persp.default
    Execution halted
Flavor: r-patched-solaris-x86