CRAN Package Check Results for Package fBonds

Last updated on 2015-05-30 06:46:41.

Flavor Version Tinstall Tcheck Ttotal Status Flags
r-devel-linux-x86_64-debian-clang 3010.77 2.18 23.88 26.06 NOTE
r-devel-linux-x86_64-debian-gcc 3010.77 1.74 22.52 24.26 NOTE
r-devel-linux-x86_64-fedora-clang 3010.77 55.46 NOTE
r-devel-linux-x86_64-fedora-gcc 3010.77 48.28 NOTE
r-devel-osx-x86_64-clang 3010.77 47.15 NOTE
r-devel-windows-ix86+x86_64 3010.77 5.00 37.00 42.00 NOTE
r-patched-linux-x86_64 3010.77 1.68 23.11 24.78 NOTE
r-patched-solaris-sparc 3010.77 316.90 NOTE
r-patched-solaris-x86 3010.77 65.10 NOTE
r-release-linux-x86_64 3010.77 2.27 23.24 25.51 NOTE
r-release-osx-x86_64-mavericks 3010.77 NOTE
r-release-osx-x86_64-snowleopard 3010.77 NOTE
r-release-windows-ix86+x86_64 3010.77 6.00 36.00 42.00 NOTE
r-oldrel-windows-ix86+x86_64 3010.77 7.00 51.00 58.00 OK

Check Details

Version: 3010.77
Check: DESCRIPTION meta-information
Result: NOTE
    Malformed Description field: should contain one or more complete sentences.
Flavors: r-devel-linux-x86_64-debian-clang, r-devel-linux-x86_64-debian-gcc, r-devel-linux-x86_64-fedora-clang, r-devel-linux-x86_64-fedora-gcc, r-devel-osx-x86_64-clang, r-devel-windows-ix86+x86_64, r-patched-linux-x86_64, r-patched-solaris-sparc, r-patched-solaris-x86, r-release-linux-x86_64, r-release-osx-x86_64-mavericks, r-release-osx-x86_64-snowleopard, r-release-windows-ix86+x86_64