CRAN Package Check Results for Package fBonds

Last updated on 2015-09-05 17:47:56.

Flavor Version Tinstall Tcheck Ttotal Status Flags
r-devel-linux-x86_64-debian-clang 3010.77 1.50 21.61 23.10 NOTE
r-devel-linux-x86_64-debian-gcc 3010.77 1.47 21.35 22.82 NOTE
r-devel-linux-x86_64-fedora-clang 3010.77 47.65 NOTE
r-devel-linux-x86_64-fedora-gcc 3010.77 45.74 NOTE
r-devel-osx-x86_64-clang 3010.77 40.15 NOTE
r-devel-windows-ix86+x86_64 3010.77 7.00 41.00 48.00 NOTE
r-patched-linux-x86_64 3010.77 1.78 22.96 24.74 NOTE
r-patched-solaris-sparc 3010.77 315.80 NOTE
r-patched-solaris-x86 3010.77 65.80 NOTE
r-release-linux-x86_64 3010.77 1.88 23.21 25.09 NOTE
r-release-osx-x86_64-mavericks 3010.77 NOTE
r-release-windows-ix86+x86_64 3010.77 8.00 40.00 48.00 NOTE
r-oldrel-windows-ix86+x86_64 3010.77 8.00 51.00 59.00 OK

Check Details

Version: 3010.77
Check: DESCRIPTION meta-information
Result: NOTE
    Malformed Description field: should contain one or more complete sentences.
Flavors: r-devel-linux-x86_64-debian-clang, r-devel-linux-x86_64-debian-gcc, r-devel-linux-x86_64-fedora-clang, r-devel-linux-x86_64-fedora-gcc, r-devel-osx-x86_64-clang, r-devel-windows-ix86+x86_64, r-patched-linux-x86_64, r-patched-solaris-sparc, r-patched-solaris-x86, r-release-linux-x86_64, r-release-osx-x86_64-mavericks, r-release-windows-ix86+x86_64

Version: 3010.77
Check: R code for possible problems
Result: NOTE
    NelsonSiegel: no visible global function definition for ‘nlminb’
    NelsonSiegel: no visible global function definition for ‘grid’
    Svensson: no visible global function definition for ‘persp’
    Svensson: no visible global function definition for ‘title’
    Svensson: no visible global function definition for ‘image’
    Svensson: no visible global function definition for ‘contour’
    Svensson: no visible global function definition for ‘nlminb’
    Svensson: no visible global function definition for ‘grid’
    Undefined global functions or variables:
     contour grid image nlminb persp title
    Consider adding
     importFrom("graphics", "contour", "grid", "image", "persp", "title")
     importFrom("stats", "nlminb")
    to your NAMESPACE.
Flavors: r-devel-linux-x86_64-debian-clang, r-devel-linux-x86_64-debian-gcc, r-devel-linux-x86_64-fedora-clang, r-devel-linux-x86_64-fedora-gcc, r-devel-windows-ix86+x86_64