CRAN Package Check Results for Package fBonds

Last updated on 2016-04-30 18:46:49.

Flavor Version Tinstall Tcheck Ttotal Status Flags
r-devel-linux-x86_64-debian-gcc 3010.77 1.78 21.77 23.55 NOTE
r-devel-linux-x86_64-fedora-clang 3010.77 43.73 NOTE
r-devel-linux-x86_64-fedora-gcc 3010.77 45.67 NOTE
r-devel-osx-x86_64-clang 3010.77 46.51 NOTE
r-devel-windows-ix86+x86_64 3010.77 5.00 46.00 51.00 NOTE
r-patched-linux-x86_64 3010.77 1.50 21.27 22.77 NOTE
r-patched-solaris-sparc 3010.77 270.80 NOTE
r-patched-solaris-x86 3010.77 56.60 NOTE
r-release-linux-x86_64 3010.77 1.73 23.92 25.66 NOTE
r-release-osx-x86_64-mavericks 3010.77 NOTE
r-release-windows-ix86+x86_64 3010.77 8.00 56.00 64.00 NOTE
r-oldrel-windows-ix86+x86_64 3010.77 10.00 51.00 61.00 OK

Check Details

Version: 3010.77
Check: DESCRIPTION meta-information
Result: NOTE
    Malformed Description field: should contain one or more complete sentences.
Flavors: r-devel-linux-x86_64-debian-gcc, r-devel-linux-x86_64-fedora-clang, r-devel-linux-x86_64-fedora-gcc, r-devel-osx-x86_64-clang, r-devel-windows-ix86+x86_64, r-patched-linux-x86_64, r-patched-solaris-sparc, r-patched-solaris-x86, r-release-linux-x86_64, r-release-osx-x86_64-mavericks, r-release-windows-ix86+x86_64

Version: 3010.77
Check: R code for possible problems
Result: NOTE
    NelsonSiegel: no visible global function definition for ‘nlminb’
    NelsonSiegel: no visible global function definition for ‘grid’
    Svensson: no visible global function definition for ‘persp’
    Svensson: no visible global function definition for ‘title’
    Svensson: no visible global function definition for ‘image’
    Svensson: no visible global function definition for ‘contour’
    Svensson: no visible global function definition for ‘nlminb’
    Svensson: no visible global function definition for ‘grid’
    Undefined global functions or variables:
     contour grid image nlminb persp title
    Consider adding
     importFrom("graphics", "contour", "grid", "image", "persp", "title")
     importFrom("stats", "nlminb")
    to your NAMESPACE file.
Flavors: r-devel-linux-x86_64-debian-gcc, r-devel-linux-x86_64-fedora-clang, r-devel-linux-x86_64-fedora-gcc, r-devel-osx-x86_64-clang, r-devel-windows-ix86+x86_64, r-patched-linux-x86_64, r-patched-solaris-sparc, r-patched-solaris-x86