CRAN Package Check Results for Package fBonds

Last updated on 2015-08-01 10:46:52.

Flavor Version Tinstall Tcheck Ttotal Status Flags
r-devel-linux-x86_64-debian-clang 3010.77 2.31 23.85 26.16 NOTE
r-devel-linux-x86_64-debian-gcc 3010.77 1.58 22.49 24.07 NOTE
r-devel-linux-x86_64-fedora-clang 3010.77 51.53 NOTE
r-devel-linux-x86_64-fedora-gcc 3010.77 48.29 NOTE
r-devel-osx-x86_64-clang 3010.77 42.91 NOTE
r-devel-windows-ix86+x86_64 3010.77 8.00 37.00 45.00 NOTE
r-patched-linux-x86_64 3010.77 1.65 22.80 24.45 NOTE
r-patched-solaris-sparc 3010.77 315.80 NOTE
r-patched-solaris-x86 3010.77 67.30 NOTE
r-release-linux-x86_64 3010.77 1.88 23.73 25.62 NOTE
r-release-osx-x86_64-mavericks 3010.77 NOTE
r-release-windows-ix86+x86_64 3010.77 6.00 51.00 57.00 NOTE
r-oldrel-windows-ix86+x86_64 3010.77 9.00 51.00 60.00 OK

Check Details

Version: 3010.77
Check: DESCRIPTION meta-information
Result: NOTE
    Malformed Description field: should contain one or more complete sentences.
Flavors: r-devel-linux-x86_64-debian-clang, r-devel-linux-x86_64-debian-gcc, r-devel-linux-x86_64-fedora-clang, r-devel-linux-x86_64-fedora-gcc, r-devel-osx-x86_64-clang, r-devel-windows-ix86+x86_64, r-patched-linux-x86_64, r-patched-solaris-sparc, r-patched-solaris-x86, r-release-linux-x86_64, r-release-osx-x86_64-mavericks, r-release-windows-ix86+x86_64

Version: 3010.77
Check: R code for possible problems
Result: NOTE
    NelsonSiegel: no visible global function definition for ‘nlminb’
    NelsonSiegel: no visible global function definition for ‘grid’
    Svensson: no visible global function definition for ‘persp’
    Svensson: no visible global function definition for ‘title’
    Svensson: no visible global function definition for ‘image’
    Svensson: no visible global function definition for ‘contour’
    Svensson: no visible global function definition for ‘nlminb’
    Svensson: no visible global function definition for ‘grid’
    Undefined global functions or variables:
     contour grid image nlminb persp title
    Consider adding
     importFrom("graphics", "contour", "grid", "image", "persp", "title")
     importFrom("stats", "nlminb")
    to your NAMESPACE.
Flavors: r-devel-linux-x86_64-debian-clang, r-devel-linux-x86_64-debian-gcc, r-devel-linux-x86_64-fedora-clang, r-devel-linux-x86_64-fedora-gcc, r-devel-windows-ix86+x86_64