CRAN Package Check Results for Package fBonds

Last updated on 2016-12-08 06:48:13.

Flavor Version Tinstall Tcheck Ttotal Status Flags
r-devel-linux-x86_64-debian-clang 3010.77 1.91 24.46 26.38 NOTE
r-devel-linux-x86_64-debian-gcc 3010.77 1.91 23.84 25.75 NOTE
r-devel-linux-x86_64-fedora-clang 3010.77 52.40 NOTE --no-stop-on-test-error
r-devel-linux-x86_64-fedora-gcc 3010.77 50.90 NOTE --no-stop-on-test-error
r-devel-macos-x86_64-clang 3010.77 40.30 NOTE
r-devel-windows-ix86+x86_64 3010.77 5.00 43.00 48.00 NOTE
r-patched-linux-x86_64 3010.77 1.49 21.64 23.14 NOTE
r-patched-solaris-sparc 3010.77 272.60 NOTE
r-patched-solaris-x86 3010.77 55.40 NOTE
r-release-linux-x86_64 3010.77 1.52 21.74 23.26 NOTE
r-release-osx-x86_64-mavericks 3010.77 NOTE
r-release-windows-ix86+x86_64 3010.77 5.00 56.00 61.00 NOTE
r-oldrel-windows-ix86+x86_64 3010.77 7.00 39.00 46.00 NOTE

Check Details

Version: 3010.77
Check: DESCRIPTION meta-information
Result: NOTE
    Malformed Description field: should contain one or more complete sentences.
Flavors: r-devel-linux-x86_64-debian-clang, r-devel-linux-x86_64-debian-gcc, r-devel-macos-x86_64-clang, r-devel-windows-ix86+x86_64, r-patched-linux-x86_64, r-patched-solaris-sparc, r-patched-solaris-x86, r-release-linux-x86_64, r-release-osx-x86_64-mavericks, r-release-windows-ix86+x86_64, r-oldrel-windows-ix86+x86_64

Version: 3010.77
Check: R code for possible problems
Result: NOTE
    NelsonSiegel: no visible global function definition for ‘nlminb’
    NelsonSiegel: no visible global function definition for ‘grid’
    Svensson: no visible global function definition for ‘persp’
    Svensson: no visible global function definition for ‘title’
    Svensson: no visible global function definition for ‘image’
    Svensson: no visible global function definition for ‘contour’
    Svensson: no visible global function definition for ‘nlminb’
    Svensson: no visible global function definition for ‘grid’
    Undefined global functions or variables:
     contour grid image nlminb persp title
    Consider adding
     importFrom("graphics", "contour", "grid", "image", "persp", "title")
     importFrom("stats", "nlminb")
    to your NAMESPACE file.
Flavors: r-devel-linux-x86_64-debian-clang, r-devel-linux-x86_64-debian-gcc, r-devel-macos-x86_64-clang, r-devel-windows-ix86+x86_64, r-patched-linux-x86_64, r-patched-solaris-sparc, r-patched-solaris-x86, r-release-linux-x86_64, r-release-osx-x86_64-mavericks, r-release-windows-ix86+x86_64

Version: 3010.77
Flags: --no-stop-on-test-error
Check: DESCRIPTION meta-information
Result: NOTE
    Malformed Description field: should contain one or more complete sentences.
Flavors: r-devel-linux-x86_64-fedora-clang, r-devel-linux-x86_64-fedora-gcc

Version: 3010.77
Flags: --no-stop-on-test-error
Check: R code for possible problems
Result: NOTE
    NelsonSiegel: no visible global function definition for ‘nlminb’
    NelsonSiegel: no visible global function definition for ‘grid’
    Svensson: no visible global function definition for ‘persp’
    Svensson: no visible global function definition for ‘title’
    Svensson: no visible global function definition for ‘image’
    Svensson: no visible global function definition for ‘contour’
    Svensson: no visible global function definition for ‘nlminb’
    Svensson: no visible global function definition for ‘grid’
    Undefined global functions or variables:
     contour grid image nlminb persp title
    Consider adding
     importFrom("graphics", "contour", "grid", "image", "persp", "title")
     importFrom("stats", "nlminb")
    to your NAMESPACE file.
Flavors: r-devel-linux-x86_64-fedora-clang, r-devel-linux-x86_64-fedora-gcc