CRAN Package Check Results for Package fBonds

Last updated on 2015-07-04 23:47:13.

Flavor Version Tinstall Tcheck Ttotal Status Flags
r-devel-linux-x86_64-debian-clang 3010.77 2.08 23.24 25.33 NOTE
r-devel-linux-x86_64-debian-gcc 3010.77 1.68 22.62 24.30 NOTE
r-devel-linux-x86_64-fedora-clang 3010.77 50.02 NOTE
r-devel-linux-x86_64-fedora-gcc 3010.77 49.24 NOTE
r-devel-osx-x86_64-clang 3010.77 42.78 NOTE
r-devel-windows-ix86+x86_64 3010.77 8.00 33.00 41.00 NOTE
r-patched-linux-x86_64 3010.77 1.60 22.23 23.84 NOTE
r-patched-solaris-sparc 3010.77 316.90 NOTE
r-patched-solaris-x86 3010.77 64.70 NOTE
r-release-linux-x86_64 3010.77 1.75 22.28 24.04 NOTE
r-release-osx-x86_64-mavericks 3010.77 NOTE
r-release-windows-ix86+x86_64 3010.77 7.00 33.00 40.00 NOTE
r-oldrel-windows-ix86+x86_64 3010.77 8.00 45.00 53.00 OK

Check Details

Version: 3010.77
Check: DESCRIPTION meta-information
Result: NOTE
    Malformed Description field: should contain one or more complete sentences.
Flavors: r-devel-linux-x86_64-debian-clang, r-devel-linux-x86_64-debian-gcc, r-devel-linux-x86_64-fedora-clang, r-devel-linux-x86_64-fedora-gcc, r-devel-osx-x86_64-clang, r-devel-windows-ix86+x86_64, r-patched-linux-x86_64, r-patched-solaris-sparc, r-patched-solaris-x86, r-release-linux-x86_64, r-release-osx-x86_64-mavericks, r-release-windows-ix86+x86_64

Version: 3010.77
Check: R code for possible problems
Result: NOTE
    NelsonSiegel: no visible global function definition for ‘nlminb’
    NelsonSiegel: no visible global function definition for ‘grid’
    Svensson: no visible global function definition for ‘persp’
    Svensson: no visible global function definition for ‘title’
    Svensson: no visible global function definition for ‘image’
    Svensson: no visible global function definition for ‘contour’
    Svensson: no visible global function definition for ‘nlminb’
    Svensson: no visible global function definition for ‘grid’
    Undefined global functions or variables:
     contour grid image nlminb persp title
Flavors: r-devel-linux-x86_64-debian-clang, r-devel-linux-x86_64-debian-gcc, r-devel-linux-x86_64-fedora-clang, r-devel-linux-x86_64-fedora-gcc, r-devel-windows-ix86+x86_64