CRAN Package Check Results for Package fBonds

Last updated on 2016-07-24 06:46:50.

Flavor Version Tinstall Tcheck Ttotal Status Flags
r-devel-linux-x86_64-debian-clang 3010.77 2.08 25.64 27.72 NOTE
r-devel-linux-x86_64-debian-gcc 3010.77 2.29 26.45 28.74 NOTE
r-devel-linux-x86_64-fedora-clang 3010.77 45.67 NOTE
r-devel-linux-x86_64-fedora-gcc 3010.77 42.18 NOTE
r-devel-osx-x86_64-clang 3010.77 36.99 NOTE
r-devel-windows-ix86+x86_64 3010.77 5.00 45.00 50.00 NOTE
r-patched-linux-x86_64 3010.77 1.78 25.53 27.31 NOTE
r-patched-solaris-sparc 3010.77 272.60 NOTE
r-patched-solaris-x86 3010.77 55.90 NOTE
r-release-linux-x86_64 3010.77 1.69 26.78 28.46 NOTE
r-release-osx-x86_64-mavericks 3010.77 NOTE
r-release-windows-ix86+x86_64 3010.77 5.00 56.00 61.00 NOTE
r-oldrel-windows-ix86+x86_64 3010.77 9.00 46.00 55.00 NOTE

Check Details

Version: 3010.77
Check: DESCRIPTION meta-information
Result: NOTE
    Malformed Description field: should contain one or more complete sentences.
Flavors: r-devel-linux-x86_64-debian-clang, r-devel-linux-x86_64-debian-gcc, r-devel-linux-x86_64-fedora-clang, r-devel-linux-x86_64-fedora-gcc, r-devel-osx-x86_64-clang, r-devel-windows-ix86+x86_64, r-patched-linux-x86_64, r-patched-solaris-sparc, r-patched-solaris-x86, r-release-linux-x86_64, r-release-osx-x86_64-mavericks, r-release-windows-ix86+x86_64, r-oldrel-windows-ix86+x86_64

Version: 3010.77
Check: R code for possible problems
Result: NOTE
    NelsonSiegel: no visible global function definition for ‘nlminb’
    NelsonSiegel: no visible global function definition for ‘grid’
    Svensson: no visible global function definition for ‘persp’
    Svensson: no visible global function definition for ‘title’
    Svensson: no visible global function definition for ‘image’
    Svensson: no visible global function definition for ‘contour’
    Svensson: no visible global function definition for ‘nlminb’
    Svensson: no visible global function definition for ‘grid’
    Undefined global functions or variables:
     contour grid image nlminb persp title
    Consider adding
     importFrom("graphics", "contour", "grid", "image", "persp", "title")
     importFrom("stats", "nlminb")
    to your NAMESPACE file.
Flavors: r-devel-linux-x86_64-debian-clang, r-devel-linux-x86_64-debian-gcc, r-devel-linux-x86_64-fedora-clang, r-devel-linux-x86_64-fedora-gcc, r-devel-osx-x86_64-clang, r-devel-windows-ix86+x86_64, r-patched-linux-x86_64, r-patched-solaris-sparc, r-patched-solaris-x86, r-release-linux-x86_64, r-release-osx-x86_64-mavericks, r-release-windows-ix86+x86_64