CRAN Package Check Results for Package fBonds

Last updated on 2017-08-23 09:47:10.

Flavor Version Tinstall Tcheck Ttotal Status Flags
r-devel-linux-x86_64-debian-clang 3010.77 1.68 24.87 26.56 NOTE
r-devel-linux-x86_64-debian-gcc 3010.77 1.61 24.06 25.66 NOTE
r-devel-linux-x86_64-fedora-clang 3010.77 48.72 NOTE
r-devel-linux-x86_64-fedora-gcc 3010.77 47.65 NOTE
r-devel-windows-ix86+x86_64 3010.77 4.00 66.00 70.00 NOTE
r-patched-linux-x86_64 3010.77 1.82 24.84 26.66 NOTE
r-patched-solaris-x86 3010.77 64.30 NOTE
r-release-linux-x86_64 3010.77 1.75 24.80 26.55 NOTE
r-release-windows-ix86+x86_64 3010.77 5.00 64.00 69.00 NOTE
r-release-osx-x86_64 3010.77 NOTE
r-oldrel-windows-ix86+x86_64 3010.77 6.00 60.00 66.00 NOTE
r-oldrel-osx-x86_64 3010.77 NOTE

Check Details

Version: 3010.77
Check: DESCRIPTION meta-information
Result: NOTE
    Malformed Description field: should contain one or more complete sentences.
Flavors: r-devel-linux-x86_64-debian-clang, r-devel-linux-x86_64-debian-gcc, r-devel-linux-x86_64-fedora-clang, r-devel-linux-x86_64-fedora-gcc, r-devel-windows-ix86+x86_64, r-patched-linux-x86_64, r-patched-solaris-x86, r-release-linux-x86_64, r-release-windows-ix86+x86_64, r-release-osx-x86_64, r-oldrel-windows-ix86+x86_64, r-oldrel-osx-x86_64

Version: 3010.77
Check: R code for possible problems
Result: NOTE
    NelsonSiegel: no visible global function definition for ‘nlminb’
    NelsonSiegel: no visible global function definition for ‘grid’
    Svensson: no visible global function definition for ‘persp’
    Svensson: no visible global function definition for ‘title’
    Svensson: no visible global function definition for ‘image’
    Svensson: no visible global function definition for ‘contour’
    Svensson: no visible global function definition for ‘nlminb’
    Svensson: no visible global function definition for ‘grid’
    Undefined global functions or variables:
     contour grid image nlminb persp title
    Consider adding
     importFrom("graphics", "contour", "grid", "image", "persp", "title")
     importFrom("stats", "nlminb")
    to your NAMESPACE file.
Flavors: r-devel-linux-x86_64-debian-clang, r-devel-linux-x86_64-debian-gcc, r-devel-linux-x86_64-fedora-clang, r-devel-linux-x86_64-fedora-gcc, r-devel-windows-ix86+x86_64, r-patched-linux-x86_64, r-patched-solaris-x86, r-release-linux-x86_64, r-release-windows-ix86+x86_64, r-release-osx-x86_64, r-oldrel-windows-ix86+x86_64, r-oldrel-osx-x86_64