CRAN Package Check Results for Package fBonds

Last updated on 2016-02-08 14:47:00.

Flavor Version Tinstall Tcheck Ttotal Status Flags
r-devel-linux-x86_64-debian-gcc 3010.77 1.51 21.76 23.27 NOTE
r-devel-linux-x86_64-fedora-clang 3010.77 43.98 NOTE
r-devel-linux-x86_64-fedora-gcc 3010.77 45.46 NOTE
r-devel-osx-x86_64-clang 3010.77 46.46 NOTE
r-devel-windows-ix86+x86_64 3010.77 8.00 34.00 42.00 NOTE
r-patched-linux-x86_64 3010.77 1.77 22.94 24.71 NOTE
r-patched-solaris-sparc 3010.77 299.90 NOTE
r-patched-solaris-x86 3010.77 60.10 NOTE
r-release-linux-x86_64 3010.77 1.80 23.33 25.13 NOTE
r-release-osx-x86_64-mavericks 3010.77 NOTE
r-release-windows-ix86+x86_64 3010.77 7.00 42.00 49.00 NOTE
r-oldrel-windows-ix86+x86_64 3010.77 10.00 52.00 62.00 OK

Check Details

Version: 3010.77
Check: DESCRIPTION meta-information
Result: NOTE
    Malformed Description field: should contain one or more complete sentences.
Flavors: r-devel-linux-x86_64-debian-gcc, r-devel-linux-x86_64-fedora-clang, r-devel-linux-x86_64-fedora-gcc, r-devel-osx-x86_64-clang, r-devel-windows-ix86+x86_64, r-patched-linux-x86_64, r-patched-solaris-sparc, r-patched-solaris-x86, r-release-linux-x86_64, r-release-osx-x86_64-mavericks, r-release-windows-ix86+x86_64

Version: 3010.77
Check: R code for possible problems
Result: NOTE
    NelsonSiegel: no visible global function definition for ‘nlminb’
    NelsonSiegel: no visible global function definition for ‘grid’
    Svensson: no visible global function definition for ‘persp’
    Svensson: no visible global function definition for ‘title’
    Svensson: no visible global function definition for ‘image’
    Svensson: no visible global function definition for ‘contour’
    Svensson: no visible global function definition for ‘nlminb’
    Svensson: no visible global function definition for ‘grid’
    Undefined global functions or variables:
     contour grid image nlminb persp title
    Consider adding
     importFrom("graphics", "contour", "grid", "image", "persp", "title")
     importFrom("stats", "nlminb")
    to your NAMESPACE file.
Flavors: r-devel-linux-x86_64-debian-gcc, r-devel-linux-x86_64-fedora-clang, r-devel-linux-x86_64-fedora-gcc, r-devel-osx-x86_64-clang, r-devel-windows-ix86+x86_64