CRAN Package Check Results for Package fBonds

Last updated on 2015-04-19 19:51:47.

Flavor Version Tinstall Tcheck Ttotal Status Flags
r-devel-linux-x86_64-debian-clang 3010.77 2.14 24.20 26.34 NOTE
r-devel-linux-x86_64-debian-gcc 3010.77 2.11 22.73 24.84 NOTE
r-devel-linux-x86_64-fedora-clang 3010.77 52.18 NOTE
r-devel-linux-x86_64-fedora-gcc 3010.77 48.99 NOTE
r-devel-osx-x86_64-clang 3010.77 46.33 NOTE
r-devel-windows-ix86+x86_64 3010.77 7.00 35.00 42.00 NOTE
r-patched-linux-x86_64 3010.77 1.76 23.38 25.14 NOTE
r-patched-solaris-sparc 3010.77 303.60 NOTE
r-patched-solaris-x86 3010.77 63.30 NOTE
r-release-linux-x86_64 3010.77 1.64 23.64 25.27 NOTE
r-release-osx-x86_64-mavericks 3010.77 NOTE
r-release-osx-x86_64-snowleopard 3010.77 NOTE
r-release-windows-ix86+x86_64 3010.77 4.00 34.00 38.00 NOTE
r-oldrel-windows-ix86+x86_64 3010.77 6.00 42.00 48.00 OK

Check Details

Version: 3010.77
Check: DESCRIPTION meta-information
Result: NOTE
    Malformed Description field: should contain one or more complete sentences.
Flavors: r-devel-linux-x86_64-debian-clang, r-devel-linux-x86_64-debian-gcc, r-devel-linux-x86_64-fedora-clang, r-devel-linux-x86_64-fedora-gcc, r-devel-osx-x86_64-clang, r-devel-windows-ix86+x86_64, r-patched-linux-x86_64, r-patched-solaris-sparc, r-patched-solaris-x86, r-release-linux-x86_64, r-release-osx-x86_64-mavericks, r-release-osx-x86_64-snowleopard, r-release-windows-ix86+x86_64