CRAN Package Check Results for Package fBonds

Last updated on 2017-06-26 22:46:25.

Flavor Version Tinstall Tcheck Ttotal Status Flags
r-devel-linux-x86_64-debian-clang 3010.77 1.63 24.82 26.45 NOTE
r-devel-linux-x86_64-debian-gcc 3010.77 1.66 24.05 25.71 NOTE
r-devel-linux-x86_64-fedora-clang 3010.77 50.38 NOTE
r-devel-linux-x86_64-fedora-gcc 3010.77 47.19 NOTE
r-devel-windows-ix86+x86_64 3010.77 6.00 59.00 65.00 NOTE
r-patched-linux-x86_64 3010.77 1.82 24.22 26.04 NOTE
r-patched-solaris-sparc 3010.77 288.50 NOTE
r-patched-solaris-x86 3010.77 65.20 NOTE
r-release-linux-x86_64 3010.77 2.24 24.44 26.68 NOTE
r-release-windows-ix86+x86_64 3010.77 7.00 63.00 70.00 NOTE
r-release-osx-x86_64 3010.77 NOTE
r-oldrel-windows-ix86+x86_64 3010.77 6.00 57.00 63.00 NOTE
r-oldrel-osx-x86_64 3010.77 NOTE

Check Details

Version: 3010.77
Check: DESCRIPTION meta-information
Result: NOTE
    Malformed Description field: should contain one or more complete sentences.
Flavors: r-devel-linux-x86_64-debian-clang, r-devel-linux-x86_64-debian-gcc, r-devel-linux-x86_64-fedora-clang, r-devel-linux-x86_64-fedora-gcc, r-devel-windows-ix86+x86_64, r-patched-linux-x86_64, r-patched-solaris-sparc, r-patched-solaris-x86, r-release-linux-x86_64, r-release-windows-ix86+x86_64, r-release-osx-x86_64, r-oldrel-windows-ix86+x86_64, r-oldrel-osx-x86_64

Version: 3010.77
Check: R code for possible problems
Result: NOTE
    NelsonSiegel: no visible global function definition for ‘nlminb’
    NelsonSiegel: no visible global function definition for ‘grid’
    Svensson: no visible global function definition for ‘persp’
    Svensson: no visible global function definition for ‘title’
    Svensson: no visible global function definition for ‘image’
    Svensson: no visible global function definition for ‘contour’
    Svensson: no visible global function definition for ‘nlminb’
    Svensson: no visible global function definition for ‘grid’
    Undefined global functions or variables:
     contour grid image nlminb persp title
    Consider adding
     importFrom("graphics", "contour", "grid", "image", "persp", "title")
     importFrom("stats", "nlminb")
    to your NAMESPACE file.
Flavors: r-devel-linux-x86_64-debian-clang, r-devel-linux-x86_64-debian-gcc, r-devel-linux-x86_64-fedora-clang, r-devel-linux-x86_64-fedora-gcc, r-devel-windows-ix86+x86_64, r-patched-linux-x86_64, r-patched-solaris-sparc, r-patched-solaris-x86, r-release-linux-x86_64, r-release-windows-ix86+x86_64, r-release-osx-x86_64, r-oldrel-windows-ix86+x86_64, r-oldrel-osx-x86_64