CRAN Package Check Results for Package fBonds

Last updated on 2015-03-31 08:51:21.

Flavor Version Tinstall Tcheck Ttotal Status Flags
r-devel-linux-x86_64-debian-clang 3010.77 1.66 23.70 25.36 NOTE
r-devel-linux-x86_64-debian-gcc 3010.77 1.69 22.78 24.46 NOTE
r-devel-linux-x86_64-fedora-clang 3010.77 51.25 NOTE
r-devel-linux-x86_64-fedora-gcc 3010.77 50.83 NOTE
r-devel-osx-x86_64-clang 3010.77 51.79 NOTE
r-prerel-windows-ix86+x86_64 3010.77 5.00 33.00 38.00 NOTE
r-prerel-linux-x86_64 3010.77 2.21 23.39 25.60 NOTE
r-prerel-solaris-sparc 3010.77 303.60 NOTE
r-prerel-solaris-x86 3010.77 62.90 NOTE
r-release-linux-x86_64 3010.77 2.48 29.73 32.21 OK
r-release-osx-x86_64-mavericks 3010.77 OK
r-release-osx-x86_64-snowleopard 3010.77 OK
r-release-windows-ix86+x86_64 3010.77 8.00 45.00 53.00 OK
r-oldrel-windows-ix86+x86_64 3010.77 7.00 44.00 51.00 OK

Check Details

Version: 3010.77
Check: DESCRIPTION meta-information
Result: NOTE
    Malformed Description field: should contain one or more complete sentences.
Flavors: r-devel-linux-x86_64-debian-clang, r-devel-linux-x86_64-debian-gcc, r-devel-linux-x86_64-fedora-clang, r-devel-linux-x86_64-fedora-gcc, r-devel-osx-x86_64-clang, r-prerel-windows-ix86+x86_64, r-prerel-linux-x86_64, r-prerel-solaris-sparc, r-prerel-solaris-x86