CRAN Package Check Results for Package fCertificates

Last updated on 2017-03-22 23:53:10.

Flavor Version Tinstall Tcheck Ttotal Status Flags
r-devel-linux-x86_64-debian-clang 0.5-4 2.12 30.47 32.59 NOTE
r-devel-linux-x86_64-debian-gcc 0.5-4 2.20 31.25 33.45 NOTE
r-devel-linux-x86_64-fedora-clang 0.5-4 62.74 NOTE --no-stop-on-test-error
r-devel-linux-x86_64-fedora-gcc 0.5-4 62.64 NOTE --no-stop-on-test-error
r-devel-macos-x86_64-clang 0.5-4 47.22 NOTE --no-stop-on-test-error
r-devel-windows-ix86+x86_64 0.5-4 8.00 53.00 61.00 NOTE
r-patched-linux-x86_64 0.5-4 1.96 27.57 29.53 NOTE
r-patched-solaris-sparc 0.5-4 352.30 NOTE
r-patched-solaris-x86 0.5-4 78.30 NOTE
r-release-linux-x86_64 0.5-4 1.98 27.50 29.48 NOTE
r-release-osx-x86_64-mavericks 0.5-4 NOTE
r-release-windows-ix86+x86_64 0.5-4 9.00 50.00 59.00 NOTE
r-oldrel-windows-ix86+x86_64 0.5-4 11.00 80.00 91.00 OK

Check Details

Version: 0.5-4
Check: R code for possible problems
Result: NOTE
    PTSingleAssetBarrierOption2: no visible global function definition for
     ‘new’
    newton: no visible global function definition for ‘plot’
    newton: no visible global function definition for ‘abline’
    probInRange: no visible global function definition for ‘pnorm’
    shortfall_risk: no visible global function definition for ‘pnorm’
    Undefined global functions or variables:
     abline new plot pnorm
    Consider adding
     importFrom("graphics", "abline", "plot")
     importFrom("methods", "new")
     importFrom("stats", "pnorm")
    to your NAMESPACE file (and ensure that your DESCRIPTION Imports field
    contains 'methods').
Flavors: r-devel-linux-x86_64-debian-clang, r-devel-linux-x86_64-debian-gcc, r-devel-windows-ix86+x86_64, r-patched-linux-x86_64, r-patched-solaris-sparc, r-patched-solaris-x86, r-release-linux-x86_64, r-release-osx-x86_64-mavericks, r-release-windows-ix86+x86_64

Version: 0.5-4
Flags: --no-stop-on-test-error
Check: R code for possible problems
Result: NOTE
    PTSingleAssetBarrierOption2: no visible global function definition for
     ‘new’
    newton: no visible global function definition for ‘plot’
    newton: no visible global function definition for ‘abline’
    probInRange: no visible global function definition for ‘pnorm’
    shortfall_risk: no visible global function definition for ‘pnorm’
    Undefined global functions or variables:
     abline new plot pnorm
    Consider adding
     importFrom("graphics", "abline", "plot")
     importFrom("methods", "new")
     importFrom("stats", "pnorm")
    to your NAMESPACE file (and ensure that your DESCRIPTION Imports field
    contains 'methods').
Flavors: r-devel-linux-x86_64-fedora-clang, r-devel-linux-x86_64-fedora-gcc, r-devel-macos-x86_64-clang