CRAN Package Check Results for Package fCertificates

Last updated on 2015-08-28 17:49:19.

Flavor Version Tinstall Tcheck Ttotal Status Flags
r-devel-linux-x86_64-debian-clang 0.5-4 2.20 29.22 31.42 NOTE
r-devel-linux-x86_64-debian-gcc 0.5-4 1.98 27.87 29.85 NOTE
r-devel-linux-x86_64-fedora-clang 0.5-4 62.34 NOTE
r-devel-linux-x86_64-fedora-gcc 0.5-4 58.44 NOTE
r-devel-osx-x86_64-clang 0.5-4 50.02 OK
r-devel-windows-ix86+x86_64 0.5-4 9.00 76.00 85.00 NOTE
r-patched-linux-x86_64 0.5-4 2.30 31.13 33.43 OK
r-patched-solaris-sparc 0.5-4 394.80 OK
r-patched-solaris-x86 0.5-4 80.50 OK
r-release-linux-x86_64 0.5-4 2.35 30.01 32.36 OK
r-release-osx-x86_64-mavericks 0.5-4 OK
r-release-windows-ix86+x86_64 0.5-4 10.00 72.00 82.00 OK
r-oldrel-windows-ix86+x86_64 0.5-4 13.00 85.00 98.00 OK

Check Details

Version: 0.5-4
Check: R code for possible problems
Result: NOTE
    PTSingleAssetBarrierOption2: no visible global function definition for
     ‘new’
    newton: no visible global function definition for ‘plot’
    newton: no visible global function definition for ‘abline’
    probInRange: no visible global function definition for ‘pnorm’
    shortfall_risk: no visible global function definition for ‘pnorm’
    Undefined global functions or variables:
     abline new plot pnorm
    Consider adding
     importFrom("graphics", "abline", "plot")
     importFrom("methods", "new")
     importFrom("stats", "pnorm")
    to your NAMESPACE (and ensure that your DESCRIPTION Imports field
    contains 'methods').
Flavors: r-devel-linux-x86_64-debian-clang, r-devel-linux-x86_64-debian-gcc, r-devel-linux-x86_64-fedora-clang, r-devel-linux-x86_64-fedora-gcc, r-devel-windows-ix86+x86_64