CRAN Package Check Results for Package fCertificates

Last updated on 2017-07-23 04:48:24.

Flavor Version Tinstall Tcheck Ttotal Status Flags
r-devel-linux-x86_64-debian-clang 0.5-4 1.95 38.16 40.11 NOTE
r-devel-linux-x86_64-debian-gcc 0.5-4 2.06 37.97 40.03 NOTE
r-devel-linux-x86_64-fedora-clang 0.5-4 60.85 NOTE
r-devel-linux-x86_64-fedora-gcc 0.5-4 59.95 NOTE
r-devel-windows-ix86+x86_64 0.5-4 13.00 73.00 86.00 NOTE
r-patched-linux-x86_64 0.5-4 2.44 38.25 40.69 NOTE
r-patched-solaris-x86 0.5-4 76.50 NOTE
r-release-linux-x86_64 0.5-4 2.16 39.24 41.39 NOTE
r-release-windows-ix86+x86_64 0.5-4 7.00 77.00 84.00 NOTE
r-release-osx-x86_64 0.5-4 NOTE
r-oldrel-windows-ix86+x86_64 0.5-4 9.00 69.00 78.00 NOTE
r-oldrel-osx-x86_64 0.5-4 NOTE

Check Details

Version: 0.5-4
Check: R code for possible problems
Result: NOTE
    PTSingleAssetBarrierOption2: no visible global function definition for
     ‘new’
    newton: no visible global function definition for ‘plot’
    newton: no visible global function definition for ‘abline’
    probInRange: no visible global function definition for ‘pnorm’
    shortfall_risk: no visible global function definition for ‘pnorm’
    Undefined global functions or variables:
     abline new plot pnorm
    Consider adding
     importFrom("graphics", "abline", "plot")
     importFrom("methods", "new")
     importFrom("stats", "pnorm")
    to your NAMESPACE file (and ensure that your DESCRIPTION Imports field
    contains 'methods').
Flavors: r-devel-linux-x86_64-debian-clang, r-devel-linux-x86_64-debian-gcc, r-devel-linux-x86_64-fedora-clang, r-devel-linux-x86_64-fedora-gcc, r-devel-windows-ix86+x86_64, r-patched-linux-x86_64, r-patched-solaris-x86, r-release-linux-x86_64, r-release-windows-ix86+x86_64, r-release-osx-x86_64, r-oldrel-windows-ix86+x86_64, r-oldrel-osx-x86_64