CRAN Package Check Results for Package fCertificates

Last updated on 2016-09-28 18:49:54.

Flavor Version Tinstall Tcheck Ttotal Status Flags
r-devel-linux-x86_64-debian-clang 0.5-4 2.06 27.45 29.51 NOTE
r-devel-linux-x86_64-debian-gcc 0.5-4 1.97 27.02 28.99 NOTE
r-devel-linux-x86_64-fedora-clang 0.5-4 54.57 NOTE
r-devel-linux-x86_64-fedora-gcc 0.5-4 52.36 NOTE
r-devel-macos-x86_64-clang 0.5-4 42.34 NOTE
r-devel-windows-ix86+x86_64 0.5-4 11.00 66.00 77.00 NOTE
r-patched-linux-x86_64 0.5-4 1.92 27.79 29.71 NOTE
r-patched-solaris-sparc 0.5-4 341.80 NOTE
r-patched-solaris-x86 0.5-4 66.10 NOTE
r-release-linux-x86_64 0.5-4 2.06 28.81 30.87 NOTE
r-release-osx-x86_64-mavericks 0.5-4 NOTE
r-release-windows-ix86+x86_64 0.5-4 9.00 53.00 62.00 NOTE
r-oldrel-windows-ix86+x86_64 0.5-4 10.00 74.00 84.00 OK

Check Details

Version: 0.5-4
Check: R code for possible problems
Result: NOTE
    PTSingleAssetBarrierOption2: no visible global function definition for
     ‘new’
    newton: no visible global function definition for ‘plot’
    newton: no visible global function definition for ‘abline’
    probInRange: no visible global function definition for ‘pnorm’
    shortfall_risk: no visible global function definition for ‘pnorm’
    Undefined global functions or variables:
     abline new plot pnorm
    Consider adding
     importFrom("graphics", "abline", "plot")
     importFrom("methods", "new")
     importFrom("stats", "pnorm")
    to your NAMESPACE file (and ensure that your DESCRIPTION Imports field
    contains 'methods').
Flavors: r-devel-linux-x86_64-debian-clang, r-devel-linux-x86_64-debian-gcc, r-devel-linux-x86_64-fedora-clang, r-devel-linux-x86_64-fedora-gcc, r-devel-macos-x86_64-clang, r-devel-windows-ix86+x86_64, r-patched-linux-x86_64, r-patched-solaris-sparc, r-patched-solaris-x86, r-release-linux-x86_64, r-release-osx-x86_64-mavericks, r-release-windows-ix86+x86_64