CRAN Package Check Results for Package fCertificates

Last updated on 2016-05-29 11:47:54.

Flavor Version Tinstall Tcheck Ttotal Status Flags
r-devel-linux-x86_64-debian-gcc 0.5-4 2.22 27.62 29.84 NOTE
r-devel-linux-x86_64-fedora-clang 0.5-4 64.02 NOTE
r-devel-linux-x86_64-fedora-gcc 0.5-4 52.67 NOTE
r-devel-osx-x86_64-clang 0.5-4 59.06 NOTE
r-devel-windows-ix86+x86_64 0.5-4 6.00 51.00 57.00 NOTE
r-patched-linux-x86_64 0.5-4 2.04 27.37 29.41 NOTE
r-patched-solaris-sparc 0.5-4 343.10 NOTE
r-patched-solaris-x86 0.5-4 69.00 NOTE
r-release-linux-x86_64 0.5-4 2.04 27.35 29.39 NOTE
r-release-osx-x86_64-mavericks 0.5-4 NOTE
r-release-windows-ix86+x86_64 0.5-4 8.00 53.00 61.00 NOTE
r-oldrel-windows-ix86+x86_64 0.5-4 7.00 83.00 90.00 OK

Check Details

Version: 0.5-4
Check: R code for possible problems
Result: NOTE
    PTSingleAssetBarrierOption2: no visible global function definition for
     ‘new’
    newton: no visible global function definition for ‘plot’
    newton: no visible global function definition for ‘abline’
    probInRange: no visible global function definition for ‘pnorm’
    shortfall_risk: no visible global function definition for ‘pnorm’
    Undefined global functions or variables:
     abline new plot pnorm
    Consider adding
     importFrom("graphics", "abline", "plot")
     importFrom("methods", "new")
     importFrom("stats", "pnorm")
    to your NAMESPACE file (and ensure that your DESCRIPTION Imports field
    contains 'methods').
Flavors: r-devel-linux-x86_64-debian-gcc, r-devel-linux-x86_64-fedora-clang, r-devel-linux-x86_64-fedora-gcc, r-devel-osx-x86_64-clang, r-devel-windows-ix86+x86_64, r-patched-linux-x86_64, r-patched-solaris-sparc, r-patched-solaris-x86, r-release-linux-x86_64, r-release-osx-x86_64-mavericks, r-release-windows-ix86+x86_64