CRAN Package Check Results for Package fCertificates

Last updated on 2015-03-28 14:48:49.

Flavor Version Tinstall Tcheck Ttotal Status Flags
r-devel-linux-x86_64-debian-clang 0.5-3 2.30 30.70 33.01 NOTE
r-devel-linux-x86_64-debian-gcc 0.5-3 2.23 30.43 32.66 NOTE
r-devel-linux-x86_64-fedora-clang 0.5-3 69.31 NOTE
r-devel-linux-x86_64-fedora-gcc 0.5-3 63.43 NOTE
r-devel-osx-x86_64-clang 0.5-3 65.16 NOTE
r-prerel-windows-ix86+x86_64 0.5-3 9.00 51.00 60.00 NOTE
r-prerel-linux-x86_64 0.5-3 2.10 30.54 32.64 NOTE
r-prerel-solaris-sparc 0.5-3 402.60 NOTE
r-prerel-solaris-x86 0.5-3 79.00 NOTE
r-release-linux-x86_64 0.5-3 3.03 40.03 43.06 OK
r-release-osx-x86_64-mavericks 0.5-3 OK
r-release-osx-x86_64-snowleopard 0.5-3 OK
r-release-windows-ix86+x86_64 0.5-3 9.00 60.00 69.00 OK
r-oldrel-windows-ix86+x86_64 0.5-3 9.00 81.00 90.00 OK

Check Details

Version: 0.5-3
Check: DESCRIPTION meta-information
Result: NOTE
    Malformed Description field: should contain one or more complete sentences.
Flavors: r-devel-linux-x86_64-debian-clang, r-devel-linux-x86_64-debian-gcc, r-devel-linux-x86_64-fedora-clang, r-devel-linux-x86_64-fedora-gcc, r-devel-osx-x86_64-clang, r-prerel-windows-ix86+x86_64, r-prerel-linux-x86_64, r-prerel-solaris-sparc, r-prerel-solaris-x86