CRAN Package Check Results for Package fCertificates

Last updated on 2016-02-14 17:50:16.

Flavor Version Tinstall Tcheck Ttotal Status Flags
r-devel-linux-x86_64-debian-gcc 0.5-4 2.18 27.70 29.88 NOTE
r-devel-linux-x86_64-fedora-clang 0.5-4 57.40 NOTE
r-devel-linux-x86_64-fedora-gcc 0.5-4 53.32 NOTE
r-devel-osx-x86_64-clang 0.5-4 57.82 NOTE
r-devel-windows-ix86+x86_64 0.5-4 9.00 50.00 59.00 NOTE
r-patched-linux-x86_64 0.5-4 2.33 29.05 31.38 OK
r-patched-solaris-sparc 0.5-4 374.70 OK
r-patched-solaris-x86 0.5-4 73.90 OK
r-release-linux-x86_64 0.5-4 2.44 29.38 31.82 OK
r-release-osx-x86_64-mavericks 0.5-4 OK
r-release-windows-ix86+x86_64 0.5-4 9.00 53.00 62.00 OK
r-oldrel-windows-ix86+x86_64 0.5-4 14.00 69.00 83.00 OK

Check Details

Version: 0.5-4
Check: R code for possible problems
Result: NOTE
    PTSingleAssetBarrierOption2: no visible global function definition for
     ‘new’
    newton: no visible global function definition for ‘plot’
    newton: no visible global function definition for ‘abline’
    probInRange: no visible global function definition for ‘pnorm’
    shortfall_risk: no visible global function definition for ‘pnorm’
    Undefined global functions or variables:
     abline new plot pnorm
    Consider adding
     importFrom("graphics", "abline", "plot")
     importFrom("methods", "new")
     importFrom("stats", "pnorm")
    to your NAMESPACE file (and ensure that your DESCRIPTION Imports field
    contains 'methods').
Flavors: r-devel-linux-x86_64-debian-gcc, r-devel-linux-x86_64-fedora-clang, r-devel-linux-x86_64-fedora-gcc, r-devel-osx-x86_64-clang, r-devel-windows-ix86+x86_64