CRAN Package Check Results for Package fCertificates

Last updated on 2016-06-27 06:47:04.

Flavor Version Tinstall Tcheck Ttotal Status Flags
r-devel-linux-x86_64-debian-gcc 0.5-4 1.97 27.18 29.16 NOTE
r-devel-linux-x86_64-fedora-clang 0.5-4 55.98 NOTE
r-devel-linux-x86_64-fedora-gcc 0.5-4 52.55 NOTE
r-devel-osx-x86_64-clang 0.5-4 45.07 NOTE
r-devel-windows-ix86+x86_64 0.5-4 6.00 79.00 85.00 NOTE
r-patched-linux-x86_64 0.5-4 2.30 29.25 31.55 NOTE
r-patched-solaris-sparc 0.5-4 341.80 NOTE
r-patched-solaris-x86 0.5-4 68.20 NOTE
r-release-linux-x86_64 0.5-4 2.13 29.56 31.69 NOTE
r-release-osx-x86_64-mavericks 0.5-4 NOTE
r-release-windows-ix86+x86_64 0.5-4 6.00 52.00 58.00 NOTE
r-oldrel-windows-ix86+x86_64 0.5-4 10.00 76.00 86.00 OK

Check Details

Version: 0.5-4
Check: R code for possible problems
Result: NOTE
    PTSingleAssetBarrierOption2: no visible global function definition for
     ‘new’
    newton: no visible global function definition for ‘plot’
    newton: no visible global function definition for ‘abline’
    probInRange: no visible global function definition for ‘pnorm’
    shortfall_risk: no visible global function definition for ‘pnorm’
    Undefined global functions or variables:
     abline new plot pnorm
    Consider adding
     importFrom("graphics", "abline", "plot")
     importFrom("methods", "new")
     importFrom("stats", "pnorm")
    to your NAMESPACE file (and ensure that your DESCRIPTION Imports field
    contains 'methods').
Flavors: r-devel-linux-x86_64-debian-gcc, r-devel-linux-x86_64-fedora-clang, r-devel-linux-x86_64-fedora-gcc, r-devel-osx-x86_64-clang, r-devel-windows-ix86+x86_64, r-patched-linux-x86_64, r-patched-solaris-sparc, r-patched-solaris-x86, r-release-linux-x86_64, r-release-osx-x86_64-mavericks, r-release-windows-ix86+x86_64