CRAN Package Check Results for Package fCertificates

Last updated on 2017-04-23 23:51:00.

Flavor Version Tinstall Tcheck Ttotal Status Flags
r-devel-linux-x86_64-debian-clang 0.5-4 2.19 30.73 32.92 NOTE
r-devel-linux-x86_64-debian-gcc 0.5-4 2.05 29.98 32.03 NOTE
r-devel-linux-x86_64-fedora-clang 0.5-4 61.88 NOTE --no-stop-on-test-error
r-devel-linux-x86_64-fedora-gcc 0.5-4 59.02 NOTE --no-stop-on-test-error
r-devel-windows-ix86+x86_64 0.5-4 11.00 74.00 85.00 NOTE
r-patched-linux-x86_64 0.5-4 2.17 29.65 31.82 NOTE
r-patched-solaris-sparc 0.5-4 352.30 NOTE
r-patched-solaris-x86 0.5-4 77.50 NOTE
r-release-linux-x86_64 0.5-4 2.09 29.51 31.60 NOTE
r-release-windows-ix86+x86_64 0.5-4 7.00 53.00 60.00 NOTE
r-release-osx-x86_64 0.5-4 NOTE
r-oldrel-windows-ix86+x86_64 0.5-4 6.00 54.00 60.00 NOTE
r-oldrel-osx-x86_64 0.5-4 NOTE

Check Details

Version: 0.5-4
Check: R code for possible problems
Result: NOTE
    PTSingleAssetBarrierOption2: no visible global function definition for
     ‘new’
    newton: no visible global function definition for ‘plot’
    newton: no visible global function definition for ‘abline’
    probInRange: no visible global function definition for ‘pnorm’
    shortfall_risk: no visible global function definition for ‘pnorm’
    Undefined global functions or variables:
     abline new plot pnorm
    Consider adding
     importFrom("graphics", "abline", "plot")
     importFrom("methods", "new")
     importFrom("stats", "pnorm")
    to your NAMESPACE file (and ensure that your DESCRIPTION Imports field
    contains 'methods').
Flavors: r-devel-linux-x86_64-debian-clang, r-devel-linux-x86_64-debian-gcc, r-devel-windows-ix86+x86_64, r-patched-linux-x86_64, r-patched-solaris-sparc, r-patched-solaris-x86, r-release-linux-x86_64, r-release-windows-ix86+x86_64, r-release-osx-x86_64, r-oldrel-windows-ix86+x86_64, r-oldrel-osx-x86_64

Version: 0.5-4
Flags: --no-stop-on-test-error
Check: R code for possible problems
Result: NOTE
    PTSingleAssetBarrierOption2: no visible global function definition for
     ‘new’
    newton: no visible global function definition for ‘plot’
    newton: no visible global function definition for ‘abline’
    probInRange: no visible global function definition for ‘pnorm’
    shortfall_risk: no visible global function definition for ‘pnorm’
    Undefined global functions or variables:
     abline new plot pnorm
    Consider adding
     importFrom("graphics", "abline", "plot")
     importFrom("methods", "new")
     importFrom("stats", "pnorm")
    to your NAMESPACE file (and ensure that your DESCRIPTION Imports field
    contains 'methods').
Flavors: r-devel-linux-x86_64-fedora-clang, r-devel-linux-x86_64-fedora-gcc