CRAN Package Check Results for Package fCertificates

Last updated on 2016-12-03 17:48:24.

Flavor Version Tinstall Tcheck Ttotal Status Flags
r-devel-linux-x86_64-debian-clang 0.5-4 2.08 30.28 32.36 NOTE
r-devel-linux-x86_64-debian-gcc 0.5-4 2.17 30.16 32.33 NOTE
r-devel-linux-x86_64-fedora-clang 0.5-4 63.19 NOTE
r-devel-linux-x86_64-fedora-gcc 0.5-4 63.04 NOTE
r-devel-macos-x86_64-clang 0.5-4 48.82 NOTE
r-devel-windows-ix86+x86_64 0.5-4 6.00 53.00 59.00 NOTE
r-patched-linux-x86_64 0.5-4 1.94 27.67 29.62 NOTE
r-patched-solaris-sparc 0.5-4 341.80 NOTE
r-patched-solaris-x86 0.5-4 66.70 NOTE
r-release-linux-x86_64 0.5-4 2.24 27.40 29.64 NOTE
r-release-osx-x86_64-mavericks 0.5-4 NOTE
r-release-windows-ix86+x86_64 0.5-4 11.00 88.00 99.00 NOTE
r-oldrel-windows-ix86+x86_64 0.5-4 8.00 55.00 63.00 OK

Check Details

Version: 0.5-4
Check: R code for possible problems
Result: NOTE
    PTSingleAssetBarrierOption2: no visible global function definition for
     ‘new’
    newton: no visible global function definition for ‘plot’
    newton: no visible global function definition for ‘abline’
    probInRange: no visible global function definition for ‘pnorm’
    shortfall_risk: no visible global function definition for ‘pnorm’
    Undefined global functions or variables:
     abline new plot pnorm
    Consider adding
     importFrom("graphics", "abline", "plot")
     importFrom("methods", "new")
     importFrom("stats", "pnorm")
    to your NAMESPACE file (and ensure that your DESCRIPTION Imports field
    contains 'methods').
Flavors: r-devel-linux-x86_64-debian-clang, r-devel-linux-x86_64-debian-gcc, r-devel-linux-x86_64-fedora-clang, r-devel-linux-x86_64-fedora-gcc, r-devel-macos-x86_64-clang, r-devel-windows-ix86+x86_64, r-patched-linux-x86_64, r-patched-solaris-sparc, r-patched-solaris-x86, r-release-linux-x86_64, r-release-osx-x86_64-mavericks, r-release-windows-ix86+x86_64