CRAN Package Check Results for Package fCertificates

Last updated on 2017-01-23 14:48:02.

Flavor Version Tinstall Tcheck Ttotal Status Flags
r-devel-linux-x86_64-debian-clang 0.5-4 2.20 29.82 32.02 NOTE
r-devel-linux-x86_64-debian-gcc 0.5-4 2.05 29.58 31.63 NOTE
r-devel-linux-x86_64-fedora-clang 0.5-4 61.30 NOTE --no-stop-on-test-error
r-devel-linux-x86_64-fedora-gcc 0.5-4 67.95 NOTE --no-stop-on-test-error
r-devel-macos-x86_64-clang 0.5-4 47.50 NOTE --no-stop-on-test-error
r-devel-windows-ix86+x86_64 0.5-4 7.00 58.00 65.00 NOTE
r-patched-linux-x86_64 0.5-4 2.02 27.48 29.50 NOTE
r-patched-solaris-sparc 0.5-4 345.20 NOTE
r-patched-solaris-x86 0.5-4 68.10 NOTE
r-release-linux-x86_64 0.5-4 2.03 27.66 29.69 NOTE
r-release-osx-x86_64-mavericks 0.5-4 NOTE
r-release-windows-ix86+x86_64 0.5-4 13.00 54.00 67.00 NOTE
r-oldrel-windows-ix86+x86_64 0.5-4 15.00 75.00 90.00 OK

Check Details

Version: 0.5-4
Check: R code for possible problems
Result: NOTE
    PTSingleAssetBarrierOption2: no visible global function definition for
     ‘new’
    newton: no visible global function definition for ‘plot’
    newton: no visible global function definition for ‘abline’
    probInRange: no visible global function definition for ‘pnorm’
    shortfall_risk: no visible global function definition for ‘pnorm’
    Undefined global functions or variables:
     abline new plot pnorm
    Consider adding
     importFrom("graphics", "abline", "plot")
     importFrom("methods", "new")
     importFrom("stats", "pnorm")
    to your NAMESPACE file (and ensure that your DESCRIPTION Imports field
    contains 'methods').
Flavors: r-devel-linux-x86_64-debian-clang, r-devel-linux-x86_64-debian-gcc, r-devel-windows-ix86+x86_64, r-patched-linux-x86_64, r-patched-solaris-sparc, r-patched-solaris-x86, r-release-linux-x86_64, r-release-osx-x86_64-mavericks, r-release-windows-ix86+x86_64

Version: 0.5-4
Flags: --no-stop-on-test-error
Check: R code for possible problems
Result: NOTE
    PTSingleAssetBarrierOption2: no visible global function definition for
     ‘new’
    newton: no visible global function definition for ‘plot’
    newton: no visible global function definition for ‘abline’
    probInRange: no visible global function definition for ‘pnorm’
    shortfall_risk: no visible global function definition for ‘pnorm’
    Undefined global functions or variables:
     abline new plot pnorm
    Consider adding
     importFrom("graphics", "abline", "plot")
     importFrom("methods", "new")
     importFrom("stats", "pnorm")
    to your NAMESPACE file (and ensure that your DESCRIPTION Imports field
    contains 'methods').
Flavors: r-devel-linux-x86_64-fedora-clang, r-devel-linux-x86_64-fedora-gcc, r-devel-macos-x86_64-clang