CRAN Package Check Results for Package fCertificates

Last updated on 2017-11-25 09:49:25 CET.

Flavor Version Tinstall Tcheck Ttotal Status Flags
r-devel-linux-x86_64-debian-clang 0.5-4 2.76 73.94 76.70 NOTE
r-devel-linux-x86_64-debian-gcc 0.5-4 2.54 71.05 73.59 NOTE
r-devel-linux-x86_64-fedora-clang 0.5-4 56.78 NOTE
r-devel-linux-x86_64-fedora-gcc 0.5-4 54.87 NOTE
r-devel-windows-ix86+x86_64 0.5-4 6.00 82.00 88.00 NOTE
r-patched-linux-x86_64 0.5-4 2.74 78.33 81.07 NOTE
r-patched-solaris-x86 0.5-4 75.70 NOTE
r-release-linux-x86_64 0.5-4 2.58 77.01 79.58 NOTE
r-release-windows-ix86+x86_64 0.5-4 7.00 59.00 66.00 NOTE
r-release-osx-x86_64 0.5-4 NOTE
r-oldrel-windows-ix86+x86_64 0.5-4 6.00 52.00 58.00 NOTE
r-oldrel-osx-x86_64 0.5-4 NOTE

Check Details

Version: 0.5-4
Check: R code for possible problems
Result: NOTE
    PTSingleAssetBarrierOption2: no visible global function definition for
     ‘new’
    newton: no visible global function definition for ‘plot’
    newton: no visible global function definition for ‘abline’
    probInRange: no visible global function definition for ‘pnorm’
    shortfall_risk: no visible global function definition for ‘pnorm’
    Undefined global functions or variables:
     abline new plot pnorm
    Consider adding
     importFrom("graphics", "abline", "plot")
     importFrom("methods", "new")
     importFrom("stats", "pnorm")
    to your NAMESPACE file (and ensure that your DESCRIPTION Imports field
    contains 'methods').
Flavors: r-devel-linux-x86_64-debian-clang, r-devel-linux-x86_64-debian-gcc, r-devel-linux-x86_64-fedora-clang, r-devel-linux-x86_64-fedora-gcc, r-devel-windows-ix86+x86_64, r-patched-linux-x86_64, r-patched-solaris-x86, r-release-linux-x86_64, r-release-windows-ix86+x86_64, r-release-osx-x86_64, r-oldrel-windows-ix86+x86_64, r-oldrel-osx-x86_64