CRAN Package Check Results for Package fCertificates

Last updated on 2015-07-29 23:47:07.

Flavor Version Tinstall Tcheck Ttotal Status Flags
r-devel-linux-x86_64-debian-clang 0.5-4 2.30 29.70 32.01 NOTE
r-devel-linux-x86_64-debian-gcc 0.5-4 2.24 30.23 32.47 NOTE
r-devel-linux-x86_64-fedora-clang 0.5-4 65.53 NOTE
r-devel-linux-x86_64-fedora-gcc 0.5-4 63.26 NOTE
r-devel-osx-x86_64-clang 0.5-4 48.54 OK
r-devel-windows-ix86+x86_64 0.5-4 7.00 70.00 77.00 NOTE
r-patched-linux-x86_64 0.5-4 2.11 29.14 31.25 OK
r-patched-solaris-sparc 0.5-4 394.80 OK
r-patched-solaris-x86 0.5-4 79.80 OK
r-release-linux-x86_64 0.5-4 2.20 28.59 30.79 OK
r-release-osx-x86_64-mavericks 0.5-4 OK
r-release-windows-ix86+x86_64 0.5-4 8.00 48.00 56.00 OK
r-oldrel-windows-ix86+x86_64 0.5-4 9.00 58.00 67.00 OK

Check Details

Version: 0.5-4
Check: R code for possible problems
Result: NOTE
    PTSingleAssetBarrierOption2: no visible global function definition for
     ‘new’
    newton: no visible global function definition for ‘plot’
    newton: no visible global function definition for ‘abline’
    probInRange: no visible global function definition for ‘pnorm’
    shortfall_risk: no visible global function definition for ‘pnorm’
    Undefined global functions or variables:
     abline new plot pnorm
    Consider adding
     importFrom("graphics", "abline", "plot")
     importFrom("methods", "new")
     importFrom("stats", "pnorm")
    to your NAMESPACE.
Flavors: r-devel-linux-x86_64-debian-clang, r-devel-linux-x86_64-debian-gcc, r-devel-linux-x86_64-fedora-clang, r-devel-linux-x86_64-fedora-gcc, r-devel-windows-ix86+x86_64