CRAN Package Check Results for Package fCertificates

Last updated on 2014-04-24 19:53:58.

Flavor Version Tinstall Tcheck Ttotal Status Flags
r-devel-linux-x86_64-debian-clang 0.5-3 3.42 41.00 44.42 OK
r-devel-linux-x86_64-debian-gcc 0.5-3 3.38 40.67 44.05 OK
r-devel-linux-x86_64-fedora-clang 0.5-3 96.82 OK
r-devel-linux-x86_64-fedora-gcc 0.5-3 91.31 OK
r-devel-osx-x86_64-clang 0.5-3 73.08 OK
r-devel-osx-x86_64-gcc 0.5-3 OK
r-devel-windows-ix86+x86_64 0.5-3 10.00 57.00 67.00 OK
r-patched-linux-x86_64 0.5-3 3.33 41.19 44.52 OK
r-patched-solaris-sparc 0.5-3 513.10 OK
r-patched-solaris-x86 0.5-3 116.10 OK
r-release-linux-ix86 0.5-3 5.00 68.00 73.00 OK
r-release-linux-x86_64 0.5-3 3.26 43.06 46.32 OK
r-release-osx-x86_64-mavericks 0.5-3 WARN
r-release-osx-x86_64-snowleopard 0.5-3 OK
r-release-windows-ix86+x86_64 0.5-3 8.00 58.00 66.00 OK
r-oldrel-windows-ix86+x86_64 0.5-3 9.00 58.00 67.00 OK

Check Details

Version: 0.5-3
Check: PDF version of manual
Result: WARNING
    LaTeX errors when creating PDF version.
    This typically indicates Rd problems.
    LaTeX errors found:
    ! LaTeX Error: File `upquote.sty' not found.
    
    Type X to quit or <RETURN> to proceed,
    or enter new name. (Default extension: sty)
    
    606926fb/Rd2.tex:8: ==> Fatal error occurred, no output PDF file produced!
Flavor: r-release-osx-x86_64-mavericks