CRAN Package Check Results for Package fCertificates

Last updated on 2016-04-29 19:49:46.

Flavor Version Tinstall Tcheck Ttotal Status Flags
r-devel-linux-x86_64-debian-gcc 0.5-4 2.40 27.53 29.92 NOTE
r-devel-linux-x86_64-fedora-clang 0.5-4 55.10 NOTE
r-devel-linux-x86_64-fedora-gcc 0.5-4 57.15 NOTE
r-devel-osx-x86_64-clang 0.5-4 58.01 NOTE
r-devel-windows-ix86+x86_64 0.5-4 7.00 54.00 61.00 NOTE
r-patched-linux-x86_64 0.5-4 2.07 26.93 29.00 NOTE
r-patched-solaris-sparc 0.5-4 335.80 NOTE
r-patched-solaris-x86 0.5-4 67.60 NOTE
r-release-linux-x86_64 0.5-4 2.21 30.28 32.50 OK
r-release-osx-x86_64-mavericks 0.5-4 OK
r-release-windows-ix86+x86_64 0.5-4 7.00 51.00 58.00 OK
r-oldrel-windows-ix86+x86_64 0.5-4 13.00 61.00 74.00 OK

Check Details

Version: 0.5-4
Check: R code for possible problems
Result: NOTE
    PTSingleAssetBarrierOption2: no visible global function definition for
     ‘new’
    newton: no visible global function definition for ‘plot’
    newton: no visible global function definition for ‘abline’
    probInRange: no visible global function definition for ‘pnorm’
    shortfall_risk: no visible global function definition for ‘pnorm’
    Undefined global functions or variables:
     abline new plot pnorm
    Consider adding
     importFrom("graphics", "abline", "plot")
     importFrom("methods", "new")
     importFrom("stats", "pnorm")
    to your NAMESPACE file (and ensure that your DESCRIPTION Imports field
    contains 'methods').
Flavors: r-devel-linux-x86_64-debian-gcc, r-devel-linux-x86_64-fedora-clang, r-devel-linux-x86_64-fedora-gcc, r-devel-osx-x86_64-clang, r-devel-windows-ix86+x86_64, r-patched-linux-x86_64, r-patched-solaris-sparc, r-patched-solaris-x86