CRAN Package Check Results for Package fCertificates

Last updated on 2016-08-25 09:48:10.

Flavor Version Tinstall Tcheck Ttotal Status Flags
r-devel-linux-x86_64-debian-clang 0.5-4 2.02 28.13 30.16 NOTE
r-devel-linux-x86_64-debian-gcc 0.5-4 2.22 27.92 30.14 NOTE
r-devel-linux-x86_64-fedora-clang 0.5-4 57.94 NOTE
r-devel-linux-x86_64-fedora-gcc 0.5-4 55.23 NOTE
r-devel-osx-x86_64-clang 0.5-4 46.13 NOTE
r-devel-windows-ix86+x86_64 0.5-4 10.00 56.00 66.00 NOTE
r-patched-linux-x86_64 0.5-4 1.95 27.82 29.76 NOTE
r-patched-solaris-sparc 0.5-4 341.80 NOTE
r-patched-solaris-x86 0.5-4 66.60 NOTE
r-release-linux-x86_64 0.5-4 2.16 27.39 29.55 NOTE
r-release-osx-x86_64-mavericks 0.5-4 NOTE
r-release-windows-ix86+x86_64 0.5-4 10.00 74.00 84.00 NOTE
r-oldrel-windows-ix86+x86_64 0.5-4 7.00 77.00 84.00 OK

Check Details

Version: 0.5-4
Check: R code for possible problems
Result: NOTE
    PTSingleAssetBarrierOption2: no visible global function definition for
     ‘new’
    newton: no visible global function definition for ‘plot’
    newton: no visible global function definition for ‘abline’
    probInRange: no visible global function definition for ‘pnorm’
    shortfall_risk: no visible global function definition for ‘pnorm’
    Undefined global functions or variables:
     abline new plot pnorm
    Consider adding
     importFrom("graphics", "abline", "plot")
     importFrom("methods", "new")
     importFrom("stats", "pnorm")
    to your NAMESPACE file (and ensure that your DESCRIPTION Imports field
    contains 'methods').
Flavors: r-devel-linux-x86_64-debian-clang, r-devel-linux-x86_64-debian-gcc, r-devel-linux-x86_64-fedora-clang, r-devel-linux-x86_64-fedora-gcc, r-devel-osx-x86_64-clang, r-devel-windows-ix86+x86_64, r-patched-linux-x86_64, r-patched-solaris-sparc, r-patched-solaris-x86, r-release-linux-x86_64, r-release-osx-x86_64-mavericks, r-release-windows-ix86+x86_64