CRAN Package Check Results for Package fCopulae

Last updated on 2014-04-17 20:47:34.

Flavor Version Tinstall Tcheck Ttotal Status Flags
r-devel-linux-x86_64-debian-clang 3000.79 4.43 62.58 67.01 ERROR --no-tests
r-devel-linux-x86_64-debian-gcc 3000.79 4.50 62.74 67.24 ERROR --no-tests
r-devel-linux-x86_64-fedora-clang 3000.79 136.58 ERROR
r-devel-linux-x86_64-fedora-gcc 3000.79 127.98 ERROR
r-devel-macosx-x86_64-clang 3000.79 109.69 ERROR
r-devel-macosx-x86_64-gcc 3000.79 ERROR
r-devel-windows-ix86+x86_64 3000.79 13.00 89.00 102.00 ERROR
r-patched-linux-x86_64 3000.79 4.50 62.44 66.94 ERROR --no-tests
r-patched-solaris-sparc 3000.79 724.20 ERROR
r-patched-solaris-x86 3000.79 158.30 ERROR
r-release-linux-ix86 3000.79 10.00 100.00 110.00 ERROR --no-tests
r-release-linux-x86_64 3000.79 4.38 64.66 69.03 ERROR --no-tests
r-release-windows-ix86+x86_64 3000.79 13.00 93.00 106.00 ERROR
r-oldrel-windows-ix86+x86_64 3000.79 14.00 85.00 99.00 ERROR

Check Details

Version: 3000.79
Flags: --no-tests
Check: dependencies in R code
Result: NOTE
    Package in Depends field not imported from: ‘fBasics’
     These packages need to be imported from (in the NAMESPACE file)
     for when this namespace is loaded but not attached.
    See the information on DESCRIPTION files in the chapter ‘Creating R
    packages’ of the ‘Writing R Extensions’ manual.
Flavors: r-devel-linux-x86_64-debian-clang, r-devel-linux-x86_64-debian-gcc, r-patched-linux-x86_64, r-release-linux-ix86, r-release-linux-x86_64

Version: 3000.79
Flags: --no-tests
Check: R code for possible problems
Result: NOTE
    .mvsnorm.plot.1B : <anonymous>: no visible global function definition
     for ‘msn.marginal’
    .mvsnorm.plot.1B : <anonymous>: no visible global function definition
     for ‘dsn2.plot’
    .mvsnormFit: possible error in msn.mle(X = X, y = y, freq = freq, trace
     = trace, ...): unused arguments (X = X, freq = freq)
    .mvst.plot.1B : <anonymous>: no visible global function definition for
     ‘msn.marginal’
    .mvst.plot.1B : <anonymous>: no visible global function definition for
     ‘dst2.plot’
    .mvstFit: no visible global function definition for ‘mst.mle’
    dmvsnorm: possible error in dsn(x, location = xi[1], scale =
     as.vector(Omega)[1], shape = alpha[1]): unused arguments (location =
     xi[1], scale = as.vector(Omega)[1], shape = alpha[1])
    dmvst: possible error in dst(x, location = xi[1], scale =
     as.vector(Omega)[1], shape = alpha[1], df = Inf): unused arguments
     (location = xi[1], scale = as.vector(Omega)[1], shape = alpha[1], df
     = Inf)
    dmvst: possible error in dmst(x = x, xi = xi, Omega = Omega, alpha =
     alpha, df = df): unused argument (df = df)
    rmvsnorm: possible error in rsn(n, location = xi[1], scale =
     as.vector(Omega)[1], shape = alpha[1]): unused arguments (location =
     xi[1], scale = as.vector(Omega)[1], shape = alpha[1])
    rmvst: possible error in rst(n, location = xi[1], scale =
     as.vector(Omega)[1], shape = alpha[1], df = df): unused arguments
     (location = xi[1], scale = as.vector(Omega)[1], shape = alpha[1], df
     = df)
    rmvst: possible error in rmst(n, xi = xi, Omega = Omega, alpha = alpha,
     df = df): unused argument (df = df)
Flavors: r-devel-linux-x86_64-debian-clang, r-devel-linux-x86_64-debian-gcc, r-patched-linux-x86_64, r-release-linux-ix86, r-release-linux-x86_64

Version: 3000.79
Flags: --no-tests
Check: examples
Result: ERROR
    Running examples in ‘fCopulae-Ex.R’ failed
    The error most likely occurred in:
    
    > ### Name: EllipticalCopulae
    > ### Title: Bivariate Elliptical Copulae
    > ### Aliases: EllipticalCopulae rellipticalCopula pellipticalCopula
    > ### dellipticalCopula rellipticalSlider pellipticalSlider
    > ### dellipticalSlider
    > ### Keywords: models
    >
    > ### ** Examples
    >
    > ## [rp]ellipticalCopula -
    > # Default Normal Copula:
    > rellipticalCopula(10)
     [,1] [,2]
     [1,] 0.2655087 0.36378052
     [2,] 0.2016819 0.66584101
     [3,] 0.6291140 0.38378383
     [4,] 0.6870228 0.80342747
     [5,] 0.7176185 0.59089218
     [6,] 0.9347052 0.91799230
     [7,] 0.2672207 0.02675286
     [8,] 0.8696908 0.79217105
     [9,] 0.4935413 0.72977951
    [10,] 0.7942399 0.84345145
    attr(,"control")
     rho type
    "0.75" "norm"
    > pellipticalCopula(10)
    $x
     [1] 0.0 0.1 0.2 0.3 0.4 0.5 0.6 0.7 0.8 0.9 1.0
    
    $y
     [1] 0.0 0.1 0.2 0.3 0.4 0.5 0.6 0.7 0.8 0.9 1.0
    
    $z
     [,1] [,2] [,3] [,4] [,5] [,6] [,7]
     [1,] 0 0.00000000 0.00000000 0.00000000 0.00000000 0.00000000 0.00000000
     [2,] 0 0.03056328 0.05175807 0.06570708 0.07451314 0.07977304 0.08266595
     [3,] 0 0.05175807 0.09343377 0.12450510 0.14657225 0.16142072 0.17069757
     [4,] 0 0.06570708 0.12450510 0.17258606 0.20991926 0.23743652 0.25639401
     [5,] 0 0.07451314 0.14657225 0.20991926 0.26279270 0.30481741 0.33624545
     [6,] 0 0.07977304 0.16142072 0.23743652 0.30481741 0.36196071 0.40789620
     [7,] 0 0.08266595 0.17069757 0.25639401 0.33624545 0.40789620 0.46937193
     [8,] 0 0.08405866 0.17586073 0.26818274 0.35771482 0.44203436 0.51877614
     [9,] 0 0.08458372 0.17819148 0.27428395 0.37019997 0.46410808 0.55411095
    [10,] 0 0.08469329 0.17882612 0.27631129 0.37512022 0.47428823 0.57309716
    [11,] 0 0.10000000 0.20000000 0.30000000 0.40000000 0.50000000 0.60000000
     [,8] [,9] [,10] [,11]
     [1,] 0.00000000 0.00000000 0.00000000 0.0
     [2,] 0.08405866 0.08458372 0.08469329 0.1
     [3,] 0.17586073 0.17819148 0.17882612 0.2
     [4,] 0.26818274 0.27428395 0.27631129 0.3
     [5,] 0.35771482 0.37019997 0.37512022 0.4
     [6,] 0.44203436 0.46410808 0.47428823 0.5
     [7,] 0.51877614 0.55411095 0.57309716 0.6
     [8,] 0.58518998 0.63764711 0.67058233 0.7
     [9,] 0.63764711 0.71058514 0.76471515 0.8
    [10,] 0.67058233 0.76471515 0.84940844 0.9
    [11,] 0.70000000 0.80000000 0.90000000 1.0
    
    >
    > ## [rp]ellipticalCopula -
    > # Student-t Copula Probability and Density:
    > u = grid2d(x = (0:25)/25)
    > pellipticalCopula(u, rho = 0.75, param = 4,
    + type = "t", output = "list")
    Warning in pmst(x = x[i, ], xi = xi, Omega = Omega, alpha = alpha, df = df) :
     NAs introduced by coercion
    Error in if (nu == as.integer(nu)) { :
     missing value where TRUE/FALSE needed
    Calls: pellipticalCopula -> .ptCopula -> pt2d -> pmvst -> pmst
    Execution halted
Flavors: r-devel-linux-x86_64-debian-clang, r-devel-linux-x86_64-debian-gcc, r-patched-linux-x86_64, r-release-linux-ix86, r-release-linux-x86_64

Version: 3000.79
Check: dependencies in R code
Result: NOTE
    Package in Depends field not imported from: ‘fBasics’
     These packages need to be imported from (in the NAMESPACE file)
     for when this namespace is loaded but not attached.
    See the information on DESCRIPTION files in the chapter ‘Creating R
    packages’ of the ‘Writing R Extensions’ manual.
Flavors: r-devel-linux-x86_64-fedora-clang, r-devel-linux-x86_64-fedora-gcc, r-devel-macosx-x86_64-clang, r-devel-macosx-x86_64-gcc, r-devel-windows-ix86+x86_64, r-patched-solaris-sparc, r-patched-solaris-x86, r-release-windows-ix86+x86_64, r-oldrel-windows-ix86+x86_64

Version: 3000.79
Check: R code for possible problems
Result: NOTE
    .mvsnorm.plot.1B : <anonymous>: no visible global function definition
     for ‘msn.marginal’
    .mvsnorm.plot.1B : <anonymous>: no visible global function definition
     for ‘dsn2.plot’
    .mvsnormFit: possible error in msn.mle(X = X, y = y, freq = freq, trace
     = trace, ...): unused arguments (X = X, freq = freq)
    .mvst.plot.1B : <anonymous>: no visible global function definition for
     ‘msn.marginal’
    .mvst.plot.1B : <anonymous>: no visible global function definition for
     ‘dst2.plot’
    .mvstFit: no visible global function definition for ‘mst.mle’
    dmvsnorm: possible error in dsn(x, location = xi[1], scale =
     as.vector(Omega)[1], shape = alpha[1]): unused arguments (location =
     xi[1], scale = as.vector(Omega)[1], shape = alpha[1])
    dmvst: possible error in dst(x, location = xi[1], scale =
     as.vector(Omega)[1], shape = alpha[1], df = Inf): unused arguments
     (location = xi[1], scale = as.vector(Omega)[1], shape = alpha[1], df
     = Inf)
    dmvst: possible error in dmst(x = x, xi = xi, Omega = Omega, alpha =
     alpha, df = df): unused argument (df = df)
    rmvsnorm: possible error in rsn(n, location = xi[1], scale =
     as.vector(Omega)[1], shape = alpha[1]): unused arguments (location =
     xi[1], scale = as.vector(Omega)[1], shape = alpha[1])
    rmvst: possible error in rst(n, location = xi[1], scale =
     as.vector(Omega)[1], shape = alpha[1], df = df): unused arguments
     (location = xi[1], scale = as.vector(Omega)[1], shape = alpha[1], df
     = df)
    rmvst: possible error in rmst(n, xi = xi, Omega = Omega, alpha = alpha,
     df = df): unused argument (df = df)
Flavors: r-devel-linux-x86_64-fedora-clang, r-devel-linux-x86_64-fedora-gcc, r-devel-macosx-x86_64-clang, r-devel-macosx-x86_64-gcc, r-devel-windows-ix86+x86_64, r-patched-solaris-sparc, r-patched-solaris-x86, r-release-windows-ix86+x86_64, r-oldrel-windows-ix86+x86_64

Version: 3000.79
Check: examples
Result: ERROR
    Running examples in ‘fCopulae-Ex.R’ failed
    The error most likely occurred in:
    
    > ### Name: EllipticalCopulae
    > ### Title: Bivariate Elliptical Copulae
    > ### Aliases: EllipticalCopulae rellipticalCopula pellipticalCopula
    > ### dellipticalCopula rellipticalSlider pellipticalSlider
    > ### dellipticalSlider
    > ### Keywords: models
    >
    > ### ** Examples
    >
    > ## [rp]ellipticalCopula -
    > # Default Normal Copula:
    > rellipticalCopula(10)
     [,1] [,2]
     [1,] 0.2655087 0.36378052
     [2,] 0.2016819 0.66584101
     [3,] 0.6291140 0.38378383
     [4,] 0.6870228 0.80342747
     [5,] 0.7176185 0.59089218
     [6,] 0.9347052 0.91799230
     [7,] 0.2672207 0.02675286
     [8,] 0.8696908 0.79217105
     [9,] 0.4935413 0.72977951
    [10,] 0.7942399 0.84345145
    attr(,"control")
     rho type
    "0.75" "norm"
    > pellipticalCopula(10)
    $x
     [1] 0.0 0.1 0.2 0.3 0.4 0.5 0.6 0.7 0.8 0.9 1.0
    
    $y
     [1] 0.0 0.1 0.2 0.3 0.4 0.5 0.6 0.7 0.8 0.9 1.0
    
    $z
     [,1] [,2] [,3] [,4] [,5] [,6] [,7]
     [1,] 0 0.00000000 0.00000000 0.00000000 0.00000000 0.00000000 0.00000000
     [2,] 0 0.03056328 0.05175807 0.06570708 0.07451314 0.07977304 0.08266595
     [3,] 0 0.05175807 0.09343377 0.12450510 0.14657225 0.16142072 0.17069757
     [4,] 0 0.06570708 0.12450510 0.17258606 0.20991926 0.23743652 0.25639401
     [5,] 0 0.07451314 0.14657225 0.20991926 0.26279270 0.30481741 0.33624545
     [6,] 0 0.07977304 0.16142072 0.23743652 0.30481741 0.36196071 0.40789620
     [7,] 0 0.08266595 0.17069757 0.25639401 0.33624545 0.40789620 0.46937193
     [8,] 0 0.08405866 0.17586073 0.26818274 0.35771482 0.44203436 0.51877614
     [9,] 0 0.08458372 0.17819148 0.27428395 0.37019997 0.46410808 0.55411095
    [10,] 0 0.08469329 0.17882612 0.27631129 0.37512022 0.47428823 0.57309716
    [11,] 0 0.10000000 0.20000000 0.30000000 0.40000000 0.50000000 0.60000000
     [,8] [,9] [,10] [,11]
     [1,] 0.00000000 0.00000000 0.00000000 0.0
     [2,] 0.08405866 0.08458372 0.08469329 0.1
     [3,] 0.17586073 0.17819148 0.17882612 0.2
     [4,] 0.26818274 0.27428395 0.27631129 0.3
     [5,] 0.35771482 0.37019997 0.37512022 0.4
     [6,] 0.44203436 0.46410808 0.47428823 0.5
     [7,] 0.51877614 0.55411095 0.57309716 0.6
     [8,] 0.58518998 0.63764711 0.67058233 0.7
     [9,] 0.63764711 0.71058514 0.76471515 0.8
    [10,] 0.67058233 0.76471515 0.84940844 0.9
    [11,] 0.70000000 0.80000000 0.90000000 1.0
    
    >
    > ## [rp]ellipticalCopula -
    > # Student-t Copula Probability and Density:
    > u = grid2d(x = (0:25)/25)
    > pellipticalCopula(u, rho = 0.75, param = 4,
    + type = "t", output = "list")
    Warning in pmst(x = x[i, ], xi = xi, Omega = Omega, alpha = alpha, df = df) :
     NAs introduced by coercion
    Error in if (nu == as.integer(nu)) { :
     missing value where TRUE/FALSE needed
    Calls: pellipticalCopula -> .ptCopula -> pt2d -> pmvst -> pmst
    Execution halted
Flavors: r-devel-linux-x86_64-fedora-clang, r-devel-linux-x86_64-fedora-gcc, r-devel-macosx-x86_64-clang, r-devel-macosx-x86_64-gcc, r-patched-solaris-sparc, r-patched-solaris-x86

Version: 3000.79
Check: running examples for arch 'i386'
Result: ERROR
    Running examples in 'fCopulae-Ex.R' failed
    The error most likely occurred in:
    
    > ### Name: EllipticalCopulae
    > ### Title: Bivariate Elliptical Copulae
    > ### Aliases: EllipticalCopulae rellipticalCopula pellipticalCopula
    > ### dellipticalCopula rellipticalSlider pellipticalSlider
    > ### dellipticalSlider
    > ### Keywords: models
    >
    > ### ** Examples
    >
    > ## [rp]ellipticalCopula -
    > # Default Normal Copula:
    > rellipticalCopula(10)
     [,1] [,2]
     [1,] 0.2655087 0.36378052
     [2,] 0.2016819 0.66584101
     [3,] 0.6291140 0.38378383
     [4,] 0.6870228 0.80342747
     [5,] 0.7176185 0.59089218
     [6,] 0.9347052 0.91799230
     [7,] 0.2672207 0.02675286
     [8,] 0.8696908 0.79217105
     [9,] 0.4935413 0.72977951
    [10,] 0.7942399 0.84345145
    attr(,"control")
     rho type
    "0.75" "norm"
    > pellipticalCopula(10)
    $x
     [1] 0.0 0.1 0.2 0.3 0.4 0.5 0.6 0.7 0.8 0.9 1.0
    
    $y
     [1] 0.0 0.1 0.2 0.3 0.4 0.5 0.6 0.7 0.8 0.9 1.0
    
    $z
     [,1] [,2] [,3] [,4] [,5] [,6] [,7]
     [1,] 0 0.00000000 0.00000000 0.00000000 0.00000000 0.00000000 0.00000000
     [2,] 0 0.03056328 0.05175807 0.06570708 0.07451314 0.07977304 0.08266595
     [3,] 0 0.05175807 0.09343377 0.12450510 0.14657225 0.16142072 0.17069757
     [4,] 0 0.06570708 0.12450510 0.17258606 0.20991926 0.23743652 0.25639401
     [5,] 0 0.07451314 0.14657225 0.20991926 0.26279270 0.30481741 0.33624545
     [6,] 0 0.07977304 0.16142072 0.23743652 0.30481741 0.36196071 0.40789620
     [7,] 0 0.08266595 0.17069757 0.25639401 0.33624545 0.40789620 0.46937193
     [8,] 0 0.08405866 0.17586073 0.26818274 0.35771482 0.44203436 0.51877614
     [9,] 0 0.08458372 0.17819148 0.27428395 0.37019997 0.46410808 0.55411095
    [10,] 0 0.08469329 0.17882612 0.27631129 0.37512022 0.47428823 0.57309716
    [11,] 0 0.10000000 0.20000000 0.30000000 0.40000000 0.50000000 0.60000000
     [,8] [,9] [,10] [,11]
     [1,] 0.00000000 0.00000000 0.00000000 0.0
     [2,] 0.08405866 0.08458372 0.08469329 0.1
     [3,] 0.17586073 0.17819148 0.17882612 0.2
     [4,] 0.26818274 0.27428395 0.27631129 0.3
     [5,] 0.35771482 0.37019997 0.37512022 0.4
     [6,] 0.44203436 0.46410808 0.47428823 0.5
     [7,] 0.51877614 0.55411095 0.57309716 0.6
     [8,] 0.58518998 0.63764711 0.67058233 0.7
     [9,] 0.63764711 0.71058514 0.76471515 0.8
    [10,] 0.67058233 0.76471515 0.84940844 0.9
    [11,] 0.70000000 0.80000000 0.90000000 1.0
    
    >
    > ## [rp]ellipticalCopula -
    > # Student-t Copula Probability and Density:
    > u = grid2d(x = (0:25)/25)
    > pellipticalCopula(u, rho = 0.75, param = 4,
    + type = "t", output = "list")
    Warning in pmst(x = x[i, ], xi = xi, Omega = Omega, alpha = alpha, df = df) :
     NAs introduced by coercion
    Error in if (nu == as.integer(nu)) { :
     missing value where TRUE/FALSE needed
    Calls: pellipticalCopula -> .ptCopula -> pt2d -> pmvst -> pmst
    Execution halted
Flavors: r-devel-windows-ix86+x86_64, r-release-windows-ix86+x86_64, r-oldrel-windows-ix86+x86_64

Version: 3000.79
Check: running examples for arch 'x64'
Result: ERROR
    Running examples in 'fCopulae-Ex.R' failed
    The error most likely occurred in:
    
    > ### Name: EllipticalCopulae
    > ### Title: Bivariate Elliptical Copulae
    > ### Aliases: EllipticalCopulae rellipticalCopula pellipticalCopula
    > ### dellipticalCopula rellipticalSlider pellipticalSlider
    > ### dellipticalSlider
    > ### Keywords: models
    >
    > ### ** Examples
    >
    > ## [rp]ellipticalCopula -
    > # Default Normal Copula:
    > rellipticalCopula(10)
     [,1] [,2]
     [1,] 0.2655087 0.36378052
     [2,] 0.2016819 0.66584101
     [3,] 0.6291140 0.38378383
     [4,] 0.6870228 0.80342747
     [5,] 0.7176185 0.59089218
     [6,] 0.9347052 0.91799230
     [7,] 0.2672207 0.02675286
     [8,] 0.8696908 0.79217105
     [9,] 0.4935413 0.72977951
    [10,] 0.7942399 0.84345145
    attr(,"control")
     rho type
    "0.75" "norm"
    > pellipticalCopula(10)
    $x
     [1] 0.0 0.1 0.2 0.3 0.4 0.5 0.6 0.7 0.8 0.9 1.0
    
    $y
     [1] 0.0 0.1 0.2 0.3 0.4 0.5 0.6 0.7 0.8 0.9 1.0
    
    $z
     [,1] [,2] [,3] [,4] [,5] [,6] [,7]
     [1,] 0 0.00000000 0.00000000 0.00000000 0.00000000 0.00000000 0.00000000
     [2,] 0 0.03056328 0.05175807 0.06570708 0.07451314 0.07977304 0.08266595
     [3,] 0 0.05175807 0.09343377 0.12450510 0.14657225 0.16142072 0.17069757
     [4,] 0 0.06570708 0.12450510 0.17258606 0.20991926 0.23743652 0.25639401
     [5,] 0 0.07451314 0.14657225 0.20991926 0.26279270 0.30481741 0.33624545
     [6,] 0 0.07977304 0.16142072 0.23743652 0.30481741 0.36196071 0.40789620
     [7,] 0 0.08266595 0.17069757 0.25639401 0.33624545 0.40789620 0.46937193
     [8,] 0 0.08405866 0.17586073 0.26818274 0.35771482 0.44203436 0.51877614
     [9,] 0 0.08458372 0.17819148 0.27428395 0.37019997 0.46410808 0.55411095
    [10,] 0 0.08469329 0.17882612 0.27631129 0.37512022 0.47428823 0.57309716
    [11,] 0 0.10000000 0.20000000 0.30000000 0.40000000 0.50000000 0.60000000
     [,8] [,9] [,10] [,11]
     [1,] 0.00000000 0.00000000 0.00000000 0.0
     [2,] 0.08405866 0.08458372 0.08469329 0.1
     [3,] 0.17586073 0.17819148 0.17882612 0.2
     [4,] 0.26818274 0.27428395 0.27631129 0.3
     [5,] 0.35771482 0.37019997 0.37512022 0.4
     [6,] 0.44203436 0.46410808 0.47428823 0.5
     [7,] 0.51877614 0.55411095 0.57309716 0.6
     [8,] 0.58518998 0.63764711 0.67058233 0.7
     [9,] 0.63764711 0.71058514 0.76471515 0.8
    [10,] 0.67058233 0.76471515 0.84940844 0.9
    [11,] 0.70000000 0.80000000 0.90000000 1.0
    
    >
    > ## [rp]ellipticalCopula -
    > # Student-t Copula Probability and Density:
    > u = grid2d(x = (0:25)/25)
    > pellipticalCopula(u, rho = 0.75, param = 4,
    + type = "t", output = "list")
    Warning in pmst(x = x[i, ], xi = xi, Omega = Omega, alpha = alpha, df = df) :
     NAs introduced by coercion
    Error in if (nu == as.integer(nu)) { :
     missing value where TRUE/FALSE needed
    Calls: pellipticalCopula -> .ptCopula -> pt2d -> pmvst -> pmst
    Execution halted
Flavors: r-devel-windows-ix86+x86_64, r-release-windows-ix86+x86_64, r-oldrel-windows-ix86+x86_64