CRAN Package Check Results for Package fCopulae

Last updated on 2015-05-27 19:47:07.

Flavor Version Tinstall Tcheck Ttotal Status Flags
r-devel-linux-x86_64-debian-clang 3011.81 2.22 43.76 45.98 NOTE --no-tests
r-devel-linux-x86_64-debian-gcc 3011.81 2.29 44.29 46.58 NOTE --no-tests
r-devel-linux-x86_64-fedora-clang 3011.81 308.51 NOTE
r-devel-linux-x86_64-fedora-gcc 3011.81 302.24 NOTE
r-devel-osx-x86_64-clang 3011.81 218.49 NOTE
r-devel-windows-ix86+x86_64 3011.81 7.00 212.00 219.00 NOTE
r-patched-linux-x86_64 3011.81 2.14 42.94 45.07 NOTE --no-tests
r-patched-solaris-sparc 3011.81 1959.50 NOTE
r-patched-solaris-x86 3011.81 322.10 NOTE
r-release-linux-x86_64 3011.81 2.19 42.67 44.86 NOTE --no-tests
r-release-osx-x86_64-mavericks 3011.81 NOTE
r-release-osx-x86_64-snowleopard 3011.81 NOTE
r-release-windows-ix86+x86_64 3011.81 7.00 227.00 234.00 NOTE
r-oldrel-windows-ix86+x86_64 3011.81 10.00 264.00 274.00 NOTE

Check Details

Version: 3011.81
Flags: --no-tests
Check: line endings in Makefiles
Result: NOTE
    Found the following Makefile(s) without a final LF:
     inst/unitTests/Makefile
    Some ‘make’ programs ignore lines not ending in LF.
Flavors: r-devel-linux-x86_64-debian-clang, r-devel-linux-x86_64-debian-gcc, r-patched-linux-x86_64, r-release-linux-x86_64

Version: 3011.81
Check: line endings in Makefiles
Result: NOTE
    Found the following Makefile(s) without a final LF:
     inst/unitTests/Makefile
    Some ‘make’ programs ignore lines not ending in LF.
Flavors: r-devel-linux-x86_64-fedora-clang, r-devel-linux-x86_64-fedora-gcc, r-devel-osx-x86_64-clang, r-devel-windows-ix86+x86_64, r-patched-solaris-sparc, r-patched-solaris-x86, r-release-osx-x86_64-mavericks, r-release-osx-x86_64-snowleopard, r-release-windows-ix86+x86_64, r-oldrel-windows-ix86+x86_64