CRAN Package Check Results for Package fCopulae

Last updated on 2015-03-04 03:46:46.

Flavor Version Tinstall Tcheck Ttotal Status Flags
r-devel-linux-x86_64-debian-clang 3011.81 2.40 43.73 46.14 NOTE --no-tests
r-devel-linux-x86_64-debian-gcc 3011.81 2.16 44.67 46.84 NOTE --no-tests
r-devel-linux-x86_64-fedora-clang 3011.81 317.99 NOTE
r-devel-linux-x86_64-fedora-gcc 3011.81 296.27 NOTE
r-devel-osx-x86_64-clang 3011.81 224.59 NOTE
r-devel-windows-ix86+x86_64 3011.81 7.00 225.00 232.00 NOTE
r-patched-linux-x86_64 3011.81 3.31 51.02 54.34 NOTE --no-tests
r-patched-solaris-sparc 3011.81 2110.50 NOTE
r-patched-solaris-x86 3011.81 348.10 NOTE
r-release-linux-ix86 3011.81 3.81 61.06 64.87 OK --no-tests
r-release-linux-x86_64 3011.81 3.03 51.46 54.49 OK --no-tests
r-release-osx-x86_64-mavericks 3011.81 NOTE
r-release-osx-x86_64-snowleopard 3011.81 OK
r-release-windows-ix86+x86_64 3011.81 13.00 321.00 334.00 OK
r-oldrel-windows-ix86+x86_64 3011.81 9.00 234.00 243.00 OK

Check Details

Version: 3011.81
Flags: --no-tests
Check: line endings in Makefiles
Result: NOTE
    Found the following Makefile(s) without a final LF:
     inst/unitTests/Makefile
    Some ‘make’ programs ignore lines not ending in LF.
Flavors: r-devel-linux-x86_64-debian-clang, r-devel-linux-x86_64-debian-gcc, r-patched-linux-x86_64

Version: 3011.81
Check: line endings in Makefiles
Result: NOTE
    Found the following Makefile(s) without a final LF:
     inst/unitTests/Makefile
    Some ‘make’ programs ignore lines not ending in LF.
Flavors: r-devel-linux-x86_64-fedora-clang, r-devel-linux-x86_64-fedora-gcc, r-devel-osx-x86_64-clang, r-devel-windows-ix86+x86_64, r-patched-solaris-sparc, r-patched-solaris-x86, r-release-osx-x86_64-mavericks