CRAN Package Check Results for Package fCopulae

Last updated on 2015-04-27 15:46:31.

Flavor Version Tinstall Tcheck Ttotal Status Flags
r-devel-linux-x86_64-debian-clang 3011.81 2.28 44.79 47.07 NOTE --no-tests
r-devel-linux-x86_64-debian-gcc 3011.81 2.44 42.64 45.07 NOTE --no-tests
r-devel-linux-x86_64-fedora-clang 3011.81 314.74 NOTE
r-devel-linux-x86_64-fedora-gcc 3011.81 301.89 NOTE
r-devel-osx-x86_64-clang 3011.81 217.92 NOTE
r-devel-windows-ix86+x86_64 3011.81 7.00 302.00 309.00 NOTE
r-patched-linux-x86_64 3011.81 2.20 43.02 45.22 NOTE --no-tests
r-patched-solaris-sparc 3011.81 1955.90 NOTE
r-patched-solaris-x86 3011.81 321.50 NOTE
r-release-linux-x86_64 3011.81 2.21 43.55 45.76 NOTE --no-tests
r-release-osx-x86_64-mavericks 3011.81 NOTE
r-release-osx-x86_64-snowleopard 3011.81 NOTE
r-release-windows-ix86+x86_64 3011.81 11.00 289.00 300.00 NOTE
r-oldrel-windows-ix86+x86_64 3011.81 7.00 217.00 224.00 NOTE

Check Details

Version: 3011.81
Flags: --no-tests
Check: line endings in Makefiles
Result: NOTE
    Found the following Makefile(s) without a final LF:
     inst/unitTests/Makefile
    Some ‘make’ programs ignore lines not ending in LF.
Flavors: r-devel-linux-x86_64-debian-clang, r-devel-linux-x86_64-debian-gcc, r-release-linux-x86_64

Version: 3011.81
Check: line endings in Makefiles
Result: NOTE
    Found the following Makefile(s) without a final LF:
     inst/unitTests/Makefile
    Some ‘make’ programs ignore lines not ending in LF.
Flavors: r-devel-linux-x86_64-fedora-clang, r-devel-linux-x86_64-fedora-gcc, r-devel-osx-x86_64-clang, r-devel-windows-ix86+x86_64, r-patched-solaris-sparc, r-patched-solaris-x86, r-release-osx-x86_64-mavericks, r-release-osx-x86_64-snowleopard, r-release-windows-ix86+x86_64, r-oldrel-windows-ix86+x86_64