CRAN Package Check Results for Package fCopulae

Last updated on 2015-07-01 13:47:13.

Flavor Version Tinstall Tcheck Ttotal Status Flags
r-devel-linux-x86_64-debian-clang 3011.81 2.14 42.77 44.91 NOTE --no-tests
r-devel-linux-x86_64-debian-gcc 3011.81 2.13 43.74 45.88 NOTE --no-tests
r-devel-linux-x86_64-fedora-clang 3011.81 302.49 NOTE
r-devel-linux-x86_64-fedora-gcc 3011.81 294.60 NOTE
r-devel-osx-x86_64-clang 3011.81 235.36 NOTE
r-devel-windows-ix86+x86_64 3011.81 6.00 224.00 230.00 NOTE
r-patched-linux-x86_64 3011.81 2.21 43.11 45.32 NOTE --no-tests
r-patched-solaris-sparc 3011.81 1959.50 NOTE
r-patched-solaris-x86 3011.81 320.70 NOTE
r-release-linux-x86_64 3011.81 2.16 42.14 44.30 NOTE --no-tests
r-release-osx-x86_64-mavericks 3011.81 NOTE
r-release-windows-ix86+x86_64 3011.81 6.00 228.00 234.00 NOTE
r-oldrel-windows-ix86+x86_64 3011.81 11.00 231.00 242.00 NOTE

Check Details

Version: 3011.81
Flags: --no-tests
Check: R code for possible problems
Result: NOTE
    .AfuncFirstDer : erf: no visible global function definition for ‘pnorm’
    .AfuncSecondDer : erf: no visible global function definition for
     ‘pnorm’
    .Debye1: no visible global function definition for ‘integrate’
    .archm2Tau: no visible global function definition for ‘integrate’
    .archmTau: no visible global function definition for ‘integrate’
    .darchmContourSlider: no visible global function definition for ‘par’
    .darchmContourSlider : refresh.code: no visible global function
     definition for ‘approx’
    .darchmContourSlider : refresh.code: no visible global function
     definition for ‘image’
    .darchmContourSlider : refresh.code: no visible global function
     definition for ‘heat.colors’
    .darchmContourSlider : refresh.code: no visible global function
     definition for ‘contour’
    .darchmContourSlider : refresh.code: no visible global function
     definition for ‘title’
    .darchmContourSlider : refresh.code: no visible global function
     definition for ‘par’
    .darchmPerspSlider: no visible global function definition for ‘par’
    .darchmPerspSlider : refresh.code: no visible global function
     definition for ‘approx’
    .darchmPerspSlider : refresh.code: no visible global function
     definition for ‘persp’
    .darchmPerspSlider : refresh.code: no visible global function
     definition for ‘title’
    .darchmPerspSlider : refresh.code: no visible global function
     definition for ‘par’
    .delliptical: no visible global function definition for ‘dnorm’
    .delliptical: no visible global function definition for ‘dt’
    .delliptical: no visible global function definition for ‘integrate’
    .dellipticalContourSlider: no visible global function definition for
     ‘par’
    .dellipticalContourSlider : refresh.code: no visible global function
     definition for ‘image’
    .dellipticalContourSlider : refresh.code: no visible global function
     definition for ‘heat.colors’
    .dellipticalContourSlider : refresh.code: no visible global function
     definition for ‘mtext’
    .dellipticalContourSlider : refresh.code: no visible global function
     definition for ‘contour’
    .dellipticalContourSlider : refresh.code: no visible global function
     definition for ‘title’
    .dellipticalContourSlider : refresh.code: no visible global function
     definition for ‘par’
    .dellipticalPerspSlider: no visible global function definition for
     ‘par’
    .dellipticalPerspSlider : refresh.code: no visible global function
     definition for ‘var’
    .dellipticalPerspSlider : refresh.code: no visible global function
     definition for ‘persp’
    .dellipticalPerspSlider : refresh.code: no visible global function
     definition for ‘title’
    .dellipticalPerspSlider : refresh.code: no visible global function
     definition for ‘mtext’
    .dellipticalPerspSlider : refresh.code: no visible global function
     definition for ‘par’
    .dev1Copula : erf: no visible global function definition for ‘pnorm’
    .dev2Copula : erf: no visible global function definition for ‘pnorm’
    .devContourSlider : refresh.code: no visible global function definition
     for ‘image’
    .devContourSlider : refresh.code: no visible global function definition
     for ‘heat.colors’
    .devContourSlider : refresh.code: no visible global function definition
     for ‘contour’
    .devContourSlider : refresh.code: no visible global function definition
     for ‘title’
    .devContourSlider : refresh.code: no visible global function definition
     for ‘par’
    .devPerspSlider : refresh.code: no visible global function definition
     for ‘persp’
    .devPerspSlider : refresh.code: no visible global function definition
     for ‘title’
    .devPerspSlider : refresh.code: no visible global function definition
     for ‘par’
    .dnormCopula: no visible global function definition for ‘qnorm’
    .dnormCopula: no visible global function definition for ‘dnorm’
    .dtCopula: no visible global function definition for ‘qt’
    .dtCopula: no visible global function definition for ‘dt’
    .ev1Rho: no visible global function definition for ‘integrate’
    .ev1Tau: no visible global function definition for ‘integrate’
    .invK: no visible global function definition for ‘uniroot’
    .parchmContourSlider: no visible global function definition for ‘par’
    .parchmContourSlider : refresh.code: no visible global function
     definition for ‘approx’
    .parchmContourSlider : refresh.code: no visible global function
     definition for ‘image’
    .parchmContourSlider : refresh.code: no visible global function
     definition for ‘heat.colors’
    .parchmContourSlider : refresh.code: no visible global function
     definition for ‘contour’
    .parchmContourSlider : refresh.code: no visible global function
     definition for ‘title’
    .parchmContourSlider : refresh.code: no visible global function
     definition for ‘par’
    .parchmPerspSlider: no visible global function definition for ‘par’
    .parchmPerspSlider : refresh.code: no visible global function
     definition for ‘approx’
    .parchmPerspSlider : refresh.code: no visible global function
     definition for ‘persp’
    .parchmPerspSlider : refresh.code: no visible global function
     definition for ‘title’
    .parchmPerspSlider : refresh.code: no visible global function
     definition for ‘par’
    .pelliptical: no visible global function definition for ‘pnorm’
    .pelliptical: no visible global function definition for ‘pt’
    .pelliptical: no visible global function definition for ‘dnorm’
    .pelliptical: no visible global function definition for ‘integrate’
    .pellipticalContourSlider: no visible global function definition for
     ‘par’
    .pellipticalContourSlider : refresh.code: no visible global function
     definition for ‘image’
    .pellipticalContourSlider : refresh.code: no visible global function
     definition for ‘heat.colors’
    .pellipticalContourSlider : refresh.code: no visible global function
     definition for ‘mtext’
    .pellipticalContourSlider : refresh.code: no visible global function
     definition for ‘contour’
    .pellipticalContourSlider : refresh.code: no visible global function
     definition for ‘title’
    .pellipticalContourSlider : refresh.code: no visible global function
     definition for ‘par’
    .pellipticalPerspSlider: no visible global function definition for
     ‘par’
    .pellipticalPerspSlider : refresh.code: no visible global function
     definition for ‘persp’
    .pellipticalPerspSlider : refresh.code: no visible global function
     definition for ‘title’
    .pellipticalPerspSlider : refresh.code: no visible global function
     definition for ‘mtext’
    .pellipticalPerspSlider : refresh.code: no visible global function
     definition for ‘par’
    .pev2Copula: no visible global function definition for ‘pnorm’
    .pevContourSlider: no visible global function definition for ‘par’
    .pevContourSlider : refresh.code: no visible global function definition
     for ‘image’
    .pevContourSlider : refresh.code: no visible global function definition
     for ‘heat.colors’
    .pevContourSlider : refresh.code: no visible global function definition
     for ‘contour’
    .pevContourSlider : refresh.code: no visible global function definition
     for ‘title’
    .pevContourSlider : refresh.code: no visible global function definition
     for ‘par’
    .pevPerspSlider: no visible global function definition for ‘par’
    .pevPerspSlider : refresh.code: no visible global function definition
     for ‘persp’
    .pevPerspSlider : refresh.code: no visible global function definition
     for ‘title’
    .pevPerspSlider : refresh.code: no visible global function definition
     for ‘par’
    .pnormCopula: no visible global function definition for ‘qnorm’
    .ptCopula: no visible global function definition for ‘qt’
    .qelliptical: no visible global function definition for ‘qnorm’
    .qelliptical: no visible global function definition for ‘qcauchy’
    .qelliptical: no visible global function definition for ‘qt’
    .qelliptical: no visible global function definition for ‘dnorm’
    .qlogistic: no visible global function definition for ‘approx’
    .rNo1Copula: no visible global function definition for ‘rgamma’
    .rNo1Copula: no visible global function definition for ‘runif’
    .rNo2Copula: no visible global function definition for ‘runif’
    .rnormCopula: no visible global function definition for ‘pnorm’
    .rtCopula: no visible global function definition for ‘pt’
    Afunc: no visible global function definition for ‘pnorm’
    AfuncSlider: no visible global function definition for ‘par’
    AfuncSlider : refresh.code: no visible global function definition for
     ‘par’
    KfuncSlider: no visible global function definition for ‘par’
    KfuncSlider : refresh.code: no visible global function definition for
     ‘title’
    KfuncSlider : refresh.code: no visible global function definition for
     ‘text’
    KfuncSlider : refresh.code: no visible global function definition for
     ‘approx’
    KfuncSlider : refresh.code: no visible global function definition for
     ‘mtext’
    KfuncSlider : refresh.code: no visible global function definition for
     ‘par’
    PhiSlider: no visible global function definition for ‘par’
    PhiSlider : refresh.code: no visible global function definition for
     ‘mtext’
    PhiSlider : refresh.code: no visible global function definition for
     ‘par’
    archmCopulaFit: no visible global function definition for ‘nlminb’
    archmTailPlot: no visible global function definition for ‘text’
    ellipticalCopulaFit: no visible global function definition for ‘cor’
    ellipticalCopulaFit: no visible global function definition for ‘nlminb’
    ellipticalTailCoeff: no visible global function definition for ‘pt’
    ellipticalTailPlot: no visible global function definition for ‘text’
    evCopulaFit: no visible global function definition for ‘optimize’
    evCopulaFit: no visible global function definition for ‘nlminb’
    evTailCoeffSlider: no visible global function definition for ‘par’
    evTailCoeffSlider : refresh.code: no visible global function definition
     for ‘title’
    evTailCoeffSlider : refresh.code: no visible global function definition
     for ‘grid’
    evTailCoeffSlider : refresh.code: no visible global function definition
     for ‘par’
    gfuncSlider: no visible global function definition for ‘par’
    gfuncSlider : refresh.code: no visible global function definition for
     ‘title’
    gfuncSlider : refresh.code: no visible global function definition for
     ‘mtext’
    gfuncSlider : refresh.code: no visible global function definition for
     ‘integrate’
    gfuncSlider : refresh.code: no visible global function definition for
     ‘contour’
    gfuncSlider : refresh.code: no visible global function definition for
     ‘grid’
    gfuncSlider : refresh.code: no visible global function definition for
     ‘par’
    rarchmCopula: no visible global function definition for ‘runif’
    rarchmSlider: no visible global function definition for ‘par’
    rarchmSlider : refresh.code: no visible global function definition for
     ‘grid’
    rarchmSlider : refresh.code: no visible global function definition for
     ‘title’
    rarchmSlider : refresh.code: no visible global function definition for
     ‘par’
    rellipticalSlider: no visible global function definition for ‘par’
    rellipticalSlider : refresh.code: no visible global function definition
     for ‘title’
    rellipticalSlider : refresh.code: no visible global function definition
     for ‘par’
    revCopula: no visible global function definition for ‘runif’
    revCopula: no visible global function definition for ‘approx’
    revSlider: no visible global function definition for ‘par’
    revSlider : refresh.code: no visible global function definition for
     ‘grid’
    revSlider : refresh.code: no visible global function definition for
     ‘title’
    revSlider : refresh.code: no visible global function definition for
     ‘par’
    rgumbelCopula: no visible global function definition for ‘runif’
    rgumbelCopula: no visible global function definition for ‘rexp’
Flavors: r-devel-linux-x86_64-debian-clang, r-devel-linux-x86_64-debian-gcc

Version: 3011.81
Flags: --no-tests
Check: line endings in Makefiles
Result: NOTE
    Found the following Makefile(s) without a final LF:
     inst/unitTests/Makefile
    Some ‘make’ programs ignore lines not ending in LF.
Flavors: r-devel-linux-x86_64-debian-clang, r-devel-linux-x86_64-debian-gcc, r-patched-linux-x86_64, r-release-linux-x86_64

Version: 3011.81
Check: R code for possible problems
Result: NOTE
    .AfuncFirstDer : erf: no visible global function definition for ‘pnorm’
    .AfuncSecondDer : erf: no visible global function definition for
     ‘pnorm’
    .Debye1: no visible global function definition for ‘integrate’
    .archm2Tau: no visible global function definition for ‘integrate’
    .archmTau: no visible global function definition for ‘integrate’
    .darchmContourSlider: no visible global function definition for ‘par’
    .darchmContourSlider : refresh.code: no visible global function
     definition for ‘approx’
    .darchmContourSlider : refresh.code: no visible global function
     definition for ‘image’
    .darchmContourSlider : refresh.code: no visible global function
     definition for ‘heat.colors’
    .darchmContourSlider : refresh.code: no visible global function
     definition for ‘contour’
    .darchmContourSlider : refresh.code: no visible global function
     definition for ‘title’
    .darchmContourSlider : refresh.code: no visible global function
     definition for ‘par’
    .darchmPerspSlider: no visible global function definition for ‘par’
    .darchmPerspSlider : refresh.code: no visible global function
     definition for ‘approx’
    .darchmPerspSlider : refresh.code: no visible global function
     definition for ‘persp’
    .darchmPerspSlider : refresh.code: no visible global function
     definition for ‘title’
    .darchmPerspSlider : refresh.code: no visible global function
     definition for ‘par’
    .delliptical: no visible global function definition for ‘dnorm’
    .delliptical: no visible global function definition for ‘dt’
    .delliptical: no visible global function definition for ‘integrate’
    .dellipticalContourSlider: no visible global function definition for
     ‘par’
    .dellipticalContourSlider : refresh.code: no visible global function
     definition for ‘image’
    .dellipticalContourSlider : refresh.code: no visible global function
     definition for ‘heat.colors’
    .dellipticalContourSlider : refresh.code: no visible global function
     definition for ‘mtext’
    .dellipticalContourSlider : refresh.code: no visible global function
     definition for ‘contour’
    .dellipticalContourSlider : refresh.code: no visible global function
     definition for ‘title’
    .dellipticalContourSlider : refresh.code: no visible global function
     definition for ‘par’
    .dellipticalPerspSlider: no visible global function definition for
     ‘par’
    .dellipticalPerspSlider : refresh.code: no visible global function
     definition for ‘var’
    .dellipticalPerspSlider : refresh.code: no visible global function
     definition for ‘persp’
    .dellipticalPerspSlider : refresh.code: no visible global function
     definition for ‘title’
    .dellipticalPerspSlider : refresh.code: no visible global function
     definition for ‘mtext’
    .dellipticalPerspSlider : refresh.code: no visible global function
     definition for ‘par’
    .dev1Copula : erf: no visible global function definition for ‘pnorm’
    .dev2Copula : erf: no visible global function definition for ‘pnorm’
    .devContourSlider : refresh.code: no visible global function definition
     for ‘image’
    .devContourSlider : refresh.code: no visible global function definition
     for ‘heat.colors’
    .devContourSlider : refresh.code: no visible global function definition
     for ‘contour’
    .devContourSlider : refresh.code: no visible global function definition
     for ‘title’
    .devContourSlider : refresh.code: no visible global function definition
     for ‘par’
    .devPerspSlider : refresh.code: no visible global function definition
     for ‘persp’
    .devPerspSlider : refresh.code: no visible global function definition
     for ‘title’
    .devPerspSlider : refresh.code: no visible global function definition
     for ‘par’
    .dnormCopula: no visible global function definition for ‘qnorm’
    .dnormCopula: no visible global function definition for ‘dnorm’
    .dtCopula: no visible global function definition for ‘qt’
    .dtCopula: no visible global function definition for ‘dt’
    .ev1Rho: no visible global function definition for ‘integrate’
    .ev1Tau: no visible global function definition for ‘integrate’
    .invK: no visible global function definition for ‘uniroot’
    .parchmContourSlider: no visible global function definition for ‘par’
    .parchmContourSlider : refresh.code: no visible global function
     definition for ‘approx’
    .parchmContourSlider : refresh.code: no visible global function
     definition for ‘image’
    .parchmContourSlider : refresh.code: no visible global function
     definition for ‘heat.colors’
    .parchmContourSlider : refresh.code: no visible global function
     definition for ‘contour’
    .parchmContourSlider : refresh.code: no visible global function
     definition for ‘title’
    .parchmContourSlider : refresh.code: no visible global function
     definition for ‘par’
    .parchmPerspSlider: no visible global function definition for ‘par’
    .parchmPerspSlider : refresh.code: no visible global function
     definition for ‘approx’
    .parchmPerspSlider : refresh.code: no visible global function
     definition for ‘persp’
    .parchmPerspSlider : refresh.code: no visible global function
     definition for ‘title’
    .parchmPerspSlider : refresh.code: no visible global function
     definition for ‘par’
    .pelliptical: no visible global function definition for ‘pnorm’
    .pelliptical: no visible global function definition for ‘pt’
    .pelliptical: no visible global function definition for ‘dnorm’
    .pelliptical: no visible global function definition for ‘integrate’
    .pellipticalContourSlider: no visible global function definition for
     ‘par’
    .pellipticalContourSlider : refresh.code: no visible global function
     definition for ‘image’
    .pellipticalContourSlider : refresh.code: no visible global function
     definition for ‘heat.colors’
    .pellipticalContourSlider : refresh.code: no visible global function
     definition for ‘mtext’
    .pellipticalContourSlider : refresh.code: no visible global function
     definition for ‘contour’
    .pellipticalContourSlider : refresh.code: no visible global function
     definition for ‘title’
    .pellipticalContourSlider : refresh.code: no visible global function
     definition for ‘par’
    .pellipticalPerspSlider: no visible global function definition for
     ‘par’
    .pellipticalPerspSlider : refresh.code: no visible global function
     definition for ‘persp’
    .pellipticalPerspSlider : refresh.code: no visible global function
     definition for ‘title’
    .pellipticalPerspSlider : refresh.code: no visible global function
     definition for ‘mtext’
    .pellipticalPerspSlider : refresh.code: no visible global function
     definition for ‘par’
    .pev2Copula: no visible global function definition for ‘pnorm’
    .pevContourSlider: no visible global function definition for ‘par’
    .pevContourSlider : refresh.code: no visible global function definition
     for ‘image’
    .pevContourSlider : refresh.code: no visible global function definition
     for ‘heat.colors’
    .pevContourSlider : refresh.code: no visible global function definition
     for ‘contour’
    .pevContourSlider : refresh.code: no visible global function definition
     for ‘title’
    .pevContourSlider : refresh.code: no visible global function definition
     for ‘par’
    .pevPerspSlider: no visible global function definition for ‘par’
    .pevPerspSlider : refresh.code: no visible global function definition
     for ‘persp’
    .pevPerspSlider : refresh.code: no visible global function definition
     for ‘title’
    .pevPerspSlider : refresh.code: no visible global function definition
     for ‘par’
    .pnormCopula: no visible global function definition for ‘qnorm’
    .ptCopula: no visible global function definition for ‘qt’
    .qelliptical: no visible global function definition for ‘qnorm’
    .qelliptical: no visible global function definition for ‘qcauchy’
    .qelliptical: no visible global function definition for ‘qt’
    .qelliptical: no visible global function definition for ‘dnorm’
    .qlogistic: no visible global function definition for ‘approx’
    .rNo1Copula: no visible global function definition for ‘rgamma’
    .rNo1Copula: no visible global function definition for ‘runif’
    .rNo2Copula: no visible global function definition for ‘runif’
    .rnormCopula: no visible global function definition for ‘pnorm’
    .rtCopula: no visible global function definition for ‘pt’
    Afunc: no visible global function definition for ‘pnorm’
    AfuncSlider: no visible global function definition for ‘par’
    AfuncSlider : refresh.code: no visible global function definition for
     ‘par’
    KfuncSlider: no visible global function definition for ‘par’
    KfuncSlider : refresh.code: no visible global function definition for
     ‘title’
    KfuncSlider : refresh.code: no visible global function definition for
     ‘text’
    KfuncSlider : refresh.code: no visible global function definition for
     ‘approx’
    KfuncSlider : refresh.code: no visible global function definition for
     ‘mtext’
    KfuncSlider : refresh.code: no visible global function definition for
     ‘par’
    PhiSlider: no visible global function definition for ‘par’
    PhiSlider : refresh.code: no visible global function definition for
     ‘mtext’
    PhiSlider : refresh.code: no visible global function definition for
     ‘par’
    archmCopulaFit: no visible global function definition for ‘nlminb’
    archmTailPlot: no visible global function definition for ‘text’
    ellipticalCopulaFit: no visible global function definition for ‘cor’
    ellipticalCopulaFit: no visible global function definition for ‘nlminb’
    ellipticalTailCoeff: no visible global function definition for ‘pt’
    ellipticalTailPlot: no visible global function definition for ‘text’
    evCopulaFit: no visible global function definition for ‘optimize’
    evCopulaFit: no visible global function definition for ‘nlminb’
    evTailCoeffSlider: no visible global function definition for ‘par’
    evTailCoeffSlider : refresh.code: no visible global function definition
     for ‘title’
    evTailCoeffSlider : refresh.code: no visible global function definition
     for ‘grid’
    evTailCoeffSlider : refresh.code: no visible global function definition
     for ‘par’
    gfuncSlider: no visible global function definition for ‘par’
    gfuncSlider : refresh.code: no visible global function definition for
     ‘title’
    gfuncSlider : refresh.code: no visible global function definition for
     ‘mtext’
    gfuncSlider : refresh.code: no visible global function definition for
     ‘integrate’
    gfuncSlider : refresh.code: no visible global function definition for
     ‘contour’
    gfuncSlider : refresh.code: no visible global function definition for
     ‘grid’
    gfuncSlider : refresh.code: no visible global function definition for
     ‘par’
    rarchmCopula: no visible global function definition for ‘runif’
    rarchmSlider: no visible global function definition for ‘par’
    rarchmSlider : refresh.code: no visible global function definition for
     ‘grid’
    rarchmSlider : refresh.code: no visible global function definition for
     ‘title’
    rarchmSlider : refresh.code: no visible global function definition for
     ‘par’
    rellipticalSlider: no visible global function definition for ‘par’
    rellipticalSlider : refresh.code: no visible global function definition
     for ‘title’
    rellipticalSlider : refresh.code: no visible global function definition
     for ‘par’
    revCopula: no visible global function definition for ‘runif’
    revCopula: no visible global function definition for ‘approx’
    revSlider: no visible global function definition for ‘par’
    revSlider : refresh.code: no visible global function definition for
     ‘grid’
    revSlider : refresh.code: no visible global function definition for
     ‘title’
    revSlider : refresh.code: no visible global function definition for
     ‘par’
    rgumbelCopula: no visible global function definition for ‘runif’
    rgumbelCopula: no visible global function definition for ‘rexp’
Flavors: r-devel-linux-x86_64-fedora-clang, r-devel-linux-x86_64-fedora-gcc, r-devel-windows-ix86+x86_64

Version: 3011.81
Check: line endings in Makefiles
Result: NOTE
    Found the following Makefile(s) without a final LF:
     inst/unitTests/Makefile
    Some ‘make’ programs ignore lines not ending in LF.
Flavors: r-devel-linux-x86_64-fedora-clang, r-devel-linux-x86_64-fedora-gcc, r-devel-osx-x86_64-clang, r-devel-windows-ix86+x86_64, r-patched-solaris-sparc, r-patched-solaris-x86, r-release-osx-x86_64-mavericks, r-release-windows-ix86+x86_64, r-oldrel-windows-ix86+x86_64