CRAN Package Check Results for Package fDMA

Last updated on 2024-02-29 13:54:34 CET.

Flavor Version Tinstall Tcheck Ttotal Status Flags
r-devel-linux-x86_64-debian-clang 2.2.7 44.41 129.29 173.70 NOTE
r-devel-linux-x86_64-debian-gcc 2.2.7 37.22 94.54 131.76 NOTE
r-devel-linux-x86_64-fedora-clang 2.2.7 230.00 NOTE
r-devel-linux-x86_64-fedora-gcc 2.2.7 236.27 NOTE
r-devel-windows-x86_64 2.2.7 40.00 139.00 179.00 OK
r-patched-linux-x86_64 2.2.7 48.31 122.39 170.70 OK
r-release-linux-x86_64 2.2.7 42.93 122.87 165.80 OK
r-release-macos-arm64 2.2.7 58.00 OK
r-release-macos-x86_64 2.2.7 102.00 OK
r-release-windows-x86_64 2.2.7 52.00 169.00 221.00 OK
r-oldrel-macos-arm64 2.2.7 53.00 OK
r-oldrel-windows-x86_64 2.2.7 51.00 172.00 223.00 OK

Check Details

Version: 2.2.7
Check: Rd files
Result: NOTE checkRd: (-1) plot.dma.Rd:46: Lost braces; missing escapes or markup? 46 | If {x} comes from estimation of Dynamic Model Selection (DMS) or Median Probability Model (MED), after executing \code{plot} the User is asked to choose | ^ Flavors: r-devel-linux-x86_64-debian-clang, r-devel-linux-x86_64-debian-gcc, r-devel-linux-x86_64-fedora-clang, r-devel-linux-x86_64-fedora-gcc