CRAN Package Check Results for Package fExoticOptions

Last updated on 2014-04-25 05:47:15.

Flavor Version Tinstall Tcheck Ttotal Status Flags
r-devel-linux-x86_64-debian-clang 2152.78 3.12 48.21 51.34 OK
r-devel-linux-x86_64-debian-gcc 2152.78 3.03 50.29 53.32 OK
r-devel-linux-x86_64-fedora-clang 2152.78 109.06 OK
r-devel-linux-x86_64-fedora-gcc 2152.78 104.08 OK
r-devel-osx-x86_64-clang 2152.78 81.28 OK
r-devel-osx-x86_64-gcc 2152.78 OK
r-devel-windows-ix86+x86_64 2152.78 9.00 64.00 73.00 OK
r-patched-linux-x86_64 2152.78 3.24 49.70 52.95 OK
r-patched-solaris-sparc 2152.78 573.10 OK
r-patched-solaris-x86 2152.78 125.70 OK
r-release-linux-ix86 2152.78 4.00 75.00 79.00 OK
r-release-linux-x86_64 2152.78 3.14 51.37 54.51 OK
r-release-osx-x86_64-mavericks 2152.78 WARN
r-release-osx-x86_64-snowleopard 2152.78 ERROR
r-release-windows-ix86+x86_64 2152.78 9.00 65.00 74.00 OK
r-oldrel-windows-ix86+x86_64 2152.78 8.00 62.00 70.00 OK

Check Details

Version: 2152.78
Check: PDF version of manual
Result: WARNING
    LaTeX errors when creating PDF version.
    This typically indicates Rd problems.
    LaTeX errors found:
    ! LaTeX Error: File `upquote.sty' not found.
    
    Type X to quit or <RETURN> to proceed,
    or enter new name. (Default extension: sty)
    
    5495df4e/Rd2.tex:8: ==> Fatal error occurred, no output PDF file produced!
Flavor: r-release-osx-x86_64-mavericks

Version: 2152.78
Check: whether package can be installed
Result: ERROR
    Installation failed.
    See ‘/Volumes/XT3/Builds/R-dev-web/QA/Simon/packages/snowleopard-x86_64/results/3.1/fExoticOptions.Rcheck/00install.out’ for details.
Flavor: r-release-osx-x86_64-snowleopard