CRAN Package Check Results for Package fExoticOptions

Last updated on 2015-04-01 23:49:12.

Flavor Version Tinstall Tcheck Ttotal Status Flags
r-devel-linux-x86_64-debian-clang 2152.78 2.17 37.02 39.18 NOTE
r-devel-linux-x86_64-debian-gcc 2152.78 2.03 36.62 38.65 NOTE
r-devel-linux-x86_64-fedora-clang 2152.78 78.11 NOTE
r-devel-linux-x86_64-fedora-gcc 2152.78 78.28 NOTE
r-devel-osx-x86_64-clang 2152.78 74.69 NOTE
r-prerel-windows-ix86+x86_64 2152.78 6.00 51.00 57.00 NOTE
r-prerel-linux-x86_64 2152.78 2.01 36.03 38.04 NOTE
r-prerel-solaris-sparc 2152.78 459.00 NOTE
r-prerel-solaris-x86 2152.78 90.90 NOTE
r-release-linux-x86_64 2152.78 2.84 46.50 49.34 OK
r-release-osx-x86_64-mavericks 2152.78 OK
r-release-osx-x86_64-snowleopard 2152.78 ERROR
r-release-windows-ix86+x86_64 2152.78 8.00 68.00 76.00 OK
r-oldrel-windows-ix86+x86_64 2152.78 7.00 63.00 70.00 OK

Check Details

Version: 2152.78
Check: DESCRIPTION meta-information
Result: NOTE
    Malformed Description field: should contain one or more complete sentences.
Flavors: r-devel-linux-x86_64-debian-clang, r-devel-linux-x86_64-debian-gcc, r-devel-linux-x86_64-fedora-clang, r-devel-linux-x86_64-fedora-gcc, r-devel-osx-x86_64-clang, r-prerel-windows-ix86+x86_64, r-prerel-linux-x86_64, r-prerel-solaris-sparc, r-prerel-solaris-x86

Version: 2152.78
Check: whether package can be installed
Result: ERROR
    Installation failed.
Flavor: r-release-osx-x86_64-snowleopard