CRAN Package Check Results for Package fExoticOptions

Last updated on 2017-02-25 11:48:20.

Flavor Version Tinstall Tcheck Ttotal Status Flags
r-devel-linux-x86_64-debian-clang 2152.78 1.95 40.08 42.03 NOTE
r-devel-linux-x86_64-debian-gcc 2152.78 1.98 40.56 42.53 NOTE
r-devel-linux-x86_64-fedora-clang 2152.78 81.00 NOTE --no-stop-on-test-error
r-devel-linux-x86_64-fedora-gcc 2152.78 76.66 NOTE --no-stop-on-test-error
r-devel-macos-x86_64-clang 2152.78 64.74 NOTE --no-stop-on-test-error
r-devel-windows-ix86+x86_64 2152.78 8.00 89.00 97.00 NOTE
r-patched-linux-x86_64 2152.78 1.87 34.88 36.75 NOTE
r-patched-solaris-sparc 2152.78 419.90 NOTE
r-patched-solaris-x86 2152.78 83.00 NOTE
r-release-linux-x86_64 2152.78 1.80 35.07 36.87 NOTE
r-release-osx-x86_64-mavericks 2152.78 NOTE
r-release-windows-ix86+x86_64 2152.78 7.00 87.00 94.00 NOTE
r-oldrel-windows-ix86+x86_64 2152.78 9.00 118.00 127.00 NOTE

Check Details

Version: 2152.78
Check: DESCRIPTION meta-information
Result: NOTE
    Malformed Description field: should contain one or more complete sentences.
Flavors: r-devel-linux-x86_64-debian-clang, r-devel-linux-x86_64-debian-gcc, r-devel-windows-ix86+x86_64, r-patched-linux-x86_64, r-patched-solaris-sparc, r-patched-solaris-x86, r-release-linux-x86_64, r-release-osx-x86_64-mavericks, r-release-windows-ix86+x86_64, r-oldrel-windows-ix86+x86_64

Version: 2152.78
Flags: --no-stop-on-test-error
Check: DESCRIPTION meta-information
Result: NOTE
    Malformed Description field: should contain one or more complete sentences.
Flavors: r-devel-linux-x86_64-fedora-clang, r-devel-linux-x86_64-fedora-gcc, r-devel-macos-x86_64-clang