CRAN Package Check Results for Package fExoticOptions

Last updated on 2015-05-24 19:47:52.

Flavor Version Tinstall Tcheck Ttotal Status Flags
r-devel-linux-x86_64-debian-clang 2152.78 2.10 37.50 39.60 NOTE
r-devel-linux-x86_64-debian-gcc 2152.78 1.99 37.40 39.40 NOTE
r-devel-linux-x86_64-fedora-clang 2152.78 78.02 NOTE
r-devel-linux-x86_64-fedora-gcc 2152.78 73.64 NOTE
r-devel-osx-x86_64-clang 2152.78 66.62 NOTE
r-devel-windows-ix86+x86_64 2152.78 5.00 52.00 57.00 NOTE
r-patched-linux-x86_64 2152.78 1.96 37.18 39.14 NOTE
r-patched-solaris-sparc 2152.78 464.60 NOTE
r-patched-solaris-x86 2152.78 94.60 NOTE
r-release-linux-x86_64 2152.78 2.05 35.93 37.98 NOTE
r-release-osx-x86_64-mavericks 2152.78 NOTE
r-release-osx-x86_64-snowleopard 2152.78 NOTE
r-release-windows-ix86+x86_64 2152.78 5.00 54.00 59.00 NOTE
r-oldrel-windows-ix86+x86_64 2152.78 9.00 80.00 89.00 OK

Check Details

Version: 2152.78
Check: DESCRIPTION meta-information
Result: NOTE
    Malformed Description field: should contain one or more complete sentences.
Flavors: r-devel-linux-x86_64-debian-clang, r-devel-linux-x86_64-debian-gcc, r-devel-linux-x86_64-fedora-clang, r-devel-linux-x86_64-fedora-gcc, r-devel-osx-x86_64-clang, r-devel-windows-ix86+x86_64, r-patched-linux-x86_64, r-patched-solaris-sparc, r-patched-solaris-x86, r-release-linux-x86_64, r-release-osx-x86_64-mavericks, r-release-osx-x86_64-snowleopard, r-release-windows-ix86+x86_64