CRAN Package Check Results for Package fExoticOptions

Last updated on 2015-09-05 11:47:13.

Flavor Version Tinstall Tcheck Ttotal Status Flags
r-devel-linux-x86_64-debian-clang 2152.78 1.82 34.35 36.17 NOTE
r-devel-linux-x86_64-debian-gcc 2152.78 2.38 35.46 37.85 NOTE
r-devel-linux-x86_64-fedora-clang 2152.78 72.80 NOTE
r-devel-linux-x86_64-fedora-gcc 2152.78 68.66 NOTE
r-devel-osx-x86_64-clang 2152.78 61.02 NOTE
r-devel-windows-ix86+x86_64 2152.78 9.00 59.00 68.00 NOTE
r-patched-linux-x86_64 2152.78 2.08 36.13 38.21 NOTE
r-patched-solaris-sparc 2152.78 470.80 NOTE
r-patched-solaris-x86 2152.78 93.80 NOTE
r-release-linux-x86_64 2152.78 2.05 36.86 38.91 NOTE
r-release-osx-x86_64-mavericks 2152.78 NOTE
r-release-windows-ix86+x86_64 2152.78 9.00 63.00 72.00 NOTE
r-oldrel-windows-ix86+x86_64 2152.78 8.00 74.00 82.00 OK

Check Details

Version: 2152.78
Check: DESCRIPTION meta-information
Result: NOTE
    Malformed Description field: should contain one or more complete sentences.
Flavors: r-devel-linux-x86_64-debian-clang, r-devel-linux-x86_64-debian-gcc, r-devel-linux-x86_64-fedora-clang, r-devel-linux-x86_64-fedora-gcc, r-devel-osx-x86_64-clang, r-devel-windows-ix86+x86_64, r-patched-linux-x86_64, r-patched-solaris-sparc, r-patched-solaris-x86, r-release-linux-x86_64, r-release-osx-x86_64-mavericks, r-release-windows-ix86+x86_64