CRAN Package Check Results for Package fExoticOptions

Last updated on 2016-05-03 23:46:49.

Flavor Version Tinstall Tcheck Ttotal Status Flags
r-devel-linux-x86_64-debian-gcc 2152.78 1.98 34.35 36.32 NOTE
r-devel-linux-x86_64-fedora-clang 2152.78 69.11 NOTE
r-devel-linux-x86_64-fedora-gcc 2152.78 64.44 NOTE
r-devel-osx-x86_64-clang 2152.78 72.41 NOTE
r-devel-windows-ix86+x86_64 2152.78 6.00 67.00 73.00 NOTE
r-patched-linux-x86_64 2152.78 1.97 34.77 36.74 NOTE
r-patched-solaris-sparc 2152.78 419.90 NOTE
r-patched-solaris-x86 2152.78 82.50 NOTE
r-release-linux-x86_64 2152.78 2.10 38.40 40.51 NOTE
r-release-osx-x86_64-mavericks 2152.78 NOTE
r-release-windows-ix86+x86_64 2152.78 6.00 83.00 89.00 NOTE
r-oldrel-windows-ix86+x86_64 2152.78 12.00 80.00 92.00 OK

Check Details

Version: 2152.78
Check: DESCRIPTION meta-information
Result: NOTE
    Malformed Description field: should contain one or more complete sentences.
Flavors: r-devel-linux-x86_64-debian-gcc, r-devel-linux-x86_64-fedora-clang, r-devel-linux-x86_64-fedora-gcc, r-devel-osx-x86_64-clang, r-devel-windows-ix86+x86_64, r-patched-linux-x86_64, r-patched-solaris-sparc, r-patched-solaris-x86, r-release-linux-x86_64, r-release-osx-x86_64-mavericks, r-release-windows-ix86+x86_64