CRAN Package Check Results for Package fExoticOptions

Last updated on 2017-05-27 22:46:13.

Flavor Version Tinstall Tcheck Ttotal Status Flags
r-devel-linux-x86_64-debian-clang 2152.78 2.10 42.06 44.15 NOTE
r-devel-linux-x86_64-debian-gcc 2152.78 2.15 40.59 42.74 NOTE
r-devel-linux-x86_64-fedora-clang 2152.78 77.67 NOTE
r-devel-linux-x86_64-fedora-gcc 2152.78 75.04 NOTE
r-devel-windows-ix86+x86_64 2152.78 6.00 77.00 83.00 NOTE
r-patched-linux-x86_64 2152.78 1.92 45.03 46.96 NOTE
r-patched-solaris-sparc 2152.78 454.10 NOTE
r-patched-solaris-x86 2152.78 97.00 NOTE
r-release-linux-x86_64 2152.78 1.95 41.17 43.12 NOTE
r-release-windows-ix86+x86_64 2152.78 6.00 73.00 79.00 NOTE
r-release-osx-x86_64 2152.78 NOTE
r-oldrel-windows-ix86+x86_64 2152.78 9.00 63.00 72.00 NOTE
r-oldrel-osx-x86_64 2152.78 NOTE

Check Details

Version: 2152.78
Check: DESCRIPTION meta-information
Result: NOTE
    Malformed Description field: should contain one or more complete sentences.
Flavors: r-devel-linux-x86_64-debian-clang, r-devel-linux-x86_64-debian-gcc, r-devel-linux-x86_64-fedora-clang, r-devel-linux-x86_64-fedora-gcc, r-devel-windows-ix86+x86_64, r-patched-linux-x86_64, r-patched-solaris-sparc, r-patched-solaris-x86, r-release-linux-x86_64, r-release-windows-ix86+x86_64, r-release-osx-x86_64, r-oldrel-windows-ix86+x86_64, r-oldrel-osx-x86_64