CRAN Package Check Results for Package fExoticOptions

Last updated on 2016-06-30 06:46:59.

Flavor Version Tinstall Tcheck Ttotal Status Flags
r-devel-linux-x86_64-debian-gcc 2152.78 2.32 36.13 38.45 NOTE
r-devel-linux-x86_64-fedora-clang 2152.78 68.99 NOTE
r-devel-linux-x86_64-fedora-gcc 2152.78 65.07 NOTE
r-devel-osx-x86_64-clang 2152.78 56.05 NOTE
r-devel-windows-ix86+x86_64 2152.78 5.00 84.00 89.00 NOTE
r-patched-linux-x86_64 2152.78 2.52 35.09 37.61 NOTE
r-patched-solaris-sparc 2152.78 416.00 NOTE
r-patched-solaris-x86 2152.78 82.10 NOTE
r-release-linux-x86_64 2152.78 1.84 34.82 36.66 NOTE
r-release-osx-x86_64-mavericks 2152.78 NOTE
r-release-windows-ix86+x86_64 2152.78 8.00 86.00 94.00 NOTE
r-oldrel-windows-ix86+x86_64 2152.78 8.00 56.00 64.00 NOTE

Check Details

Version: 2152.78
Check: DESCRIPTION meta-information
Result: NOTE
    Malformed Description field: should contain one or more complete sentences.
Flavors: r-devel-linux-x86_64-debian-gcc, r-devel-linux-x86_64-fedora-clang, r-devel-linux-x86_64-fedora-gcc, r-devel-osx-x86_64-clang, r-devel-windows-ix86+x86_64, r-patched-linux-x86_64, r-patched-solaris-sparc, r-patched-solaris-x86, r-release-linux-x86_64, r-release-osx-x86_64-mavericks, r-release-windows-ix86+x86_64, r-oldrel-windows-ix86+x86_64