CRAN Package Check Results for Package fExoticOptions

Last updated on 2015-03-03 14:47:22.

Flavor Version Tinstall Tcheck Ttotal Status Flags
r-devel-linux-x86_64-debian-clang 2152.78 2.07 37.68 39.76 NOTE
r-devel-linux-x86_64-debian-gcc 2152.78 2.00 37.44 39.44 NOTE
r-devel-linux-x86_64-fedora-clang 2152.78 80.36 NOTE
r-devel-linux-x86_64-fedora-gcc 2152.78 74.94 NOTE
r-devel-osx-x86_64-clang 2152.78 69.29 NOTE
r-devel-windows-ix86+x86_64 2152.78 9.00 72.00 81.00 NOTE
r-patched-linux-x86_64 2152.78 2.83 44.95 47.78 OK
r-patched-solaris-sparc 2152.78 589.30 OK
r-patched-solaris-x86 2152.78 118.90 OK
r-release-linux-ix86 2152.78 3.18 53.02 56.20 OK
r-release-linux-x86_64 2152.78 2.78 44.86 47.64 OK
r-release-osx-x86_64-mavericks 2152.78 OK
r-release-osx-x86_64-snowleopard 2152.78 ERROR
r-release-windows-ix86+x86_64 2152.78 13.00 93.00 106.00 OK
r-oldrel-windows-ix86+x86_64 2152.78 8.00 62.00 70.00 OK

Check Details

Version: 2152.78
Check: DESCRIPTION meta-information
Result: NOTE
    Malformed Description field: should contain one or more complete sentences.
Flavors: r-devel-linux-x86_64-debian-clang, r-devel-linux-x86_64-debian-gcc, r-devel-linux-x86_64-fedora-clang, r-devel-linux-x86_64-fedora-gcc, r-devel-osx-x86_64-clang, r-devel-windows-ix86+x86_64

Version: 2152.78
Check: whether package can be installed
Result: ERROR
    Installation failed.
Flavor: r-release-osx-x86_64-snowleopard