CRAN Package Check Results for Package fExoticOptions

Last updated on 2014-08-01 01:48:18.

Flavor Version Tinstall Tcheck Ttotal Status Flags
r-devel-linux-x86_64-debian-clang 2152.78 3.79 45.68 49.46 OK
r-devel-linux-x86_64-debian-gcc 2152.78 2.85 46.44 49.29 OK
r-devel-linux-x86_64-fedora-clang 2152.78 109.56 OK
r-devel-linux-x86_64-fedora-gcc 2152.78 100.97 OK
r-devel-osx-x86_64-clang 2152.78 86.17 OK
r-devel-windows-ix86+x86_64 2152.78 7.00 64.00 71.00 OK
r-patched-linux-x86_64 2152.78 2.88 47.14 50.02 OK
r-patched-solaris-sparc 2152.78 570.40 OK
r-patched-solaris-x86 2152.78 123.80 OK
r-release-linux-ix86 2152.78 3.46 55.38 58.85 OK
r-release-linux-x86_64 2152.78 4.18 46.98 51.16 OK
r-release-osx-x86_64-mavericks 2152.78 OK
r-release-osx-x86_64-snowleopard 2152.78 ERROR
r-release-windows-ix86+x86_64 2152.78 13.00 93.00 106.00 OK
r-oldrel-windows-ix86+x86_64 2152.78 13.00 88.00 101.00 OK

Check Details

Version: 2152.78
Check: whether package can be installed
Result: ERROR
    Installation failed.
Flavor: r-release-osx-x86_64-snowleopard