CRAN Package Check Results for Package fExoticOptions

Last updated on 2016-09-30 20:47:32.

Flavor Version Tinstall Tcheck Ttotal Status Flags
r-devel-linux-x86_64-debian-clang 2152.78 1.87 36.52 38.39 NOTE
r-devel-linux-x86_64-debian-gcc 2152.78 1.97 35.59 37.56 NOTE
r-devel-linux-x86_64-fedora-clang 2152.78 72.19 NOTE
r-devel-linux-x86_64-fedora-gcc 2152.78 63.58 NOTE
r-devel-macos-x86_64-clang 2152.78 52.43 NOTE
r-devel-windows-ix86+x86_64 2152.78 6.00 84.00 90.00 NOTE
r-patched-linux-x86_64 2152.78 1.80 35.40 37.20 NOTE
r-patched-solaris-sparc 2152.78 416.00 NOTE
r-patched-solaris-x86 2152.78 80.30 NOTE
r-release-linux-x86_64 2152.78 1.90 35.41 37.31 NOTE
r-release-osx-x86_64-mavericks 2152.78 NOTE
r-release-windows-ix86+x86_64 2152.78 7.00 58.00 65.00 NOTE
r-oldrel-windows-ix86+x86_64 2152.78 10.00 83.00 93.00 NOTE

Check Details

Version: 2152.78
Check: DESCRIPTION meta-information
Result: NOTE
    Malformed Description field: should contain one or more complete sentences.
Flavors: r-devel-linux-x86_64-debian-clang, r-devel-linux-x86_64-debian-gcc, r-devel-linux-x86_64-fedora-clang, r-devel-linux-x86_64-fedora-gcc, r-devel-macos-x86_64-clang, r-devel-windows-ix86+x86_64, r-patched-linux-x86_64, r-patched-solaris-sparc, r-patched-solaris-x86, r-release-linux-x86_64, r-release-osx-x86_64-mavericks, r-release-windows-ix86+x86_64, r-oldrel-windows-ix86+x86_64