CRAN Package Check Results for Package fExoticOptions

Last updated on 2014-11-28 11:50:20.

Flavor Version Tinstall Tcheck Ttotal Status Flags
r-devel-linux-x86_64-debian-clang 2152.78 2.64 44.81 47.45 OK
r-devel-linux-x86_64-debian-gcc 2152.78 2.56 41.73 44.29 OK
r-devel-linux-x86_64-fedora-clang 2152.78 100.85 OK
r-devel-linux-x86_64-fedora-gcc 2152.78 114.37 OK
r-devel-osx-x86_64-clang 2152.78 84.62 OK
r-devel-windows-ix86+x86_64 2152.78 7.00 59.00 66.00 OK
r-patched-linux-x86_64 2152.78 2.90 44.30 47.20 OK
r-patched-solaris-sparc 2152.78 570.40 OK
r-patched-solaris-x86 2152.78 119.90 OK
r-release-linux-ix86 2152.78 3.25 51.99 55.24 OK
r-release-linux-x86_64 2152.78 2.89 46.38 49.27 OK
r-release-osx-x86_64-mavericks 2152.78 OK
r-release-osx-x86_64-snowleopard 2152.78 ERROR
r-release-windows-ix86+x86_64 2152.78 8.00 66.00 74.00 OK
r-oldrel-windows-ix86+x86_64 2152.78 8.00 60.00 68.00 OK

Check Details

Version: 2152.78
Check: whether package can be installed
Result: ERROR
    Installation failed.
Flavor: r-release-osx-x86_64-snowleopard