CRAN Package Check Results for Package fExoticOptions

Last updated on 2015-01-29 20:48:51.

Flavor Version Tinstall Tcheck Ttotal Status Flags
r-devel-linux-x86_64-debian-clang 2152.78 2.52 42.80 45.32 OK
r-devel-linux-x86_64-debian-gcc 2152.78 2.43 39.69 42.12 OK
r-devel-linux-x86_64-fedora-clang 2152.78 97.13 OK
r-devel-linux-x86_64-fedora-gcc 2152.78 90.36 OK
r-devel-osx-x86_64-clang 2152.78 84.09 OK
r-devel-windows-ix86+x86_64 2152.78 9.00 54.00 63.00 OK
r-patched-linux-x86_64 2152.78 4.09 46.30 50.39 OK
r-patched-solaris-sparc 2152.78 585.90 OK
r-patched-solaris-x86 2152.78 119.10 OK
r-release-linux-ix86 2152.78 3.26 52.15 55.41 OK
r-release-linux-x86_64 2152.78 3.06 44.41 47.47 OK
r-release-osx-x86_64-mavericks 2152.78 OK
r-release-osx-x86_64-snowleopard 2152.78 ERROR
r-release-windows-ix86+x86_64 2152.78 8.00 66.00 74.00 OK
r-oldrel-windows-ix86+x86_64 2152.78 8.00 60.00 68.00 OK

Check Details

Version: 2152.78
Check: whether package can be installed
Result: ERROR
    Installation failed.
Flavor: r-release-osx-x86_64-snowleopard