CRAN Package Check Results for Package fExoticOptions

Last updated on 2016-02-14 17:50:16.

Flavor Version Tinstall Tcheck Ttotal Status Flags
r-devel-linux-x86_64-debian-gcc 2152.78 2.12 34.83 36.95 NOTE
r-devel-linux-x86_64-fedora-clang 2152.78 69.17 NOTE
r-devel-linux-x86_64-fedora-gcc 2152.78 64.62 NOTE
r-devel-osx-x86_64-clang 2152.78 71.53 NOTE
r-devel-windows-ix86+x86_64 2152.78 9.00 60.00 69.00 NOTE
r-patched-linux-x86_64 2152.78 2.26 36.94 39.20 NOTE
r-patched-solaris-sparc 2152.78 451.30 NOTE
r-patched-solaris-x86 2152.78 89.00 NOTE
r-release-linux-x86_64 2152.78 2.36 36.17 38.54 NOTE
r-release-osx-x86_64-mavericks 2152.78 NOTE
r-release-windows-ix86+x86_64 2152.78 9.00 65.00 74.00 NOTE
r-oldrel-windows-ix86+x86_64 2152.78 12.00 99.00 111.00 OK

Check Details

Version: 2152.78
Check: DESCRIPTION meta-information
Result: NOTE
    Malformed Description field: should contain one or more complete sentences.
Flavors: r-devel-linux-x86_64-debian-gcc, r-devel-linux-x86_64-fedora-clang, r-devel-linux-x86_64-fedora-gcc, r-devel-osx-x86_64-clang, r-devel-windows-ix86+x86_64, r-patched-linux-x86_64, r-patched-solaris-sparc, r-patched-solaris-x86, r-release-linux-x86_64, r-release-osx-x86_64-mavericks, r-release-windows-ix86+x86_64