CRAN Package Check Results for Package fExoticOptions

Last updated on 2014-07-24 11:53:22.

Flavor Version Tinstall Tcheck Ttotal Status Flags
r-devel-linux-x86_64-debian-clang 2152.78 2.97 47.48 50.45 OK
r-devel-linux-x86_64-debian-gcc 2152.78 2.78 46.05 48.84 OK
r-devel-linux-x86_64-fedora-clang 2152.78 108.47 OK
r-devel-linux-x86_64-fedora-gcc 2152.78 109.17 OK
r-devel-osx-x86_64-clang 2152.78 85.53 OK
r-devel-windows-ix86+x86_64 2152.78 8.00 65.00 73.00 OK
r-patched-linux-x86_64 2152.78 2.88 48.82 51.70 OK
r-patched-solaris-sparc 2152.78 573.10 OK
r-patched-solaris-x86 2152.78 121.80 OK
r-release-linux-ix86 2152.78 3.48 55.79 59.28 OK
r-release-linux-x86_64 2152.78 2.93 46.65 49.58 OK
r-release-osx-x86_64-mavericks 2152.78 OK
r-release-osx-x86_64-snowleopard 2152.78 ERROR
r-release-windows-ix86+x86_64 2152.78 10.00 65.00 75.00 OK
r-oldrel-windows-ix86+x86_64 2152.78 9.00 59.00 68.00 OK

Check Details

Version: 2152.78
Check: whether package can be installed
Result: ERROR
    Installation failed.
    See ‘/Volumes/XT3/Builds/R-dev-web/QA/Simon/packages/snowleopard-x86_64/results/3.1/fExoticOptions.Rcheck/00install.out’ for details.
Flavor: r-release-osx-x86_64-snowleopard