CRAN Package Check Results for Package fExoticOptions

Last updated on 2017-09-25 02:47:06.

Flavor Version Tinstall Tcheck Ttotal Status Flags
r-devel-linux-x86_64-debian-clang 2152.78 2.02 40.01 42.03 NOTE
r-devel-linux-x86_64-debian-gcc 2152.78 1.97 39.56 41.53 NOTE
r-devel-linux-x86_64-fedora-clang 2152.78 78.70 NOTE
r-devel-linux-x86_64-fedora-gcc 2152.78 77.45 NOTE
r-devel-windows-ix86+x86_64 2152.78 5.00 71.00 76.00 NOTE
r-patched-linux-x86_64 2152.78 2.02 41.16 43.17 NOTE
r-patched-solaris-x86 2152.78 96.20 NOTE
r-release-linux-x86_64 2152.78 1.88 39.81 41.68 NOTE
r-release-windows-ix86+x86_64 2152.78 6.00 67.00 73.00 NOTE
r-release-osx-x86_64 2152.78 NOTE
r-oldrel-windows-ix86+x86_64 2152.78 6.00 60.00 66.00 NOTE
r-oldrel-osx-x86_64 2152.78 NOTE

Check Details

Version: 2152.78
Check: DESCRIPTION meta-information
Result: NOTE
    Malformed Description field: should contain one or more complete sentences.
Flavors: r-devel-linux-x86_64-debian-clang, r-devel-linux-x86_64-debian-gcc, r-devel-linux-x86_64-fedora-clang, r-devel-linux-x86_64-fedora-gcc, r-devel-windows-ix86+x86_64, r-patched-linux-x86_64, r-patched-solaris-x86, r-release-linux-x86_64, r-release-windows-ix86+x86_64, r-release-osx-x86_64, r-oldrel-windows-ix86+x86_64, r-oldrel-osx-x86_64