CRAN Package Check Results for Package fExoticOptions

Last updated on 2014-09-19 23:46:48.

Flavor Version Tinstall Tcheck Ttotal Status Flags
r-devel-linux-x86_64-debian-clang 2152.78 2.86 44.46 47.32 OK
r-devel-linux-x86_64-debian-gcc 2152.78 2.66 43.34 45.99 OK
r-devel-linux-x86_64-fedora-clang 2152.78 102.48 OK
r-devel-linux-x86_64-fedora-gcc 2152.78 95.42 OK
r-devel-osx-x86_64-clang 2152.78 82.71 OK
r-devel-windows-ix86+x86_64 2152.78 8.00 60.00 68.00 OK
r-patched-linux-x86_64 2152.78 3.04 46.40 49.44 OK
r-patched-solaris-sparc 2152.78 570.40 OK
r-patched-solaris-x86 2152.78 121.70 OK
r-release-linux-ix86 2152.78 3.59 56.74 60.33 OK
r-release-linux-x86_64 2152.78 2.92 49.20 52.12 OK
r-release-osx-x86_64-mavericks 2152.78 OK
r-release-osx-x86_64-snowleopard 2152.78 ERROR
r-release-windows-ix86+x86_64 2152.78 8.00 66.00 74.00 OK
r-oldrel-windows-ix86+x86_64 2152.78 8.00 59.00 67.00 OK

Check Details

Version: 2152.78
Check: whether package can be installed
Result: ERROR
    Installation failed.
Flavor: r-release-osx-x86_64-snowleopard