CRAN Package Check Results for Package fExoticOptions

Last updated on 2015-07-05 10:46:49.

Flavor Version Tinstall Tcheck Ttotal Status Flags
r-devel-linux-x86_64-debian-clang 2152.78 2.04 35.81 37.85 NOTE
r-devel-linux-x86_64-debian-gcc 2152.78 1.93 36.38 38.31 NOTE
r-devel-linux-x86_64-fedora-clang 2152.78 76.28 NOTE
r-devel-linux-x86_64-fedora-gcc 2152.78 74.41 NOTE
r-devel-osx-x86_64-clang 2152.78 63.61 NOTE
r-devel-windows-ix86+x86_64 2152.78 7.00 53.00 60.00 NOTE
r-patched-linux-x86_64 2152.78 2.01 35.44 37.44 NOTE
r-patched-solaris-sparc 2152.78 464.60 NOTE
r-patched-solaris-x86 2152.78 93.70 NOTE
r-release-linux-x86_64 2152.78 2.00 36.38 38.38 NOTE
r-release-osx-x86_64-mavericks 2152.78 NOTE
r-release-windows-ix86+x86_64 2152.78 9.00 53.00 62.00 NOTE
r-oldrel-windows-ix86+x86_64 2152.78 13.00 72.00 85.00 OK

Check Details

Version: 2152.78
Check: DESCRIPTION meta-information
Result: NOTE
    Malformed Description field: should contain one or more complete sentences.
Flavors: r-devel-linux-x86_64-debian-clang, r-devel-linux-x86_64-debian-gcc, r-devel-linux-x86_64-fedora-clang, r-devel-linux-x86_64-fedora-gcc, r-devel-osx-x86_64-clang, r-devel-windows-ix86+x86_64, r-patched-linux-x86_64, r-patched-solaris-sparc, r-patched-solaris-x86, r-release-linux-x86_64, r-release-osx-x86_64-mavericks, r-release-windows-ix86+x86_64