CRAN Package Check Results for Package fExoticOptions

Last updated on 2014-12-22 07:48:01.

Flavor Version Tinstall Tcheck Ttotal Status Flags
r-devel-linux-x86_64-debian-clang 2152.78 2.59 44.24 46.83 OK
r-devel-linux-x86_64-debian-gcc 2152.78 3.38 45.38 48.76 OK
r-devel-linux-x86_64-fedora-clang 2152.78 100.75 OK
r-devel-linux-x86_64-fedora-gcc 2152.78 95.02 OK
r-devel-osx-x86_64-clang 2152.78 85.57 OK
r-devel-windows-ix86+x86_64 2152.78 8.00 62.00 70.00 OK
r-patched-linux-x86_64 2152.78 2.74 44.68 47.41 OK
r-patched-solaris-sparc 2152.78 562.30 OK
r-patched-solaris-x86 2152.78 118.40 OK
r-release-linux-ix86 2152.78 3.25 51.61 54.86 OK
r-release-linux-x86_64 2152.78 2.74 46.45 49.19 OK
r-release-osx-x86_64-mavericks 2152.78 OK
r-release-osx-x86_64-snowleopard 2152.78 ERROR
r-release-windows-ix86+x86_64 2152.78 9.00 63.00 72.00 OK
r-oldrel-windows-ix86+x86_64 2152.78 8.00 57.00 65.00 OK

Check Details

Version: 2152.78
Check: whether package can be installed
Result: ERROR
    Installation failed.
Flavor: r-release-osx-x86_64-snowleopard