CRAN Package Check Results for Package fExoticOptions

Last updated on 2016-08-29 21:49:04.

Flavor Version Tinstall Tcheck Ttotal Status Flags
r-devel-linux-x86_64-debian-clang 2152.78 1.89 35.68 37.57 NOTE
r-devel-linux-x86_64-debian-gcc 2152.78 1.84 35.44 37.28 NOTE
r-devel-linux-x86_64-fedora-clang 2152.78 70.93 NOTE
r-devel-linux-x86_64-fedora-gcc 2152.78 66.12 NOTE
r-devel-osx-x86_64-clang 2152.78 56.78 NOTE
r-devel-windows-ix86+x86_64 2152.78 8.00 61.00 69.00 NOTE
r-patched-linux-x86_64 2152.78 2.05 34.60 36.65 NOTE
r-patched-solaris-sparc 2152.78 416.00 NOTE
r-patched-solaris-x86 2152.78 81.30 NOTE
r-release-linux-x86_64 2152.78 1.83 35.09 36.92 NOTE
r-release-osx-x86_64-mavericks 2152.78 NOTE
r-release-windows-ix86+x86_64 2152.78 6.00 63.00 69.00 NOTE
r-oldrel-windows-ix86+x86_64 2152.78 9.00 82.00 91.00 NOTE

Check Details

Version: 2152.78
Check: DESCRIPTION meta-information
Result: NOTE
    Malformed Description field: should contain one or more complete sentences.
Flavors: r-devel-linux-x86_64-debian-clang, r-devel-linux-x86_64-debian-gcc, r-devel-linux-x86_64-fedora-clang, r-devel-linux-x86_64-fedora-gcc, r-devel-osx-x86_64-clang, r-devel-windows-ix86+x86_64, r-patched-linux-x86_64, r-patched-solaris-sparc, r-patched-solaris-x86, r-release-linux-x86_64, r-release-osx-x86_64-mavericks, r-release-windows-ix86+x86_64, r-oldrel-windows-ix86+x86_64