CRAN Package Check Results for Package fExoticOptions

Last updated on 2016-12-11 06:57:21.

Flavor Version Tinstall Tcheck Ttotal Status Flags
r-devel-linux-x86_64-debian-clang 2152.78 1.90 40.26 42.16 NOTE
r-devel-linux-x86_64-debian-gcc 2152.78 2.06 40.13 42.18 NOTE
r-devel-linux-x86_64-fedora-clang 2152.78 84.83 NOTE --no-stop-on-test-error
r-devel-linux-x86_64-fedora-gcc 2152.78 84.36 NOTE --no-stop-on-test-error
r-devel-macos-x86_64-clang 2152.78 61.94 NOTE --no-stop-on-test-error
r-devel-windows-ix86+x86_64 2152.78 6.00 99.00 105.00 NOTE
r-patched-linux-x86_64 2152.78 1.85 35.30 37.15 NOTE
r-patched-solaris-sparc 2152.78 416.00 NOTE
r-patched-solaris-x86 2152.78 80.00 NOTE
r-release-linux-x86_64 2152.78 2.08 34.60 36.68 NOTE
r-release-osx-x86_64-mavericks 2152.78 NOTE
r-release-windows-ix86+x86_64 2152.78 8.00 60.00 68.00 NOTE
r-oldrel-windows-ix86+x86_64 2152.78 9.00 61.00 70.00 NOTE

Check Details

Version: 2152.78
Check: DESCRIPTION meta-information
Result: NOTE
    Malformed Description field: should contain one or more complete sentences.
Flavors: r-devel-linux-x86_64-debian-clang, r-devel-linux-x86_64-debian-gcc, r-devel-windows-ix86+x86_64, r-patched-linux-x86_64, r-patched-solaris-sparc, r-patched-solaris-x86, r-release-linux-x86_64, r-release-osx-x86_64-mavericks, r-release-windows-ix86+x86_64, r-oldrel-windows-ix86+x86_64

Version: 2152.78
Flags: --no-stop-on-test-error
Check: DESCRIPTION meta-information
Result: NOTE
    Malformed Description field: should contain one or more complete sentences.
Flavors: r-devel-linux-x86_64-fedora-clang, r-devel-linux-x86_64-fedora-gcc, r-devel-macos-x86_64-clang