CRAN Package Check Results for Package fExoticOptions

Last updated on 2017-07-21 18:46:48.

Flavor Version Tinstall Tcheck Ttotal Status Flags
r-devel-linux-x86_64-debian-clang 2152.78 2.08 46.82 48.90 NOTE
r-devel-linux-x86_64-debian-gcc 2152.78 1.98 46.89 48.86 NOTE
r-devel-linux-x86_64-fedora-clang 2152.78 79.19 NOTE
r-devel-linux-x86_64-fedora-gcc 2152.78 76.75 NOTE
r-devel-windows-ix86+x86_64 2152.78 10.00 93.00 103.00 NOTE
r-patched-linux-x86_64 2152.78 2.00 46.48 48.49 NOTE
r-patched-solaris-x86 2152.78 95.50 NOTE
r-release-linux-x86_64 2152.78 1.90 47.28 49.18 NOTE
r-release-windows-ix86+x86_64 2152.78 7.00 96.00 103.00 NOTE
r-release-osx-x86_64 2152.78 NOTE
r-oldrel-windows-ix86+x86_64 2152.78 5.00 82.00 87.00 NOTE
r-oldrel-osx-x86_64 2152.78 NOTE

Check Details

Version: 2152.78
Check: DESCRIPTION meta-information
Result: NOTE
    Malformed Description field: should contain one or more complete sentences.
Flavors: r-devel-linux-x86_64-debian-clang, r-devel-linux-x86_64-debian-gcc, r-devel-linux-x86_64-fedora-clang, r-devel-linux-x86_64-fedora-gcc, r-devel-windows-ix86+x86_64, r-patched-linux-x86_64, r-patched-solaris-x86, r-release-linux-x86_64, r-release-windows-ix86+x86_64, r-release-osx-x86_64, r-oldrel-windows-ix86+x86_64, r-oldrel-osx-x86_64