CRAN Package Check Results for Package fExoticOptions

Last updated on 2017-03-30 09:47:44.

Flavor Version Tinstall Tcheck Ttotal Status Flags
r-devel-linux-x86_64-debian-clang 2152.78 1.94 41.79 43.73 NOTE
r-devel-linux-x86_64-debian-gcc 2152.78 1.99 38.90 40.89 NOTE
r-devel-linux-x86_64-fedora-clang 2152.78 79.53 NOTE --no-stop-on-test-error
r-devel-linux-x86_64-fedora-gcc 2152.78 76.08 NOTE --no-stop-on-test-error
r-devel-macos-x86_64-clang 2152.78 60.16 NOTE --no-stop-on-test-error
r-devel-windows-ix86+x86_64 2152.78 7.00 63.00 70.00 NOTE
r-patched-linux-x86_64 2152.78 2.03 40.21 42.25 NOTE
r-patched-solaris-sparc 2152.78 454.10 NOTE
r-patched-solaris-x86 2152.78 97.40 NOTE
r-release-linux-x86_64 2152.78 1.80 34.65 36.45 NOTE
r-release-osx-x86_64-mavericks 2152.78 NOTE
r-release-windows-ix86+x86_64 2152.78 14.00 80.00 94.00 NOTE
r-oldrel-windows-ix86+x86_64 2152.78 15.00 130.00 145.00 NOTE

Check Details

Version: 2152.78
Check: DESCRIPTION meta-information
Result: NOTE
    Malformed Description field: should contain one or more complete sentences.
Flavors: r-devel-linux-x86_64-debian-clang, r-devel-linux-x86_64-debian-gcc, r-devel-windows-ix86+x86_64, r-patched-linux-x86_64, r-patched-solaris-sparc, r-patched-solaris-x86, r-release-linux-x86_64, r-release-osx-x86_64-mavericks, r-release-windows-ix86+x86_64, r-oldrel-windows-ix86+x86_64

Version: 2152.78
Flags: --no-stop-on-test-error
Check: DESCRIPTION meta-information
Result: NOTE
    Malformed Description field: should contain one or more complete sentences.
Flavors: r-devel-linux-x86_64-fedora-clang, r-devel-linux-x86_64-fedora-gcc, r-devel-macos-x86_64-clang