CRAN Package Check Results for Package fExtremes

Last updated on 2014-04-19 01:48:18.

Flavor Version Tinstall Tcheck Ttotal Status Flags
r-devel-linux-x86_64-debian-clang 3010.81 3.60 94.90 98.50 OK
r-devel-linux-x86_64-debian-gcc OK
r-devel-linux-x86_64-fedora-clang 3010.81 204.78 OK
r-devel-linux-x86_64-fedora-gcc 3010.81 196.43 OK
r-devel-macosx-x86_64-clang 3010.81 156.96 OK
r-devel-macosx-x86_64-gcc 3010.81 OK
r-devel-windows-ix86+x86_64 3010.81 8.00 134.00 142.00 OK
r-patched-linux-x86_64 3010.81 3.56 91.86 95.42 OK
r-patched-solaris-sparc 3010.81 1032.20 OK
r-patched-solaris-x86 3010.81 232.40 OK
r-release-linux-ix86 3010.81 7.00 142.00 149.00 OK
r-release-linux-x86_64 3010.81 3.50 93.88 97.38 OK
r-release-macosx-x86_64 3010.81 ERROR
r-release-windows-ix86+x86_64 3010.81 10.00 127.00 137.00 OK
r-oldrel-windows-ix86+x86_64 3010.81 9.00 120.00 129.00 OK

Check Details

Version: 3010.81
Check: whether package can be installed
Result: ERROR
    Installation failed.
    See ‘/Volumes/XT3/Builds/R-dev-web/QA/Simon/packages/snowleopard-x86_64/results/3.1/fExtremes.Rcheck/00install.out’ for details.
Flavor: r-release-macosx-x86_64