CRAN Package Check Results for Package fExtremes

Last updated on 2015-01-26 22:47:30.

Flavor Version Tinstall Tcheck Ttotal Status Flags
r-devel-linux-x86_64-debian-clang 3010.81 2.93 75.62 78.55 NOTE
r-devel-linux-x86_64-debian-gcc 3010.81 2.86 74.48 77.33 NOTE
r-devel-linux-x86_64-fedora-clang 3010.81 179.80 NOTE
r-devel-linux-x86_64-fedora-gcc 3010.81 176.43 NOTE
r-devel-osx-x86_64-clang 3010.81 148.30 NOTE
r-devel-windows-ix86+x86_64 3010.81 11.00 120.00 131.00 NOTE
r-patched-linux-x86_64 3010.81 3.16 83.58 86.74 NOTE
r-patched-solaris-sparc 3010.81 1028.30 NOTE
r-patched-solaris-x86 3010.81 210.90 NOTE
r-release-linux-ix86 3010.81 3.81 99.76 103.56 OK
r-release-linux-x86_64 3010.81 3.26 86.02 89.28 OK
r-release-osx-x86_64-mavericks 3010.81 NOTE
r-release-osx-x86_64-snowleopard 3010.81 ERROR
r-release-windows-ix86+x86_64 3010.81 10.00 135.00 145.00 OK
r-oldrel-windows-ix86+x86_64 3010.81 14.00 110.00 124.00 OK

Check Details

Version: 3010.81
Check: line endings in Makefiles
Result: NOTE
    Found the following Makefile(s) without a final LF:
     inst/unitTests/Makefile
    Some ‘make’ programs ignore lines not ending in LF.
Flavors: r-devel-linux-x86_64-debian-clang, r-devel-linux-x86_64-debian-gcc, r-devel-linux-x86_64-fedora-clang, r-devel-linux-x86_64-fedora-gcc, r-devel-osx-x86_64-clang, r-devel-windows-ix86+x86_64, r-patched-linux-x86_64, r-patched-solaris-sparc, r-patched-solaris-x86, r-release-osx-x86_64-mavericks

Version: 3010.81
Check: whether package can be installed
Result: ERROR
    Installation failed.
Flavor: r-release-osx-x86_64-snowleopard