CRAN Package Check Results for Package fExtremes

Last updated on 2014-07-24 11:53:22.

Flavor Version Tinstall Tcheck Ttotal Status Flags
r-devel-linux-x86_64-debian-clang 3010.81 3.38 87.29 90.67 OK
r-devel-linux-x86_64-debian-gcc 3010.81 3.26 84.86 88.11 OK
r-devel-linux-x86_64-fedora-clang 3010.81 194.97 OK
r-devel-linux-x86_64-fedora-gcc 3010.81 189.71 OK
r-devel-osx-x86_64-clang 3010.81 147.97 OK
r-devel-windows-ix86+x86_64 3010.81 8.00 131.00 139.00 OK
r-patched-linux-x86_64 3010.81 3.34 88.63 91.96 OK
r-patched-solaris-sparc 3010.81 1032.20 OK
r-patched-solaris-x86 3010.81 225.80 OK
r-release-linux-ix86 3010.81 4.12 107.85 111.97 OK
r-release-linux-x86_64 3010.81 3.42 89.64 93.06 OK
r-release-osx-x86_64-mavericks 3010.81 OK
r-release-osx-x86_64-snowleopard 3010.81 ERROR
r-release-windows-ix86+x86_64 3010.81 10.00 131.00 141.00 OK
r-oldrel-windows-ix86+x86_64 3010.81 10.00 118.00 128.00 OK

Check Details

Version: 3010.81
Check: whether package can be installed
Result: ERROR
    Installation failed.
    See ‘/Volumes/XT3/Builds/R-dev-web/QA/Simon/packages/snowleopard-x86_64/results/3.1/fExtremes.Rcheck/00install.out’ for details.
Flavor: r-release-osx-x86_64-snowleopard