CRAN Package Check Results for Package fExtremes

Last updated on 2014-11-23 12:46:30.

Flavor Version Tinstall Tcheck Ttotal Status Flags
r-devel-linux-x86_64-debian-clang 3010.81 3.09 79.86 82.95 OK
r-devel-linux-x86_64-debian-gcc 3010.81 3.09 78.44 81.53 OK
r-devel-linux-x86_64-fedora-clang 3010.81 178.03 OK
r-devel-linux-x86_64-fedora-gcc 3010.81 169.84 OK
r-devel-osx-x86_64-clang 3010.81 144.71 OK
r-devel-windows-ix86+x86_64 3010.81 8.00 113.00 121.00 OK
r-patched-linux-x86_64 3010.81 3.32 85.42 88.74 OK
r-patched-solaris-sparc 3010.81 1074.20 OK
r-patched-solaris-x86 3010.81 217.90 OK
r-release-linux-ix86 3010.81 4.04 99.24 103.29 OK
r-release-linux-x86_64 3010.81 3.21 85.22 88.42 OK
r-release-osx-x86_64-mavericks 3010.81 OK
r-release-osx-x86_64-snowleopard 3010.81 ERROR
r-release-windows-ix86+x86_64 3010.81 10.00 134.00 144.00 OK
r-oldrel-windows-ix86+x86_64 3010.81 8.00 112.00 120.00 OK

Check Details

Version: 3010.81
Check: whether package can be installed
Result: ERROR
    Installation failed.
Flavor: r-release-osx-x86_64-snowleopard