CRAN Package Check Results for Package fExtremes

Last updated on 2015-05-22 19:48:05.

Flavor Version Tinstall Tcheck Ttotal Status Flags
r-devel-linux-x86_64-debian-clang 3010.81 2.56 69.29 71.84 NOTE
r-devel-linux-x86_64-debian-gcc 3010.81 2.33 68.10 70.43 NOTE
r-devel-linux-x86_64-fedora-clang 3010.81 147.57 NOTE
r-devel-linux-x86_64-fedora-gcc 3010.81 142.38 NOTE
r-devel-osx-x86_64-clang 3010.81 124.18 NOTE
r-devel-windows-ix86+x86_64 3010.81 9.00 113.00 122.00 NOTE
r-patched-linux-x86_64 3010.81 2.42 70.17 72.59 NOTE
r-patched-solaris-sparc 3010.81 889.10 NOTE
r-patched-solaris-x86 3010.81 176.30 NOTE
r-release-linux-x86_64 3010.81 2.50 70.91 73.41 NOTE
r-release-osx-x86_64-mavericks 3010.81 NOTE
r-release-osx-x86_64-snowleopard 3010.81 NOTE
r-release-windows-ix86+x86_64 3010.81 8.00 108.00 116.00 NOTE
r-oldrel-windows-ix86+x86_64 3010.81 11.00 149.00 160.00 NOTE

Check Details

Version: 3010.81
Check: DESCRIPTION meta-information
Result: NOTE
    Malformed Description field: should contain one or more complete sentences.
Flavors: r-devel-linux-x86_64-debian-clang, r-devel-linux-x86_64-debian-gcc, r-devel-linux-x86_64-fedora-clang, r-devel-linux-x86_64-fedora-gcc, r-devel-osx-x86_64-clang, r-devel-windows-ix86+x86_64, r-patched-linux-x86_64, r-patched-solaris-sparc, r-patched-solaris-x86, r-release-linux-x86_64, r-release-osx-x86_64-mavericks, r-release-osx-x86_64-snowleopard, r-release-windows-ix86+x86_64

Version: 3010.81
Check: line endings in Makefiles
Result: NOTE
    Found the following Makefile(s) without a final LF:
     inst/unitTests/Makefile
    Some ‘make’ programs ignore lines not ending in LF.
Flavors: r-devel-linux-x86_64-debian-clang, r-devel-linux-x86_64-debian-gcc, r-devel-linux-x86_64-fedora-clang, r-devel-linux-x86_64-fedora-gcc, r-devel-osx-x86_64-clang, r-devel-windows-ix86+x86_64, r-patched-linux-x86_64, r-patched-solaris-sparc, r-patched-solaris-x86, r-release-linux-x86_64, r-release-osx-x86_64-mavericks, r-release-osx-x86_64-snowleopard, r-release-windows-ix86+x86_64, r-oldrel-windows-ix86+x86_64