CRAN Package Check Results for Package fExtremes

Last updated on 2014-08-23 11:50:43.

Flavor Version Tinstall Tcheck Ttotal Status Flags
r-devel-linux-x86_64-debian-clang 3010.81 3.36 84.34 87.69 OK
r-devel-linux-x86_64-debian-gcc 3010.81 3.17 81.47 84.64 OK
r-devel-linux-x86_64-fedora-clang 3010.81 187.26 OK
r-devel-linux-x86_64-fedora-gcc 3010.81 175.03 OK
r-devel-osx-x86_64-clang 3010.81 148.69 OK
r-devel-windows-ix86+x86_64 3010.81 8.00 121.00 129.00 OK
r-patched-linux-x86_64 3010.81 3.31 88.86 92.17 OK
r-patched-solaris-sparc 3010.81 1074.20 OK
r-patched-solaris-x86 3010.81 229.00 OK
r-release-linux-ix86 3010.81 4.10 107.49 111.59 OK
r-release-linux-x86_64 3010.81 3.42 88.63 92.06 OK
r-release-osx-x86_64-mavericks 3010.81 OK
r-release-osx-x86_64-snowleopard 3010.81 ERROR
r-release-windows-ix86+x86_64 3010.81 11.00 139.00 150.00 OK
r-oldrel-windows-ix86+x86_64 3010.81 9.00 116.00 125.00 OK

Check Details

Version: 3010.81
Check: whether package can be installed
Result: ERROR
    Installation failed.
Flavor: r-release-osx-x86_64-snowleopard