CRAN Package Check Results for Package fExtremes

Last updated on 2015-07-02 21:46:38.

Flavor Version Tinstall Tcheck Ttotal Status Flags
r-devel-linux-x86_64-debian-clang 3010.81 2.36 71.27 73.63 NOTE
r-devel-linux-x86_64-debian-gcc 3010.81 2.37 69.44 71.80 NOTE
r-devel-linux-x86_64-fedora-clang 3010.81 146.62 NOTE
r-devel-linux-x86_64-fedora-gcc 3010.81 141.72 NOTE
r-devel-osx-x86_64-clang 3010.81 123.61 NOTE
r-devel-windows-ix86+x86_64 3010.81 8.00 110.00 118.00 NOTE
r-patched-linux-x86_64 3010.81 2.34 68.06 70.41 NOTE
r-patched-solaris-sparc 3010.81 889.10 NOTE
r-patched-solaris-x86 3010.81 179.10 NOTE
r-release-linux-x86_64 3010.81 2.28 67.78 70.06 NOTE
r-release-osx-x86_64-mavericks 3010.81 NOTE
r-release-windows-ix86+x86_64 3010.81 6.00 106.00 112.00 NOTE
r-oldrel-windows-ix86+x86_64 3010.81 11.00 134.00 145.00 NOTE

Check Details

Version: 3010.81
Check: DESCRIPTION meta-information
Result: NOTE
    Malformed Description field: should contain one or more complete sentences.
Flavors: r-devel-linux-x86_64-debian-clang, r-devel-linux-x86_64-debian-gcc, r-devel-linux-x86_64-fedora-clang, r-devel-linux-x86_64-fedora-gcc, r-devel-osx-x86_64-clang, r-devel-windows-ix86+x86_64, r-patched-linux-x86_64, r-patched-solaris-sparc, r-patched-solaris-x86, r-release-linux-x86_64, r-release-osx-x86_64-mavericks, r-release-windows-ix86+x86_64

Version: 3010.81
Check: R code for possible problems
Result: NOTE
    .garch11MetricsPlot: no visible global function definition for ‘sd’
    .garch11MetricsPlot: no visible global function definition for ‘mtext’
    .garch11MetricsPlot: no visible global function definition for ‘grid’
    .gev1Plot: no visible global function definition for ‘grid’
    .gev2Plot: no visible global function definition for ‘lowess’
    .gev2Plot: no visible global function definition for ‘grid’
    .gev3Plot: no visible global function definition for ‘hist’
    .gev4Plot: no visible global function definition for ‘qexp’
    .gev4Plot: no visible global function definition for ‘ppoints’
    .gev4Plot: no visible global function definition for ‘lsfit’
    .gev4Plot: no visible global function definition for ‘grid’
    .gevmleFit: no visible global function definition for ‘var’
    .gevmleFit: no visible global function definition for ‘optim’
    .gevpwmFit: no visible global function definition for ‘uniroot’
    .gpd1Plot: no visible global function definition for ‘ppoints’
    .gpd1Plot: no visible global function definition for ‘mtext’
    .gpd1Plot: no visible global function definition for ‘grid’
    .gpd2Plot: no visible global function definition for ‘ppoints’
    .gpd2Plot: no visible global function definition for ‘grid’
    .gpd3Plot: no visible global function definition for ‘lowess’
    .gpd3Plot: no visible global function definition for ‘grid’
    .gpd4Plot: no visible global function definition for ‘qexp’
    .gpd4Plot: no visible global function definition for ‘ppoints’
    .gpd4Plot: no visible global function definition for ‘lsfit’
    .gpd4Plot: no visible global function definition for ‘grid’
    .gpdmleFit: no visible global function definition for ‘var’
    .gpdmleFit: no visible global function definition for ‘optim’
    .gpdmleFitCheck: no visible global function definition for ‘optim’
    .gummleFit: no visible global function definition for ‘optim’
    .meanExcessPlot: no visible global function definition for ‘mtext’
    .meanExcessPlot: no visible global function definition for ‘text’
    .repd: no visible global function definition for ‘rexp’
    .repd: no visible global function definition for ‘runif’
    .revd: no visible global function definition for ‘rexp’
    .riskMetricsPlot: no visible global function definition for ‘sd’
    .riskMetricsPlot: no visible global function definition for ‘mtext’
    .riskMetricsPlot: no visible global function definition for ‘grid’
    blockMaxima: no visible global function definition for ‘grid’
    deCluster: no visible global function definition for ‘title’
    deCluster: no visible global function definition for ‘mtext’
    deCluster: no visible global function definition for ‘grid’
    emdPlot: no visible global function definition for ‘ppoints’
    emdPlot: no visible global function definition for ‘grid’
    exindexPlot: no visible global function definition for ‘axis’
    exindexPlot: no visible global function definition for ‘box’
    exindexPlot: no visible global function definition for ‘title’
    exindexPlot: no visible global function definition for ‘mtext’
    exindexPlot: no visible global function definition for ‘grid’
    exindexesPlot: no visible global function definition for ‘title’
    exindexesPlot: no visible global function definition for ‘mtext’
    exindexesPlot: no visible global function definition for ‘grid’
    findThreshold: no visible global function definition for ‘grid’
    findThreshold: no visible global function definition for ‘rug’
    gevSlider : refresh.code: no visible global function definition for
     ‘par’
    gevSlider : refresh.code: no visible global function definition for
     ‘hist’
    gevSlider : refresh.code: no visible global function definition for
     ‘mtext’
    gevSlider : refresh.code: no visible global function definition for
     ‘title’
    gevrlevelPlot: no visible global function definition for ‘var’
    gevrlevelPlot: no visible global function definition for ‘optim’
    gevrlevelPlot: no visible global function definition for ‘qchisq’
    gevrlevelPlot: no visible global function definition for ‘spline’
    gevrlevelPlot: no visible global function definition for ‘text’
    ghMeanExcessFit: no visible global function definition for ‘integrate’
    ghtMeanExcessFit: no visible global function definition for ‘integrate’
    gpdQPlot: no visible global function definition for ‘par’
    gpdQPlot: no visible global function definition for ‘qnorm’
    gpdQPlot: no visible global function definition for ‘optim’
    gpdQPlot: no visible global function definition for ‘qchisq’
    gpdQPlot: no visible global function definition for ‘axis’
    gpdQPlot: no visible global function definition for ‘spline’
    gpdQuantPlot: no visible global function definition for ‘qnorm’
    gpdQuantPlot: no visible global function definition for ‘axis’
    gpdQuantPlot: no visible global function definition for ‘box’
    gpdQuantPlot: no visible global function definition for ‘title’
    gpdQuantPlot: no visible global function definition for ‘mtext’
    gpdSfallPlot: no visible global function definition for ‘par’
    gpdSfallPlot: no visible global function definition for ‘optim’
    gpdSfallPlot: no visible global function definition for ‘qchisq’
    gpdSfallPlot: no visible global function definition for ‘axis’
    gpdSfallPlot: no visible global function definition for ‘spline’
    gpdShapePlot: no visible global function definition for ‘qnorm’
    gpdShapePlot: no visible global function definition for ‘axis’
    gpdShapePlot: no visible global function definition for ‘box’
    gpdShapePlot: no visible global function definition for ‘grid’
    gpdShapePlot: no visible global function definition for ‘title’
    gpdShapePlot: no visible global function definition for ‘mtext’
    gpdSlider : refresh.code: no visible global function definition for
     ‘par’
    gpdSlider : refresh.code: no visible global function definition for
     ‘hist’
    gpdSlider : refresh.code: no visible global function definition for
     ‘mtext’
    gpdSlider : refresh.code: no visible global function definition for
     ‘title’
    gpdTailPlot: no visible global function definition for ‘ppoints’
    gpdTailPlot: no visible global function definition for ‘grid’
    gpdTailPlot: no visible global function definition for ‘title’
    hillPlot: no visible global function definition for ‘qnorm’
    hillPlot: no visible global function definition for ‘axis’
    hillPlot: no visible global function definition for ‘box’
    hillPlot: no visible global function definition for ‘title’
    hillPlot: no visible global function definition for ‘mtext’
    hypMeanExcessFit: no visible global function definition for ‘integrate’
    lilPlot: no visible global function definition for ‘var’
    lilPlot: no visible global function definition for ‘grid’
    mePlot: no visible global function definition for ‘grid’
    mrlPlot: no visible global function definition for ‘var’
    mrlPlot: no visible global function definition for ‘qnorm’
    mrlPlot: no visible global function definition for ‘grid’
    mrlPlot: no visible global function definition for ‘mtext’
    msratioPlot: no visible global function definition for ‘grid’
    msratioPlot: no visible global function definition for ‘par’
    mxfPlot: no visible global function definition for ‘grid’
    nigMeanExcessFit: no visible global function definition for ‘integrate’
    normMeanExcessFit : func: no visible global function definition for
     ‘dnorm’
    normMeanExcessFit: no visible global function definition for
     ‘integrate’
    normMeanExcessFit: no visible binding for global variable ‘dnorm’
    pointProcess: no visible global function definition for ‘mtext’
    pointProcess: no visible global function definition for ‘title’
    pointProcess: no visible global function definition for ‘grid’
    qqparetoPlot: no visible global function definition for ‘qexp’
    qqparetoPlot: no visible global function definition for ‘ppoints’
    qqparetoPlot: no visible global function definition for ‘rug’
    qqparetoPlot: no visible global function definition for ‘lsfit’
    qqparetoPlot: no visible global function definition for ‘grid’
    qqparetoPlot: no visible global function definition for ‘mtext’
    recordsPlot: no visible global function definition for ‘qnorm’
    recordsPlot: no visible global function definition for ‘grid’
    recordsPlot: no visible global function definition for ‘mtext’
    shaparmDEHaan: no visible global function definition for ‘par’
    shaparmDEHaan: no visible global function definition for ‘title’
    shaparmDEHaan: no visible global function definition for ‘grid’
    shaparmDEHaan: no visible global function definition for ‘var’
    shaparmHill: no visible global function definition for ‘par’
    shaparmHill: no visible global function definition for ‘title’
    shaparmHill: no visible global function definition for ‘grid’
    shaparmHill: no visible global function definition for ‘var’
    shaparmPickands: no visible global function definition for ‘par’
    shaparmPickands: no visible global function definition for ‘title’
    shaparmPickands: no visible global function definition for ‘grid’
    shaparmPickands: no visible global function definition for ‘var’
    shaparmPlot: no visible global function definition for ‘median’
    shaparmPlot: no visible global function definition for ‘grid’
    sllnPlot: no visible global function definition for ‘grid’
    ssrecordsPlot: no visible global function definition for ‘grid’
    ssrecordsPlot: no visible global function definition for ‘mtext’
    tailPlot: no visible global function definition for ‘ppoints’
    tailPlot: no visible global function definition for ‘title’
    tailPlot: no visible global function definition for ‘par’
    tailPlot: no visible global function definition for ‘optim’
    tailPlot: no visible global function definition for ‘qchisq’
    tailPlot: no visible global function definition for ‘axis’
    tailPlot: no visible global function definition for ‘spline’
    tailSlider : refresh.code: no visible global function definition for
     ‘par’
    tailSlider : refresh.code: no visible global function definition for
     ‘grid’
    tailSlider : refresh.code: no visible global function definition for
     ‘lsfit’
    tailSlider : refresh.code: no visible global function definition for
     ‘title’
    tailSlider: no visible global function definition for ‘par’
    thetaSim: no visible global function definition for ‘runif’
    thetaSim: no visible global function definition for ‘rexp’
    xacfPlot: no visible global function definition for ‘acf’
    Undefined global functions or variables:
     acf axis box dnorm grid hist integrate lowess lsfit median mtext
     optim par ppoints qchisq qexp qnorm rexp rug runif sd spline text
     title uniroot var
Flavors: r-devel-linux-x86_64-debian-clang, r-devel-linux-x86_64-fedora-clang, r-devel-linux-x86_64-fedora-gcc

Version: 3010.81
Check: line endings in Makefiles
Result: NOTE
    Found the following Makefile(s) without a final LF:
     inst/unitTests/Makefile
    Some ‘make’ programs ignore lines not ending in LF.
Flavors: r-devel-linux-x86_64-debian-clang, r-devel-linux-x86_64-debian-gcc, r-devel-linux-x86_64-fedora-clang, r-devel-linux-x86_64-fedora-gcc, r-devel-osx-x86_64-clang, r-devel-windows-ix86+x86_64, r-patched-linux-x86_64, r-patched-solaris-sparc, r-patched-solaris-x86, r-release-linux-x86_64, r-release-osx-x86_64-mavericks, r-release-windows-ix86+x86_64, r-oldrel-windows-ix86+x86_64

Version: 3010.81
Check: R code for possible problems
Result: NOTE
    .garch11MetricsPlot: no visible global function definition for ‘sd’
    .garch11MetricsPlot: no visible global function definition for ‘mtext’
    .garch11MetricsPlot: no visible global function definition for ‘grid’
    .gev1Plot: no visible global function definition for ‘grid’
    .gev2Plot: no visible global function definition for ‘lowess’
    .gev2Plot: no visible global function definition for ‘grid’
    .gev3Plot: no visible global function definition for ‘hist’
    .gev4Plot: no visible global function definition for ‘qexp’
    .gev4Plot: no visible global function definition for ‘ppoints’
    .gev4Plot: no visible global function definition for ‘lsfit’
    .gev4Plot: no visible global function definition for ‘grid’
    .gevmleFit: no visible global function definition for ‘var’
    .gevmleFit: no visible global function definition for ‘optim’
    .gevpwmFit: no visible global function definition for ‘uniroot’
    .gpd1Plot: no visible global function definition for ‘ppoints’
    .gpd1Plot: no visible global function definition for ‘mtext’
    .gpd1Plot: no visible global function definition for ‘grid’
    .gpd2Plot: no visible global function definition for ‘ppoints’
    .gpd2Plot: no visible global function definition for ‘grid’
    .gpd3Plot: no visible global function definition for ‘lowess’
    .gpd3Plot: no visible global function definition for ‘grid’
    .gpd4Plot: no visible global function definition for ‘qexp’
    .gpd4Plot: no visible global function definition for ‘ppoints’
    .gpd4Plot: no visible global function definition for ‘lsfit’
    .gpd4Plot: no visible global function definition for ‘grid’
    .gpdmleFit: no visible global function definition for ‘var’
    .gpdmleFit: no visible global function definition for ‘optim’
    .gpdmleFitCheck: no visible global function definition for ‘optim’
    .gummleFit: no visible global function definition for ‘optim’
    .meanExcessPlot: no visible global function definition for ‘mtext’
    .meanExcessPlot: no visible global function definition for ‘text’
    .repd: no visible global function definition for ‘rexp’
    .repd: no visible global function definition for ‘runif’
    .revd: no visible global function definition for ‘rexp’
    .riskMetricsPlot: no visible global function definition for ‘sd’
    .riskMetricsPlot: no visible global function definition for ‘mtext’
    .riskMetricsPlot: no visible global function definition for ‘grid’
    blockMaxima: no visible global function definition for ‘grid’
    deCluster: no visible global function definition for ‘title’
    deCluster: no visible global function definition for ‘mtext’
    deCluster: no visible global function definition for ‘grid’
    emdPlot: no visible global function definition for ‘ppoints’
    emdPlot: no visible global function definition for ‘grid’
    exindexPlot: no visible global function definition for ‘axis’
    exindexPlot: no visible global function definition for ‘box’
    exindexPlot: no visible global function definition for ‘title’
    exindexPlot: no visible global function definition for ‘mtext’
    exindexPlot: no visible global function definition for ‘grid’
    exindexesPlot: no visible global function definition for ‘title’
    exindexesPlot: no visible global function definition for ‘mtext’
    exindexesPlot: no visible global function definition for ‘grid’
    findThreshold: no visible global function definition for ‘grid’
    findThreshold: no visible global function definition for ‘rug’
    gevSlider : refresh.code: no visible global function definition for
     ‘par’
    gevSlider : refresh.code: no visible global function definition for
     ‘hist’
    gevSlider : refresh.code: no visible global function definition for
     ‘mtext’
    gevSlider : refresh.code: no visible global function definition for
     ‘title’
    gevrlevelPlot: no visible global function definition for ‘var’
    gevrlevelPlot: no visible global function definition for ‘optim’
    gevrlevelPlot: no visible global function definition for ‘qchisq’
    gevrlevelPlot: no visible global function definition for ‘spline’
    gevrlevelPlot: no visible global function definition for ‘text’
    ghMeanExcessFit: no visible global function definition for ‘integrate’
    ghtMeanExcessFit: no visible global function definition for ‘integrate’
    gpdQPlot: no visible global function definition for ‘par’
    gpdQPlot: no visible global function definition for ‘qnorm’
    gpdQPlot: no visible global function definition for ‘optim’
    gpdQPlot: no visible global function definition for ‘qchisq’
    gpdQPlot: no visible global function definition for ‘axis’
    gpdQPlot: no visible global function definition for ‘spline’
    gpdQuantPlot: no visible global function definition for ‘qnorm’
    gpdQuantPlot: no visible global function definition for ‘axis’
    gpdQuantPlot: no visible global function definition for ‘box’
    gpdQuantPlot: no visible global function definition for ‘title’
    gpdQuantPlot: no visible global function definition for ‘mtext’
    gpdSfallPlot: no visible global function definition for ‘par’
    gpdSfallPlot: no visible global function definition for ‘optim’
    gpdSfallPlot: no visible global function definition for ‘qchisq’
    gpdSfallPlot: no visible global function definition for ‘axis’
    gpdSfallPlot: no visible global function definition for ‘spline’
    gpdShapePlot: no visible global function definition for ‘qnorm’
    gpdShapePlot: no visible global function definition for ‘axis’
    gpdShapePlot: no visible global function definition for ‘box’
    gpdShapePlot: no visible global function definition for ‘grid’
    gpdShapePlot: no visible global function definition for ‘title’
    gpdShapePlot: no visible global function definition for ‘mtext’
    gpdSlider : refresh.code: no visible global function definition for
     ‘par’
    gpdSlider : refresh.code: no visible global function definition for
     ‘hist’
    gpdSlider : refresh.code: no visible global function definition for
     ‘mtext’
    gpdSlider : refresh.code: no visible global function definition for
     ‘title’
    gpdTailPlot: no visible global function definition for ‘ppoints’
    gpdTailPlot: no visible global function definition for ‘grid’
    gpdTailPlot: no visible global function definition for ‘title’
    hillPlot: no visible global function definition for ‘qnorm’
    hillPlot: no visible global function definition for ‘axis’
    hillPlot: no visible global function definition for ‘box’
    hillPlot: no visible global function definition for ‘title’
    hillPlot: no visible global function definition for ‘mtext’
    hypMeanExcessFit: no visible global function definition for ‘integrate’
    lilPlot: no visible global function definition for ‘var’
    lilPlot: no visible global function definition for ‘grid’
    mePlot: no visible global function definition for ‘grid’
    mrlPlot: no visible global function definition for ‘var’
    mrlPlot: no visible global function definition for ‘qnorm’
    mrlPlot: no visible global function definition for ‘grid’
    mrlPlot: no visible global function definition for ‘mtext’
    msratioPlot: no visible global function definition for ‘grid’
    msratioPlot: no visible global function definition for ‘par’
    mxfPlot: no visible global function definition for ‘grid’
    nigMeanExcessFit: no visible global function definition for ‘integrate’
    normMeanExcessFit : func: no visible global function definition for
     ‘dnorm’
    normMeanExcessFit: no visible global function definition for
     ‘integrate’
    normMeanExcessFit: no visible binding for global variable ‘dnorm’
    pointProcess: no visible global function definition for ‘mtext’
    pointProcess: no visible global function definition for ‘title’
    pointProcess: no visible global function definition for ‘grid’
    qqparetoPlot: no visible global function definition for ‘qexp’
    qqparetoPlot: no visible global function definition for ‘ppoints’
    qqparetoPlot: no visible global function definition for ‘rug’
    qqparetoPlot: no visible global function definition for ‘lsfit’
    qqparetoPlot: no visible global function definition for ‘grid’
    qqparetoPlot: no visible global function definition for ‘mtext’
    recordsPlot: no visible global function definition for ‘qnorm’
    recordsPlot: no visible global function definition for ‘grid’
    recordsPlot: no visible global function definition for ‘mtext’
    shaparmDEHaan: no visible global function definition for ‘par’
    shaparmDEHaan: no visible global function definition for ‘title’
    shaparmDEHaan: no visible global function definition for ‘grid’
    shaparmDEHaan: no visible global function definition for ‘var’
    shaparmHill: no visible global function definition for ‘par’
    shaparmHill: no visible global function definition for ‘title’
    shaparmHill: no visible global function definition for ‘grid’
    shaparmHill: no visible global function definition for ‘var’
    shaparmPickands: no visible global function definition for ‘par’
    shaparmPickands: no visible global function definition for ‘title’
    shaparmPickands: no visible global function definition for ‘grid’
    shaparmPickands: no visible global function definition for ‘var’
    shaparmPlot: no visible global function definition for ‘median’
    shaparmPlot: no visible global function definition for ‘grid’
    sllnPlot: no visible global function definition for ‘grid’
    ssrecordsPlot: no visible global function definition for ‘grid’
    ssrecordsPlot: no visible global function definition for ‘mtext’
    tailPlot: no visible global function definition for ‘ppoints’
    tailPlot: no visible global function definition for ‘title’
    tailPlot: no visible global function definition for ‘par’
    tailPlot: no visible global function definition for ‘optim’
    tailPlot: no visible global function definition for ‘qchisq’
    tailPlot: no visible global function definition for ‘axis’
    tailPlot: no visible global function definition for ‘spline’
    tailSlider : refresh.code: no visible global function definition for
     ‘par’
    tailSlider : refresh.code: no visible global function definition for
     ‘grid’
    tailSlider : refresh.code: no visible global function definition for
     ‘lsfit’
    tailSlider : refresh.code: no visible global function definition for
     ‘title’
    tailSlider: no visible global function definition for ‘par’
    thetaSim: no visible global function definition for ‘runif’
    thetaSim: no visible global function definition for ‘rexp’
    xacfPlot: no visible global function definition for ‘acf’
Flavors: r-devel-linux-x86_64-debian-gcc, r-devel-windows-ix86+x86_64