CRAN Package Check Results for Package fExtremes

Last updated on 2014-12-19 01:48:18.

Flavor Version Tinstall Tcheck Ttotal Status Flags
r-devel-linux-x86_64-debian-clang 3010.81 3.13 86.13 89.26 OK
r-devel-linux-x86_64-debian-gcc 3010.81 3.21 82.06 85.27 OK
r-devel-linux-x86_64-fedora-clang 3010.81 186.89 OK
r-devel-linux-x86_64-fedora-gcc 3010.81 171.42 OK
r-devel-osx-x86_64-clang 3010.81 148.34 OK
r-devel-windows-ix86+x86_64 3010.81 10.00 123.00 133.00 OK
r-patched-linux-x86_64 3010.81 3.16 86.37 89.53 OK
r-patched-solaris-sparc 3010.81 1074.20 OK
r-patched-solaris-x86 3010.81 214.40 OK
r-release-linux-ix86 3010.81 3.82 99.53 103.34 OK
r-release-linux-x86_64 3010.81 3.24 87.08 90.32 OK
r-release-osx-x86_64-mavericks 3010.81 OK
r-release-osx-x86_64-snowleopard 3010.81 ERROR
r-release-windows-ix86+x86_64 3010.81 9.00 133.00 142.00 OK
r-oldrel-windows-ix86+x86_64 3010.81 11.00 115.00 126.00 OK

Check Details

Version: 3010.81
Check: whether package can be installed
Result: ERROR
    Installation failed.
Flavor: r-release-osx-x86_64-snowleopard