CRAN Package Check Results for Package fExtremes

Last updated on 2015-03-30 08:49:57.

Flavor Version Tinstall Tcheck Ttotal Status Flags
r-devel-linux-x86_64-debian-clang 3010.81 2.43 71.31 73.74 NOTE
r-devel-linux-x86_64-debian-gcc 3010.81 2.37 70.85 73.22 NOTE
r-devel-linux-x86_64-fedora-clang 3010.81 146.36 NOTE
r-devel-linux-x86_64-fedora-gcc 3010.81 150.05 NOTE
r-devel-osx-x86_64-clang 3010.81 128.95 NOTE
r-prerel-windows-ix86+x86_64 3010.81 8.00 113.00 121.00 NOTE
r-prerel-linux-x86_64 3010.81 2.35 71.56 73.91 NOTE
r-prerel-solaris-sparc 3010.81 872.20 NOTE
r-prerel-solaris-x86 3010.81 175.60 NOTE
r-release-linux-x86_64 3010.81 3.62 88.24 91.86 NOTE
r-release-osx-x86_64-mavericks 3010.81 NOTE
r-release-osx-x86_64-snowleopard 3010.81 ERROR
r-release-windows-ix86+x86_64 3010.81 9.00 122.00 131.00 NOTE
r-oldrel-windows-ix86+x86_64 3010.81 9.00 126.00 135.00 OK

Check Details

Version: 3010.81
Check: DESCRIPTION meta-information
Result: NOTE
    Malformed Description field: should contain one or more complete sentences.
Flavors: r-devel-linux-x86_64-debian-clang, r-devel-linux-x86_64-debian-gcc, r-devel-linux-x86_64-fedora-clang, r-devel-linux-x86_64-fedora-gcc, r-devel-osx-x86_64-clang, r-prerel-windows-ix86+x86_64, r-prerel-linux-x86_64, r-prerel-solaris-sparc, r-prerel-solaris-x86

Version: 3010.81
Check: line endings in Makefiles
Result: NOTE
    Found the following Makefile(s) without a final LF:
     inst/unitTests/Makefile
    Some ‘make’ programs ignore lines not ending in LF.
Flavors: r-devel-linux-x86_64-debian-clang, r-devel-linux-x86_64-debian-gcc, r-devel-linux-x86_64-fedora-clang, r-devel-linux-x86_64-fedora-gcc, r-devel-osx-x86_64-clang, r-prerel-windows-ix86+x86_64, r-prerel-linux-x86_64, r-prerel-solaris-sparc, r-prerel-solaris-x86, r-release-linux-x86_64, r-release-osx-x86_64-mavericks, r-release-windows-ix86+x86_64

Version: 3010.81
Check: whether package can be installed
Result: ERROR
    Installation failed.
Flavor: r-release-osx-x86_64-snowleopard