CRAN Package Check Results for Package fGarch

Last updated on 2014-08-30 15:48:35.

Flavor Version Tinstall Tcheck Ttotal Status Flags
r-devel-linux-x86_64-debian-clang 3010.82 3.94 56.86 60.80 NOTE
r-devel-linux-x86_64-debian-gcc 3010.82 3.80 55.06 58.86 NOTE
r-devel-linux-x86_64-fedora-clang 3010.82 130.58 NOTE
r-devel-linux-x86_64-fedora-gcc 3010.82 120.55 NOTE
r-devel-osx-x86_64-clang 3010.82 98.67 NOTE
r-devel-windows-ix86+x86_64 3010.82 17.00 117.00 134.00 NOTE
r-patched-linux-x86_64 3010.82 4.05 60.64 64.68 OK
r-patched-solaris-sparc 3010.82 723.50 OK
r-patched-solaris-x86 3010.82 165.10 OK
r-release-linux-ix86 3010.82 4.82 74.68 79.50 OK
r-release-linux-x86_64 3010.82 3.84 60.98 64.82 OK
r-release-osx-x86_64-mavericks 3010.82 OK
r-release-osx-x86_64-snowleopard 3010.82 ERROR
r-release-windows-ix86+x86_64 3010.82 14.00 111.00 125.00 OK
r-oldrel-windows-ix86+x86_64 3010.82 20.00 113.00 133.00 OK

Check Details

Version: 3010.82
Check: R code for possible problems
Result: NOTE
    .gogarchFit: no visible global function definition for ‘fastICA’
    .hessian2sided: no visible global function definition for ‘Matrix’
    garchFit: no visible binding for global variable ‘dem2gbp’
Flavors: r-devel-linux-x86_64-debian-clang, r-devel-linux-x86_64-debian-gcc, r-devel-linux-x86_64-fedora-clang, r-devel-linux-x86_64-fedora-gcc, r-devel-osx-x86_64-clang, r-devel-windows-ix86+x86_64

Version: 3010.82
Check: Rd line widths
Result: NOTE
    Rd file 'methods-predict.Rd':
     \usage lines wider than 90 characters:
     predict(object, n.ahead = 10, trace = FALSE, mse = c("cond","uncond"),plot=FALSE,nx=NULL,crit_val=NULL,conf=NULL,...)
    
    These lines will be truncated in the PDF manual.
Flavors: r-devel-linux-x86_64-fedora-clang, r-devel-linux-x86_64-fedora-gcc

Version: 3010.82
Check: whether package can be installed
Result: ERROR
    Installation failed.
Flavor: r-release-osx-x86_64-snowleopard