CRAN Package Check Results for Package fGarch

Last updated on 2017-08-18 23:47:33.

Flavor Version Tinstall Tcheck Ttotal Status Flags
r-devel-linux-x86_64-debian-clang 3010.82.1 2.96 56.70 59.66 NOTE
r-devel-linux-x86_64-debian-gcc 3010.82.1 3.03 53.35 56.38 NOTE
r-devel-linux-x86_64-fedora-clang 3010.82.1 110.22 NOTE
r-devel-linux-x86_64-fedora-gcc 3010.82.1 110.70 NOTE
r-devel-windows-ix86+x86_64 3010.82.1 17.00 136.00 153.00 NOTE
r-patched-linux-x86_64 3010.82.1 3.00 54.81 57.81 NOTE
r-patched-solaris-x86 3010.82.1 130.80 NOTE
r-release-linux-x86_64 3010.82.1 2.91 54.32 57.23 NOTE
r-release-windows-ix86+x86_64 3010.82.1 15.00 163.00 178.00 NOTE
r-release-osx-x86_64 3010.82.1 NOTE
r-oldrel-windows-ix86+x86_64 3010.82.1 12.00 109.00 121.00 NOTE
r-oldrel-osx-x86_64 3010.82.1 NOTE

Check Details

Version: 3010.82.1
Check: S3 generic/method consistency
Result: NOTE
    Found the following apparent S3 methods exported but not registered:
     .plot.garch.1 .plot.garch.10 .plot.garch.11 .plot.garch.12
     .plot.garch.13 .plot.garch.2 .plot.garch.3 .plot.garch.4
     .plot.garch.5 .plot.garch.6 .plot.garch.7 .plot.garch.8 .plot.garch.9
    See section ‘Registering S3 methods’ in the ‘Writing R Extensions’
    manual.
Flavors: r-devel-linux-x86_64-debian-clang, r-devel-linux-x86_64-debian-gcc, r-devel-linux-x86_64-fedora-clang, r-devel-linux-x86_64-fedora-gcc, r-patched-linux-x86_64, r-patched-solaris-x86, r-release-linux-x86_64

Version: 3010.82.1
Check: R code for possible problems
Result: NOTE
    garchFit: no visible binding for global variable ‘dem2gbp’
    fitted,fGARCH: no visible binding for global variable ‘fit’
    Undefined global functions or variables:
     dem2gbp fit
Flavors: r-devel-linux-x86_64-debian-clang, r-devel-linux-x86_64-debian-gcc, r-devel-linux-x86_64-fedora-clang, r-devel-linux-x86_64-fedora-gcc, r-devel-windows-ix86+x86_64, r-patched-linux-x86_64, r-patched-solaris-x86, r-release-linux-x86_64, r-release-windows-ix86+x86_64, r-release-osx-x86_64, r-oldrel-windows-ix86+x86_64, r-oldrel-osx-x86_64

Version: 3010.82.1
Check: compiled code
Result: NOTE
    File ‘fGarch/libs/fGarch.so’:
     Found no calls to: ‘R_registerRoutines’, ‘R_useDynamicSymbols’
    
    It is good practice to register native routines and to disable symbol
    search.
    
    See ‘Writing portable packages’ in the ‘Writing R Extensions’ manual.
Flavors: r-devel-linux-x86_64-debian-clang, r-devel-linux-x86_64-debian-gcc, r-devel-linux-x86_64-fedora-clang, r-devel-linux-x86_64-fedora-gcc, r-patched-linux-x86_64, r-release-linux-x86_64