CRAN Package Check Results for Package fGarch

Last updated on 2014-04-24 11:48:45.

Flavor Version Tinstall Tcheck Ttotal Status Flags
r-devel-linux-x86_64-debian-clang 3010.82 4.03 64.59 68.62 OK
r-devel-linux-x86_64-debian-gcc 3010.82 3.88 62.45 66.34 OK
r-devel-linux-x86_64-fedora-clang 3010.82 136.60 NOTE
r-devel-linux-x86_64-fedora-gcc 3010.82 132.91 NOTE
r-devel-osx-x86_64-clang 3010.82 100.69 OK
r-devel-osx-x86_64-gcc 3010.82 OK
r-devel-windows-ix86+x86_64 3010.82 12.00 116.00 128.00 OK
r-patched-linux-x86_64 3010.82 3.87 63.49 67.36 OK
r-patched-solaris-sparc 3010.82 722.50 OK
r-patched-solaris-x86 3010.82 162.70 OK
r-release-linux-ix86 3010.82 6.00 98.00 104.00 OK
r-release-linux-x86_64 3010.82 3.93 63.48 67.42 OK
r-release-osx-x86_64-mavericks 3010.82 WARN
r-release-osx-x86_64-snowleopard 3010.82 ERROR
r-release-windows-ix86+x86_64 3010.82 13.00 123.00 136.00 OK
r-oldrel-windows-ix86+x86_64 3010.82 14.00 119.00 133.00 OK

Check Details

Version: 3010.82
Check: Rd line widths
Result: NOTE
    Rd file 'methods-predict.Rd':
     \usage lines wider than 90 characters:
     predict(object, n.ahead = 10, trace = FALSE, mse = c("cond","uncond"),plot=FALSE,nx=NULL,crit_val=NULL,conf=NULL,...)
    
    These lines will be truncated in the PDF manual.
Flavors: r-devel-linux-x86_64-fedora-clang, r-devel-linux-x86_64-fedora-gcc

Version: 3010.82
Check: PDF version of manual
Result: WARNING
    LaTeX errors when creating PDF version.
    This typically indicates Rd problems.
    LaTeX errors found:
    ! LaTeX Error: File `upquote.sty' not found.
    
    Type X to quit or <RETURN> to proceed,
    or enter new name. (Default extension: sty)
    
    3ee4ca8f/Rd2.tex:8: ==> Fatal error occurred, no output PDF file produced!
Flavor: r-release-osx-x86_64-mavericks

Version: 3010.82
Check: whether package can be installed
Result: ERROR
    Installation failed.
    See ‘/Volumes/XT3/Builds/R-dev-web/QA/Simon/packages/snowleopard-x86_64/results/3.1/fGarch.Rcheck/00install.out’ for details.
Flavor: r-release-osx-x86_64-snowleopard