CRAN Package Check Results for Package fGarch

Last updated on 2016-08-26 14:47:15.

Flavor Version Tinstall Tcheck Ttotal Status Flags
r-devel-linux-x86_64-debian-clang 3010.82.1 2.81 52.65 55.46 NOTE
r-devel-linux-x86_64-debian-gcc 3010.82.1 3.92 64.75 68.67 NOTE
r-devel-linux-x86_64-fedora-clang 3010.82.1 99.00 NOTE
r-devel-linux-x86_64-fedora-gcc 3010.82.1 93.81 NOTE
r-devel-osx-x86_64-clang 3010.82.1 75.56 NOTE
r-devel-windows-ix86+x86_64 3010.82.1 12.00 117.00 129.00 NOTE
r-patched-linux-x86_64 3010.82.1 2.85 50.00 52.86 NOTE
r-patched-solaris-sparc 3010.82.1 526.20 NOTE
r-patched-solaris-x86 3010.82.1 113.60 NOTE
r-release-linux-x86_64 3010.82.1 3.11 55.68 58.80 NOTE
r-release-osx-x86_64-mavericks 3010.82.1 NOTE
r-release-windows-ix86+x86_64 3010.82.1 10.00 106.00 116.00 NOTE
r-oldrel-windows-ix86+x86_64 3010.82.1 12.00 167.00 179.00 NOTE

Check Details

Version: 3010.82.1
Check: S3 generic/method consistency
Result: NOTE
    Found the following apparent S3 methods exported but not registered:
     .plot.garch.1 .plot.garch.10 .plot.garch.11 .plot.garch.12
     .plot.garch.13 .plot.garch.2 .plot.garch.3 .plot.garch.4
     .plot.garch.5 .plot.garch.6 .plot.garch.7 .plot.garch.8 .plot.garch.9
    See section ‘Registering S3 methods’ in the ‘Writing R Extensions’
    manual.
Flavors: r-devel-linux-x86_64-debian-clang, r-devel-linux-x86_64-debian-gcc, r-devel-linux-x86_64-fedora-clang, r-devel-linux-x86_64-fedora-gcc, r-devel-osx-x86_64-clang, r-patched-linux-x86_64, r-patched-solaris-sparc, r-patched-solaris-x86, r-release-linux-x86_64

Version: 3010.82.1
Check: R code for possible problems
Result: NOTE
    garchFit: no visible binding for global variable ‘dem2gbp’
    fitted,fGARCH: no visible binding for global variable ‘fit’
    Undefined global functions or variables:
     dem2gbp fit
Flavors: r-devel-linux-x86_64-debian-clang, r-devel-linux-x86_64-debian-gcc, r-devel-linux-x86_64-fedora-clang, r-devel-linux-x86_64-fedora-gcc, r-devel-osx-x86_64-clang, r-devel-windows-ix86+x86_64, r-patched-linux-x86_64, r-patched-solaris-sparc, r-patched-solaris-x86, r-release-linux-x86_64, r-release-osx-x86_64-mavericks, r-release-windows-ix86+x86_64

Version: 3010.82.1
Check: R code for possible problems
Result: NOTE
    garchFit: no visible binding for global variable 'dem2gbp'
    fitted,fGARCH : .local: no visible binding for global variable 'fit'
Flavor: r-oldrel-windows-ix86+x86_64