CRAN Package Check Results for Package fGarch

Last updated on 2015-06-30 22:47:17.

Flavor Version Tinstall Tcheck Ttotal Status Flags
r-devel-linux-x86_64-debian-clang 3010.82 3.09 48.39 51.48 NOTE
r-devel-linux-x86_64-debian-gcc 3010.82 2.80 48.10 50.90 NOTE
r-devel-linux-x86_64-fedora-clang 3010.82 99.32 NOTE
r-devel-linux-x86_64-fedora-gcc 3010.82 94.06 NOTE
r-devel-osx-x86_64-clang 3010.82 85.56 NOTE
r-devel-windows-ix86+x86_64 3010.82 18.00 102.00 120.00 NOTE
r-patched-linux-x86_64 3010.82 2.91 48.04 50.95 NOTE
r-patched-solaris-sparc 3010.82 583.80 NOTE
r-patched-solaris-x86 3010.82 123.70 NOTE
r-release-linux-x86_64 3010.82 2.95 49.00 51.96 NOTE
r-release-osx-x86_64-mavericks 3010.82 NOTE
r-release-windows-ix86+x86_64 3010.82 18.00 101.00 119.00 NOTE
r-oldrel-windows-ix86+x86_64 3010.82 15.00 113.00 128.00 NOTE

Check Details

Version: 3010.82
Check: DESCRIPTION meta-information
Result: NOTE
    Malformed Description field: should contain one or more complete sentences.
Flavors: r-devel-linux-x86_64-debian-clang, r-devel-linux-x86_64-debian-gcc, r-devel-linux-x86_64-fedora-clang, r-devel-linux-x86_64-fedora-gcc, r-devel-osx-x86_64-clang, r-devel-windows-ix86+x86_64, r-patched-linux-x86_64, r-patched-solaris-sparc, r-patched-solaris-x86, r-release-linux-x86_64, r-release-osx-x86_64-mavericks, r-release-windows-ix86+x86_64

Version: 3010.82
Check: S3 generic/method consistency
Result: NOTE
    Found the following apparent S3 methods exported but not registered:
     .plot.garch.1 .plot.garch.10 .plot.garch.11 .plot.garch.12
     .plot.garch.13 .plot.garch.2 .plot.garch.3 .plot.garch.4
     .plot.garch.5 .plot.garch.6 .plot.garch.7 .plot.garch.8 .plot.garch.9
    See section ‘Registering S3 methods’ in the ‘Writing R Extensions’
    manual.
Flavors: r-devel-linux-x86_64-debian-clang, r-devel-linux-x86_64-debian-gcc, r-devel-linux-x86_64-fedora-clang, r-devel-linux-x86_64-fedora-gcc, r-devel-osx-x86_64-clang, r-patched-linux-x86_64, r-patched-solaris-sparc, r-patched-solaris-x86, r-release-linux-x86_64

Version: 3010.82
Check: R code for possible problems
Result: NOTE
    .gogarchFit: no visible global function definition for ‘fastICA’
    .hessian2sided: no visible global function definition for ‘Matrix’
    .multGarchPlot: no visible global function definition for ‘menu’
    .ugarchFit: no visible global function definition for ‘capture.output’
    garchFit: no visible binding for global variable ‘dem2gbp’
    garchFit: no visible global function definition for ‘capture.output’
Flavors: r-devel-linux-x86_64-debian-clang, r-devel-linux-x86_64-debian-gcc, r-devel-linux-x86_64-fedora-clang, r-devel-linux-x86_64-fedora-gcc, r-devel-windows-ix86+x86_64

Version: 3010.82
Check: Rd line widths
Result: NOTE
    Rd file 'methods-predict.Rd':
     \usage lines wider than 90 characters:
     predict(object, n.ahead = 10, trace = FALSE, mse = c("cond","uncond"),plot=FALSE,nx=NULL,crit_val=NULL,conf=NULL,...)
    
    These lines will be truncated in the PDF manual.
Flavors: r-devel-linux-x86_64-debian-clang, r-devel-linux-x86_64-debian-gcc, r-devel-linux-x86_64-fedora-clang, r-devel-linux-x86_64-fedora-gcc, r-patched-linux-x86_64, r-release-linux-x86_64

Version: 3010.82
Check: R code for possible problems
Result: NOTE
    .gogarchFit: no visible global function definition for ‘fastICA’
    .hessian2sided: no visible global function definition for ‘Matrix’
    garchFit: no visible binding for global variable ‘dem2gbp’
Flavors: r-devel-osx-x86_64-clang, r-patched-linux-x86_64, r-patched-solaris-sparc, r-patched-solaris-x86, r-release-linux-x86_64, r-release-osx-x86_64-mavericks, r-release-windows-ix86+x86_64, r-oldrel-windows-ix86+x86_64