CRAN Package Check Results for Package fGarch

Last updated on 2015-01-27 01:48:02.

Flavor Version Tinstall Tcheck Ttotal Status Flags
r-devel-linux-x86_64-debian-clang 3010.82 3.61 52.04 55.65 NOTE
r-devel-linux-x86_64-debian-gcc 3010.82 3.52 53.40 56.92 NOTE
r-devel-linux-x86_64-fedora-clang 3010.82 121.75 NOTE
r-devel-linux-x86_64-fedora-gcc 3010.82 116.81 NOTE
r-devel-osx-x86_64-clang 3010.82 100.58 NOTE
r-devel-windows-ix86+x86_64 3010.82 13.00 102.00 115.00 NOTE
r-patched-linux-x86_64 3010.82 3.67 57.43 61.10 NOTE
r-patched-solaris-sparc 3010.82 703.20 NOTE
r-patched-solaris-x86 3010.82 145.60 NOTE
r-release-linux-ix86 3010.82 4.50 67.47 71.98 NOTE
r-release-linux-x86_64 3010.82 3.69 57.30 61.00 NOTE
r-release-osx-x86_64-mavericks 3010.82 NOTE
r-release-osx-x86_64-snowleopard 3010.82 ERROR
r-release-windows-ix86+x86_64 3010.82 17.00 116.00 133.00 NOTE
r-oldrel-windows-ix86+x86_64 3010.82 18.00 119.00 137.00 OK

Check Details

Version: 3010.82
Check: R code for possible problems
Result: NOTE
    .gogarchFit: no visible global function definition for ‘fastICA’
    .hessian2sided: no visible global function definition for ‘Matrix’
    garchFit: no visible binding for global variable ‘dem2gbp’
Flavors: r-devel-linux-x86_64-debian-clang, r-devel-linux-x86_64-debian-gcc, r-devel-linux-x86_64-fedora-clang, r-devel-linux-x86_64-fedora-gcc, r-devel-osx-x86_64-clang, r-devel-windows-ix86+x86_64, r-patched-linux-x86_64, r-patched-solaris-sparc, r-patched-solaris-x86, r-release-linux-ix86, r-release-linux-x86_64, r-release-osx-x86_64-mavericks, r-release-windows-ix86+x86_64

Version: 3010.82
Check: Rd line widths
Result: NOTE
    Rd file 'methods-predict.Rd':
     \usage lines wider than 90 characters:
     predict(object, n.ahead = 10, trace = FALSE, mse = c("cond","uncond"),plot=FALSE,nx=NULL,crit_val=NULL,conf=NULL,...)
    
    These lines will be truncated in the PDF manual.
Flavors: r-devel-linux-x86_64-debian-clang, r-devel-linux-x86_64-debian-gcc, r-devel-linux-x86_64-fedora-clang, r-devel-linux-x86_64-fedora-gcc, r-patched-linux-x86_64, r-release-linux-x86_64

Version: 3010.82
Check: S3 generic/method consistency
Result: NOTE
    Found the following apparent S3 methods exported but not registered:
     .plot.garch.1 .plot.garch.10 .plot.garch.11 .plot.garch.12
     .plot.garch.13 .plot.garch.2 .plot.garch.3 .plot.garch.4
     .plot.garch.5 .plot.garch.6 .plot.garch.7 .plot.garch.8 .plot.garch.9
    See section ‘Registering S3 methods’ in the ‘Writing R Extensions’
    manual.
Flavors: r-devel-linux-x86_64-fedora-clang, r-devel-linux-x86_64-fedora-gcc, r-devel-osx-x86_64-clang

Version: 3010.82
Check: whether package can be installed
Result: ERROR
    Installation failed.
Flavor: r-release-osx-x86_64-snowleopard