CRAN Package Check Results for Package fGarch

Last updated on 2014-10-23 00:47:57.

Flavor Version Tinstall Tcheck Ttotal Status Flags
r-devel-linux-x86_64-debian-clang 3010.82 3.75 58.10 61.85 NOTE
r-devel-linux-x86_64-debian-gcc 3010.82 4.02 55.45 59.47 NOTE
r-devel-linux-x86_64-fedora-clang 3010.82 128.44 NOTE
r-devel-linux-x86_64-fedora-gcc 3010.82 119.99 NOTE
r-devel-osx-x86_64-clang 3010.82 105.38 NOTE
r-devel-windows-ix86+x86_64 3010.82 12.00 108.00 120.00 NOTE
r-patched-linux-x86_64 3010.82 3.78 58.09 61.87 NOTE
r-patched-solaris-sparc 3010.82 720.40 NOTE
r-patched-solaris-x86 3010.82 153.70 NOTE
r-release-linux-ix86 3010.82 4.90 75.96 80.86 OK
r-release-linux-x86_64 3010.82 4.02 64.47 68.49 NOTE
r-release-osx-x86_64-mavericks 3010.82 OK
r-release-osx-x86_64-snowleopard 3010.82 ERROR
r-release-windows-ix86+x86_64 3010.82 14.00 113.00 127.00 OK
r-oldrel-windows-ix86+x86_64 3010.82 14.00 122.00 136.00 OK

Check Details

Version: 3010.82
Check: R code for possible problems
Result: NOTE
    .gogarchFit: no visible global function definition for ‘fastICA’
    .hessian2sided: no visible global function definition for ‘Matrix’
    garchFit: no visible binding for global variable ‘dem2gbp’
Flavors: r-devel-linux-x86_64-debian-clang, r-devel-linux-x86_64-debian-gcc, r-devel-linux-x86_64-fedora-clang, r-devel-linux-x86_64-fedora-gcc, r-devel-osx-x86_64-clang, r-devel-windows-ix86+x86_64, r-patched-linux-x86_64, r-patched-solaris-sparc, r-patched-solaris-x86

Version: 3010.82
Check: Rd line widths
Result: NOTE
    Rd file 'methods-predict.Rd':
     \usage lines wider than 90 characters:
     predict(object, n.ahead = 10, trace = FALSE, mse = c("cond","uncond"),plot=FALSE,nx=NULL,crit_val=NULL,conf=NULL,...)
    
    These lines will be truncated in the PDF manual.
Flavors: r-devel-linux-x86_64-debian-clang, r-devel-linux-x86_64-debian-gcc, r-devel-linux-x86_64-fedora-clang, r-devel-linux-x86_64-fedora-gcc, r-patched-linux-x86_64, r-release-linux-x86_64

Version: 3010.82
Check: whether package can be installed
Result: ERROR
    Installation failed.
Flavor: r-release-osx-x86_64-snowleopard