CRAN Package Check Results for Package fGarch

Last updated on 2014-07-24 21:48:43.

Flavor Version Tinstall Tcheck Ttotal Status Flags
r-devel-linux-x86_64-debian-clang 3010.82 3.80 59.82 63.62 OK
r-devel-linux-x86_64-debian-gcc 3010.82 3.85 59.52 63.37 OK
r-devel-linux-x86_64-fedora-clang 3010.82 136.93 NOTE
r-devel-linux-x86_64-fedora-gcc 3010.82 135.82 NOTE
r-devel-osx-x86_64-clang 3010.82 106.68 OK
r-devel-windows-ix86+x86_64 3010.82 12.00 114.00 126.00 OK
r-patched-linux-x86_64 3010.82 4.85 62.23 67.08 OK
r-patched-solaris-sparc 3010.82 722.50 OK
r-patched-solaris-x86 3010.82 160.70 OK
r-release-linux-ix86 3010.82 4.88 74.86 79.74 OK
r-release-linux-x86_64 3010.82 3.89 60.44 64.33 OK
r-release-osx-x86_64-mavericks 3010.82 OK
r-release-osx-x86_64-snowleopard 3010.82 ERROR
r-release-windows-ix86+x86_64 3010.82 13.00 118.00 131.00 OK
r-oldrel-windows-ix86+x86_64 3010.82 13.00 116.00 129.00 OK

Check Details

Version: 3010.82
Check: Rd line widths
Result: NOTE
    Rd file 'methods-predict.Rd':
     \usage lines wider than 90 characters:
     predict(object, n.ahead = 10, trace = FALSE, mse = c("cond","uncond"),plot=FALSE,nx=NULL,crit_val=NULL,conf=NULL,...)
    
    These lines will be truncated in the PDF manual.
Flavors: r-devel-linux-x86_64-fedora-clang, r-devel-linux-x86_64-fedora-gcc

Version: 3010.82
Check: whether package can be installed
Result: ERROR
    Installation failed.
    See ‘/Volumes/XT3/Builds/R-dev-web/QA/Simon/packages/snowleopard-x86_64/results/3.1/fGarch.Rcheck/00install.out’ for details.
Flavor: r-release-osx-x86_64-snowleopard