CRAN Package Check Results for Package fGarch

Last updated on 2016-12-07 10:48:23.

Flavor Version Tinstall Tcheck Ttotal Status Flags
r-devel-linux-x86_64-debian-clang 3010.82.1 3.05 58.48 61.53 NOTE
r-devel-linux-x86_64-debian-gcc 3010.82.1 3.25 57.27 60.52 NOTE
r-devel-linux-x86_64-fedora-clang 3010.82.1 117.01 NOTE --no-stop-on-test-error
r-devel-linux-x86_64-fedora-gcc 3010.82.1 114.88 NOTE --no-stop-on-test-error
r-devel-macos-x86_64-clang 3010.82.1 81.91 NOTE --no-stop-on-test-error
r-devel-windows-ix86+x86_64 3010.82.1 17.00 165.00 182.00 NOTE
r-patched-linux-x86_64 3010.82.1 2.76 50.08 52.83 NOTE
r-patched-solaris-sparc 3010.82.1 526.20 NOTE
r-patched-solaris-x86 3010.82.1 110.70 NOTE
r-release-linux-x86_64 3010.82.1 2.95 51.53 54.48 NOTE
r-release-osx-x86_64-mavericks 3010.82.1 NOTE
r-release-windows-ix86+x86_64 3010.82.1 12.00 135.00 147.00 NOTE
r-oldrel-windows-ix86+x86_64 3010.82.1 17.00 129.00 146.00 NOTE

Check Details

Version: 3010.82.1
Check: S3 generic/method consistency
Result: NOTE
    Found the following apparent S3 methods exported but not registered:
     .plot.garch.1 .plot.garch.10 .plot.garch.11 .plot.garch.12
     .plot.garch.13 .plot.garch.2 .plot.garch.3 .plot.garch.4
     .plot.garch.5 .plot.garch.6 .plot.garch.7 .plot.garch.8 .plot.garch.9
    See section ‘Registering S3 methods’ in the ‘Writing R Extensions’
    manual.
Flavors: r-devel-linux-x86_64-debian-clang, r-devel-linux-x86_64-debian-gcc, r-patched-linux-x86_64, r-patched-solaris-sparc, r-patched-solaris-x86, r-release-linux-x86_64

Version: 3010.82.1
Check: R code for possible problems
Result: NOTE
    garchFit: no visible binding for global variable ‘dem2gbp’
    fitted,fGARCH: no visible binding for global variable ‘fit’
    Undefined global functions or variables:
     dem2gbp fit
Flavors: r-devel-linux-x86_64-debian-clang, r-devel-linux-x86_64-debian-gcc, r-devel-windows-ix86+x86_64, r-patched-linux-x86_64, r-patched-solaris-sparc, r-patched-solaris-x86, r-release-linux-x86_64, r-release-osx-x86_64-mavericks, r-release-windows-ix86+x86_64

Version: 3010.82.1
Flags: --no-stop-on-test-error
Check: S3 generic/method consistency
Result: NOTE
    Found the following apparent S3 methods exported but not registered:
     .plot.garch.1 .plot.garch.10 .plot.garch.11 .plot.garch.12
     .plot.garch.13 .plot.garch.2 .plot.garch.3 .plot.garch.4
     .plot.garch.5 .plot.garch.6 .plot.garch.7 .plot.garch.8 .plot.garch.9
    See section ‘Registering S3 methods’ in the ‘Writing R Extensions’
    manual.
Flavors: r-devel-linux-x86_64-fedora-clang, r-devel-linux-x86_64-fedora-gcc, r-devel-macos-x86_64-clang

Version: 3010.82.1
Flags: --no-stop-on-test-error
Check: R code for possible problems
Result: NOTE
    garchFit: no visible binding for global variable ‘dem2gbp’
    fitted,fGARCH: no visible binding for global variable ‘fit’
    Undefined global functions or variables:
     dem2gbp fit
Flavors: r-devel-linux-x86_64-fedora-clang, r-devel-linux-x86_64-fedora-gcc, r-devel-macos-x86_64-clang

Version: 3010.82.1
Check: R code for possible problems
Result: NOTE
    garchFit: no visible binding for global variable 'dem2gbp'
    fitted,fGARCH : .local: no visible binding for global variable 'fit'
Flavor: r-oldrel-windows-ix86+x86_64