CRAN Package Check Results for Package fGarch

Last updated on 2015-03-27 07:48:45.

Flavor Version Tinstall Tcheck Ttotal Status Flags
r-devel-linux-x86_64-debian-clang 3010.82 3.04 53.07 56.12 NOTE
r-devel-linux-x86_64-debian-gcc 3010.82 3.01 46.97 49.98 NOTE
r-devel-linux-x86_64-fedora-clang 3010.82 102.61 NOTE
r-devel-linux-x86_64-fedora-gcc 3010.82 95.55 NOTE
r-devel-osx-x86_64-clang 3010.82 92.34 NOTE
r-prerel-windows-ix86+x86_64 3010.82 12.00 101.00 113.00 NOTE
r-prerel-linux-x86_64 3010.82 3.15 48.50 51.65 NOTE
r-prerel-solaris-sparc 3010.82 579.60 NOTE
r-prerel-solaris-x86 3010.82 119.70 NOTE
r-release-linux-x86_64 3010.82 3.73 56.08 59.82 NOTE
r-release-osx-x86_64-mavericks 3010.82 NOTE
r-release-osx-x86_64-snowleopard 3010.82 ERROR
r-release-windows-ix86+x86_64 3010.82 15.00 114.00 129.00 NOTE
r-oldrel-windows-ix86+x86_64 3010.82 14.00 124.00 138.00 OK

Check Details

Version: 3010.82
Check: DESCRIPTION meta-information
Result: NOTE
    Malformed Description field: should contain one or more complete sentences.
Flavors: r-devel-linux-x86_64-debian-clang, r-devel-linux-x86_64-debian-gcc, r-devel-linux-x86_64-fedora-clang, r-devel-linux-x86_64-fedora-gcc, r-devel-osx-x86_64-clang, r-prerel-windows-ix86+x86_64, r-prerel-linux-x86_64, r-prerel-solaris-sparc, r-prerel-solaris-x86

Version: 3010.82
Check: S3 generic/method consistency
Result: NOTE
    Found the following apparent S3 methods exported but not registered:
     .plot.garch.1 .plot.garch.10 .plot.garch.11 .plot.garch.12
     .plot.garch.13 .plot.garch.2 .plot.garch.3 .plot.garch.4
     .plot.garch.5 .plot.garch.6 .plot.garch.7 .plot.garch.8 .plot.garch.9
    See section ‘Registering S3 methods’ in the ‘Writing R Extensions’
    manual.
Flavors: r-devel-linux-x86_64-debian-clang, r-devel-linux-x86_64-debian-gcc, r-devel-linux-x86_64-fedora-clang, r-devel-linux-x86_64-fedora-gcc, r-devel-osx-x86_64-clang, r-prerel-linux-x86_64

Version: 3010.82
Check: R code for possible problems
Result: NOTE
    .gogarchFit: no visible global function definition for ‘fastICA’
    .hessian2sided: no visible global function definition for ‘Matrix’
    garchFit: no visible binding for global variable ‘dem2gbp’
Flavors: r-devel-linux-x86_64-debian-clang, r-devel-linux-x86_64-debian-gcc, r-devel-linux-x86_64-fedora-clang, r-devel-linux-x86_64-fedora-gcc, r-devel-osx-x86_64-clang, r-prerel-windows-ix86+x86_64, r-prerel-linux-x86_64, r-prerel-solaris-sparc, r-prerel-solaris-x86, r-release-linux-x86_64, r-release-osx-x86_64-mavericks, r-release-windows-ix86+x86_64

Version: 3010.82
Check: Rd line widths
Result: NOTE
    Rd file 'methods-predict.Rd':
     \usage lines wider than 90 characters:
     predict(object, n.ahead = 10, trace = FALSE, mse = c("cond","uncond"),plot=FALSE,nx=NULL,crit_val=NULL,conf=NULL,...)
    
    These lines will be truncated in the PDF manual.
Flavors: r-devel-linux-x86_64-debian-clang, r-devel-linux-x86_64-debian-gcc, r-devel-linux-x86_64-fedora-clang, r-devel-linux-x86_64-fedora-gcc, r-prerel-linux-x86_64, r-release-linux-x86_64

Version: 3010.82
Check: whether package can be installed
Result: ERROR
    Installation failed.
Flavor: r-release-osx-x86_64-snowleopard