CRAN Package Check Results for Package fGarch

Last updated on 2014-09-21 08:48:39.

Flavor Version Tinstall Tcheck Ttotal Status Flags
r-devel-linux-x86_64-debian-clang 3010.82 3.87 56.51 60.38 NOTE
r-devel-linux-x86_64-debian-gcc 3010.82 3.53 56.00 59.54 NOTE
r-devel-linux-x86_64-fedora-clang 3010.82 125.57 NOTE
r-devel-linux-x86_64-fedora-gcc 3010.82 115.71 NOTE
r-devel-osx-x86_64-clang 3010.82 98.48 NOTE
r-devel-windows-ix86+x86_64 3010.82 13.00 109.00 122.00 NOTE
r-patched-linux-x86_64 3010.82 3.97 61.98 65.95 NOTE
r-patched-solaris-sparc 3010.82 723.50 OK
r-patched-solaris-x86 3010.82 162.30 OK
r-release-linux-ix86 3010.82 4.86 75.50 80.36 OK
r-release-linux-x86_64 3010.82 4.71 62.36 67.07 NOTE
r-release-osx-x86_64-mavericks 3010.82 OK
r-release-osx-x86_64-snowleopard 3010.82 ERROR
r-release-windows-ix86+x86_64 3010.82 14.00 119.00 133.00 OK
r-oldrel-windows-ix86+x86_64 3010.82 13.00 119.00 132.00 OK

Check Details

Version: 3010.82
Check: R code for possible problems
Result: NOTE
    .gogarchFit: no visible global function definition for ‘fastICA’
    .hessian2sided: no visible global function definition for ‘Matrix’
    garchFit: no visible binding for global variable ‘dem2gbp’
Flavors: r-devel-linux-x86_64-debian-clang, r-devel-linux-x86_64-debian-gcc, r-devel-linux-x86_64-fedora-clang, r-devel-linux-x86_64-fedora-gcc, r-devel-osx-x86_64-clang, r-devel-windows-ix86+x86_64

Version: 3010.82
Check: Rd line widths
Result: NOTE
    Rd file 'methods-predict.Rd':
     \usage lines wider than 90 characters:
     predict(object, n.ahead = 10, trace = FALSE, mse = c("cond","uncond"),plot=FALSE,nx=NULL,crit_val=NULL,conf=NULL,...)
    
    These lines will be truncated in the PDF manual.
Flavors: r-devel-linux-x86_64-debian-clang, r-devel-linux-x86_64-debian-gcc, r-devel-linux-x86_64-fedora-clang, r-devel-linux-x86_64-fedora-gcc, r-patched-linux-x86_64, r-release-linux-x86_64

Version: 3010.82
Check: whether package can be installed
Result: ERROR
    Installation failed.
Flavor: r-release-osx-x86_64-snowleopard