CRAN Package Check Results for Package fGarch

Last updated on 2017-01-19 08:46:59.

Flavor Version Tinstall Tcheck Ttotal Status Flags
r-devel-linux-x86_64-debian-clang 3010.82.1 3.03 58.80 61.83 NOTE
r-devel-linux-x86_64-debian-gcc 3010.82.1 3.04 55.77 58.81 NOTE
r-devel-linux-x86_64-fedora-clang 3010.82.1 110.31 NOTE --no-stop-on-test-error
r-devel-linux-x86_64-fedora-gcc 3010.82.1 108.28 NOTE --no-stop-on-test-error
r-devel-macos-x86_64-clang 3010.82.1 81.71 NOTE --no-stop-on-test-error
r-devel-windows-ix86+x86_64 3010.82.1 17.00 168.00 185.00 NOTE
r-patched-linux-x86_64 3010.82.1 2.93 50.38 53.32 NOTE
r-patched-solaris-sparc 3010.82.1 563.90 NOTE
r-patched-solaris-x86 3010.82.1 115.90 NOTE
r-release-linux-x86_64 3010.82.1 2.72 50.70 53.42 NOTE
r-release-osx-x86_64-mavericks 3010.82.1 NOTE
r-release-windows-ix86+x86_64 3010.82.1 9.00 100.00 109.00 NOTE
r-oldrel-windows-ix86+x86_64 3010.82.1 12.00 162.00 174.00 NOTE

Check Details

Version: 3010.82.1
Check: S3 generic/method consistency
Result: NOTE
    Found the following apparent S3 methods exported but not registered:
     .plot.garch.1 .plot.garch.10 .plot.garch.11 .plot.garch.12
     .plot.garch.13 .plot.garch.2 .plot.garch.3 .plot.garch.4
     .plot.garch.5 .plot.garch.6 .plot.garch.7 .plot.garch.8 .plot.garch.9
    See section ‘Registering S3 methods’ in the ‘Writing R Extensions’
    manual.
Flavors: r-devel-linux-x86_64-debian-clang, r-devel-linux-x86_64-debian-gcc, r-patched-linux-x86_64, r-patched-solaris-sparc, r-patched-solaris-x86, r-release-linux-x86_64

Version: 3010.82.1
Check: R code for possible problems
Result: NOTE
    garchFit: no visible binding for global variable ‘dem2gbp’
    fitted,fGARCH: no visible binding for global variable ‘fit’
    Undefined global functions or variables:
     dem2gbp fit
Flavors: r-devel-linux-x86_64-debian-clang, r-devel-linux-x86_64-debian-gcc, r-devel-windows-ix86+x86_64, r-patched-linux-x86_64, r-patched-solaris-sparc, r-patched-solaris-x86, r-release-linux-x86_64, r-release-osx-x86_64-mavericks, r-release-windows-ix86+x86_64

Version: 3010.82.1
Flags: --no-stop-on-test-error
Check: S3 generic/method consistency
Result: NOTE
    Found the following apparent S3 methods exported but not registered:
     .plot.garch.1 .plot.garch.10 .plot.garch.11 .plot.garch.12
     .plot.garch.13 .plot.garch.2 .plot.garch.3 .plot.garch.4
     .plot.garch.5 .plot.garch.6 .plot.garch.7 .plot.garch.8 .plot.garch.9
    See section ‘Registering S3 methods’ in the ‘Writing R Extensions’
    manual.
Flavors: r-devel-linux-x86_64-fedora-clang, r-devel-linux-x86_64-fedora-gcc, r-devel-macos-x86_64-clang

Version: 3010.82.1
Flags: --no-stop-on-test-error
Check: R code for possible problems
Result: NOTE
    garchFit: no visible binding for global variable ‘dem2gbp’
    fitted,fGARCH: no visible binding for global variable ‘fit’
    Undefined global functions or variables:
     dem2gbp fit
Flavors: r-devel-linux-x86_64-fedora-clang, r-devel-linux-x86_64-fedora-gcc, r-devel-macos-x86_64-clang

Version: 3010.82.1
Check: R code for possible problems
Result: NOTE
    garchFit: no visible binding for global variable 'dem2gbp'
    fitted,fGARCH : .local: no visible binding for global variable 'fit'
Flavor: r-oldrel-windows-ix86+x86_64