CRAN Package Check Results for Package fGarch

Last updated on 2016-02-08 19:48:22.

Flavor Version Tinstall Tcheck Ttotal Status Flags
r-devel-linux-x86_64-debian-gcc 3010.82 2.83 46.70 49.53 NOTE
r-devel-linux-x86_64-fedora-clang 3010.82 93.34 NOTE
r-devel-linux-x86_64-fedora-gcc 3010.82 96.58 NOTE
r-devel-osx-x86_64-clang 3010.82 93.95 NOTE
r-devel-windows-ix86+x86_64 3010.82 16.00 106.00 122.00 NOTE
r-patched-linux-x86_64 3010.82 3.00 49.50 52.50 NOTE
r-patched-solaris-sparc 3010.82 571.30 NOTE
r-patched-solaris-x86 3010.82 113.90 NOTE
r-release-linux-x86_64 3010.82 3.17 49.24 52.41 NOTE
r-release-osx-x86_64-mavericks 3010.82 NOTE
r-release-windows-ix86+x86_64 3010.82 16.00 107.00 123.00 NOTE
r-oldrel-windows-ix86+x86_64 3010.82 18.00 132.00 150.00 NOTE

Check Details

Version: 3010.82
Check: DESCRIPTION meta-information
Result: NOTE
    Malformed Description field: should contain one or more complete sentences.
Flavors: r-devel-linux-x86_64-debian-gcc, r-devel-linux-x86_64-fedora-clang, r-devel-linux-x86_64-fedora-gcc, r-devel-osx-x86_64-clang, r-devel-windows-ix86+x86_64, r-patched-linux-x86_64, r-patched-solaris-sparc, r-patched-solaris-x86, r-release-linux-x86_64, r-release-osx-x86_64-mavericks, r-release-windows-ix86+x86_64

Version: 3010.82
Check: S3 generic/method consistency
Result: NOTE
    Found the following apparent S3 methods exported but not registered:
     .plot.garch.1 .plot.garch.10 .plot.garch.11 .plot.garch.12
     .plot.garch.13 .plot.garch.2 .plot.garch.3 .plot.garch.4
     .plot.garch.5 .plot.garch.6 .plot.garch.7 .plot.garch.8 .plot.garch.9
    See section ‘Registering S3 methods’ in the ‘Writing R Extensions’
    manual.
Flavors: r-devel-linux-x86_64-debian-gcc, r-devel-linux-x86_64-fedora-clang, r-devel-linux-x86_64-fedora-gcc, r-devel-osx-x86_64-clang, r-patched-linux-x86_64, r-patched-solaris-sparc, r-patched-solaris-x86, r-release-linux-x86_64

Version: 3010.82
Check: R code for possible problems
Result: NOTE
    .gogarchFit: no visible global function definition for ‘fastICA’
    .hessian2sided: no visible global function definition for ‘Matrix’
    .multGarchPlot: no visible global function definition for ‘menu’
    .ugarchFit: no visible global function definition for ‘capture.output’
    garchFit: no visible binding for global variable ‘dem2gbp’
    garchFit: no visible global function definition for ‘capture.output’
    fitted,fGARCH: no visible binding for global variable ‘fit’
    Undefined global functions or variables:
     Matrix capture.output dem2gbp fastICA fit menu
    Consider adding
     importFrom("utils", "capture.output", "menu")
    to your NAMESPACE file.
Flavors: r-devel-linux-x86_64-debian-gcc, r-devel-linux-x86_64-fedora-clang, r-devel-linux-x86_64-fedora-gcc, r-devel-osx-x86_64-clang, r-devel-windows-ix86+x86_64

Version: 3010.82
Check: Rd line widths
Result: NOTE
    Rd file 'methods-predict.Rd':
     \usage lines wider than 90 characters:
     predict(object, n.ahead = 10, trace = FALSE, mse = c("cond","uncond"),plot=FALSE,nx=NULL,crit_val=NULL,conf=NULL,...)
    
    These lines will be truncated in the PDF manual.
Flavors: r-devel-linux-x86_64-debian-gcc, r-devel-linux-x86_64-fedora-clang, r-devel-linux-x86_64-fedora-gcc, r-patched-linux-x86_64, r-release-linux-x86_64

Version: 3010.82
Check: R code for possible problems
Result: NOTE
    .gogarchFit: no visible global function definition for ‘fastICA’
    .hessian2sided: no visible global function definition for ‘Matrix’
    garchFit: no visible binding for global variable ‘dem2gbp’
    fitted,fGARCH : .local: no visible binding for global variable ‘fit’
Flavors: r-patched-linux-x86_64, r-patched-solaris-sparc, r-patched-solaris-x86, r-release-linux-x86_64, r-release-windows-ix86+x86_64, r-oldrel-windows-ix86+x86_64

Version: 3010.82
Check: R code for possible problems
Result: NOTE
    .gogarchFit: no visible global function definition for ‘fastICA’
    .hessian2sided: no visible global function definition for ‘Matrix’
    garchFit: no visible binding for global variable ‘dem2gbp’
Flavor: r-release-osx-x86_64-mavericks