CRAN Package Check Results for Package fGarch

Last updated on 2015-02-27 05:48:01.

Flavor Version Tinstall Tcheck Ttotal Status Flags
r-devel-linux-x86_64-debian-clang 3010.82 2.90 48.58 51.48 NOTE
r-devel-linux-x86_64-debian-gcc 3010.82 2.96 48.42 51.38 NOTE
r-devel-linux-x86_64-fedora-clang 3010.82 101.75 NOTE
r-devel-linux-x86_64-fedora-gcc 3010.82 94.57 NOTE
r-devel-osx-x86_64-clang 3010.82 86.25 NOTE
r-devel-windows-ix86+x86_64 3010.82 18.00 103.00 121.00 NOTE
r-patched-linux-x86_64 3010.82 4.17 58.89 63.06 NOTE
r-patched-solaris-sparc 3010.82 703.20 NOTE
r-patched-solaris-x86 3010.82 149.30 NOTE
r-release-linux-ix86 3010.82 4.80 68.52 73.32 NOTE
r-release-linux-x86_64 3010.82 3.71 0.28 4.00 OK
r-release-osx-x86_64-mavericks 3010.82 NOTE
r-release-osx-x86_64-snowleopard 3010.82 ERROR
r-release-windows-ix86+x86_64 3010.82 14.00 120.00 134.00 NOTE
r-oldrel-windows-ix86+x86_64 3010.82 13.00 119.00 132.00 OK

Check Details

Version: 3010.82
Check: DESCRIPTION meta-information
Result: NOTE
    Malformed Description field: should contain one or more complete sentences.
Flavors: r-devel-linux-x86_64-debian-clang, r-devel-linux-x86_64-debian-gcc, r-devel-linux-x86_64-fedora-clang, r-devel-linux-x86_64-fedora-gcc, r-devel-osx-x86_64-clang, r-devel-windows-ix86+x86_64

Version: 3010.82
Check: S3 generic/method consistency
Result: NOTE
    Found the following apparent S3 methods exported but not registered:
     .plot.garch.1 .plot.garch.10 .plot.garch.11 .plot.garch.12
     .plot.garch.13 .plot.garch.2 .plot.garch.3 .plot.garch.4
     .plot.garch.5 .plot.garch.6 .plot.garch.7 .plot.garch.8 .plot.garch.9
    See section ‘Registering S3 methods’ in the ‘Writing R Extensions’
    manual.
Flavors: r-devel-linux-x86_64-debian-clang, r-devel-linux-x86_64-debian-gcc, r-devel-linux-x86_64-fedora-clang, r-devel-linux-x86_64-fedora-gcc, r-devel-osx-x86_64-clang

Version: 3010.82
Check: R code for possible problems
Result: NOTE
    .gogarchFit: no visible global function definition for ‘fastICA’
    .hessian2sided: no visible global function definition for ‘Matrix’
    garchFit: no visible binding for global variable ‘dem2gbp’
Flavors: r-devel-linux-x86_64-debian-clang, r-devel-linux-x86_64-debian-gcc, r-devel-linux-x86_64-fedora-clang, r-devel-linux-x86_64-fedora-gcc, r-devel-osx-x86_64-clang, r-devel-windows-ix86+x86_64, r-patched-linux-x86_64, r-patched-solaris-sparc, r-patched-solaris-x86, r-release-linux-ix86, r-release-osx-x86_64-mavericks, r-release-windows-ix86+x86_64

Version: 3010.82
Check: Rd line widths
Result: NOTE
    Rd file 'methods-predict.Rd':
     \usage lines wider than 90 characters:
     predict(object, n.ahead = 10, trace = FALSE, mse = c("cond","uncond"),plot=FALSE,nx=NULL,crit_val=NULL,conf=NULL,...)
    
    These lines will be truncated in the PDF manual.
Flavors: r-devel-linux-x86_64-debian-clang, r-devel-linux-x86_64-debian-gcc, r-devel-linux-x86_64-fedora-clang, r-devel-linux-x86_64-fedora-gcc, r-patched-linux-x86_64, r-release-linux-ix86

Version: 3010.82
Check: whether package can be installed
Result: ERROR
    Installation failed.
Flavor: r-release-osx-x86_64-snowleopard