CRAN Package Check Results for Package fGarch

Last updated on 2018-04-26 10:46:49 CEST.

Flavor Version Tinstall Tcheck Ttotal Status Flags
r-devel-linux-x86_64-debian-clang 3042.83 8.95 72.26 81.21 NOTE
r-devel-linux-x86_64-debian-gcc 3042.83 7.17 62.86 70.03 NOTE
r-devel-linux-x86_64-fedora-clang 3042.83 110.11 NOTE
r-devel-linux-x86_64-fedora-gcc 3042.83 102.31 NOTE
r-devel-windows-ix86+x86_64 3042.83 21.00 132.00 153.00 OK
r-patched-linux-x86_64 3042.83 9.88 77.26 87.14 NOTE
r-patched-solaris-x86 3042.83 143.80 NOTE
r-release-linux-x86_64 3042.83 6.77 76.76 83.53 NOTE
r-release-windows-ix86+x86_64 3042.83 21.00 132.00 153.00 OK
r-release-osx-x86_64 3042.83 OK
r-oldrel-windows-ix86+x86_64 3042.83 12.00 129.00 141.00 OK
r-oldrel-osx-x86_64 3042.83 OK

Check Details

Version: 3042.83
Check: S3 generic/method consistency
Result: NOTE
    Found the following apparent S3 methods exported but not registered:
     .plot.garch.1 .plot.garch.10 .plot.garch.11 .plot.garch.12
     .plot.garch.13 .plot.garch.2 .plot.garch.3 .plot.garch.4
     .plot.garch.5 .plot.garch.6 .plot.garch.7 .plot.garch.8 .plot.garch.9
    See section ‘Registering S3 methods’ in the ‘Writing R Extensions’
    manual.
Flavors: r-devel-linux-x86_64-debian-clang, r-devel-linux-x86_64-debian-gcc, r-devel-linux-x86_64-fedora-clang, r-devel-linux-x86_64-fedora-gcc, r-patched-linux-x86_64, r-patched-solaris-x86, r-release-linux-x86_64

Version: 3042.83
Check: compiled code
Result: NOTE
    File ‘fGarch/libs/fGarch.so’:
     Found no calls to: ‘R_registerRoutines’, ‘R_useDynamicSymbols’
    
    It is good practice to register native routines and to disable symbol
    search.
    
    See ‘Writing portable packages’ in the ‘Writing R Extensions’ manual.
Flavors: r-devel-linux-x86_64-debian-clang, r-devel-linux-x86_64-debian-gcc, r-devel-linux-x86_64-fedora-clang, r-devel-linux-x86_64-fedora-gcc, r-patched-linux-x86_64, r-release-linux-x86_64