CRAN Package Check Results for Package fGarch

Last updated on 2018-02-25 21:55:56 CET.

Flavor Version Tinstall Tcheck Ttotal Status Flags
r-devel-linux-x86_64-debian-clang 3042.83 7.86 79.25 87.11 NOTE
r-devel-linux-x86_64-debian-gcc 3042.83 6.21 62.77 68.98 NOTE
r-devel-linux-x86_64-fedora-clang 3042.83 104.89 NOTE
r-devel-linux-x86_64-fedora-gcc 3042.83 108.46 NOTE
r-devel-windows-ix86+x86_64 3042.83 25.00 155.00 180.00 OK
r-patched-linux-x86_64 3042.83 4.36 85.40 89.76 NOTE
r-patched-solaris-x86 3042.83 130.00 NOTE
r-release-linux-x86_64 3042.83 4.40 85.69 90.09 NOTE
r-release-windows-ix86+x86_64 3042.83 17.00 177.00 194.00 OK
r-release-osx-x86_64 3042.83 OK
r-oldrel-windows-ix86+x86_64 3042.83 12.00 108.00 120.00 OK
r-oldrel-osx-x86_64 3042.83 OK

Check Details

Version: 3042.83
Check: S3 generic/method consistency
Result: NOTE
    Found the following apparent S3 methods exported but not registered:
     .plot.garch.1 .plot.garch.10 .plot.garch.11 .plot.garch.12
     .plot.garch.13 .plot.garch.2 .plot.garch.3 .plot.garch.4
     .plot.garch.5 .plot.garch.6 .plot.garch.7 .plot.garch.8 .plot.garch.9
    See section ‘Registering S3 methods’ in the ‘Writing R Extensions’
    manual.
Flavors: r-devel-linux-x86_64-debian-clang, r-devel-linux-x86_64-debian-gcc, r-devel-linux-x86_64-fedora-clang, r-devel-linux-x86_64-fedora-gcc, r-patched-linux-x86_64, r-patched-solaris-x86, r-release-linux-x86_64

Version: 3042.83
Check: compiled code
Result: NOTE
    File ‘fGarch/libs/fGarch.so’:
     Found no calls to: ‘R_registerRoutines’, ‘R_useDynamicSymbols’
    
    It is good practice to register native routines and to disable symbol
    search.
    
    See ‘Writing portable packages’ in the ‘Writing R Extensions’ manual.
Flavors: r-devel-linux-x86_64-debian-clang, r-devel-linux-x86_64-debian-gcc, r-devel-linux-x86_64-fedora-clang, r-devel-linux-x86_64-fedora-gcc, r-patched-linux-x86_64, r-release-linux-x86_64