CRAN Package Check Results for Package fGarch

Last updated on 2017-10-20 00:52:36.

Flavor Version Tinstall Tcheck Ttotal Status Flags
r-devel-linux-x86_64-debian-clang 3010.82.1 3.21 54.58 57.78 NOTE
r-devel-linux-x86_64-debian-gcc 3010.82.1 3.57 60.45 64.01 NOTE
r-devel-linux-x86_64-fedora-clang 3010.82.1 108.94 NOTE
r-devel-linux-x86_64-fedora-gcc 3010.82.1 110.36 NOTE
r-devel-windows-ix86+x86_64 3010.82.1 13.00 120.00 133.00 NOTE
r-patched-linux-x86_64 3010.82.1 2.98 53.73 56.71 NOTE
r-patched-solaris-x86 3010.82.1 135.80 NOTE
r-release-linux-x86_64 3010.82.1 3.16 54.63 57.79 NOTE
r-release-windows-ix86+x86_64 3010.82.1 17.00 130.00 147.00 NOTE
r-release-osx-x86_64 3010.82.1 NOTE
r-oldrel-windows-ix86+x86_64 3010.82.1 11.00 147.00 158.00 NOTE
r-oldrel-osx-x86_64 3010.82.1 NOTE

Check Details

Version: 3010.82.1
Check: S3 generic/method consistency
Result: NOTE
    Found the following apparent S3 methods exported but not registered:
     .plot.garch.1 .plot.garch.10 .plot.garch.11 .plot.garch.12
     .plot.garch.13 .plot.garch.2 .plot.garch.3 .plot.garch.4
     .plot.garch.5 .plot.garch.6 .plot.garch.7 .plot.garch.8 .plot.garch.9
    See section ‘Registering S3 methods’ in the ‘Writing R Extensions’
    manual.
Flavors: r-devel-linux-x86_64-debian-clang, r-devel-linux-x86_64-debian-gcc, r-devel-linux-x86_64-fedora-clang, r-devel-linux-x86_64-fedora-gcc, r-patched-linux-x86_64, r-patched-solaris-x86, r-release-linux-x86_64

Version: 3010.82.1
Check: R code for possible problems
Result: NOTE
    garchFit: no visible binding for global variable ‘dem2gbp’
    fitted,fGARCH: no visible binding for global variable ‘fit’
    Undefined global functions or variables:
     dem2gbp fit
Flavors: r-devel-linux-x86_64-debian-clang, r-devel-linux-x86_64-debian-gcc, r-devel-linux-x86_64-fedora-clang, r-devel-linux-x86_64-fedora-gcc, r-devel-windows-ix86+x86_64, r-patched-linux-x86_64, r-patched-solaris-x86, r-release-linux-x86_64, r-release-windows-ix86+x86_64, r-release-osx-x86_64, r-oldrel-windows-ix86+x86_64, r-oldrel-osx-x86_64

Version: 3010.82.1
Check: compiled code
Result: NOTE
    File ‘fGarch/libs/fGarch.so’:
     Found no calls to: ‘R_registerRoutines’, ‘R_useDynamicSymbols’
    
    It is good practice to register native routines and to disable symbol
    search.
    
    See ‘Writing portable packages’ in the ‘Writing R Extensions’ manual.
Flavors: r-devel-linux-x86_64-debian-clang, r-devel-linux-x86_64-debian-gcc, r-devel-linux-x86_64-fedora-clang, r-devel-linux-x86_64-fedora-gcc, r-patched-linux-x86_64, r-release-linux-x86_64