CRAN Package Check Results for Package fGarch

Last updated on 2017-06-26 21:49:26.

Flavor Version Tinstall Tcheck Ttotal Status Flags
r-devel-linux-x86_64-debian-clang 3010.82.1 3.13 54.94 58.07 NOTE
r-devel-linux-x86_64-debian-gcc 3010.82.1 3.01 53.94 56.94 NOTE
r-devel-linux-x86_64-fedora-clang 3010.82.1 112.29 NOTE
r-devel-linux-x86_64-fedora-gcc 3010.82.1 106.55 NOTE
r-devel-windows-ix86+x86_64 3010.82.1 16.00 167.00 183.00 NOTE
r-patched-linux-x86_64 3010.82.1 3.03 55.77 58.80 NOTE
r-patched-solaris-sparc 3010.82.1 608.40 NOTE
r-patched-solaris-x86 3010.82.1 129.50 NOTE
r-release-linux-x86_64 3010.82.1 2.95 53.73 56.68 NOTE
r-release-windows-ix86+x86_64 3010.82.1 11.00 167.00 178.00 NOTE
r-release-osx-x86_64 3010.82.1 NOTE
r-oldrel-windows-ix86+x86_64 3010.82.1 13.00 148.00 161.00 NOTE
r-oldrel-osx-x86_64 3010.82.1 NOTE

Check Details

Version: 3010.82.1
Check: S3 generic/method consistency
Result: NOTE
    Found the following apparent S3 methods exported but not registered:
     .plot.garch.1 .plot.garch.10 .plot.garch.11 .plot.garch.12
     .plot.garch.13 .plot.garch.2 .plot.garch.3 .plot.garch.4
     .plot.garch.5 .plot.garch.6 .plot.garch.7 .plot.garch.8 .plot.garch.9
    See section ‘Registering S3 methods’ in the ‘Writing R Extensions’
    manual.
Flavors: r-devel-linux-x86_64-debian-clang, r-devel-linux-x86_64-debian-gcc, r-devel-linux-x86_64-fedora-clang, r-devel-linux-x86_64-fedora-gcc, r-patched-linux-x86_64, r-patched-solaris-sparc, r-patched-solaris-x86, r-release-linux-x86_64

Version: 3010.82.1
Check: R code for possible problems
Result: NOTE
    garchFit: no visible binding for global variable ‘dem2gbp’
    fitted,fGARCH: no visible binding for global variable ‘fit’
    Undefined global functions or variables:
     dem2gbp fit
Flavors: r-devel-linux-x86_64-debian-clang, r-devel-linux-x86_64-debian-gcc, r-devel-linux-x86_64-fedora-clang, r-devel-linux-x86_64-fedora-gcc, r-devel-windows-ix86+x86_64, r-patched-linux-x86_64, r-patched-solaris-sparc, r-patched-solaris-x86, r-release-linux-x86_64, r-release-windows-ix86+x86_64, r-release-osx-x86_64, r-oldrel-windows-ix86+x86_64, r-oldrel-osx-x86_64

Version: 3010.82.1
Check: compiled code
Result: NOTE
    File ‘fGarch/libs/fGarch.so’:
     Found no calls to: ‘R_registerRoutines’, ‘R_useDynamicSymbols’
    
    It is good practice to register native routines and to disable symbol
    search.
    
    See ‘Writing portable packages’ in the ‘Writing R Extensions’ manual.
Flavors: r-devel-linux-x86_64-debian-clang, r-devel-linux-x86_64-debian-gcc, r-devel-linux-x86_64-fedora-clang, r-devel-linux-x86_64-fedora-gcc, r-patched-linux-x86_64, r-release-linux-x86_64