CRAN Package Check Results for Package fImport

Last updated on 2015-04-28 12:47:22.

Flavor Version Tinstall Tcheck Ttotal Status Flags
r-devel-linux-x86_64-debian-clang 3000.82 2.09 23.82 25.90 NOTE
r-devel-linux-x86_64-debian-gcc 3000.82 1.98 22.97 24.95 NOTE
r-devel-linux-x86_64-fedora-clang 3000.82 52.27 NOTE
r-devel-linux-x86_64-fedora-gcc 3000.82 49.62 NOTE
r-devel-osx-x86_64-clang 3000.82 47.04 NOTE
r-devel-windows-ix86+x86_64 3000.82 7.00 33.00 40.00 NOTE
r-patched-linux-x86_64 3000.82 2.00 23.64 25.64 NOTE
r-patched-solaris-sparc 3000.82 305.60 NOTE
r-patched-solaris-x86 3000.82 66.30 NOTE
r-release-linux-x86_64 3000.82 2.75 22.89 25.64 NOTE
r-release-osx-x86_64-mavericks 3000.82 NOTE
r-release-osx-x86_64-snowleopard 3000.82 NOTE
r-release-windows-ix86+x86_64 3000.82 7.00 35.00 42.00 NOTE
r-oldrel-windows-ix86+x86_64 3000.82 8.00 40.00 48.00 OK

Check Details

Version: 3000.82
Check: DESCRIPTION meta-information
Result: NOTE
    Malformed Description field: should contain one or more complete sentences.
Flavors: r-devel-linux-x86_64-debian-clang, r-devel-linux-x86_64-debian-gcc, r-devel-linux-x86_64-fedora-clang, r-devel-linux-x86_64-fedora-gcc, r-devel-osx-x86_64-clang, r-devel-windows-ix86+x86_64, r-patched-linux-x86_64, r-patched-solaris-sparc, r-patched-solaris-x86, r-release-linux-x86_64, r-release-osx-x86_64-mavericks, r-release-osx-x86_64-snowleopard, r-release-windows-ix86+x86_64