CRAN Package Check Results for Package fImport

Last updated on 2015-03-04 00:47:07.

Flavor Version Tinstall Tcheck Ttotal Status Flags
r-devel-linux-x86_64-debian-clang 3000.82 2.05 23.78 25.84 NOTE
r-devel-linux-x86_64-debian-gcc 3000.82 1.94 22.95 24.90 NOTE
r-devel-linux-x86_64-fedora-clang 3000.82 53.90 NOTE
r-devel-linux-x86_64-fedora-gcc 3000.82 49.71 NOTE
r-devel-osx-x86_64-clang 3000.82 49.16 NOTE
r-devel-windows-ix86+x86_64 3000.82 7.00 35.00 42.00 NOTE
r-patched-linux-x86_64 3000.82 3.28 29.19 32.47 OK
r-patched-solaris-sparc 3000.82 420.60 OK
r-patched-solaris-x86 3000.82 84.50 OK
r-release-linux-ix86 3000.82 3.25 36.19 39.44 OK
r-release-linux-x86_64 3000.82 2.92 29.08 32.00 OK
r-release-osx-x86_64-mavericks 3000.82 OK
r-release-windows-ix86+x86_64 3000.82 15.00 62.00 77.00 OK
r-oldrel-windows-ix86+x86_64 3000.82 9.00 39.00 48.00 OK

Check Details

Version: 3000.82
Check: DESCRIPTION meta-information
Result: NOTE
    Malformed Description field: should contain one or more complete sentences.
Flavors: r-devel-linux-x86_64-debian-clang, r-devel-linux-x86_64-debian-gcc, r-devel-linux-x86_64-fedora-clang, r-devel-linux-x86_64-fedora-gcc, r-devel-osx-x86_64-clang, r-devel-windows-ix86+x86_64