CRAN Package Check Results for Package fImport

Last updated on 2015-05-23 03:48:41.

Flavor Version Tinstall Tcheck Ttotal Status Flags
r-devel-linux-x86_64-debian-clang 3000.82 2.10 23.34 25.44 NOTE
r-devel-linux-x86_64-debian-gcc 3000.82 2.02 23.46 25.47 NOTE
r-devel-linux-x86_64-fedora-clang 3000.82 52.25 NOTE
r-devel-linux-x86_64-fedora-gcc 3000.82 50.22 NOTE
r-devel-osx-x86_64-clang 3000.82 49.57 NOTE
r-devel-windows-ix86+x86_64 3000.82 7.00 35.00 42.00 NOTE
r-patched-linux-x86_64 3000.82 2.00 24.22 26.22 NOTE
r-patched-solaris-sparc 3000.82 322.90 NOTE
r-patched-solaris-x86 3000.82 65.70 NOTE
r-release-linux-x86_64 3000.82 2.04 23.20 25.24 NOTE
r-release-osx-x86_64-mavericks 3000.82 NOTE
r-release-osx-x86_64-snowleopard 3000.82 NOTE
r-release-windows-ix86+x86_64 3000.82 7.00 31.00 38.00 NOTE
r-oldrel-windows-ix86+x86_64 3000.82 8.00 55.00 63.00 OK

Check Details

Version: 3000.82
Check: DESCRIPTION meta-information
Result: NOTE
    Malformed Description field: should contain one or more complete sentences.
Flavors: r-devel-linux-x86_64-debian-clang, r-devel-linux-x86_64-debian-gcc, r-devel-linux-x86_64-fedora-clang, r-devel-linux-x86_64-fedora-gcc, r-devel-osx-x86_64-clang, r-devel-windows-ix86+x86_64, r-patched-linux-x86_64, r-patched-solaris-sparc, r-patched-solaris-x86, r-release-linux-x86_64, r-release-osx-x86_64-mavericks, r-release-osx-x86_64-snowleopard, r-release-windows-ix86+x86_64