CRAN Package Check Results for Package fImport

Last updated on 2017-04-27 05:51:41.

Flavor Version Tinstall Tcheck Ttotal Status Flags
r-devel-linux-x86_64-debian-clang 3000.82 1.97 25.04 27.02 NOTE
r-devel-linux-x86_64-debian-gcc 3000.82 2.06 24.44 26.50 NOTE
r-devel-linux-x86_64-fedora-clang 3000.82 50.21 NOTE --no-stop-on-test-error
r-devel-linux-x86_64-fedora-gcc 3000.82 48.71 NOTE --no-stop-on-test-error
r-devel-windows-ix86+x86_64 3000.82 7.00 64.00 71.00 NOTE
r-patched-linux-x86_64 3000.82 2.04 24.92 26.96 NOTE
r-patched-solaris-sparc 3000.82 300.00 NOTE
r-patched-solaris-x86 3000.82 66.90 NOTE
r-release-linux-x86_64 3000.82 2.08 24.40 26.48 NOTE
r-release-windows-ix86+x86_64 3000.82 7.00 51.00 58.00 NOTE
r-release-osx-x86_64 3000.82 NOTE
r-oldrel-windows-ix86+x86_64 3000.82 6.00 57.00 63.00 NOTE
r-oldrel-osx-x86_64 3000.82 NOTE

Check Details

Version: 3000.82
Check: DESCRIPTION meta-information
Result: NOTE
    Malformed Description field: should contain one or more complete sentences.
Flavors: r-devel-linux-x86_64-debian-clang, r-devel-linux-x86_64-debian-gcc, r-devel-windows-ix86+x86_64, r-patched-linux-x86_64, r-patched-solaris-sparc, r-patched-solaris-x86, r-release-linux-x86_64, r-release-windows-ix86+x86_64, r-release-osx-x86_64, r-oldrel-windows-ix86+x86_64, r-oldrel-osx-x86_64

Version: 3000.82
Check: R code for possible problems
Result: NOTE
    .getYahooData: no visible global function definition for
     ‘flush.console’
    .getYahooData: no visible global function definition for ‘read.table’
    .read.xls: no visible global function definition for ‘read.csv’
    .xls2csv: no visible global function definition for ‘download.file’
    fredImport: no visible global function definition for ‘download.file’
    fredImport: no visible global function definition for ‘write.table’
    oandaImport: no visible global function definition for ‘download.file’
    oandaImport: no visible global function definition for ‘write.table’
    yahooBriefing: no visible global function definition for
     ‘download.file’
    yahooImport: no visible global function definition for ‘download.file’
    yahooImport: no visible global function definition for ‘read.table’
    yahooImport: no visible global function definition for ‘write.table’
    yahooKeystats: no visible global function definition for
     ‘download.file’
    Undefined global functions or variables:
     download.file flush.console read.csv read.table write.table
    Consider adding
     importFrom("utils", "download.file", "flush.console", "read.csv",
     "read.table", "write.table")
    to your NAMESPACE file.
Flavors: r-devel-linux-x86_64-debian-clang, r-devel-linux-x86_64-debian-gcc, r-devel-windows-ix86+x86_64, r-patched-linux-x86_64, r-patched-solaris-sparc, r-patched-solaris-x86, r-release-linux-x86_64, r-release-windows-ix86+x86_64, r-release-osx-x86_64, r-oldrel-windows-ix86+x86_64, r-oldrel-osx-x86_64

Version: 3000.82
Flags: --no-stop-on-test-error
Check: DESCRIPTION meta-information
Result: NOTE
    Malformed Description field: should contain one or more complete sentences.
Flavors: r-devel-linux-x86_64-fedora-clang, r-devel-linux-x86_64-fedora-gcc

Version: 3000.82
Flags: --no-stop-on-test-error
Check: R code for possible problems
Result: NOTE
    .getYahooData: no visible global function definition for
     ‘flush.console’
    .getYahooData: no visible global function definition for ‘read.table’
    .read.xls: no visible global function definition for ‘read.csv’
    .xls2csv: no visible global function definition for ‘download.file’
    fredImport: no visible global function definition for ‘download.file’
    fredImport: no visible global function definition for ‘write.table’
    oandaImport: no visible global function definition for ‘download.file’
    oandaImport: no visible global function definition for ‘write.table’
    yahooBriefing: no visible global function definition for
     ‘download.file’
    yahooImport: no visible global function definition for ‘download.file’
    yahooImport: no visible global function definition for ‘read.table’
    yahooImport: no visible global function definition for ‘write.table’
    yahooKeystats: no visible global function definition for
     ‘download.file’
    Undefined global functions or variables:
     download.file flush.console read.csv read.table write.table
    Consider adding
     importFrom("utils", "download.file", "flush.console", "read.csv",
     "read.table", "write.table")
    to your NAMESPACE file.
Flavors: r-devel-linux-x86_64-fedora-clang, r-devel-linux-x86_64-fedora-gcc