CRAN Package Check Results for Package fImport

Last updated on 2014-04-24 19:53:58.

Flavor Version Tinstall Tcheck Ttotal Status Flags
r-devel-linux-x86_64-debian-clang 3000.82 2.97 31.04 34.02 OK
r-devel-linux-x86_64-debian-gcc 3000.82 3.16 30.38 33.53 OK
r-devel-linux-x86_64-fedora-clang 3000.82 71.34 OK
r-devel-linux-x86_64-fedora-gcc 3000.82 69.21 OK
r-devel-osx-x86_64-clang 3000.82 55.97 OK
r-devel-osx-x86_64-gcc 3000.82 OK
r-devel-windows-ix86+x86_64 3000.82 8.00 41.00 49.00 OK
r-patched-linux-x86_64 3000.82 2.93 30.67 33.60 OK
r-patched-solaris-sparc 3000.82 390.90 OK
r-patched-solaris-x86 3000.82 86.20 OK
r-release-linux-ix86 3000.82 5.00 51.00 56.00 OK
r-release-linux-x86_64 3000.82 3.34 31.93 35.27 OK
r-release-osx-x86_64-mavericks 3000.82 WARN
r-release-windows-ix86+x86_64 3000.82 8.00 42.00 50.00 OK
r-oldrel-windows-ix86+x86_64 3000.82 8.00 40.00 48.00 OK

Check Details

Version: 3000.82
Check: PDF version of manual
Result: WARNING
    LaTeX errors when creating PDF version.
    This typically indicates Rd problems.
    LaTeX errors found:
    ! LaTeX Error: File `upquote.sty' not found.
    
    Type X to quit or <RETURN> to proceed,
    or enter new name. (Default extension: sty)
    
    39ad07b6/Rd2.tex:8: ==> Fatal error occurred, no output PDF file produced!
Flavor: r-release-osx-x86_64-mavericks