CRAN Package Check Results for Package fImport

Last updated on 2015-09-02 06:47:56.

Flavor Version Tinstall Tcheck Ttotal Status Flags
r-devel-linux-x86_64-debian-clang 3000.82 1.88 23.01 24.90 NOTE
r-devel-linux-x86_64-debian-gcc 3000.82 2.07 21.44 23.50 NOTE
r-devel-linux-x86_64-fedora-clang 3000.82 49.85 NOTE
r-devel-linux-x86_64-fedora-gcc 3000.82 47.61 NOTE
r-devel-osx-x86_64-clang 3000.82 41.96 NOTE
r-devel-windows-ix86+x86_64 3000.82 9.00 107.00 116.00 NOTE
r-patched-linux-x86_64 3000.82 2.02 23.55 25.57 NOTE
r-patched-solaris-sparc 3000.82 319.70 NOTE
r-patched-solaris-x86 3000.82 67.30 NOTE
r-release-linux-x86_64 3000.82 2.24 24.01 26.25 NOTE
r-release-osx-x86_64-mavericks 3000.82 NOTE
r-release-windows-ix86+x86_64 3000.82 9.00 37.00 46.00 NOTE
r-oldrel-windows-ix86+x86_64 3000.82 12.00 54.00 66.00 OK

Check Details

Version: 3000.82
Check: DESCRIPTION meta-information
Result: NOTE
    Malformed Description field: should contain one or more complete sentences.
Flavors: r-devel-linux-x86_64-debian-clang, r-devel-linux-x86_64-debian-gcc, r-devel-linux-x86_64-fedora-clang, r-devel-linux-x86_64-fedora-gcc, r-devel-osx-x86_64-clang, r-devel-windows-ix86+x86_64, r-patched-linux-x86_64, r-patched-solaris-sparc, r-patched-solaris-x86, r-release-linux-x86_64, r-release-osx-x86_64-mavericks, r-release-windows-ix86+x86_64

Version: 3000.82
Check: R code for possible problems
Result: NOTE
    .getYahooData: no visible global function definition for
     ‘flush.console’
    .getYahooData: no visible global function definition for ‘read.table’
    .read.xls: no visible global function definition for ‘read.csv’
    .xls2csv: no visible global function definition for ‘download.file’
    fredImport: no visible global function definition for ‘download.file’
    fredImport: no visible global function definition for ‘write.table’
    oandaImport: no visible global function definition for ‘download.file’
    oandaImport: no visible global function definition for ‘write.table’
    yahooBriefing: no visible global function definition for
     ‘download.file’
    yahooImport: no visible global function definition for ‘download.file’
    yahooImport: no visible global function definition for ‘read.table’
    yahooImport: no visible global function definition for ‘write.table’
    yahooKeystats: no visible global function definition for
     ‘download.file’
    Undefined global functions or variables:
     download.file flush.console read.csv read.table write.table
    Consider adding
     importFrom("utils", "download.file", "flush.console", "read.csv",
     "read.table", "write.table")
    to your NAMESPACE.
Flavors: r-devel-linux-x86_64-debian-clang, r-devel-linux-x86_64-debian-gcc, r-devel-linux-x86_64-fedora-clang, r-devel-linux-x86_64-fedora-gcc, r-devel-windows-ix86+x86_64