CRAN Package Check Results for Package fImport

Last updated on 2016-07-24 11:47:22.

Flavor Version Tinstall Tcheck Ttotal Status Flags
r-devel-linux-x86_64-debian-clang 3000.82 3.04 28.45 31.50 NOTE
r-devel-linux-x86_64-debian-gcc 3000.82 2.77 27.60 30.37 NOTE
r-devel-linux-x86_64-fedora-clang 3000.82 46.14 NOTE
r-devel-linux-x86_64-fedora-gcc 3000.82 43.24 NOTE
r-devel-osx-x86_64-clang 3000.82 38.40 NOTE
r-devel-windows-ix86+x86_64 3000.82 6.00 46.00 52.00 NOTE
r-patched-linux-x86_64 3000.82 2.09 25.54 27.63 NOTE
r-patched-solaris-sparc 3000.82 281.20 NOTE
r-patched-solaris-x86 3000.82 56.40 NOTE
r-release-linux-x86_64 3000.82 2.10 27.19 29.30 NOTE
r-release-osx-x86_64-mavericks 3000.82 NOTE
r-release-windows-ix86+x86_64 3000.82 6.00 53.00 59.00 NOTE
r-oldrel-windows-ix86+x86_64 3000.82 11.00 45.00 56.00 NOTE

Check Details

Version: 3000.82
Check: DESCRIPTION meta-information
Result: NOTE
    Malformed Description field: should contain one or more complete sentences.
Flavors: r-devel-linux-x86_64-debian-clang, r-devel-linux-x86_64-debian-gcc, r-devel-linux-x86_64-fedora-clang, r-devel-linux-x86_64-fedora-gcc, r-devel-osx-x86_64-clang, r-devel-windows-ix86+x86_64, r-patched-linux-x86_64, r-patched-solaris-sparc, r-patched-solaris-x86, r-release-linux-x86_64, r-release-osx-x86_64-mavericks, r-release-windows-ix86+x86_64, r-oldrel-windows-ix86+x86_64

Version: 3000.82
Check: R code for possible problems
Result: NOTE
    .getYahooData: no visible global function definition for
     ‘flush.console’
    .getYahooData: no visible global function definition for ‘read.table’
    .read.xls: no visible global function definition for ‘read.csv’
    .xls2csv: no visible global function definition for ‘download.file’
    fredImport: no visible global function definition for ‘download.file’
    fredImport: no visible global function definition for ‘write.table’
    oandaImport: no visible global function definition for ‘download.file’
    oandaImport: no visible global function definition for ‘write.table’
    yahooBriefing: no visible global function definition for
     ‘download.file’
    yahooImport: no visible global function definition for ‘download.file’
    yahooImport: no visible global function definition for ‘read.table’
    yahooImport: no visible global function definition for ‘write.table’
    yahooKeystats: no visible global function definition for
     ‘download.file’
    Undefined global functions or variables:
     download.file flush.console read.csv read.table write.table
    Consider adding
     importFrom("utils", "download.file", "flush.console", "read.csv",
     "read.table", "write.table")
    to your NAMESPACE file.
Flavors: r-devel-linux-x86_64-debian-clang, r-devel-linux-x86_64-debian-gcc, r-devel-linux-x86_64-fedora-clang, r-devel-linux-x86_64-fedora-gcc, r-devel-osx-x86_64-clang, r-devel-windows-ix86+x86_64, r-patched-linux-x86_64, r-patched-solaris-sparc, r-patched-solaris-x86, r-release-linux-x86_64, r-release-osx-x86_64-mavericks, r-release-windows-ix86+x86_64