CRAN Package Check Results for Package fMultivar

Last updated on 2015-03-02 05:47:39.

Flavor Version Tinstall Tcheck Ttotal Status Flags
r-devel-linux-x86_64-debian-clang 3011.78 1.95 38.99 40.94 NOTE
r-devel-linux-x86_64-debian-gcc 3011.78 2.04 35.87 37.91 NOTE
r-devel-linux-x86_64-fedora-clang 3011.78 81.17 NOTE
r-devel-linux-x86_64-fedora-gcc 3011.78 73.87 NOTE
r-devel-osx-x86_64-clang 3011.78 70.03 NOTE
r-devel-windows-ix86+x86_64 3011.78 10.00 77.00 87.00 NOTE
r-patched-linux-x86_64 3011.78 2.76 46.76 49.52 NOTE
r-patched-solaris-sparc 3011.78 609.90 NOTE
r-patched-solaris-x86 3011.78 110.50 ERROR
r-release-linux-ix86 3011.78 3.14 56.70 59.84 OK
r-release-linux-x86_64 3011.78 2.72 46.89 49.61 OK
r-release-osx-x86_64-mavericks 3011.78 NOTE
r-release-osx-x86_64-snowleopard 3011.78 OK
r-release-windows-ix86+x86_64 3011.78 14.00 101.00 115.00 OK
r-oldrel-windows-ix86+x86_64 3011.78 8.00 66.00 74.00 OK

Check Details

Version: 3011.78
Check: DESCRIPTION meta-information
Result: NOTE
    Malformed Description field: should contain one or more complete sentences.
Flavors: r-devel-linux-x86_64-debian-clang, r-devel-linux-x86_64-debian-gcc, r-devel-linux-x86_64-fedora-clang, r-devel-linux-x86_64-fedora-gcc, r-devel-osx-x86_64-clang, r-devel-windows-ix86+x86_64

Version: 3011.78
Check: S3 generic/method consistency
Result: NOTE
    Found the following apparent S3 methods exported but not registered:
     contour.gridData persp.gridData plot.hexBinning plot.squareBinning
    See section ‘Registering S3 methods’ in the ‘Writing R Extensions’
    manual.
Flavors: r-devel-linux-x86_64-debian-clang, r-devel-linux-x86_64-debian-gcc, r-devel-linux-x86_64-fedora-clang, r-devel-linux-x86_64-fedora-gcc, r-devel-osx-x86_64-clang

Version: 3011.78
Check: line endings in Makefiles
Result: NOTE
    Found the following Makefile(s) without a final LF:
     inst/unitTests/Makefile
    Some ‘make’ programs ignore lines not ending in LF.
Flavors: r-devel-linux-x86_64-debian-clang, r-devel-linux-x86_64-debian-gcc, r-devel-linux-x86_64-fedora-clang, r-devel-linux-x86_64-fedora-gcc, r-devel-osx-x86_64-clang, r-devel-windows-ix86+x86_64, r-patched-linux-x86_64, r-patched-solaris-sparc, r-patched-solaris-x86, r-release-osx-x86_64-mavericks

Version: 3011.78
Check: tests
Result: ERROR
    Running the tests in ‘tests/doRUnit.R’ failed.
    Last 13 lines of output:
     Number of failures: 0
    
    
     1 Test Suite :
     fMultivar unit testing - 11 test functions, 1 error, 0 failures
     ERROR in test.gridDataPlot: Error in persp.default(x, theta = theta, phi = phi, col = col, ticktype = ticktype, :
     invalid 'z' limits
     Error in eval(expr, envir, enclos) :
    
     unit testing failed (#test failures: 0, R errors: 1)
    
     Calls: source -> withVisible -> eval -> eval
     Execution halted
Flavor: r-patched-solaris-x86