CRAN Package Check Results for Package fMultivar

Last updated on 2015-07-28 06:47:49.

Flavor Version Tinstall Tcheck Ttotal Status Flags
r-devel-linux-x86_64-debian-clang 3011.78 1.95 36.05 38.00 NOTE
r-devel-linux-x86_64-debian-gcc 3011.78 1.88 35.02 36.89 NOTE
r-devel-linux-x86_64-fedora-clang 3011.78 77.59 NOTE
r-devel-linux-x86_64-fedora-gcc 3011.78 72.65 NOTE
r-devel-osx-x86_64-clang 3011.78 56.98 NOTE
r-devel-windows-ix86+x86_64 3011.78 10.00 55.00 65.00 NOTE
r-patched-linux-x86_64 3011.78 2.06 35.41 37.46 NOTE
r-patched-solaris-sparc 3011.78 486.90 NOTE
r-patched-solaris-x86 3011.78 92.20 ERROR
r-release-linux-x86_64 3011.78 1.93 37.72 39.65 NOTE
r-release-osx-x86_64-mavericks 3011.78 NOTE
r-release-windows-ix86+x86_64 3011.78 10.00 57.00 67.00 NOTE
r-oldrel-windows-ix86+x86_64 3011.78 13.00 76.00 89.00 NOTE

Check Details

Version: 3011.78
Check: DESCRIPTION meta-information
Result: NOTE
    Malformed Description field: should contain one or more complete sentences.
Flavors: r-devel-linux-x86_64-debian-clang, r-devel-linux-x86_64-debian-gcc, r-devel-linux-x86_64-fedora-clang, r-devel-linux-x86_64-fedora-gcc, r-devel-osx-x86_64-clang, r-devel-windows-ix86+x86_64, r-patched-linux-x86_64, r-patched-solaris-sparc, r-patched-solaris-x86, r-release-linux-x86_64, r-release-osx-x86_64-mavericks, r-release-windows-ix86+x86_64

Version: 3011.78
Check: S3 generic/method consistency
Result: NOTE
    Found the following apparent S3 methods exported but not registered:
     contour.gridData persp.gridData plot.hexBinning plot.squareBinning
    See section ‘Registering S3 methods’ in the ‘Writing R Extensions’
    manual.
Flavors: r-devel-linux-x86_64-debian-clang, r-devel-linux-x86_64-debian-gcc, r-devel-linux-x86_64-fedora-clang, r-devel-linux-x86_64-fedora-gcc, r-devel-osx-x86_64-clang, r-patched-linux-x86_64, r-patched-solaris-sparc, r-patched-solaris-x86, r-release-linux-x86_64

Version: 3011.78
Check: R code for possible problems
Result: NOTE
    .TOwen: no visible global function definition for ‘pnorm’
    .delliptical2dSlider: no visible global function definition for ‘par’
    .delliptical2dSlider : refresh.code: no visible global function
     definition for ‘image’
    .delliptical2dSlider : refresh.code: no visible global function
     definition for ‘heat.colors’
    .delliptical2dSlider : refresh.code: no visible global function
     definition for ‘contour’
    .delliptical2dSlider : refresh.code: no visible global function
     definition for ‘title’
    .delliptical2dSlider : refresh.code: no visible global function
     definition for ‘par’
    .dnorm2d: no visible global function definition for ‘mahalanobis’
    .mnFit: no visible global function definition for ‘cov’
    .mnFit: no visible global function definition for ‘new’
    .pnorm2d: no visible global function definition for ‘pnorm’
    .rnorm2d: no visible global function definition for ‘rnorm’
    contour.gridData: no visible global function definition for ‘image’
    contour.gridData: no visible global function definition for ‘contour’
    contour.gridData: no visible global function definition for ‘box’
    density2d : .bandwidth.nrd: no visible global function definition for
     ‘var’
    density2d: no visible global function definition for ‘dnorm’
    mscFit: no visible global function definition for ‘new’
    msnFit: no visible global function definition for ‘new’
    mstFit: no visible global function definition for ‘new’
    persp.gridData: no visible global function definition for ‘persp’
    plot.hexBinning: no visible global function definition for
     ‘heat.colors’
    plot.hexBinning: no visible global function definition for ‘polygon’
    plot.hexBinning: no visible global function definition for ‘rug’
    plot.squareBinning: no visible global function definition for
     ‘heat.colors’
    plot.squareBinning: no visible global function definition for ‘polygon’
    plot.squareBinning: no visible global function definition for ‘rug’
    rnorm2d: no visible global function definition for ‘rnorm’
    rt2d: no visible global function definition for ‘rchisq’
    Undefined global functions or variables:
     box contour cov dnorm heat.colors image mahalanobis new par persp
     pnorm polygon rchisq rnorm rug title var
    Consider adding
     importFrom("grDevices", "heat.colors")
     importFrom("graphics", "box", "contour", "image", "par", "persp",
     "polygon", "rug", "title")
     importFrom("methods", "new")
     importFrom("stats", "cov", "dnorm", "mahalanobis", "pnorm", "rchisq",
     "rnorm", "var")
    to your NAMESPACE.
Flavors: r-devel-linux-x86_64-debian-clang, r-devel-linux-x86_64-debian-gcc, r-devel-linux-x86_64-fedora-clang, r-devel-linux-x86_64-fedora-gcc, r-devel-windows-ix86+x86_64

Version: 3011.78
Check: line endings in Makefiles
Result: NOTE
    Found the following Makefile(s) without a final LF:
     inst/unitTests/Makefile
    Some ‘make’ programs ignore lines not ending in LF.
Flavors: r-devel-linux-x86_64-debian-clang, r-devel-linux-x86_64-debian-gcc, r-devel-linux-x86_64-fedora-clang, r-devel-linux-x86_64-fedora-gcc, r-devel-osx-x86_64-clang, r-devel-windows-ix86+x86_64, r-patched-linux-x86_64, r-patched-solaris-sparc, r-patched-solaris-x86, r-release-linux-x86_64, r-release-osx-x86_64-mavericks, r-release-windows-ix86+x86_64, r-oldrel-windows-ix86+x86_64

Version: 3011.78
Check: tests
Result: ERROR
    Running the tests in ‘tests/doRUnit.R’ failed.
    Last 13 lines of output:
     Number of failures: 0
    
    
     1 Test Suite :
     fMultivar unit testing - 11 test functions, 1 error, 0 failures
     ERROR in test.gridDataPlot: Error in persp.default(x, theta = theta, phi = phi, col = col, ticktype = ticktype, :
     invalid 'z' limits
     Error in eval(expr, envir, enclos) :
    
     unit testing failed (#test failures: 0, R errors: 1)
    
     Calls: source -> withVisible -> eval -> eval
     Execution halted
Flavor: r-patched-solaris-x86