CRAN Package Check Results for Package fMultivar

Last updated on 2014-09-21 05:47:27.

Flavor Version Tinstall Tcheck Ttotal Status Flags
r-devel-linux-x86_64-debian-clang 3011.78 2.72 44.24 46.97 OK
r-devel-linux-x86_64-debian-gcc 3011.78 2.53 43.32 45.86 OK
r-devel-linux-x86_64-fedora-clang 3011.78 101.58 OK
r-devel-linux-x86_64-fedora-gcc 3011.78 96.27 OK
r-devel-osx-x86_64-clang 3011.78 84.09 OK
r-devel-windows-ix86+x86_64 3011.78 7.00 68.00 75.00 OK
r-patched-linux-x86_64 3011.78 2.78 48.22 51.00 OK
r-patched-solaris-sparc 3011.78 582.10 OK
r-patched-solaris-x86 3011.78 118.90 ERROR
r-release-linux-ix86 3011.78 3.41 60.35 63.76 OK
r-release-linux-x86_64 3011.78 2.73 51.20 53.92 OK
r-release-osx-x86_64-mavericks 3011.78 OK
r-release-osx-x86_64-snowleopard 3011.78 OK
r-release-windows-ix86+x86_64 3011.78 8.00 70.00 78.00 OK
r-oldrel-windows-ix86+x86_64 3011.78 9.00 71.00 80.00 OK

Check Details

Version: 3011.78
Check: tests
Result: ERROR
    Running the tests in ‘tests/doRUnit.R’ failed.
    Last 13 lines of output:
     Number of failures: 0
    
    
     1 Test Suite :
     fMultivar unit testing - 11 test functions, 1 error, 0 failures
     ERROR in test.gridDataPlot: Error in persp.default(x, theta = theta, phi = phi, col = col, ticktype = ticktype, :
     invalid 'z' limits
     Error in eval(expr, envir, enclos) :
    
     unit testing failed (#test failures: 0, R errors: 1)
    
     Calls: source -> withVisible -> eval -> eval
     Execution halted
Flavor: r-patched-solaris-x86