CRAN Package Check Results for Package fMultivar

Last updated on 2015-01-30 14:48:48.

Flavor Version Tinstall Tcheck Ttotal Status Flags
r-devel-linux-x86_64-debian-clang 3011.78 2.39 40.31 42.70 NOTE
r-devel-linux-x86_64-debian-gcc 3011.78 2.25 40.67 42.92 NOTE
r-devel-linux-x86_64-fedora-clang 3011.78 96.58 NOTE
r-devel-linux-x86_64-fedora-gcc 3011.78 89.27 NOTE
r-devel-osx-x86_64-clang 3011.78 89.68 NOTE
r-devel-windows-ix86+x86_64 3011.78 9.00 60.00 69.00 NOTE
r-patched-linux-x86_64 3011.78 2.79 44.90 47.69 NOTE
r-patched-solaris-sparc 3011.78 598.50 NOTE
r-patched-solaris-x86 3011.78 110.60 ERROR
r-release-linux-ix86 3011.78 3.12 55.42 58.53 OK
r-release-linux-x86_64 3011.78 2.80 46.82 49.62 OK
r-release-osx-x86_64-mavericks 3011.78 NOTE
r-release-osx-x86_64-snowleopard 3011.78 OK
r-release-windows-ix86+x86_64 3011.78 8.00 76.00 84.00 OK
r-oldrel-windows-ix86+x86_64 3011.78 8.00 66.00 74.00 OK

Check Details

Version: 3011.78
Check: S3 generic/method consistency
Result: NOTE
    Found the following apparent S3 methods exported but not registered:
     contour.gridData persp.gridData plot.hexBinning plot.squareBinning
    See section ‘Registering S3 methods’ in the ‘Writing R Extensions’
    manual.
Flavors: r-devel-linux-x86_64-debian-clang, r-devel-linux-x86_64-debian-gcc, r-devel-linux-x86_64-fedora-clang, r-devel-linux-x86_64-fedora-gcc, r-devel-osx-x86_64-clang

Version: 3011.78
Check: line endings in Makefiles
Result: NOTE
    Found the following Makefile(s) without a final LF:
     inst/unitTests/Makefile
    Some ‘make’ programs ignore lines not ending in LF.
Flavors: r-devel-linux-x86_64-debian-clang, r-devel-linux-x86_64-debian-gcc, r-devel-linux-x86_64-fedora-clang, r-devel-linux-x86_64-fedora-gcc, r-devel-osx-x86_64-clang, r-devel-windows-ix86+x86_64, r-patched-linux-x86_64, r-patched-solaris-sparc, r-patched-solaris-x86, r-release-osx-x86_64-mavericks

Version: 3011.78
Check: tests
Result: ERROR
    Running the tests in ‘tests/doRUnit.R’ failed.
    Last 13 lines of output:
     Number of failures: 0
    
    
     1 Test Suite :
     fMultivar unit testing - 11 test functions, 1 error, 0 failures
     ERROR in test.gridDataPlot: Error in persp.default(x, theta = theta, phi = phi, col = col, ticktype = ticktype, :
     invalid 'z' limits
     Error in eval(expr, envir, enclos) :
    
     unit testing failed (#test failures: 0, R errors: 1)
    
     Calls: source -> withVisible -> eval -> eval
     Execution halted
Flavor: r-patched-solaris-x86