CRAN Package Check Results for Package fMultivar

Last updated on 2015-04-26 03:47:31.

Flavor Version Tinstall Tcheck Ttotal Status Flags
r-devel-linux-x86_64-debian-clang 3011.78 2.04 38.94 40.98 NOTE
r-devel-linux-x86_64-debian-gcc 3011.78 1.89 36.19 38.08 NOTE
r-devel-linux-x86_64-fedora-clang 3011.78 78.51 NOTE
r-devel-linux-x86_64-fedora-gcc 3011.78 76.01 NOTE
r-devel-osx-x86_64-clang 3011.78 67.37 NOTE
r-devel-windows-ix86+x86_64 3011.78 6.00 57.00 63.00 NOTE
r-patched-linux-x86_64 3011.78 2.00 35.98 37.98 NOTE
r-patched-solaris-sparc 3011.78 478.70 NOTE
r-patched-solaris-x86 3011.78 93.80 ERROR
r-release-linux-x86_64 3011.78 2.03 36.18 38.21 NOTE
r-release-osx-x86_64-mavericks 3011.78 NOTE
r-release-osx-x86_64-snowleopard 3011.78 NOTE
r-release-windows-ix86+x86_64 3011.78 6.00 57.00 63.00 NOTE
r-oldrel-windows-ix86+x86_64 3011.78 7.00 59.00 66.00 NOTE

Check Details

Version: 3011.78
Check: DESCRIPTION meta-information
Result: NOTE
    Malformed Description field: should contain one or more complete sentences.
Flavors: r-devel-windows-ix86+x86_64, r-release-windows-ix86+x86_64

Version: 3011.78
Check: line endings in Makefiles
Result: NOTE
    Found the following Makefile(s) without a final LF:
     inst/unitTests/Makefile
    Some 'make' programs ignore lines not ending in LF.
Flavors: r-devel-windows-ix86+x86_64, r-release-windows-ix86+x86_64, r-oldrel-windows-ix86+x86_64