CRAN Package Check Results for Package fMultivar

Last updated on 2015-05-29 13:48:45.

Flavor Version Tinstall Tcheck Ttotal Status Flags
r-devel-linux-x86_64-debian-clang 3011.78 2.10 39.28 41.38 NOTE
r-devel-linux-x86_64-debian-gcc 3011.78 1.92 35.39 37.31 NOTE
r-devel-linux-x86_64-fedora-clang 3011.78 80.89 NOTE
r-devel-linux-x86_64-fedora-gcc 3011.78 72.74 NOTE
r-devel-osx-x86_64-clang 3011.78 68.40 NOTE
r-devel-windows-ix86+x86_64 3011.78 6.00 58.00 64.00 NOTE
r-patched-linux-x86_64 3011.78 1.90 35.37 37.27 NOTE
r-patched-solaris-sparc 3011.78 486.50 NOTE
r-patched-solaris-x86 3011.78 93.30 ERROR
r-release-linux-x86_64 3011.78 1.92 35.51 37.43 NOTE
r-release-osx-x86_64-mavericks 3011.78 NOTE
r-release-osx-x86_64-snowleopard 3011.78 NOTE
r-release-windows-ix86+x86_64 3011.78 7.00 57.00 64.00 NOTE
r-oldrel-windows-ix86+x86_64 3011.78 9.00 82.00 91.00 NOTE

Check Details

Version: 3011.78
Check: DESCRIPTION meta-information
Result: NOTE
    Malformed Description field: should contain one or more complete sentences.
Flavors: r-devel-linux-x86_64-debian-clang, r-devel-linux-x86_64-debian-gcc, r-devel-linux-x86_64-fedora-clang, r-devel-linux-x86_64-fedora-gcc, r-devel-osx-x86_64-clang, r-devel-windows-ix86+x86_64, r-patched-linux-x86_64, r-patched-solaris-sparc, r-patched-solaris-x86, r-release-linux-x86_64, r-release-osx-x86_64-mavericks, r-release-osx-x86_64-snowleopard, r-release-windows-ix86+x86_64

Version: 3011.78
Check: S3 generic/method consistency
Result: NOTE
    Found the following apparent S3 methods exported but not registered:
     contour.gridData persp.gridData plot.hexBinning plot.squareBinning
    See section ‘Registering S3 methods’ in the ‘Writing R Extensions’
    manual.
Flavors: r-devel-linux-x86_64-debian-clang, r-devel-linux-x86_64-debian-gcc, r-devel-linux-x86_64-fedora-clang, r-devel-linux-x86_64-fedora-gcc, r-devel-osx-x86_64-clang, r-patched-linux-x86_64, r-patched-solaris-sparc, r-patched-solaris-x86, r-release-linux-x86_64

Version: 3011.78
Check: line endings in Makefiles
Result: NOTE
    Found the following Makefile(s) without a final LF:
     inst/unitTests/Makefile
    Some ‘make’ programs ignore lines not ending in LF.
Flavors: r-devel-linux-x86_64-debian-clang, r-devel-linux-x86_64-debian-gcc, r-devel-linux-x86_64-fedora-clang, r-devel-linux-x86_64-fedora-gcc, r-devel-osx-x86_64-clang, r-devel-windows-ix86+x86_64, r-patched-linux-x86_64, r-patched-solaris-sparc, r-patched-solaris-x86, r-release-linux-x86_64, r-release-osx-x86_64-mavericks, r-release-osx-x86_64-snowleopard, r-release-windows-ix86+x86_64, r-oldrel-windows-ix86+x86_64

Version: 3011.78
Check: tests
Result: ERROR
    Running the tests in ‘tests/doRUnit.R’ failed.
    Last 13 lines of output:
     Number of failures: 0
    
    
     1 Test Suite :
     fMultivar unit testing - 11 test functions, 1 error, 0 failures
     ERROR in test.gridDataPlot: Error in persp.default(x, theta = theta, phi = phi, col = col, ticktype = ticktype, :
     invalid 'z' limits
     Error in eval(expr, envir, enclos) :
    
     unit testing failed (#test failures: 0, R errors: 1)
    
     Calls: source -> withVisible -> eval -> eval
     Execution halted
Flavor: r-patched-solaris-x86