CRAN Package Check Results for Package fMultivar

Last updated on 2014-12-19 15:48:26.

Flavor Version Tinstall Tcheck Ttotal Status Flags
r-devel-linux-x86_64-debian-clang 3011.78 3.24 44.46 47.70 OK
r-devel-linux-x86_64-debian-gcc 3011.78 2.44 40.98 43.42 OK
r-devel-linux-x86_64-fedora-clang 3011.78 100.04 OK
r-devel-linux-x86_64-fedora-gcc 3011.78 89.37 OK
r-devel-osx-x86_64-clang 3011.78 83.24 OK
r-devel-windows-ix86+x86_64 3011.78 7.00 65.00 72.00 OK
r-patched-linux-x86_64 3011.78 2.66 46.30 48.96 OK
r-patched-solaris-sparc 3011.78 582.10 OK
r-patched-solaris-x86 3011.78 113.70 ERROR
r-release-linux-ix86 3011.78 3.09 55.29 58.38 OK
r-release-linux-x86_64 3011.78 2.68 46.30 48.98 OK
r-release-osx-x86_64-mavericks 3011.78 OK
r-release-osx-x86_64-snowleopard 3011.78 OK
r-release-windows-ix86+x86_64 3011.78 8.00 80.00 88.00 OK
r-oldrel-windows-ix86+x86_64 3011.78 8.00 63.00 71.00 OK

Check Details

Version: 3011.78
Check: tests
Result: ERROR
    Running the tests in ‘tests/doRUnit.R’ failed.
    Last 13 lines of output:
     Number of failures: 0
    
    
     1 Test Suite :
     fMultivar unit testing - 11 test functions, 1 error, 0 failures
     ERROR in test.gridDataPlot: Error in persp.default(x, theta = theta, phi = phi, col = col, ticktype = ticktype, :
     invalid 'z' limits
     Error in eval(expr, envir, enclos) :
    
     unit testing failed (#test failures: 0, R errors: 1)
    
     Calls: source -> withVisible -> eval -> eval
     Execution halted
Flavor: r-patched-solaris-x86