CRAN Package Check Results for Package fMultivar

Last updated on 2014-08-01 05:48:24.

Flavor Version Tinstall Tcheck Ttotal Status Flags
r-devel-linux-x86_64-debian-clang 2152.77 3.02 37.83 40.85 ERROR
r-devel-linux-x86_64-debian-gcc 2152.77 2.92 37.32 40.23 ERROR
r-devel-linux-x86_64-fedora-clang 2152.77 72.30 ERROR
r-devel-linux-x86_64-fedora-gcc 2152.77 84.85 ERROR
r-devel-osx-x86_64-clang 2152.77 71.39 ERROR
r-devel-windows-ix86+x86_64 2152.77 10.00 50.00 60.00 ERROR
r-patched-linux-x86_64 2152.77 3.04 37.67 40.70 ERROR
r-patched-solaris-sparc 2152.77 496.00 ERROR
r-patched-solaris-x86 2152.77 109.50 ERROR
r-release-linux-ix86 2152.77 3.72 46.05 49.76 ERROR
r-release-linux-x86_64 2152.77 3.08 38.52 41.60 ERROR
r-release-osx-x86_64-mavericks 2152.77 ERROR
r-release-osx-x86_64-snowleopard 2152.77 OK
r-release-windows-ix86+x86_64 2152.77 15.00 76.00 91.00 ERROR
r-oldrel-windows-ix86+x86_64 2152.77 13.00 73.00 86.00 ERROR

Check Details

Version: 2152.77
Check: R code for possible problems
Result: NOTE
    .mvsnorm.plot.1B : <anonymous>: no visible global function definition
     for msn.marginal
    .mvsnorm.plot.1B : <anonymous>: no visible global function definition
     for dsn2.plot
    .mvsnormFit: possible error in msn.mle(X = X, y = y, freq = freq, trace
     = trace, ...): unused arguments (X = X, freq = freq)
    .mvst.plot.1B : <anonymous>: no visible global function definition for
     msn.marginal
    .mvst.plot.1B : <anonymous>: no visible global function definition for
     dst2.plot
    .mvstFit: no visible global function definition for mst.mle
    dmvsnorm: possible error in dsn(x, location = xi[1], scale =
     as.vector(Omega)[1], shape = alpha[1]): unused arguments (location =
     xi[1], scale = as.vector(Omega)[1], shape = alpha[1])
    dmvst: possible error in dst(x, location = xi[1], scale =
     as.vector(Omega)[1], shape = alpha[1], df = Inf): unused arguments
     (location = xi[1], scale = as.vector(Omega)[1], shape = alpha[1], df
     = Inf)
    dmvst: possible error in dmst(x = x, xi = xi, Omega = Omega, alpha =
     alpha, df = df): unused argument (df = df)
    rmvsnorm: possible error in rsn(n, location = xi[1], scale =
     as.vector(Omega)[1], shape = alpha[1]): unused arguments (location =
     xi[1], scale = as.vector(Omega)[1], shape = alpha[1])
    rmvst: possible error in rst(n, location = xi[1], scale =
     as.vector(Omega)[1], shape = alpha[1], df = df): unused arguments
     (location = xi[1], scale = as.vector(Omega)[1], shape = alpha[1], df
     = df)
    rmvst: possible error in rmst(n, xi = xi, Omega = Omega, alpha = alpha,
     df = df): unused argument (df = df)
Flavors: r-devel-linux-x86_64-debian-clang, r-devel-linux-x86_64-debian-gcc, r-devel-linux-x86_64-fedora-clang, r-devel-linux-x86_64-fedora-gcc, r-devel-osx-x86_64-clang, r-devel-windows-ix86+x86_64, r-patched-linux-x86_64, r-patched-solaris-sparc, r-patched-solaris-x86, r-release-linux-ix86, r-release-linux-x86_64, r-release-osx-x86_64-mavericks, r-release-windows-ix86+x86_64, r-oldrel-windows-ix86+x86_64

Version: 2152.77
Check: examples
Result: ERROR
    Running examples in fMultivar-Ex.R failed
    The error most likely occurred in:
    
    > ### Name: MultivariateDistribution
    > ### Title: Multivariate Skew Normal and Student-t Distributions
    > ### Aliases: MultivariateDistribution show,fMV-method fMV fMV-class
    > ### dmvsnorm pmvsnorm rmvsnorm dmvst pmvst rmvst mvFit print.fMV plot.fMV
    > ### summary.fMV
    > ### Keywords: distribution
    >
    > ### ** Examples
    >
    > ## rmvst -
    > par(mfcol = c(3, 1), cex = 0.7)
    > r1 = rmvst(200, dim = 1)
    Error in as.matrix(rst(n, location = xi[1], scale = as.vector(Omega)[1], :
     error in evaluating the argument 'x' in selecting a method for function 'as.matrix': Error in rst(n, location = xi[1], scale = as.vector(Omega)[1], shape = alpha[1], :
     unused arguments (location = xi[1], scale = as.vector(Omega)[1], shape = alpha[1], df = df)
    Calls: rmvst -> as.matrix
    Execution halted
Flavors: r-devel-linux-x86_64-debian-clang, r-devel-linux-x86_64-debian-gcc, r-devel-linux-x86_64-fedora-clang, r-devel-linux-x86_64-fedora-gcc, r-devel-osx-x86_64-clang, r-devel-windows-ix86+x86_64, r-patched-linux-x86_64, r-patched-solaris-sparc, r-patched-solaris-x86, r-release-linux-ix86, r-release-linux-x86_64, r-release-osx-x86_64-mavericks, r-release-windows-ix86+x86_64, r-oldrel-windows-ix86+x86_64