CRAN Package Check Results for Package fOptions

Last updated on 2017-05-24 05:50:01.

Flavor Version Tinstall Tcheck Ttotal Status Flags
r-devel-linux-x86_64-debian-clang 3022.85 2.58 38.16 40.74 NOTE
r-devel-linux-x86_64-debian-gcc 3022.85 2.72 38.50 41.21 NOTE
r-devel-linux-x86_64-fedora-clang 3022.85 77.94 NOTE --no-stop-on-test-error
r-devel-linux-x86_64-fedora-gcc 3022.85 75.09 NOTE --no-stop-on-test-error
r-devel-windows-ix86+x86_64 3022.85 12.00 118.00 130.00 OK
r-patched-linux-x86_64 3022.85 2.62 39.01 41.63 NOTE
r-patched-solaris-sparc 3022.85 449.90 OK
r-patched-solaris-x86 3022.85 98.20 OK
r-release-linux-x86_64 3022.85 2.69 38.00 40.69 NOTE
r-release-windows-ix86+x86_64 3022.85 11.00 124.00 135.00 OK
r-release-osx-x86_64 3022.85 OK
r-oldrel-windows-ix86+x86_64 3022.85 16.00 130.00 146.00 OK
r-oldrel-osx-x86_64 3022.85 OK

Check Details

Version: 3022.85
Check: compiled code
Result: NOTE
    File ‘fOptions/libs/fOptions.so’:
     Found no calls to: ‘R_registerRoutines’, ‘R_useDynamicSymbols’
    
    It is good practice to register native routines and to disable symbol
    search.
    
    See ‘Writing portable packages’ in the ‘Writing R Extensions’ manual.
Flavors: r-devel-linux-x86_64-debian-clang, r-devel-linux-x86_64-debian-gcc, r-patched-linux-x86_64, r-release-linux-x86_64

Version: 3022.85
Flags: --no-stop-on-test-error
Check: compiled code
Result: NOTE
    File ‘fOptions/libs/fOptions.so’:
     Found no calls to: ‘R_registerRoutines’, ‘R_useDynamicSymbols’
    
    It is good practice to register native routines and to disable symbol
    search.
    
    See ‘Writing portable packages’ in the ‘Writing R Extensions’ manual.
Flavors: r-devel-linux-x86_64-fedora-clang, r-devel-linux-x86_64-fedora-gcc