CRAN Package Check Results for Package fOptions

Last updated on 2017-06-28 20:48:31.

Flavor Version Tinstall Tcheck Ttotal Status Flags
r-devel-linux-x86_64-debian-clang 3022.85 2.68 39.59 42.27 NOTE
r-devel-linux-x86_64-debian-gcc 3022.85 2.60 38.72 41.32 NOTE
r-devel-linux-x86_64-fedora-clang 3022.85 79.84 NOTE
r-devel-linux-x86_64-fedora-gcc 3022.85 74.92 NOTE
r-devel-windows-ix86+x86_64 3022.85 12.00 121.00 133.00 OK
r-patched-linux-x86_64 3022.85 2.60 37.61 40.22 NOTE
r-patched-solaris-sparc 3022.85 449.90 OK
r-patched-solaris-x86 3022.85 99.30 OK
r-release-linux-x86_64 3022.85 2.57 39.04 41.61 NOTE
r-release-windows-ix86+x86_64 3022.85 14.00 119.00 133.00 OK
r-release-osx-x86_64 3022.85 OK
r-oldrel-windows-ix86+x86_64 3022.85 12.00 120.00 132.00 OK
r-oldrel-osx-x86_64 3022.85 OK

Check Details

Version: 3022.85
Check: compiled code
Result: NOTE
    File ‘fOptions/libs/fOptions.so’:
     Found no calls to: ‘R_registerRoutines’, ‘R_useDynamicSymbols’
    
    It is good practice to register native routines and to disable symbol
    search.
    
    See ‘Writing portable packages’ in the ‘Writing R Extensions’ manual.
Flavors: r-devel-linux-x86_64-debian-clang, r-devel-linux-x86_64-debian-gcc, r-devel-linux-x86_64-fedora-clang, r-devel-linux-x86_64-fedora-gcc, r-patched-linux-x86_64, r-release-linux-x86_64