CRAN Package Check Results for Package fOptions

Last updated on 2017-10-22 22:48:46.

Flavor Version Tinstall Tcheck Ttotal Status Flags
r-devel-linux-x86_64-debian-clang 3022.85 2.48 37.13 39.61 NOTE
r-devel-linux-x86_64-debian-gcc 3022.85 3.32 42.31 45.64 NOTE
r-devel-linux-x86_64-fedora-clang 3022.85 78.51 NOTE
r-devel-linux-x86_64-fedora-gcc 3022.85 79.15 NOTE
r-devel-windows-ix86+x86_64 3022.85 11.00 127.00 138.00 OK
r-patched-linux-x86_64 3022.85 2.47 38.20 40.67 NOTE
r-patched-solaris-x86 3022.85 101.80 OK
r-release-linux-x86_64 3022.85 2.65 39.61 42.25 NOTE
r-release-windows-ix86+x86_64 3022.85 17.00 121.00 138.00 OK
r-release-osx-x86_64 3022.85 OK
r-oldrel-windows-ix86+x86_64 3022.85 10.00 121.00 131.00 OK
r-oldrel-osx-x86_64 3022.85 OK

Check Details

Version: 3022.85
Check: compiled code
Result: NOTE
    File ‘fOptions/libs/fOptions.so’:
     Found no calls to: ‘R_registerRoutines’, ‘R_useDynamicSymbols’
    
    It is good practice to register native routines and to disable symbol
    search.
    
    See ‘Writing portable packages’ in the ‘Writing R Extensions’ manual.
Flavors: r-devel-linux-x86_64-debian-clang, r-devel-linux-x86_64-debian-gcc, r-devel-linux-x86_64-fedora-clang, r-devel-linux-x86_64-fedora-gcc, r-patched-linux-x86_64, r-release-linux-x86_64