CRAN Package Check Results for Package fOptions

Last updated on 2018-05-20 17:49:21 CEST.

Flavor Version Tinstall Tcheck Ttotal Status Flags
r-devel-linux-x86_64-debian-clang 3042.86 6.36 60.31 66.67 NOTE
r-devel-linux-x86_64-debian-gcc 3042.86 5.72 46.42 52.14 NOTE
r-devel-linux-x86_64-fedora-clang 3042.86 83.61 NOTE
r-devel-linux-x86_64-fedora-gcc 3042.86 86.72 NOTE
r-devel-windows-ix86+x86_64 3042.86 21.00 147.00 168.00 OK
r-patched-linux-x86_64 3042.86 6.04 54.13 60.17 NOTE
r-patched-solaris-x86 3042.86 108.80 OK
r-release-linux-x86_64 3042.86 5.36 51.45 56.81 NOTE
r-release-windows-ix86+x86_64 3042.86 13.00 88.00 101.00 OK
r-release-osx-x86_64 3042.86 OK
r-oldrel-windows-ix86+x86_64 3042.86 9.00 106.00 115.00 OK
r-oldrel-osx-x86_64 3042.86 OK

Check Details

Version: 3042.86
Check: compiled code
Result: NOTE
    File ‘fOptions/libs/fOptions.so’:
     Found no calls to: ‘R_registerRoutines’, ‘R_useDynamicSymbols’
    
    It is good practice to register native routines and to disable symbol
    search.
    
    See ‘Writing portable packages’ in the ‘Writing R Extensions’ manual.
Flavors: r-devel-linux-x86_64-debian-clang, r-devel-linux-x86_64-debian-gcc, r-devel-linux-x86_64-fedora-clang, r-devel-linux-x86_64-fedora-gcc, r-patched-linux-x86_64, r-release-linux-x86_64