CRAN Package Check Results for Package fOptions

Last updated on 2015-01-28 19:49:18.

Flavor Version Tinstall Tcheck Ttotal Status Flags
r-devel-linux-x86_64-debian-clang 3010.83 3.00 43.61 46.61 NOTE
r-devel-linux-x86_64-debian-gcc 3010.83 2.90 40.52 43.42 NOTE
r-devel-linux-x86_64-fedora-clang 3010.83 101.04 NOTE
r-devel-linux-x86_64-fedora-gcc 3010.83 94.06 NOTE
r-devel-osx-x86_64-clang 3010.83 90.73 NOTE
r-devel-windows-ix86+x86_64 3010.83 13.00 82.00 95.00 OK
r-patched-linux-x86_64 3010.83 3.20 45.63 48.83 OK
r-patched-solaris-sparc 3010.83 599.30 OK
r-patched-solaris-x86 3010.83 130.70 OK
r-release-linux-ix86 3010.83 3.93 54.38 58.31 OK
r-release-linux-x86_64 3010.83 3.26 45.56 48.82 OK
r-release-osx-x86_64-mavericks 3010.83 OK
r-release-osx-x86_64-snowleopard 3010.83 OK
r-release-windows-ix86+x86_64 3010.83 12.00 93.00 105.00 OK
r-oldrel-windows-ix86+x86_64 3010.83 12.00 97.00 109.00 OK

Check Details

Version: 3010.83
Check: S3 generic/method consistency
Result: NOTE
    Found the following apparent S3 methods exported but not registered:
     print.hngarch print.option
    See section ‘Registering S3 methods’ in the ‘Writing R Extensions’
    manual.
Flavors: r-devel-linux-x86_64-debian-clang, r-devel-linux-x86_64-debian-gcc, r-devel-linux-x86_64-fedora-clang, r-devel-linux-x86_64-fedora-gcc, r-devel-osx-x86_64-clang