CRAN Package Check Results for Package fOptions

Last updated on 2017-02-22 07:48:14.

Flavor Version Tinstall Tcheck Ttotal Status Flags
r-devel-linux-x86_64-debian-clang 3022.85 2.57 38.01 40.58 NOTE
r-devel-linux-x86_64-debian-gcc 3022.85 2.64 38.34 40.98 NOTE
r-devel-linux-x86_64-fedora-clang 3022.85 76.77 NOTE --no-stop-on-test-error
r-devel-linux-x86_64-fedora-gcc 3022.85 75.32 NOTE --no-stop-on-test-error
r-devel-macos-x86_64-clang 3022.85 64.12 NOTE --no-stop-on-test-error
r-devel-windows-ix86+x86_64 3022.85 18.00 176.00 194.00 OK
r-patched-linux-x86_64 3022.85 2.61 36.99 39.60 OK
r-patched-solaris-sparc 3022.85 463.00 OK
r-patched-solaris-x86 3022.85 92.90 OK
r-release-linux-x86_64 3022.85 2.54 36.72 39.25 OK
r-release-osx-x86_64-mavericks 3022.85 OK
r-release-windows-ix86+x86_64 3022.85 25.00 122.00 147.00 OK
r-oldrel-windows-ix86+x86_64 3022.85 17.00 131.00 148.00 OK

Check Details

Version: 3022.85
Check: compiled code
Result: NOTE
    File ‘fOptions/libs/fOptions.so’:
     Found no calls to: ‘R_registerRoutines’, ‘R_useDynamicSymbols’
    
    It is good practice to register native routines and to disable symbol
    search.
    
    See ‘Writing portable packages’ in the ‘Writing R Extensions’ manual.
Flavors: r-devel-linux-x86_64-debian-clang, r-devel-linux-x86_64-debian-gcc

Version: 3022.85
Flags: --no-stop-on-test-error
Check: compiled code
Result: NOTE
    File ‘fOptions/libs/fOptions.so’:
     Found no calls to: ‘R_registerRoutines’, ‘R_useDynamicSymbols’
    
    It is good practice to register native routines and to disable symbol
    search.
    
    See ‘Writing portable packages’ in the ‘Writing R Extensions’ manual.
Flavors: r-devel-linux-x86_64-fedora-clang, r-devel-linux-x86_64-fedora-gcc, r-devel-macos-x86_64-clang