CRAN Package Check Results for Package fOptions

Last updated on 2014-04-24 17:49:43.

Flavor Version Tinstall Tcheck Ttotal Status Flags
r-devel-linux-x86_64-debian-clang 3010.83 3.58 49.22 52.80 OK
r-devel-linux-x86_64-debian-gcc 3010.83 3.47 48.46 51.93 OK
r-devel-linux-x86_64-fedora-clang 3010.83 109.55 OK
r-devel-linux-x86_64-fedora-gcc 3010.83 107.32 OK
r-devel-osx-x86_64-clang 3010.83 84.06 OK
r-devel-osx-x86_64-gcc 3010.83 OK
r-devel-windows-ix86+x86_64 3010.83 11.00 90.00 101.00 OK
r-patched-linux-x86_64 3010.83 3.40 49.30 52.71 OK
r-patched-solaris-sparc 3010.83 607.60 OK
r-patched-solaris-x86 3010.83 141.40 OK
r-release-linux-ix86 3010.83 5.00 82.00 87.00 OK
r-release-linux-x86_64 3010.83 3.42 50.48 53.90 OK
r-release-osx-x86_64-mavericks 3010.83 WARN
r-release-osx-x86_64-snowleopard 3010.83 OK
r-release-windows-ix86+x86_64 3010.83 11.00 99.00 110.00 OK
r-oldrel-windows-ix86+x86_64 3010.83 12.00 95.00 107.00 OK

Check Details

Version: 3010.83
Check: PDF version of manual
Result: WARNING
    LaTeX errors when creating PDF version.
    This typically indicates Rd problems.
    LaTeX errors found:
    ! LaTeX Error: File `upquote.sty' not found.
    
    Type X to quit or <RETURN> to proceed,
    or enter new name. (Default extension: sty)
    
    ac74878/Rd2.tex:8: ==> Fatal error occurred, no output PDF file produced!
Flavor: r-release-osx-x86_64-mavericks