CRAN Package Check Results for Package fOptions

Last updated on 2017-08-17 09:46:57.

Flavor Version Tinstall Tcheck Ttotal Status Flags
r-devel-linux-x86_64-debian-clang 3022.85 2.46 38.58 41.04 NOTE
r-devel-linux-x86_64-debian-gcc 3022.85 2.55 38.48 41.03 NOTE
r-devel-linux-x86_64-fedora-clang 3022.85 80.68 NOTE
r-devel-linux-x86_64-fedora-gcc 3022.85 78.96 NOTE
r-devel-windows-ix86+x86_64 3022.85 10.00 95.00 105.00 OK
r-patched-linux-x86_64 3022.85 2.66 38.07 40.73 NOTE
r-patched-solaris-x86 3022.85 97.80 OK
r-release-linux-x86_64 3022.85 2.53 38.50 41.03 NOTE
r-release-windows-ix86+x86_64 3022.85 10.00 89.00 99.00 OK
r-release-osx-x86_64 3022.85 OK
r-oldrel-windows-ix86+x86_64 3022.85 12.00 85.00 97.00 OK
r-oldrel-osx-x86_64 3022.85 OK

Check Details

Version: 3022.85
Check: compiled code
Result: NOTE
    File ‘fOptions/libs/fOptions.so’:
     Found no calls to: ‘R_registerRoutines’, ‘R_useDynamicSymbols’
    
    It is good practice to register native routines and to disable symbol
    search.
    
    See ‘Writing portable packages’ in the ‘Writing R Extensions’ manual.
Flavors: r-devel-linux-x86_64-debian-clang, r-devel-linux-x86_64-debian-gcc, r-devel-linux-x86_64-fedora-clang, r-devel-linux-x86_64-fedora-gcc, r-patched-linux-x86_64, r-release-linux-x86_64