CRAN Package Check Results for Package fOptions

Last updated on 2017-03-29 11:49:27.

Flavor Version Tinstall Tcheck Ttotal Status Flags
r-devel-linux-x86_64-debian-clang 3022.85 2.56 39.19 41.75 NOTE
r-devel-linux-x86_64-debian-gcc 3022.85 2.57 38.15 40.72 NOTE
r-devel-linux-x86_64-fedora-clang 3022.85 79.14 NOTE --no-stop-on-test-error
r-devel-linux-x86_64-fedora-gcc 3022.85 79.52 NOTE --no-stop-on-test-error
r-devel-macos-x86_64-clang 3022.85 59.66 NOTE --no-stop-on-test-error
r-devel-windows-ix86+x86_64 3022.85 10.00 88.00 98.00 OK
r-patched-linux-x86_64 3022.85 2.55 38.74 41.29 NOTE
r-patched-solaris-sparc 3022.85 449.90 OK
r-patched-solaris-x86 3022.85 100.50 OK
r-release-linux-x86_64 3022.85 2.42 38.03 40.45 OK
r-release-osx-x86_64-mavericks 3022.85 OK
r-release-windows-ix86+x86_64 3022.85 14.00 126.00 140.00 OK
r-oldrel-windows-ix86+x86_64 3022.85 13.00 126.00 139.00 OK

Check Details

Version: 3022.85
Check: compiled code
Result: NOTE
    File ‘fOptions/libs/fOptions.so’:
     Found no calls to: ‘R_registerRoutines’, ‘R_useDynamicSymbols’
    
    It is good practice to register native routines and to disable symbol
    search.
    
    See ‘Writing portable packages’ in the ‘Writing R Extensions’ manual.
Flavors: r-devel-linux-x86_64-debian-clang, r-devel-linux-x86_64-debian-gcc, r-patched-linux-x86_64

Version: 3022.85
Flags: --no-stop-on-test-error
Check: compiled code
Result: NOTE
    File ‘fOptions/libs/fOptions.so’:
     Found no calls to: ‘R_registerRoutines’, ‘R_useDynamicSymbols’
    
    It is good practice to register native routines and to disable symbol
    search.
    
    See ‘Writing portable packages’ in the ‘Writing R Extensions’ manual.
Flavors: r-devel-linux-x86_64-fedora-clang, r-devel-linux-x86_64-fedora-gcc, r-devel-macos-x86_64-clang