CRAN Package Check Results for Package fOptions

Last updated on 2015-05-28 03:47:25.

Flavor Version Tinstall Tcheck Ttotal Status Flags
r-devel-linux-x86_64-debian-clang 3010.83 2.60 38.16 40.76 NOTE
r-devel-linux-x86_64-debian-gcc 3010.83 2.81 37.84 40.64 NOTE
r-devel-linux-x86_64-fedora-clang 3010.83 81.23 NOTE
r-devel-linux-x86_64-fedora-gcc 3010.83 77.23 NOTE
r-devel-osx-x86_64-clang 3010.83 69.61 NOTE
r-devel-windows-ix86+x86_64 3010.83 10.00 81.00 91.00 NOTE
r-patched-linux-x86_64 3010.83 2.55 37.01 39.56 NOTE
r-patched-solaris-sparc 3010.83 504.10 NOTE
r-patched-solaris-x86 3010.83 105.00 NOTE
r-release-linux-x86_64 3010.83 2.57 38.04 40.61 NOTE
r-release-osx-x86_64-mavericks 3010.83 NOTE
r-release-osx-x86_64-snowleopard 3010.83 NOTE
r-release-windows-ix86+x86_64 3010.83 10.00 80.00 90.00 NOTE
r-oldrel-windows-ix86+x86_64 3010.83 12.00 107.00 119.00 OK

Check Details

Version: 3010.83
Check: DESCRIPTION meta-information
Result: NOTE
    Malformed Description field: should contain one or more complete sentences.
Flavors: r-devel-linux-x86_64-debian-clang, r-devel-linux-x86_64-debian-gcc, r-devel-linux-x86_64-fedora-clang, r-devel-linux-x86_64-fedora-gcc, r-devel-osx-x86_64-clang, r-devel-windows-ix86+x86_64, r-patched-linux-x86_64, r-patched-solaris-sparc, r-patched-solaris-x86, r-release-linux-x86_64, r-release-osx-x86_64-mavericks, r-release-osx-x86_64-snowleopard, r-release-windows-ix86+x86_64

Version: 3010.83
Check: S3 generic/method consistency
Result: NOTE
    Found the following apparent S3 methods exported but not registered:
     print.hngarch print.option
    See section ‘Registering S3 methods’ in the ‘Writing R Extensions’
    manual.
Flavors: r-devel-linux-x86_64-debian-clang, r-devel-linux-x86_64-debian-gcc, r-devel-linux-x86_64-fedora-clang, r-devel-linux-x86_64-fedora-gcc, r-devel-osx-x86_64-clang, r-patched-linux-x86_64, r-patched-solaris-sparc, r-patched-solaris-x86, r-release-linux-x86_64