CRAN Package Check Results for Package fOptions

Last updated on 2018-01-17 03:49:08 CET.

Flavor Version Tinstall Tcheck Ttotal Status Flags
r-devel-linux-x86_64-debian-clang 3042.86 3.50 57.84 61.34 NOTE
r-devel-linux-x86_64-debian-gcc 3042.86 2.96 45.84 48.80 NOTE
r-devel-linux-x86_64-fedora-clang 3042.86 71.45 NOTE
r-devel-linux-x86_64-fedora-gcc 3042.86 72.66 NOTE
r-devel-windows-ix86+x86_64 3042.86 15.00 95.00 110.00 OK
r-patched-linux-x86_64 3042.86 4.00 60.49 64.49 NOTE
r-patched-solaris-x86 3042.86 107.90 OK
r-release-linux-x86_64 3042.86 3.76 62.66 66.42 NOTE
r-release-windows-ix86+x86_64 3042.86 12.00 124.00 136.00 OK
r-release-osx-x86_64 3042.86 OK
r-oldrel-windows-ix86+x86_64 3042.86 12.00 119.00 131.00 OK
r-oldrel-osx-x86_64 3042.86 OK

Check Details

Version: 3042.86
Check: compiled code
Result: NOTE
    File ‘fOptions/libs/fOptions.so’:
     Found no calls to: ‘R_registerRoutines’, ‘R_useDynamicSymbols’
    
    It is good practice to register native routines and to disable symbol
    search.
    
    See ‘Writing portable packages’ in the ‘Writing R Extensions’ manual.
Flavors: r-devel-linux-x86_64-debian-clang, r-devel-linux-x86_64-debian-gcc, r-devel-linux-x86_64-fedora-clang, r-devel-linux-x86_64-fedora-gcc, r-patched-linux-x86_64, r-release-linux-x86_64